000
CDUS44 KLIX 300704
CLIBTR


CLIMATE REPORT
NATIONAL WEATHER SERVICE NEW ORLEANS
203 AM CDT MON MAY 30 2016


...................................

...THE BATON ROUGE  ASOS CLIMATE SUMMARY FOR MAY 29 2016...

CLIMATE NORMAL PERIOD 1981 TO 2010
CLIMATE RECORD PERIOD 1894 TO 2016


WEATHER ITEM   OBSERVED TIME   RECORD YEAR NORMAL DEPARTURE LAST
                VALUE   (LST)  VALUE       VALUE  FROM      YEAR
                                                  NORMAL
..................................................................
TEMPERATURE (F)
 YESTERDAY
  MAXIMUM         91    321 PM  95    1982  89      2       89
                                      1921
  MINIMUM         67    519 AM  51    1961  68     -1       71
  AVERAGE         79                        79      0       80

PRECIPITATION (IN)
  YESTERDAY        0.00          1.27 1997   0.17  -0.17     0.86
                                      1936
  MONTH TO DATE    6.11                      4.56   1.55     6.82
  SINCE MAR 1     20.85                     13.43   7.42    18.28
  SINCE JAN 1     30.16                     24.19   5.97    28.03

SNOWFALL (IN)
  YESTERDAY        0.0
  MONTH TO DATE    0.0
  SINCE MAR 1      0.0
  SINCE JUL 1      0.0
  SNOW DEPTH       0

DEGREE DAYS
 HEATING
  YESTERDAY        0                         0      0        0
  MONTH TO DATE    0                         0      0        0
  SINCE MAR 1     88                       218   -130       99
  SINCE JUL 1   1079                      1553   -474     1641

 COOLING
  YESTERDAY       14                        14      0       15
  MONTH TO DATE  271                       306    -35      334
  SINCE MAR 1    527                       506     21      641
  SINCE JAN 1    544                       537      7      645
..................................................................


WIND (MPH)
  HIGHEST WIND SPEED     9   HIGHEST WIND DIRECTION    SW (220)
  HIGHEST GUST SPEED    12   HIGHEST GUST DIRECTION    NE (30)
  AVERAGE WIND SPEED     2.4


SKY COVER
  POSSIBLE SUNSHINE  MM
  AVERAGE SKY COVER 0.2


WEATHER CONDITIONS
 THE FOLLOWING WEATHER WAS RECORDED YESTERDAY.
  FOG
  HAZE


RELATIVE HUMIDITY (PERCENT)
 HIGHEST    93           400 AM
 LOWEST     44           400 PM
 AVERAGE    69

..........................................................


THE BATON ROUGE  ASOS CLIMATE NORMALS FOR TODAY
                         NORMAL    RECORD    YEAR
 MAXIMUM TEMPERATURE (F)   89        96      1921
                                             1896
 MINIMUM TEMPERATURE (F)   69        50      1984


SUNRISE AND SUNSET
MAY 30 2016...........SUNRISE   603 AM CDT   SUNSET   802 PM CDT
MAY 31 2016...........SUNRISE   603 AM CDT   SUNSET   802 PM CDT


-  INDICATES NEGATIVE NUMBERS.
R  INDICATES RECORD WAS SET OR TIED.
MM INDICATES DATA IS MISSING.
T  INDICATES TRACE AMOUNT.




$$
