000
CDUS44 KLIX 260801
CLIBTR


CLIMATE REPORT
NATIONAL WEATHER SERVICE NEW ORLEANS
201 AM CST SUN FEB 26 2017


...................................

...THE BATON ROUGE  ASOS CLIMATE SUMMARY FOR FEBRUARY 25 2017...

CLIMATE NORMAL PERIOD 1981 TO 2010
CLIMATE RECORD PERIOD 1894 TO 2017


WEATHER ITEM   OBSERVED TIME   RECORD YEAR NORMAL DEPARTURE LAST
                VALUE   (LST)  VALUE       VALUE  FROM      YEAR
                                                  NORMAL
..................................................................
TEMPERATURE (F)
 YESTERDAY
  MAXIMUM         70    234 PM  84    1977  68      2       69
                                      1962
  MINIMUM         45   1055 PM  25    1965  47     -2       39
                                      1914
  AVERAGE         58                        57      1       54

PRECIPITATION (IN)
  YESTERDAY        0.00          2.06 1985   0.16  -0.16     0.00
  MONTH TO DATE    1.28                      4.55  -3.27     3.58
  SINCE DEC 1     20.67                     15.87   4.80    15.64
  SINCE JAN 1     10.96                     10.27   0.69     9.31

SNOWFALL (IN)
  YESTERDAY        0.0
  MONTH TO DATE    0.0
  SINCE DEC 1      0.0
  SINCE JUL 1      0.0
  SNOW DEPTH       0

DEGREE DAYS
 HEATING
  YESTERDAY        7                         8     -1       11
  MONTH TO DATE   88                       271   -183      218
  SINCE DEC 1    581                      1076   -495      834
  SINCE JUL 1    694                      1311   -617      945

 COOLING
  YESTERDAY        0                         1     -1        0
  MONTH TO DATE   70                        23     47       13
  SINCE DEC 1    189                        58    131      104
  SINCE JAN 1    124                        36     88       17
..................................................................


WIND (MPH)
  HIGHEST WIND SPEED    18   HIGHEST WIND DIRECTION    NW (330)
  HIGHEST GUST SPEED    28   HIGHEST GUST DIRECTION    NW (330)
  AVERAGE WIND SPEED     8.5


SKY COVER
  POSSIBLE SUNSHINE  MM
  AVERAGE SKY COVER 0.1


WEATHER CONDITIONS
 THE FOLLOWING WEATHER WAS RECORDED YESTERDAY.
  NO SIGNIFICANT WEATHER WAS OBSERVED.


RELATIVE HUMIDITY (PERCENT)
 HIGHEST    87          1200 AM
 LOWEST     16           400 PM
 AVERAGE    52

..........................................................


THE BATON ROUGE  ASOS CLIMATE NORMALS FOR TODAY
                         NORMAL    RECORD    YEAR
 MAXIMUM TEMPERATURE (F)   68        84      1996
 MINIMUM TEMPERATURE (F)   47        23      1914


SUNRISE AND SUNSET
FEBRUARY 26 2017......SUNRISE   634 AM CST   SUNSET   601 PM CST
FEBRUARY 27 2017......SUNRISE   633 AM CST   SUNSET   602 PM CST


-  INDICATES NEGATIVE NUMBERS.
R  INDICATES RECORD WAS SET OR TIED.
MM INDICATES DATA IS MISSING.
T  INDICATES TRACE AMOUNT.




$$
