000
CDUS44 KLIX 270702
CLIBTR


CLIMATE REPORT
NATIONAL WEATHER SERVICE NEW ORLEANS
202 AM CDT WED JUL 27 2016


...................................

...THE BATON ROUGE  ASOS CLIMATE SUMMARY FOR JULY 26 2016...

CLIMATE NORMAL PERIOD 1981 TO 2010
CLIMATE RECORD PERIOD 1894 TO 2016


WEATHER ITEM   OBSERVED TIME   RECORD YEAR NORMAL DEPARTURE LAST
                VALUE   (LST)  VALUE       VALUE  FROM      YEAR
                                                  NORMAL
..................................................................
TEMPERATURE (F)
 YESTERDAY
  MAXIMUM         91   1201 PM 100    1918  92     -1       98
  MINIMUM         74    244 PM  65    1911  74      0       74
                                      1909
  AVERAGE         83                        83      0       86

PRECIPITATION (IN)
  YESTERDAY        0.92          1.92 1971   0.14   0.78      T
  MONTH TO DATE    4.54                      4.15   0.39     3.42
  SINCE JUN 1     11.88                     10.56   1.32     9.40
  SINCE JAN 1     42.09                     35.08   7.01    41.78

SNOWFALL (IN)
  YESTERDAY        0.0
  MONTH TO DATE    0.0
  SINCE JUN 1      0.0
  SINCE JUL 1      0.0
  SNOW DEPTH       0

DEGREE DAYS
 HEATING
  YESTERDAY        0                         0      0        0
  MONTH TO DATE    0                         0      0        0
  SINCE JUN 1      0                         0      0        0
  SINCE JUL 1      0                         0      0        0

 COOLING
  YESTERDAY       18                        18      0       21
  MONTH TO DATE  517                       468     49      526
  SINCE JUN 1   1034                       952     82     1022
  SINCE JAN 1   1610                      1517     93     1693
..................................................................


WIND (MPH)
  HIGHEST WIND SPEED    17   HIGHEST WIND DIRECTION    SE (150)
  HIGHEST GUST SPEED    21   HIGHEST GUST DIRECTION     S (200)
  AVERAGE WIND SPEED     5.2


SKY COVER
  POSSIBLE SUNSHINE  MM
  AVERAGE SKY COVER 0.5


WEATHER CONDITIONS
 THE FOLLOWING WEATHER WAS RECORDED YESTERDAY.
  THUNDERSTORM
  HEAVY RAIN
  RAIN
  LIGHT RAIN
  FOG


RELATIVE HUMIDITY (PERCENT)
 HIGHEST    94          1200 AM
 LOWEST     56          1200 PM
 AVERAGE    75

..........................................................


THE BATON ROUGE  ASOS CLIMATE NORMALS FOR TODAY
                         NORMAL    RECORD    YEAR
 MAXIMUM TEMPERATURE (F)   92        99      1907
 MINIMUM TEMPERATURE (F)   74        66      1911


SUNRISE AND SUNSET
JULY 27 2016..........SUNRISE   620 AM CDT   SUNSET   802 PM CDT
JULY 28 2016..........SUNRISE   621 AM CDT   SUNSET   801 PM CDT


-  INDICATES NEGATIVE NUMBERS.
R  INDICATES RECORD WAS SET OR TIED.
MM INDICATES DATA IS MISSING.
T  INDICATES TRACE AMOUNT.




$$
