000
CDUS44 KLIX 010701
CLIBTR


CLIMATE REPORT
NATIONAL WEATHER SERVICE NEW ORLEANS
201 AM CDT SAT AUG 1 2015


...................................

...THE BATON ROUGE  ASOS CLIMATE SUMMARY FOR JULY 31 2015...

CLIMATE NORMAL PERIOD 1981 TO 2010
CLIMATE RECORD PERIOD 1894 TO 2015


WEATHER ITEM   OBSERVED TIME   RECORD YEAR NORMAL DEPARTURE LAST
                VALUE   (LST)  VALUE       VALUE  FROM      YEAR
                                                  NORMAL
..................................................................
TEMPERATURE (F)
 YESTERDAY
  MAXIMUM         95    224 PM 100    1921  93      2       90
  MINIMUM         75   1039 PM  63    1908  74      1       69
  AVERAGE         85                        83      2       80

PRECIPITATION (IN)
  YESTERDAY        0.00          2.15 1980   0.16  -0.16     0.00
  MONTH TO DATE    3.73                      4.96  -1.23     5.78
  SINCE JUN 1      9.71                     11.37  -1.66    17.14
  SINCE JAN 1     42.09                     35.89   6.20    41.48

SNOWFALL (IN)
  YESTERDAY        0.0
  MONTH TO DATE    0.0
  SINCE JUN 1      0.0
  SINCE JUL 1      0.0
  SNOW DEPTH       0

DEGREE DAYS
 HEATING
  YESTERDAY        0                         0      0        0
  MONTH TO DATE    0                         0      0        0
  SINCE JUN 1      0                         0      0        0
  SINCE JUL 1      0                         0      0        0

 COOLING
  YESTERDAY       20                        18      2       15
  MONTH TO DATE  635                       556     79      504
  SINCE JUN 1   1131                      1040     91      973
  SINCE JAN 1   1802                      1605    197     1479
..................................................................


WIND (MPH)
  HIGHEST WIND SPEED    13   HIGHEST WIND DIRECTION    NE (40)
  HIGHEST GUST SPEED    19   HIGHEST GUST DIRECTION    NE (50)
  AVERAGE WIND SPEED     4.5


SKY COVER
  POSSIBLE SUNSHINE  MM
  AVERAGE SKY COVER 0.0


WEATHER CONDITIONS
 THE FOLLOWING WEATHER WAS RECORDED YESTERDAY.
  NO SIGNIFICANT WEATHER WAS OBSERVED.


RELATIVE HUMIDITY (PERCENT)
 HIGHEST    94           100 AM
 LOWEST     41           300 PM
 AVERAGE    68

..........................................................


THE BATON ROUGE  ASOS CLIMATE NORMALS FOR TODAY
                         NORMAL    RECORD    YEAR
 MAXIMUM TEMPERATURE (F)   93       100      1921
 MINIMUM TEMPERATURE (F)   74        63      1909


SUNRISE AND SUNSET
AUGUST  1 2015........SUNRISE   623 AM CDT   SUNSET   759 PM CDT
AUGUST  2 2015........SUNRISE   623 AM CDT   SUNSET   758 PM CDT


-  INDICATES NEGATIVE NUMBERS.
R  INDICATES RECORD WAS SET OR TIED.
MM INDICATES DATA IS MISSING.
T  INDICATES TRACE AMOUNT.




$$
