193
CDUS44 KLIX 180701
CLIBTR


CLIMATE REPORT
NATIONAL WEATHER SERVICE NEW ORLEANS
200 AM CDT WED OCT 18 2017


...................................

...THE BATON ROUGE  ASOS CLIMATE SUMMARY FOR OCTOBER 17 2017...

CLIMATE NORMAL PERIOD 1981 TO 2010
CLIMATE RECORD PERIOD 1894 TO 2017


WEATHER ITEM   OBSERVED TIME   RECORD YEAR NORMAL DEPARTURE LAST
                VALUE   (LST)  VALUE       VALUE  FROM      YEAR
                                                  NORMAL
..................................................................
TEMPERATURE (F)
 YESTERDAY
  MAXIMUM         78    323 PM  91    1972  81     -3       89
                                      1915
  MINIMUM         48    618 AM  36    1943  57     -9       67
  AVERAGE         63                        69     -6       78

PRECIPITATION (IN)
  YESTERDAY        0.00          2.52 1984   0.16  -0.16     0.00
  MONTH TO DATE    2.55                      2.48   0.07     0.01
  SINCE SEP 1      2.63                      7.02  -4.39     2.49
  SINCE JAN 1     58.02                     48.73   9.29    77.64

SNOWFALL (IN)
  YESTERDAY        0.0
  MONTH TO DATE    0.0
  SINCE SEP 1      0.0
  SINCE JUL 1      0.0
  SNOW DEPTH       0

DEGREE DAYS
 HEATING
  YESTERDAY        2                         1      1        0
  MONTH TO DATE    2                        12    -10        0
  SINCE SEP 1      2                        14    -12        0
  SINCE JUL 1      2                        14    -12        0

 COOLING
  YESTERDAY        0                         5     -5       13
  MONTH TO DATE  204                       121     83      177
  SINCE SEP 1    606                       531     75      684
  SINCE JAN 1   2865                      2692    173     2960
..................................................................


WIND (MPH)
  HIGHEST WIND SPEED    14   HIGHEST WIND DIRECTION    NE (30)
  HIGHEST GUST SPEED    16   HIGHEST GUST DIRECTION    NE (50)
  AVERAGE WIND SPEED     5.9


SKY COVER
  POSSIBLE SUNSHINE  MM
  AVERAGE SKY COVER 0.0


WEATHER CONDITIONS
 THE FOLLOWING WEATHER WAS RECORDED YESTERDAY.
  NO SIGNIFICANT WEATHER WAS OBSERVED.


RELATIVE HUMIDITY (PERCENT)
 HIGHEST    90           900 PM
 LOWEST     40           300 PM
 AVERAGE    65

..........................................................


THE BATON ROUGE  ASOS CLIMATE NORMALS FOR TODAY
                         NORMAL    RECORD    YEAR
 MAXIMUM TEMPERATURE (F)   80        91      2016
                                             1953
 MINIMUM TEMPERATURE (F)   57        41      2001
                                             1976
                                             1943


SUNRISE AND SUNSET
OCTOBER 18 2017.......SUNRISE   709 AM CDT   SUNSET   630 PM CDT
OCTOBER 19 2017.......SUNRISE   710 AM CDT   SUNSET   629 PM CDT


-  INDICATES NEGATIVE NUMBERS.
R  INDICATES RECORD WAS SET OR TIED.
MM INDICATES DATA IS MISSING.
T  INDICATES TRACE AMOUNT.




$$
