000
CDUS44 KLIX 250702
CLIBTR


CLIMATE REPORT
NATIONAL WEATHER SERVICE NEW ORLEANS
202 AM CDT SAT OCT 25 2014


...................................

...THE BATON ROUGE  ASOS CLIMATE SUMMARY FOR OCTOBER 24 2014...

CLIMATE NORMAL PERIOD 1981 TO 2010
CLIMATE RECORD PERIOD 1894 TO 2014


WEATHER ITEM   OBSERVED TIME   RECORD YEAR NORMAL DEPARTURE LAST
                VALUE   (LST)  VALUE       VALUE  FROM      YEAR
                                                  NORMAL
..................................................................
TEMPERATURE (F)
 YESTERDAY
  MAXIMUM         77    316 PM  91    1894  79     -2       79
  MINIMUM         47    623 AM  33    1917  55     -8       47
  AVERAGE         62                        67     -5       63

PRECIPITATION (IN)
  YESTERDAY        0.00          1.42 1996   0.16  -0.16     0.00
  MONTH TO DATE    2.35                      3.63  -1.28     2.61
  SINCE SEP 1      5.41                      8.17  -2.76     9.51
  SINCE JAN 1     52.53                     49.88   2.65    62.17

SNOWFALL (IN)
  YESTERDAY        0.0
  MONTH TO DATE    0.0
  SINCE SEP 1      0.0
  SINCE JUL 1      0.0
  SNOW DEPTH       0

DEGREE DAYS
 HEATING
  YESTERDAY        3                         2      1        2
  MONTH TO DATE    8                        25    -17        7
  SINCE SEP 1      8                        27    -19        7
  SINCE JUL 1      8                        27    -19        7

 COOLING
  YESTERDAY        0                         4     -4        0
  MONTH TO DATE  162                       153      9      158
  SINCE SEP 1    608                       563     45      635
  SINCE JAN 1   2636                      2724    -88     2603
..................................................................


WIND (MPH)
  HIGHEST WIND SPEED    10   HIGHEST WIND DIRECTION    NE (40)
  HIGHEST GUST SPEED    13   HIGHEST GUST DIRECTION    NE (30)
  AVERAGE WIND SPEED     2.7


SKY COVER
  POSSIBLE SUNSHINE  MM
  AVERAGE SKY COVER 0.0


WEATHER CONDITIONS
 THE FOLLOWING WEATHER WAS RECORDED YESTERDAY.
  NO SIGNIFICANT WEATHER WAS OBSERVED.


RELATIVE HUMIDITY (PERCENT)
 HIGHEST    96          1200 AM
 LOWEST     29           400 PM
 AVERAGE    63

..........................................................


THE BATON ROUGE  ASOS CLIMATE NORMALS FOR TODAY
                         NORMAL    RECORD    YEAR
 MAXIMUM TEMPERATURE (F)   78        89      1936
                                             1904
 MINIMUM TEMPERATURE (F)   55        36      1938
                                             1917


SUNRISE AND SUNSET
OCTOBER 25 2014.......SUNRISE   714 AM CDT   SUNSET   623 PM CDT
OCTOBER 26 2014.......SUNRISE   715 AM CDT   SUNSET   622 PM CDT


-  INDICATES NEGATIVE NUMBERS.
R  INDICATES RECORD WAS SET OR TIED.
MM INDICATES DATA IS MISSING.
T  INDICATES TRACE AMOUNT.




$$
