000
CDUS44 KLIX 020701
CLIBTR


CLIMATE REPORT
NATIONAL WEATHER SERVICE NEW ORLEANS
201 AM CDT THU JUL 2 2015


...................................

...THE BATON ROUGE  ASOS CLIMATE SUMMARY FOR JULY 1 2015...

CLIMATE NORMAL PERIOD 1981 TO 2010
CLIMATE RECORD PERIOD 1894 TO 2015


WEATHER ITEM   OBSERVED TIME   RECORD YEAR NORMAL DEPARTURE LAST
                VALUE   (LST)  VALUE       VALUE  FROM      YEAR
                                                  NORMAL
..................................................................
TEMPERATURE (F)
 YESTERDAY
  MAXIMUM         92    103 PM 100    1894  92      0       94
  MINIMUM         70    542 AM  63    1908  73     -3       75
  AVERAGE         81                        83     -2       85

PRECIPITATION (IN)
  YESTERDAY        0.09          2.56 1959   0.18  -0.09     0.00
  MONTH TO DATE    0.09                      0.18  -0.09     0.00
  SINCE JUN 1      6.07                      6.59  -0.52    11.36
  SINCE JAN 1     38.45                     31.11   7.34    35.70

SNOWFALL (IN)
  YESTERDAY        0.0
  MONTH TO DATE    0.0
  SINCE JUN 1      0.0
  SINCE JUL 1      0.0
  SNOW DEPTH       0

DEGREE DAYS
 HEATING
  YESTERDAY        0                         0      0        0
  MONTH TO DATE    0                         0      0        0
  SINCE JUN 1      0                         0      0        0
  SINCE JUL 1      0                         0      0        0

 COOLING
  YESTERDAY       16                        18     -2       20
  MONTH TO DATE   16                        18     -2       20
  SINCE JUN 1    512                       502     10      489
  SINCE JAN 1   1183                      1067    116      995
..................................................................


WIND (MPH)
  HIGHEST WIND SPEED    22   HIGHEST WIND DIRECTION     S (180)
  HIGHEST GUST SPEED    27   HIGHEST GUST DIRECTION     S (160)
  AVERAGE WIND SPEED     4.8


SKY COVER
  POSSIBLE SUNSHINE  MM
  AVERAGE SKY COVER 0.3


WEATHER CONDITIONS
 THE FOLLOWING WEATHER WAS RECORDED YESTERDAY.
  THUNDERSTORM
  RAIN
  LIGHT RAIN
  FOG


RELATIVE HUMIDITY (PERCENT)
 HIGHEST   100           100 AM
 LOWEST     56           100 PM
 AVERAGE    78

..........................................................


THE BATON ROUGE  ASOS CLIMATE NORMALS FOR TODAY
                         NORMAL    RECORD    YEAR
 MAXIMUM TEMPERATURE (F)   92       102      2009
 MINIMUM TEMPERATURE (F)   73        62      1924


SUNRISE AND SUNSET
JULY  2 2015..........SUNRISE   606 AM CDT   SUNSET   811 PM CDT
JULY  3 2015..........SUNRISE   607 AM CDT   SUNSET   811 PM CDT


-  INDICATES NEGATIVE NUMBERS.
R  INDICATES RECORD WAS SET OR TIED.
MM INDICATES DATA IS MISSING.
T  INDICATES TRACE AMOUNT.




$$
