000
CDUS44 KLIX 240822
CLIBTR


CLIMATE REPORT
NATIONAL WEATHER SERVICE NEW ORLEANS
222 AM CST MON NOV 24 2014


...................................

...THE BATON ROUGE  ASOS CLIMATE SUMMARY FOR NOVEMBER 23 2014...

CLIMATE NORMAL PERIOD 1981 TO 2010
CLIMATE RECORD PERIOD 1894 TO 2014


WEATHER ITEM   OBSERVED TIME   RECORD YEAR NORMAL DEPARTURE LAST
                VALUE   (LST)  VALUE       VALUE  FROM      YEAR
                                                  NORMAL
..................................................................
TEMPERATURE (F)
 YESTERDAY
  MAXIMUM         75    311 PM  85    1973  70      5       64
                                      1955
  MINIMUM         63    928 AM  28    1956  47     16       46
  AVERAGE         69                        58     11       55

PRECIPITATION (IN)
  YESTERDAY        0.40          1.05 1918   0.13   0.27     0.02
  MONTH TO DATE    3.50                      3.11   0.39     0.47
  SINCE SEP 1      8.91                     12.35  -3.44    11.24
  SINCE JAN 1     56.03                     54.06   1.97    63.90

SNOWFALL (IN)
  YESTERDAY        0.0
  MONTH TO DATE    0.0
  SINCE SEP 1      0.0
  SINCE JUL 1      0.0
  SNOW DEPTH       0

DEGREE DAYS
 HEATING
  YESTERDAY        0                         8     -8       10
  MONTH TO DATE  251                       128    123      120
  SINCE SEP 1    266                       174     92      139
  SINCE JUL 1    266                       174     92      139

 COOLING
  YESTERDAY        4                         1      3        0
  MONTH TO DATE   15                        42    -27       36
  SINCE SEP 1    648                       631     17      698
  SINCE JAN 1   2676                      2792   -116     2666
..................................................................


WIND (MPH)
  HIGHEST WIND SPEED    28   HIGHEST WIND DIRECTION    SW (220)
  HIGHEST GUST SPEED    35   HIGHEST GUST DIRECTION    SW (220)
  AVERAGE WIND SPEED    15.5


SKY COVER
  POSSIBLE SUNSHINE  MM
  AVERAGE SKY COVER 0.7


WEATHER CONDITIONS
 THE FOLLOWING WEATHER WAS RECORDED YESTERDAY.
  HEAVY RAIN
  RAIN
  LIGHT RAIN
  FOG


RELATIVE HUMIDITY (PERCENT)
 HIGHEST    93           100 AM
 LOWEST     54           300 PM
 AVERAGE    74

..........................................................


THE BATON ROUGE  ASOS CLIMATE NORMALS FOR TODAY
                         NORMAL    RECORD    YEAR
 MAXIMUM TEMPERATURE (F)   69        85      1973
                                             1913
 MINIMUM TEMPERATURE (F)   47        24      1970


SUNRISE AND SUNSET
NOVEMBER 24 2014......SUNRISE   638 AM CST   SUNSET   504 PM CST
NOVEMBER 25 2014......SUNRISE   639 AM CST   SUNSET   504 PM CST


-  INDICATES NEGATIVE NUMBERS.
R  INDICATES RECORD WAS SET OR TIED.
MM INDICATES DATA IS MISSING.
T  INDICATES TRACE AMOUNT.




$$
