000
CDUS44 KLIX 210702
CLIBTR


CLIMATE REPORT
NATIONAL WEATHER SERVICE NEW ORLEANS
202 AM CDT SUN SEP 21 2014


...................................

...THE BATON ROUGE  ASOS CLIMATE SUMMARY FOR SEPTEMBER 20 2014...

CLIMATE NORMAL PERIOD 1981 TO 2010
CLIMATE RECORD PERIOD 1894 TO 2014


WEATHER ITEM   OBSERVED TIME   RECORD YEAR NORMAL DEPARTURE LAST
                VALUE   (LST)  VALUE       VALUE  FROM      YEAR
                                                  NORMAL
..................................................................
TEMPERATURE (F)
 YESTERDAY
  MAXIMUM         89    239 PM  98    2005  88      1       92
  MINIMUM         69    611 AM  49    1938  67      2       75
  AVERAGE         79                        78      1       84

PRECIPITATION (IN)
  YESTERDAY        0.00          2.77 1932   0.14  -0.14     0.04
  MONTH TO DATE    3.00                      3.12  -0.12     1.92
  SINCE SEP 1      3.00                      3.12  -0.12     1.92
  SINCE JAN 1     50.12                     44.83   5.29    54.58

SNOWFALL (IN)
  YESTERDAY        0.0
  MONTH TO DATE    0.0
  SINCE SEP 1      0.0
  SINCE JUL 1      0.0
  SNOW DEPTH       0

DEGREE DAYS
 HEATING
  YESTERDAY        0                         0      0        0
  MONTH TO DATE    0                         0      0        0
  SINCE SEP 1      0                         0      0        0
  SINCE JUL 1      0                         0      0        0

 COOLING
  YESTERDAY       14                        13      1       19
  MONTH TO DATE  331                       300     31      356
  SINCE SEP 1    331                       300     31      356
  SINCE JAN 1   2359                      2461   -102     2324
..................................................................


WIND (MPH)
  HIGHEST WIND SPEED    17   HIGHEST WIND DIRECTION    NE (50)
  HIGHEST GUST SPEED    22   HIGHEST GUST DIRECTION    NE (60)
  AVERAGE WIND SPEED     6.5


SKY COVER
  POSSIBLE SUNSHINE  MM
  AVERAGE SKY COVER 0.1


WEATHER CONDITIONS
 THE FOLLOWING WEATHER WAS RECORDED YESTERDAY.
  NO SIGNIFICANT WEATHER WAS OBSERVED.


RELATIVE HUMIDITY (PERCENT)
 HIGHEST    97           200 AM
 LOWEST     50           200 PM
 AVERAGE    74

..........................................................


THE BATON ROUGE  ASOS CLIMATE NORMALS FOR TODAY
                         NORMAL    RECORD    YEAR
 MAXIMUM TEMPERATURE (F)   88       100      1921
 MINIMUM TEMPERATURE (F)   67        44      1897


SUNRISE AND SUNSET
SEPTEMBER 21 2014.....SUNRISE   652 AM CDT   SUNSET   702 PM CDT
SEPTEMBER 22 2014.....SUNRISE   653 AM CDT   SUNSET   701 PM CDT


-  INDICATES NEGATIVE NUMBERS.
R  INDICATES RECORD WAS SET OR TIED.
MM INDICATES DATA IS MISSING.
T  INDICATES TRACE AMOUNT.




$$
