000
CDUS44 KLIX 060700
CLIBTR


CLIMATE REPORT
NATIONAL WEATHER SERVICE NEW ORLEANS
200 AM CDT FRI MAY 6 2016


...................................

...THE BATON ROUGE  ASOS CLIMATE SUMMARY FOR MAY 5 2016...

CLIMATE NORMAL PERIOD 1981 TO 2010
CLIMATE RECORD PERIOD 1894 TO 2016


WEATHER ITEM   OBSERVED TIME   RECORD YEAR NORMAL DEPARTURE LAST
                VALUE   (LST)  VALUE       VALUE  FROM      YEAR
                                                  NORMAL
..................................................................
TEMPERATURE (F)
 YESTERDAY
  MAXIMUM         80    344 PM  95    1952  84     -4       84
  MINIMUM         56   1159 PM  45    1954  62     -6       63
  AVERAGE         68                        73     -5       74

PRECIPITATION (IN)
  YESTERDAY        0.00          2.47 1981   0.15  -0.15     0.00
  MONTH TO DATE    1.79                      0.73   1.06     0.00
  SINCE MAR 1     16.53                      9.60   6.93    11.46
  SINCE JAN 1     25.84                     20.36   5.48    21.21

SNOWFALL (IN)
  YESTERDAY        0.0
  MONTH TO DATE    0.0
  SINCE MAR 1      0.0
  SINCE JUL 1      0.0
  SNOW DEPTH       0

DEGREE DAYS
 HEATING
  YESTERDAY        0                         0      0        0
  MONTH TO DATE    0                         0      0        0
  SINCE MAR 1     88                       218   -130       99
  SINCE JUL 1   1079                      1553   -474     1641

 COOLING
  YESTERDAY        3                         8     -5        9
  MONTH TO DATE   21                        39    -18       33
  SINCE MAR 1    277                       239     38      340
  SINCE JAN 1    294                       270     24      344
..................................................................


WIND (MPH)
  HIGHEST WIND SPEED    15   HIGHEST WIND DIRECTION    NW (330)
  HIGHEST GUST SPEED    21   HIGHEST GUST DIRECTION    NW (320)
  AVERAGE WIND SPEED     5.2


SKY COVER
  POSSIBLE SUNSHINE  MM
  AVERAGE SKY COVER 0.0


WEATHER CONDITIONS
 THE FOLLOWING WEATHER WAS RECORDED YESTERDAY.
  NO SIGNIFICANT WEATHER WAS OBSERVED.


RELATIVE HUMIDITY (PERCENT)
 HIGHEST    84           300 AM
 LOWEST     27           400 PM
 AVERAGE    56

..........................................................


THE BATON ROUGE  ASOS CLIMATE NORMALS FOR TODAY
                         NORMAL    RECORD    YEAR
 MAXIMUM TEMPERATURE (F)   84        94      1952
 MINIMUM TEMPERATURE (F)   63        46      1945


SUNRISE AND SUNSET
MAY  6 2016...........SUNRISE   616 AM CDT   SUNSET   746 PM CDT
MAY  7 2016...........SUNRISE   615 AM CDT   SUNSET   747 PM CDT


-  INDICATES NEGATIVE NUMBERS.
R  INDICATES RECORD WAS SET OR TIED.
MM INDICATES DATA IS MISSING.
T  INDICATES TRACE AMOUNT.




$$
