000
CDUS44 KLIX 250700
CLIBTR


CLIMATE REPORT
NATIONAL WEATHER SERVICE NEW ORLEANS
200 AM CDT TUE APR 25 2017


...................................

...THE BATON ROUGE  ASOS CLIMATE SUMMARY FOR APRIL 24 2017...

CLIMATE NORMAL PERIOD 1981 TO 2010
CLIMATE RECORD PERIOD 1894 TO 2017


WEATHER ITEM   OBSERVED TIME   RECORD YEAR NORMAL DEPARTURE LAST
                VALUE   (LST)  VALUE       VALUE  FROM      YEAR
                                                  NORMAL
..................................................................
TEMPERATURE (F)
 YESTERDAY
  MAXIMUM         79    507 PM  91    1999  81     -2       84
                                      1958
  MINIMUM         50    346 AM  44    2012  59     -9       55
  AVERAGE         65                        70     -5       70

PRECIPITATION (IN)
  YESTERDAY        0.00          4.10 1953   0.14  -0.14     0.00
  MONTH TO DATE    4.54                      3.63   0.91     2.70
  SINCE MAR 1      8.28                      8.04   0.24    12.70
  SINCE JAN 1     19.71                     18.80   0.91    22.01

SNOWFALL (IN)
  YESTERDAY        0.0
  MONTH TO DATE    0.0
  SINCE MAR 1      0.0
  SINCE JUL 1      0.0
  SNOW DEPTH       0

DEGREE DAYS
 HEATING
  YESTERDAY        0                         1     -1        0
  MONTH TO DATE   11                        48    -37       19
  SINCE MAR 1     95                       215   -120       88
  SINCE JUL 1    799                      1550   -751     1079

 COOLING
  YESTERDAY        0                         6     -6        5
  MONTH TO DATE  143                       103     40       92
  SINCE MAR 1    281                       161    120      189
  SINCE JAN 1    424                       192    232      206
..................................................................


WIND (MPH)
  HIGHEST WIND SPEED    15   HIGHEST WIND DIRECTION     W (280)
  HIGHEST GUST SPEED    22   HIGHEST GUST DIRECTION     W (290)
  AVERAGE WIND SPEED     4.5


SKY COVER
  POSSIBLE SUNSHINE  MM
  AVERAGE SKY COVER 0.0


WEATHER CONDITIONS
 THE FOLLOWING WEATHER WAS RECORDED YESTERDAY.
  FOG


RELATIVE HUMIDITY (PERCENT)
 HIGHEST    96          1200 AM
 LOWEST     30           500 PM
 AVERAGE    63

..........................................................


THE BATON ROUGE  ASOS CLIMATE NORMALS FOR TODAY
                         NORMAL    RECORD    YEAR
 MAXIMUM TEMPERATURE (F)   81        89      2011
                                             1967
                                             1925
 MINIMUM TEMPERATURE (F)   59        42      1910


SUNRISE AND SUNSET
APRIL 25 2017.........SUNRISE   626 AM CDT   SUNSET   739 PM CDT
APRIL 26 2017.........SUNRISE   625 AM CDT   SUNSET   740 PM CDT


-  INDICATES NEGATIVE NUMBERS.
R  INDICATES RECORD WAS SET OR TIED.
MM INDICATES DATA IS MISSING.
T  INDICATES TRACE AMOUNT.




$$
