000
CDUS41 KBTV 020607
CLIBTV


CLIMATE REPORT
NATIONAL WEATHER SERVICE BURLINGTON VT
205 AM EDT TUE JUN 2 2015


...................................

...THE BURLINGTON VT CLIMATE SUMMARY FOR JUNE 1 2015...

CLIMATE NORMAL PERIOD 1981 TO 2010
CLIMATE RECORD PERIOD 1884 TO 2015


WEATHER ITEM   OBSERVED TIME   RECORD YEAR NORMAL DEPARTURE LAST
                VALUE   (LST)  VALUE       VALUE  FROM      YEAR
                                                  NORMAL
..................................................................
TEMPERATURE (F)
 YESTERDAY
  MAXIMUM         56    306 PM  90    2013  72    -16       78
                                      2011
  MINIMUM         49    658 AM  33    1924  51     -2       47
  AVERAGE         53                        61     -8       63

PRECIPITATION (IN)
  YESTERDAY        0.63          1.90 1955   0.12   0.51     0.00
  MONTH TO DATE    0.63                      0.12   0.51     0.00
  SINCE JUN 1      0.63                      0.12   0.51     0.00
  SINCE JAN 1      9.47                     12.43  -2.96    13.76

SNOWFALL (IN)
  YESTERDAY       MM             0.0  2002   0.0   MM        0.0
                                      2001
  MONTH TO DATE   MM                         0.0   MM        0.0
  SINCE JUN 1     MM                         0.0   MM        0.0
  SINCE JUL 1     83.4                      81.2    2.2     86.5
  SNOW DEPTH       0

DEGREE DAYS
 HEATING
  YESTERDAY       12                         5      7        2
  MONTH TO DATE   12                         5      7        2
  SINCE JUN 1     12                         5      7        2
  SINCE JUL 1   7448                      7366     82     7595

 COOLING
  YESTERDAY        0                         1     -1        0
  MONTH TO DATE    0                         1     -1        0
  SINCE JUN 1      0                         1     -1        0
  SINCE JAN 1     93                        20     73       22
..................................................................


WIND (MPH)
  HIGHEST WIND SPEED    14   HIGHEST WIND DIRECTION    SE (130)
  HIGHEST GUST SPEED    18   HIGHEST GUST DIRECTION    SE (120)
  AVERAGE WIND SPEED     5.3


SKY COVER
  POSSIBLE SUNSHINE  MM
  AVERAGE SKY COVER 1.0


WEATHER CONDITIONS
 THE FOLLOWING WEATHER WAS RECORDED YESTERDAY.
  RAIN
  LIGHT RAIN
  FOG


RELATIVE HUMIDITY (PERCENT)
 HIGHEST    93           200 AM
 LOWEST     72           300 PM
 AVERAGE    83

..........................................................


THE BURLINGTON VT CLIMATE NORMALS FOR TODAY
                         NORMAL    RECORD    YEAR
 MAXIMUM TEMPERATURE (F)   72        89      1970
 MINIMUM TEMPERATURE (F)   51        36      2003
                                             1966
                                             1945


SUNRISE AND SUNSET
JUNE  2 2015..........SUNRISE   511 AM EDT   SUNSET   831 PM EDT
JUNE  3 2015..........SUNRISE   510 AM EDT   SUNSET   832 PM EDT


-  INDICATES NEGATIVE NUMBERS.
R  INDICATES RECORD WAS SET OR TIED.
MM INDICATES DATA IS MISSING.
T  INDICATES TRACE AMOUNT.







&&

LAKE CHAMPLAIN DATA:
LEVEL...............96.48 FEET
TEMPERATURE.........52 DEGREES

MOUNT MANSFIELD DATA:
HIGH................39 DEGREES
LOW.................34 DEGREES
PRECIPITATION.......1.12 INCHES

$$
