000
CDUS41 KBTV 080553
CLIBTV


CLIMATE REPORT
NATIONAL WEATHER SERVICE BURLINGTON VT
1253 AM EST THU DEC 8 2016


...................................

...THE BURLINGTON VT CLIMATE SUMMARY FOR DECEMBER 7 2016...

CLIMATE NORMAL PERIOD 1981 TO 2010
CLIMATE RECORD PERIOD 1884 TO 2016


WEATHER ITEM   OBSERVED TIME   RECORD YEAR NORMAL DEPARTURE LAST
                VALUE   (LST)  VALUE       VALUE  FROM      YEAR
                                                  NORMAL
..................................................................
TEMPERATURE (F)
 YESTERDAY
  MAXIMUM         39    228 PM  67    1998  36      3       45
  MINIMUM         31    505 AM  -6    1906  23      8       25
  AVERAGE         35                        30      5       35

PRECIPITATION (IN)
  YESTERDAY        0.05          1.09 1976   0.08  -0.03     0.00
  MONTH TO DATE    0.71                      0.61   0.10     1.41
  SINCE DEC 1      0.71                      0.61   0.10     1.41
  SINCE JAN 1     26.09                     35.05  -8.96    34.81

SNOWFALL (IN)
  YESTERDAY        0.4           7.1  1954   0.5   -0.1      0.0
  MONTH TO DATE    3.3                       3.3    0.0      0.0
  SINCE DEC 1      3.3                       3.3    0.0      0.0
  SINCE JUL 1      7.6                       8.7   -1.1      0.2
  SNOW DEPTH       2

DEGREE DAYS
 HEATING
  YESTERDAY       30                        36     -6       30
  MONTH TO DATE  198                       240    -42      197
  SINCE DEC 1    198                       240    -42      197
  SINCE JUL 1   1403                      1785   -382     1436

 COOLING
  YESTERDAY        0                         0      0        0
  MONTH TO DATE    0                         0      0        0
  SINCE DEC 1      0                         0      0        0
  SINCE JAN 1    855                       491    364      768
..................................................................


WIND (MPH)
  HIGHEST WIND SPEED    21   HIGHEST WIND DIRECTION     S (190)
  HIGHEST GUST SPEED    27   HIGHEST GUST DIRECTION     S (180)
  AVERAGE WIND SPEED     8.2


SKY COVER
  POSSIBLE SUNSHINE  MM
  AVERAGE SKY COVER 0.9


WEATHER CONDITIONS
 THE FOLLOWING WEATHER WAS RECORDED YESTERDAY.
  LIGHT SNOW
  FOG


RELATIVE HUMIDITY (PERCENT)
 HIGHEST   100           500 AM
 LOWEST     78           200 AM
 AVERAGE    89

..........................................................


THE BURLINGTON VT CLIMATE NORMALS FOR TODAY
                         NORMAL    RECORD    YEAR
 MAXIMUM TEMPERATURE (F)   36        58      1951
                                             1927
 MINIMUM TEMPERATURE (F)   22       -10      1906


SUNRISE AND SUNSET
DECEMBER  8 2016......SUNRISE   716 AM EST   SUNSET   413 PM EST
DECEMBER  9 2016......SUNRISE   717 AM EST   SUNSET   413 PM EST


-  INDICATES NEGATIVE NUMBERS.
R  INDICATES RECORD WAS SET OR TIED.
MM INDICATES DATA IS MISSING.
T  INDICATES TRACE AMOUNT.

&&

LAKE CHAMPLAIN DATA:
LEVEL...............94.76 FEET
TEMPERATURE.........46 DEGREES

MOUNT MANSFIELD DATA:
HIGH................25 DEGREES
LOW.................18 DEGREES
PRECIPITATION.......0.13 INCHES
NEW SNOW............1.2 INCHES
SNOW AT STAKE.......26 INCHES

$$
