000
CDUS41 KBTV 290524
CLIBTV


CLIMATE REPORT
NATIONAL WEATHER SERVICE BURLINGTON VT
122 AM EDT THU JUN 29 2017


...................................

...THE BURLINGTON VT CLIMATE SUMMARY FOR JUNE 28 2017...

CLIMATE NORMAL PERIOD 1981 TO 2010
CLIMATE RECORD PERIOD 1884 TO 2017


WEATHER ITEM   OBSERVED TIME   RECORD YEAR NORMAL DEPARTURE LAST
                VALUE   (LST)  VALUE       VALUE  FROM      YEAR
                                                  NORMAL
..................................................................
TEMPERATURE (F)
 YESTERDAY
  MAXIMUM         77    320 PM  95    1991  80     -3       86
  MINIMUM         54    212 AM  43    1927  59     -5       67
                                      1919
  AVERAGE         66                        69     -3       77

PRECIPITATION (IN)
  YESTERDAY        0.04          1.50 1892   0.12  -0.08     0.46
  MONTH TO DATE    5.00                      3.44   1.56     2.95
  SINCE JUN 1      5.00                      3.44   1.56     2.95
  SINCE JAN 1     21.68                     15.75   5.93    13.80

SNOWFALL (IN)
  YESTERDAY        0.0           0.0  2002   0.0    0.0      0.0
                                      2001
  MONTH TO DATE    0.0                       0.0    0.0      0.0
  SINCE JUN 1      0.0                       0.0    0.0      0.0
  SINCE JUL 1    100.4                      81.2   19.2     34.3
  SNOW DEPTH       0

DEGREE DAYS
 HEATING
  YESTERDAY        0                         1     -1        0
  MONTH TO DATE   50                        71    -21       48
  SINCE JUN 1     50                        71    -21       48
  SINCE JUL 1   6326                      7432  -1106     6226

 COOLING
  YESTERDAY        1                         5     -4       12
  MONTH TO DATE  119                        87     32      122
  SINCE JUN 1    119                        87     32      122
  SINCE JAN 1    161                       106     55      194
..................................................................


WIND (MPH)
  HIGHEST WIND SPEED    15   HIGHEST WIND DIRECTION    NW (310)
  HIGHEST GUST SPEED    19   HIGHEST GUST DIRECTION    NW (320)
  AVERAGE WIND SPEED     6.6


SKY COVER
  POSSIBLE SUNSHINE  MM
  AVERAGE SKY COVER 0.6


WEATHER CONDITIONS
 THE FOLLOWING WEATHER WAS RECORDED YESTERDAY.
  LIGHT RAIN


RELATIVE HUMIDITY (PERCENT)
 HIGHEST    93          1200 AM
 LOWEST     41           400 PM
 AVERAGE    67

..........................................................


THE BURLINGTON VT CLIMATE NORMALS FOR TODAY
                         NORMAL    RECORD    YEAR
 MAXIMUM TEMPERATURE (F)   80        96      1946
                                             1944
 MINIMUM TEMPERATURE (F)   59        37      1919


SUNRISE AND SUNSET
JUNE 29 2017..........SUNRISE   511 AM EDT   SUNSET   841 PM EDT
JUNE 30 2017..........SUNRISE   511 AM EDT   SUNSET   841 PM EDT


-  INDICATES NEGATIVE NUMBERS.
R  INDICATES RECORD WAS SET OR TIED.
MM INDICATES DATA IS MISSING.
T  INDICATES TRACE AMOUNT.

&&

LAKE CHAMPLAIN DATA:
LEVEL...............97.22 FEET
TEMPERATURE.........65 DEGREES

MOUNT MANSFIELD DATA:
HIGH................55 DEGREES
LOW.................44 DEGREES
PRECIPITATION.......0.57 INCHES

$$
