000
CDUS41 KBTV 200553
CLIBTV


CLIMATE REPORT
NATIONAL WEATHER SERVICE BURLINGTON VT
1246 AM EST MON FEB 20 2017


...................................

...THE BURLINGTON VT CLIMATE SUMMARY FOR FEBRUARY 19 2017...

CLIMATE NORMAL PERIOD 1981 TO 2010
CLIMATE RECORD PERIOD 1884 TO 2017


WEATHER ITEM   OBSERVED TIME   RECORD YEAR NORMAL DEPARTURE LAST
                VALUE   (LST)  VALUE       VALUE  FROM      YEAR
                                                  NORMAL
..................................................................
TEMPERATURE (F)
 YESTERDAY
  MAXIMUM         50   1113 AM  62    1981  32     18       38
  MINIMUM         37   1159 PM -23    1944  13     24        8
  AVERAGE         44                        22     22       23

PRECIPITATION (IN)
  YESTERDAY        0.00          0.64 1931   0.06  -0.06     0.01
  MONTH TO DATE    1.74                      1.18   0.56     1.04
  SINCE DEC 1      6.09                      5.62   0.47     6.67
  SINCE JAN 1      3.74                      3.24   0.50     2.23

SNOWFALL (IN)
  YESTERDAY        0.0           8.5  1931   0.5   -0.5      0.1
  MONTH TO DATE   30.4                      11.3   19.1      5.5
  SINCE DEC 1     54.7                      50.3    4.4     25.7
  SINCE JUL 1     59.0                      55.7    3.3     25.9
  SNOW DEPTH       7

DEGREE DAYS
 HEATING
  YESTERDAY       21                        43    -22       42
  MONTH TO DATE  758                       846    -88      772
  SINCE DEC 1   2955                      3495   -540     2801
  SINCE JUL 1   4160                      5040   -880     4040

 COOLING
  YESTERDAY        0                         0      0        0
  MONTH TO DATE    0                         0      0        0
  SINCE DEC 1      0                         0      0        0
  SINCE JAN 1      0                         0      0        0
..................................................................


WIND (MPH)
  HIGHEST WIND SPEED    18   HIGHEST WIND DIRECTION     N (340)
  HIGHEST GUST SPEED    26   HIGHEST GUST DIRECTION     N (340)
  AVERAGE WIND SPEED     8.1


SKY COVER
  POSSIBLE SUNSHINE  MM
  AVERAGE SKY COVER 0.8


WEATHER CONDITIONS
 THE FOLLOWING WEATHER WAS RECORDED YESTERDAY.
  NO SIGNIFICANT WEATHER WAS OBSERVED.


RELATIVE HUMIDITY (PERCENT)
 HIGHEST    70          1200 AM
 LOWEST     50           100 PM
 AVERAGE    60

..........................................................


THE BURLINGTON VT CLIMATE NORMALS FOR TODAY
                         NORMAL    RECORD    YEAR
 MAXIMUM TEMPERATURE (F)   32        58      1981
 MINIMUM TEMPERATURE (F)   14       -13      1968
                                             1950


SUNRISE AND SUNSET
FEBRUARY 20 2017......SUNRISE   644 AM EST   SUNSET   529 PM EST
FEBRUARY 21 2017......SUNRISE   643 AM EST   SUNSET   530 PM EST


-  INDICATES NEGATIVE NUMBERS.
R  INDICATES RECORD WAS SET OR TIED.
MM INDICATES DATA IS MISSING.
T  INDICATES TRACE AMOUNT.







&&

LAKE CHAMPLAIN DATA:
LEVEL...............95.08 FEET
TEMPERATURE.........35 DEGREES

MOUNT MANSFIELD DATA:
HIGH................34 DEGREES
LOW.................28 DEGREES
PRECIPITATION.......NONE
NEW SNOW............NONE
SNOW AT STAKE.......94 INCHES

$$
