000
CDUS41 KBTV 252143
CLIBTV


CLIMATE REPORT
NATIONAL WEATHER SERVICE BURLINGTON VT
534 PM EDT SUN SEP 25 2016


...................................

...THE BURLINGTON VT CLIMATE SUMMARY FOR SEPTEMBER 25 2016...
VALID TODAY AS OF 0500 PM LOCAL TIME.

CLIMATE NORMAL PERIOD 1981 TO 2010
CLIMATE RECORD PERIOD 1884 TO 2016


WEATHER ITEM   OBSERVED TIME   RECORD YEAR NORMAL DEPARTURE LAST
                VALUE   (LST)  VALUE       VALUE  FROM      YEAR
                                                  NORMAL
..................................................................
TEMPERATURE (F)
 TODAY
  MAXIMUM         62    355 PM  85    1891  66     -4       65
  MINIMUM         38    616 AM  28    1963  47     -9       45
  AVERAGE         50                        57     -7       55

PRECIPITATION (IN)
  TODAY            0.00          1.51 1945   0.14  -0.14     0.00
  MONTH TO DATE    1.24                      3.00  -1.76     1.50
  SINCE SEP 1      1.24                      3.00  -1.76     1.50
  SINCE JAN 1     20.44                     27.07  -6.63    25.66

SNOWFALL (IN)
  TODAY            0.0           0.0  2002   0.0    0.0      0.0
                                      2001
  MONTH TO DATE    0.0                       0.0    0.0      0.0
  SINCE SEP 1      0.0                       0.0    0.0      0.0
  SINCE JUL 1      0.0                       0.0    0.0      0.0
  SNOW DEPTH       0

DEGREE DAYS
 HEATING
  TODAY           15                         9      6       10
  MONTH TO DATE   53                       124    -71       36
  SINCE SEP 1     53                       124    -71       36
  SINCE JUL 1     58                       166   -108       42

 COOLING
  TODAY            0                         0      0        0
  MONTH TO DATE  108                        41     67      141
  SINCE SEP 1    108                        41     67      141
  SINCE JAN 1    852                       489    363      763
..................................................................


WIND (MPH)
  HIGHEST WIND SPEED    17   HIGHEST WIND DIRECTION    NW (320)
  HIGHEST GUST SPEED    24   HIGHEST GUST DIRECTION    NW (330)
  AVERAGE WIND SPEED     6.6


SKY COVER
  POSSIBLE SUNSHINE  MM
  AVERAGE SKY COVER 0.1


WEATHER CONDITIONS
 THE FOLLOWING WEATHER WAS RECORDED TODAY.
  NO SIGNIFICANT WEATHER WAS OBSERVED.


RELATIVE HUMIDITY (PERCENT)
 HIGHEST    85           300 AM
 LOWEST     33           100 PM
 AVERAGE    59

..........................................................


THE BURLINGTON VT CLIMATE NORMALS FOR TOMORROW
                         NORMAL    RECORD    YEAR
 MAXIMUM TEMPERATURE (F)   66        84      1934
                                             1920
 MINIMUM TEMPERATURE (F)   47        27      1947


SUNRISE AND SUNSET
SEPTEMBER 25 2016.....SUNRISE   644 AM EDT   SUNSET   644 PM EDT
SEPTEMBER 26 2016.....SUNRISE   645 AM EDT   SUNSET   642 PM EDT


-  INDICATES NEGATIVE NUMBERS.
R  INDICATES RECORD WAS SET OR TIED.
MM INDICATES DATA IS MISSING.
T  INDICATES TRACE AMOUNT.




$$
