000
CDUS41 KBTV 290529
CLIBTV

CLIMATE REPORT
NATIONAL WEATHER SERVICE BURLINGTON VT
129 AM EDT FRI JUL 29 2016

...................................

...THE BURLINGTON VT CLIMATE SUMMARY FOR JULY 28 2016...

CLIMATE NORMAL PERIOD 1981 TO 2010
CLIMATE RECORD PERIOD 1884 TO 2016


WEATHER ITEM   OBSERVED TIME   RECORD YEAR NORMAL DEPARTURE LAST
                VALUE   (LST)  VALUE       VALUE  FROM      YEAR
                                                  NORMAL
..................................................................
TEMPERATURE (F)
 YESTERDAY
  MAXIMUM         84    120 PM  96    1964  81      3       90
  MINIMUM         68    535 AM  45    2001  60      8       67
  AVERAGE         76                        71      5       79

PRECIPITATION (IN)
  YESTERDAY        0.01          1.61 2014   0.14  -0.13     0.18
  MONTH TO DATE    3.05                      3.75  -0.70     4.48
  SINCE JUN 1      6.10                      7.44  -1.34    13.15
  SINCE JAN 1     16.95                     19.75  -2.80    21.99

SNOWFALL (IN)
  YESTERDAY        0.0           0.0  2002   0.0    0.0      0.0
                                      2001
  MONTH TO DATE    0.0                       0.0    0.0      0.0
  SINCE JUN 1      0.0                       0.0    0.0      0.0
  SINCE JUL 1      0.0                       0.0    0.0      0.0
  SNOW DEPTH       0

DEGREE DAYS
 HEATING
  YESTERDAY        0                         0      0        0
  MONTH TO DATE    3                         8     -5        5
  SINCE JUN 1     51                        81    -30       76
  SINCE JUL 1      3                         8     -5        5

 COOLING
  YESTERDAY       11                         6      5       14
  MONTH TO DATE  236                       168     68      184
  SINCE JUN 1    369                       265    104      259
  SINCE JAN 1    441                       284    157      352
..................................................................


WIND (MPH)
  HIGHEST WIND SPEED    25   HIGHEST WIND DIRECTION    NW (320)
  HIGHEST GUST SPEED    30   HIGHEST GUST DIRECTION    NW (320)
  AVERAGE WIND SPEED     3.4


SKY COVER
  POSSIBLE SUNSHINE  MM
  AVERAGE SKY COVER 0.7


WEATHER CONDITIONS
 THE FOLLOWING WEATHER WAS RECORDED YESTERDAY.
  THUNDERSTORM
  LIGHT RAIN


RELATIVE HUMIDITY (PERCENT)
 HIGHEST    90          1100 PM
 LOWEST     55           100 PM
 AVERAGE    73

..........................................................


THE BURLINGTON VT CLIMATE NORMALS FOR TODAY
                         NORMAL    RECORD    YEAR
 MAXIMUM TEMPERATURE (F)   81        98      1949
 MINIMUM TEMPERATURE (F)   60        45      1987


SUNRISE AND SUNSET
JULY 29 2016..........SUNRISE   537 AM EDT   SUNSET   821 PM EDT
JULY 30 2016..........SUNRISE   538 AM EDT   SUNSET   820 PM EDT


-  INDICATES NEGATIVE NUMBERS.
R  INDICATES RECORD WAS SET OR TIED.
MM INDICATES DATA IS MISSING.
T  INDICATES TRACE AMOUNT.

&&

LAKE CHAMPLAIN DATA:
LEVEL...............94.72 FEET
TEMPERATURE.........75 DEGREES

MOUNT MANSFIELD DATA:
HIGH................73 DEGREES
LOW.................61 DEGREES
PRECIPITATION.......0.12 INCHES

$$
