000
CDUS41 KBUF 301015
CLIBUF


CLIMATE REPORT
NATIONAL WEATHER SERVICE BUFFALO NY
614 AM EDT SAT APR 30 2016


...................................

...THE BUFFALO NY CLIMATE SUMMARY FOR APRIL 29 2016...

CLIMATE NORMAL PERIOD 1981 TO 2010
CLIMATE RECORD PERIOD 1871 TO 2016


WEATHER ITEM   OBSERVED TIME   RECORD YEAR NORMAL DEPARTURE LAST
                VALUE   (LST)  VALUE       VALUE  FROM      YEAR
                                                  NORMAL
..................................................................
TEMPERATURE (F)
 YESTERDAY
  MAXIMUM         49    130 PM  81    1990  61    -12       58
                                      1962
  MINIMUM         40    628 AM  28    2012  42     -2       39
  AVERAGE         45                        51     -6       49

PRECIPITATION (IN)
  YESTERDAY        T             1.22 1921   0.10  -0.10     0.00
  MONTH TO DATE    1.90                      2.91  -1.01     2.70
  SINCE MAR 1      4.75                      5.78  -1.03     4.14
  SINCE JAN 1     10.03                     11.45  -1.42     9.13

SNOWFALL (IN)
  YESTERDAY        0.0           1.9  1909   0.0    0.0      0.0
  MONTH TO DATE    7.1                       2.7    4.4      0.3
  SINCE MAR 1      8.0                      15.6   -7.6      9.9
  SINCE JUL 1     55.1                      94.4  -39.3    112.9
  SNOW DEPTH       0

DEGREE DAYS
 HEATING
  YESTERDAY       20                        14      6       16
  MONTH TO DATE  635                       561     74      561
  SINCE MAR 1   1407                      1522   -115     1663
  SINCE JUL 1   5345                      6266   -921     6811

 COOLING
  YESTERDAY        0                         0      0        0
  MONTH TO DATE    0                         0      0        0
  SINCE MAR 1      0                         0      0        0
  SINCE JAN 1      0                         0      0        0
..................................................................


WIND (MPH)
  HIGHEST WIND SPEED    17   HIGHEST WIND DIRECTION    NE (50)
  HIGHEST GUST SPEED    20   HIGHEST GUST DIRECTION    NE (50)
  AVERAGE WIND SPEED     8.6


SKY COVER
  AVERAGE SKY COVER 0.9


WEATHER CONDITIONS
 THE FOLLOWING WEATHER WAS RECORDED YESTERDAY.
  NO SIGNIFICANT WEATHER WAS OBSERVED.


RELATIVE HUMIDITY (PERCENT)
 HIGHEST    62          1100 PM
 LOWEST     45           400 AM
 AVERAGE    54

..........................................................


THE BUFFALO NY CLIMATE NORMALS FOR TODAY
                         NORMAL    RECORD    YEAR
 MAXIMUM TEMPERATURE (F)   61        84      1899
 MINIMUM TEMPERATURE (F)   42        28      1978
                                             1931
                                             1876


SUNRISE AND SUNSET
APRIL 30 2016.........SUNRISE   610 AM EDT   SUNSET   815 PM EDT
MAY  1 2016...........SUNRISE   608 AM EDT   SUNSET   816 PM EDT


-  INDICATES NEGATIVE NUMBERS.
R  INDICATES RECORD WAS SET OR TIED.
MM INDICATES DATA IS MISSING.
T  INDICATES TRACE AMOUNT.

$$
