128
CDUS41 KBUF 292043
CLIBUF


CLIMATE REPORT
NATIONAL WEATHER SERVICE BUFFALO NY
443 PM EDT WED MAR 29 2017


...................................

...THE BUFFALO NY CLIMATE SUMMARY FOR MARCH 29 2017...
VALID TODAY AS OF 0400 PM LOCAL TIME.

CLIMATE NORMAL PERIOD 1981 TO 2010
CLIMATE RECORD PERIOD 1871 TO 2017


WEATHER ITEM   OBSERVED TIME   RECORD YEAR NORMAL DEPARTURE LAST
                VALUE   (LST)  VALUE       VALUE  FROM      YEAR
                                                  NORMAL
..................................................................
TEMPERATURE (F)
 TODAY
  MAXIMUM         51    313 PM  79    1905  47      4       44
  MINIMUM         34    534 AM   5    1923  30      4       32
  AVERAGE         43                        39      4       38

PRECIPITATION (IN)
  TODAY            0.00          2.05 1954   0.09  -0.09     0.00
  MONTH TO DATE    3.26                      2.67   0.59     2.39
  SINCE MAR 1      3.26                      2.67   0.59     2.39
  SINCE JAN 1      8.44                      8.34   0.10     7.67

SNOWFALL (IN)
  TODAY            0.0          14.8  1954   0.2   -0.2      0.0
  MONTH TO DATE   26.8                      12.4   14.4      0.9
  SINCE MAR 1     26.8                      12.4   14.4      0.9
  SINCE JUL 1     73.8                      91.2  -17.4     48.0
  SNOW DEPTH       0

DEGREE DAYS
 HEATING
  TODAY           22                        26     -4       27
  MONTH TO DATE  935                       910     25      747
  SINCE MAR 1    935                       910     25      747
  SINCE JUL 1   4827                      5654   -827     4685

 COOLING
  TODAY            0                         0      0        0
  MONTH TO DATE    0                         0      0        0
  SINCE MAR 1      0                         0      0        0
  SINCE JAN 1      0                         0      0        0
..................................................................


WIND (MPH)
  HIGHEST WIND SPEED    16   HIGHEST WIND DIRECTION     N (350)
  HIGHEST GUST SPEED    25   HIGHEST GUST DIRECTION     N (350)
  AVERAGE WIND SPEED    MM


SKY COVER
  AVERAGE SKY COVER 0.6


WEATHER CONDITIONS
 THE FOLLOWING WEATHER WAS RECORDED TODAY.
  NO SIGNIFICANT WEATHER WAS OBSERVED.


RELATIVE HUMIDITY (PERCENT)
 HIGHEST    82           400 AM
 LOWEST     42           100 PM
 AVERAGE    62

..........................................................


THE BUFFALO NY CLIMATE NORMALS FOR TOMORROW
                         NORMAL    RECORD    YEAR
 MAXIMUM TEMPERATURE (F)   48        76      1998
                                             1977
 MINIMUM TEMPERATURE (F)   31        12      1887


SUNRISE AND SUNSET
MARCH 29 2017.........SUNRISE   702 AM EDT   SUNSET   738 PM EDT
MARCH 30 2017.........SUNRISE   700 AM EDT   SUNSET   739 PM EDT


-  INDICATES NEGATIVE NUMBERS.
R  INDICATES RECORD WAS SET OR TIED.
MM INDICATES DATA IS MISSING.
T  INDICATES TRACE AMOUNT.




$$
