000
CDUS46 KLOX 170905
CLIBUR


CLIMATE REPORT
NATIONAL WEATHER SERVICE LOS ANGELES/OXNARD CA
104 AM PST WED DEC 17 2014


...................................

...THE BOB HOPE AIRPORT (BURBANK) CA CLIMATE SUMMARY FOR DECEMBER 16 2014...

CLIMATE NORMAL PERIOD 1981 TO 2010
CLIMATE RECORD PERIOD 1939 TO 2014


WEATHER ITEM   OBSERVED TIME   RECORD YEAR NORMAL DEPARTURE LAST
                VALUE   (LST)  VALUE       VALUE  FROM      YEAR
                                                  NORMAL
..................................................................
TEMPERATURE (F)
 YESTERDAY
  MAXIMUM         58    129 PM  88    1980  67     -9       86
  MINIMUM         53    839 AM  29    1977  41     12       51
  AVERAGE         56                        54      2       69

PRECIPITATION (IN)
  YESTERDAY        0.70          2.41 1940   0.08   0.62     0.00
  MONTH TO DATE    3.08                      1.02   2.06     0.02
  SINCE JUL 1      4.26                      3.38   0.88     0.46
  SINCE JAN 1      9.17                     15.93  -6.76     3.06

SNOWFALL (IN)
  YESTERDAY        0.0
  MONTH TO DATE    0.0
  SINCE DEC 1      0.0
  SINCE JUL 1      0.0

DEGREE DAYS
 HEATING
  YESTERDAY        9                        11     -2        0
  MONTH TO DATE   85                       170    -85      147
  SINCE DEC 1     85                       170    -85      147
  SINCE JUL 1    145                       398   -253      235

 COOLING
  YESTERDAY        0                         0      0        4
  MONTH TO DATE    1                         0      1        5
  SINCE DEC 1      1                         0      1        5
  SINCE JAN 1   1956                      1245    711     2016
..................................................................


WIND (MPH)
  HIGHEST WIND SPEED    20   HIGHEST WIND DIRECTION     E (110)
  HIGHEST GUST SPEED    23   HIGHEST GUST DIRECTION     E (110)
  AVERAGE WIND SPEED     2.7


SKY COVER
  POSSIBLE SUNSHINE  MM
  AVERAGE SKY COVER 1.0


WEATHER CONDITIONS
 THE FOLLOWING WEATHER WAS RECORDED YESTERDAY.
  HEAVY RAIN
  RAIN
  LIGHT RAIN
  FOG
  HAZE


RELATIVE HUMIDITY (PERCENT)
 HIGHEST    93           800 PM
 LOWEST     72           100 AM
 AVERAGE    83

..........................................................


THE BOB HOPE AIRPORT (BURBANK) CA CLIMATE NORMALS FOR TODAY
                         NORMAL    RECORD    YEAR
 MAXIMUM TEMPERATURE (F)   67        88      2013
                                             1980
 MINIMUM TEMPERATURE (F)   41        29      1975


SUNRISE AND SUNSET
DECEMBER 17 2014......SUNRISE   653 AM PST   SUNSET   446 PM PST
DECEMBER 18 2014......SUNRISE   654 AM PST   SUNSET   446 PM PST


-  INDICATES NEGATIVE NUMBERS.
R  INDICATES RECORD WAS SET OR TIED.
MM INDICATES DATA IS MISSING.
T  INDICATES TRACE AMOUNT.




$$
