000
CDUS46 KLOX 250902
CLIBUR


CLIMATE REPORT
NATIONAL WEATHER SERVICE LOS ANGELES/OXNARD CA
102 AM PST SAT FEB 25 2017


...................................

...THE BOB HOPE AIRPORT (BURBANK) CA CLIMATE SUMMARY FOR FEBRUARY 24 2017...

CLIMATE NORMAL PERIOD 1981 TO 2010
CLIMATE RECORD PERIOD 1939 TO 2017


WEATHER ITEM   OBSERVED TIME   RECORD YEAR NORMAL DEPARTURE LAST
                VALUE   (LST)  VALUE       VALUE  FROM      YEAR
                                                  NORMAL
..................................................................
TEMPERATURE (F)
 YESTERDAY
  MAXIMUM         62    225 PM  91    1986  69     -7       80
  MINIMUM         37    648 AM  36    1942  45     -8       51
  AVERAGE         50                        57     -7       66

PRECIPITATION (IN)
  YESTERDAY        0.00          3.07 1998   0.17  -0.17     0.00
  MONTH TO DATE    3.36                      3.88  -0.52     0.63
  SINCE OCT 1     13.31                     11.85   1.46     5.47
  SINCE JAN 1      9.05                      7.41   1.64     4.37

SNOWFALL (IN)
  YESTERDAY       MM
  MONTH TO DATE    0.0
  SINCE DEC 1      0.0
  SINCE JUL 1      0.0

DEGREE DAYS
 HEATING
  YESTERDAY       15                         9      6        0
  MONTH TO DATE  179                       226    -47       89
  SINCE DEC 1    822                       881    -59      729
  SINCE JUL 1    940                      1109   -169      905

 COOLING
  YESTERDAY        0                         0      0        1
  MONTH TO DATE    1                         0      1       49
  SINCE DEC 1      1                         3     -2       53
  SINCE JAN 1      1                         2     -1       49
..................................................................


WIND (MPH)
  HIGHEST WIND SPEED    13   HIGHEST WIND DIRECTION     S (200)
  HIGHEST GUST SPEED    18   HIGHEST GUST DIRECTION    SW (230)
  AVERAGE WIND SPEED     3.7


SKY COVER
  POSSIBLE SUNSHINE  MM
  AVERAGE SKY COVER 0.0


WEATHER CONDITIONS
 THE FOLLOWING WEATHER WAS RECORDED YESTERDAY.
  NO SIGNIFICANT WEATHER WAS OBSERVED.


RELATIVE HUMIDITY (PERCENT)
 HIGHEST    53          1000 PM
 LOWEST     19           200 PM
 AVERAGE    36

..........................................................


THE BOB HOPE AIRPORT (BURBANK) CA CLIMATE NORMALS FOR TODAY
                         NORMAL    RECORD    YEAR
 MAXIMUM TEMPERATURE (F)   69        88      1986
 MINIMUM TEMPERATURE (F)   45        29      1977


SUNRISE AND SUNSET
FEBRUARY 25 2017......SUNRISE   627 AM PST   SUNSET   547 PM PST
FEBRUARY 26 2017......SUNRISE   626 AM PST   SUNSET   547 PM PST


-  INDICATES NEGATIVE NUMBERS.
R  INDICATES RECORD WAS SET OR TIED.
MM INDICATES DATA IS MISSING.
T  INDICATES TRACE AMOUNT.




$$
