000
CDUS46 KLOX 210903
CLIBUR


CLIMATE REPORT
NATIONAL WEATHER SERVICE LOS ANGELES/OXNARD CA
202 AM PDT MON APR 21 2014


...................................

...THE BOB HOPE AIRPORT (BURBANK) CA CLIMATE SUMMARY FOR APRIL 20 2014...

CLIMATE NORMAL PERIOD 1981 TO 2010
CLIMATE RECORD PERIOD 1939 TO 2014


WEATHER ITEM   OBSERVED TIME   RECORD YEAR NORMAL DEPARTURE LAST
                VALUE   (LST)  VALUE       VALUE  FROM      YEAR
                                                  NORMAL
..................................................................
TEMPERATURE (F)
 YESTERDAY
  MAXIMUM         81    207 PM 100    1958  74      7       91
  MINIMUM         56    600 AM  38    1972  51      5       59
  AVERAGE         69                        62      7       75

PRECIPITATION (IN)
  YESTERDAY        0.00          1.55 1983   0.03  -0.03     0.00
  MONTH TO DATE    0.04                      0.83  -0.79      T
  SINCE JUL 1      5.34                     16.57 -11.23     4.70
  SINCE JAN 1      4.91                     11.81  -6.90     1.90

SNOWFALL (IN)
  YESTERDAY        0.0
  MONTH TO DATE    0.0
  SINCE MAR 1      0.0
  SINCE JUL 1      0.0

DEGREE DAYS
 HEATING
  YESTERDAY        0                         4     -4        0
  MONTH TO DATE   55                       103    -48       18
  SINCE MAR 1    143                       321   -178       87
  SINCE JUL 1    620                      1462   -842     1098

 COOLING
  YESTERDAY        4                         1      3       10
  MONTH TO DATE   46                        20     26       43
  SINCE MAR 1     66                        30     36       91
  SINCE JAN 1    126                        36     90       93
..................................................................


WIND (MPH)
  HIGHEST WIND SPEED    14   HIGHEST WIND DIRECTION    SE (150)
  HIGHEST GUST SPEED    16   HIGHEST GUST DIRECTION    SE (150)
  AVERAGE WIND SPEED     4.1


SKY COVER
  POSSIBLE SUNSHINE  MM
  AVERAGE SKY COVER 0.0


WEATHER CONDITIONS
 THE FOLLOWING WEATHER WAS RECORDED YESTERDAY.
  NO SIGNIFICANT WEATHER WAS OBSERVED.


RELATIVE HUMIDITY (PERCENT)
 HIGHEST    86           600 AM
 LOWEST     39           100 PM
 AVERAGE    63

..........................................................


THE BOB HOPE AIRPORT (BURBANK) CA CLIMATE NORMALS FOR TODAY
                         NORMAL    RECORD    YEAR
 MAXIMUM TEMPERATURE (F)   74        97      2009
 MINIMUM TEMPERATURE (F)   51        37      1978


SUNRISE AND SUNSET
APRIL 21 2014.........SUNRISE   615 AM PDT   SUNSET   730 PM PDT
APRIL 22 2014.........SUNRISE   614 AM PDT   SUNSET   731 PM PDT


-  INDICATES NEGATIVE NUMBERS.
R  INDICATES RECORD WAS SET OR TIED.
MM INDICATES DATA IS MISSING.
T  INDICATES TRACE AMOUNT.




$$
