000
CDUS46 KLOX 160912
CLIBUR


CLIMATE REPORT
NATIONAL WEATHER SERVICE LOS ANGELES/OXNARD CA
111 AM PST SAT DEC 16 2017


...................................

...THE BOB HOPE AIRPORT (BURBANK) CA CLIMATE SUMMARY FOR DECEMBER 15 2017...

CLIMATE NORMAL PERIOD 1981 TO 2010
CLIMATE RECORD PERIOD 1939 TO 2017


WEATHER ITEM   OBSERVED TIME   RECORD YEAR NORMAL DEPARTURE LAST
                VALUE   (LST)  VALUE       VALUE  FROM      YEAR
                                                  NORMAL
..................................................................
TEMPERATURE (F)
 YESTERDAY
  MAXIMUM         81    125 PM  84    1942  67     14       66
                                      1939
  MINIMUM         48    548 AM  28    1975  41      7       52
  AVERAGE         65                        54     11       59

PRECIPITATION (IN)
  YESTERDAY        0.00          1.44 2008   0.07  -0.07     0.36
  MONTH TO DATE    0.00                      0.94  -0.94     0.36
  SINCE OCT 1      0.08                      2.98  -2.90     1.70
  SINCE JAN 1      9.70                     15.85  -6.15     8.26

SNOWFALL (IN)
  YESTERDAY        0.0
  MONTH TO DATE    0.0
  SINCE DEC 1      0.0
  SINCE JUL 1      0.0

DEGREE DAYS
 HEATING
  YESTERDAY        0                        11    -11        6
  MONTH TO DATE   15                       159   -144      117
  SINCE DEC 1     15                       159   -144      117
  SINCE JUL 1     54                       387   -333      235

 COOLING
  YESTERDAY        0                         0      0        0
  MONTH TO DATE    7                         0      7        0
  SINCE DEC 1      7                         0      7        0
  SINCE JAN 1   1939                      1245    694     1730
..................................................................


WIND (MPH)
  HIGHEST WIND SPEED    10   HIGHEST WIND DIRECTION    SW (210)
  HIGHEST GUST SPEED    13   HIGHEST GUST DIRECTION     S (200)
  AVERAGE WIND SPEED     1.7


SKY COVER
  POSSIBLE SUNSHINE  MM
  AVERAGE SKY COVER 0.0


WEATHER CONDITIONS
 THE FOLLOWING WEATHER WAS RECORDED YESTERDAY.
  HAZE


RELATIVE HUMIDITY (PERCENT)
 HIGHEST    30          1100 PM
 LOWEST      7          1200 PM
 AVERAGE    19

..........................................................


THE BOB HOPE AIRPORT (BURBANK) CA CLIMATE NORMALS FOR TODAY
                         NORMAL    RECORD    YEAR
 MAXIMUM TEMPERATURE (F)   67        88      1980
 MINIMUM TEMPERATURE (F)   41        29      1977


SUNRISE AND SUNSET
DECEMBER 16 2017......SUNRISE   653 AM PST   SUNSET   446 PM PST
DECEMBER 17 2017......SUNRISE   653 AM PST   SUNSET   446 PM PST


-  INDICATES NEGATIVE NUMBERS.
R  INDICATES RECORD WAS SET OR TIED.
MM INDICATES DATA IS MISSING.
T  INDICATES TRACE AMOUNT.




$$
