000
CDUS46 KLOX 010113
CLIBUR


CLIMATE REPORT
NATIONAL WEATHER SERVICE LOS ANGELES/OXNARD CA
613 PM PDT SUN APR 30 2017


...................................

...THE BOB HOPE AIRPORT (BURBANK) CA CLIMATE SUMMARY FOR APRIL 30 2017...
VALID TODAY AS OF 0600 PM LOCAL TIME.

CLIMATE NORMAL PERIOD 1981 TO 2010
CLIMATE RECORD PERIOD 1939 TO 2017


WEATHER ITEM   OBSERVED TIME   RECORD YEAR NORMAL DEPARTURE LAST
                VALUE   (LST)  VALUE       VALUE  FROM      YEAR
                                                  NORMAL
..................................................................
TEMPERATURE (F)
 TODAY
  MAXIMUM         86   1237 PM  95    1976  75     11       68
  MINIMUM         57    517 AM  42    1970  53      4       54
  AVERAGE         72                        64      8       61

PRECIPITATION (IN)
  TODAY            0.00          1.46 1955   0.02  -0.02     0.00
  MONTH TO DATE    0.09                      1.11  -1.02     0.30
  SINCE OCT 1     13.70                     16.53  -2.83     7.64
  SINCE JAN 1      9.44                     12.09  -2.65     6.54

SNOWFALL (IN)
  TODAY            0.0
  MONTH TO DATE    0.0
  SINCE MAR 1      0.0
  SINCE JUL 1      0.0

DEGREE DAYS
 HEATING
  TODAY            0                         3     -3        4
  MONTH TO DATE   38                       139   -101       57
  SINCE MAR 1    126                       356   -230      172
  SINCE JUL 1   1119                      1497   -378     1079

 COOLING
  TODAY            7                         2      5        0
  MONTH TO DATE   81                        35     46       73
  SINCE MAR 1    147                        45    102       89
  SINCE JAN 1    148                        51     97      144
..................................................................


WIND (MPH)
  HIGHEST WIND SPEED    16   HIGHEST WIND DIRECTION     S (190)
  HIGHEST GUST SPEED    18   HIGHEST GUST DIRECTION     S (190)
  AVERAGE WIND SPEED     4.7


SKY COVER
  POSSIBLE SUNSHINE  MM
  AVERAGE SKY COVER 0.0


WEATHER CONDITIONS
 THE FOLLOWING WEATHER WAS RECORDED TODAY.
  NO SIGNIFICANT WEATHER WAS OBSERVED.


RELATIVE HUMIDITY (PERCENT)
 HIGHEST    28           400 AM
 LOWEST      8          1200 PM
 AVERAGE    18

..........................................................


THE BOB HOPE AIRPORT (BURBANK) CA CLIMATE NORMALS FOR TOMORROW
                         NORMAL    RECORD    YEAR
 MAXIMUM TEMPERATURE (F)   75        98      1947
 MINIMUM TEMPERATURE (F)   53        40      1967


SUNRISE AND SUNSET
APRIL 30 2017.........SUNRISE   605 AM PDT   SUNSET   737 PM PDT
MAY  1 2017...........SUNRISE   604 AM PDT   SUNSET   738 PM PDT


-  INDICATES NEGATIVE NUMBERS.
R  INDICATES RECORD WAS SET OR TIED.
MM INDICATES DATA IS MISSING.
T  INDICATES TRACE AMOUNT.




$$
