000
CDUS46 KLOX 200118
CLIBUR


CLIMATE REPORT
NATIONAL WEATHER SERVICE LOS ANGELES/OXNARD CA
518 PM PST THU JAN 19 2017


...................................

...THE BOB HOPE AIRPORT (BURBANK) CA CLIMATE SUMMARY FOR JANUARY 19 2017...
VALID TODAY AS OF 0500 PM LOCAL TIME.

CLIMATE NORMAL PERIOD 1981 TO 2010
CLIMATE RECORD PERIOD 1939 TO 2017


WEATHER ITEM   OBSERVED TIME   RECORD YEAR NORMAL DEPARTURE LAST
                VALUE   (LST)  VALUE       VALUE  FROM      YEAR
                                                  NORMAL
..................................................................
TEMPERATURE (F)
 TODAY
  MAXIMUM         62    304 PM  88    1994  68     -6       62
  MINIMUM         50    755 AM  29    1943  42      8       49
  AVERAGE         56                        55      1       56

PRECIPITATION (IN)
  TODAY            0.44          2.18 1954   0.12   0.32     0.03
  MONTH TO DATE    2.87                      2.14   0.73     3.04
  SINCE OCT 1      7.13                      6.58   0.55     4.14
  SINCE JAN 1      2.87                      2.14   0.73     3.04

SNOWFALL (IN)
  TODAY            0.0
  MONTH TO DATE    0.0
  SINCE DEC 1      0.0
  SINCE JUL 1      0.0

DEGREE DAYS
 HEATING
  TODAY            9                        10     -1        9
  MONTH TO DATE  207                       196     11      219
  SINCE DEC 1    503                       535    -32      559
  SINCE JUL 1    621                       763   -142      735

 COOLING
  TODAY            0                         0      0        0
  MONTH TO DATE    0                         0      0        0
  SINCE DEC 1      0                         1     -1        4
  SINCE JAN 1      0                         0      0        0
..................................................................


WIND (MPH)
  HIGHEST WIND SPEED    18   HIGHEST WIND DIRECTION     W (250)
  HIGHEST GUST SPEED    23   HIGHEST GUST DIRECTION     E (110)
  AVERAGE WIND SPEED     9.1


SKY COVER
  POSSIBLE SUNSHINE  MM
  AVERAGE SKY COVER 0.9


WEATHER CONDITIONS
 THE FOLLOWING WEATHER WAS RECORDED TODAY.
  RAIN
  LIGHT RAIN
  FOG


RELATIVE HUMIDITY (PERCENT)
 HIGHEST    96           900 AM
 LOWEST     46           200 PM
 AVERAGE    71

..........................................................


THE BOB HOPE AIRPORT (BURBANK) CA CLIMATE NORMALS FOR TOMORROW
                         NORMAL    RECORD    YEAR
 MAXIMUM TEMPERATURE (F)   68        84      2014
 MINIMUM TEMPERATURE (F)   42        31      1943


SUNRISE AND SUNSET
JANUARY 19 2017.......SUNRISE   658 AM PST   SUNSET   511 PM PST
JANUARY 20 2017.......SUNRISE   657 AM PST   SUNSET   512 PM PST


-  INDICATES NEGATIVE NUMBERS.
R  INDICATES RECORD WAS SET OR TIED.
MM INDICATES DATA IS MISSING.
T  INDICATES TRACE AMOUNT.




$$
