000
CDUS46 KLOX 291228
CLIBUR


CLIMATE REPORT
NATIONAL WEATHER SERVICE LOS ANGELES/OXNARD CA
528 AM PDT THU JUN 29 2017


...................................

...THE BOB HOPE AIRPORT (BURBANK) CA CLIMATE SUMMARY FOR JUNE 28 2017...

CLIMATE NORMAL PERIOD 1981 TO 2010
CLIMATE RECORD PERIOD 1939 TO 2017


WEATHER ITEM   OBSERVED TIME   RECORD YEAR NORMAL DEPARTURE LAST
                VALUE   (LST)  VALUE       VALUE  FROM      YEAR
                                                  NORMAL
..................................................................
TEMPERATURE (F)
 YESTERDAY
  MAXIMUM         84    210 PM 106    1976  84      0       93
  MINIMUM         62    519 AM  51    1941  61      1       70
  AVERAGE         73                        72      1       82

PRECIPITATION (IN)
  YESTERDAY        0.00          T    1959   0.00   0.00     0.00
                                      1952
                                      1949
  MONTH TO DATE    T                         0.11  -0.11      T
  SINCE OCT 1     13.83                     16.99  -3.16     7.66
  SINCE JAN 1      9.57                     12.55  -2.98     6.56

SNOWFALL (IN)
  YESTERDAY        0.0
  MONTH TO DATE    0.0
  SINCE JUN 1      0.0
  SINCE JUL 1      0.0

DEGREE DAYS
 HEATING
  YESTERDAY        0                         0      0        0
  MONTH TO DATE    4                        11     -7        2
  SINCE JUN 1      4                        11     -7        2
  SINCE JUL 1   1183                      1567   -384     1131

 COOLING
  YESTERDAY        8                         7      1       17
  MONTH TO DATE  232                       133     99      253
  SINCE JUN 1    232                       133     99      253
  SINCE JAN 1    477                       257    220      430
..................................................................


WIND (MPH)
  HIGHEST WIND SPEED    15   HIGHEST WIND DIRECTION     S (180)
  HIGHEST GUST SPEED    21   HIGHEST GUST DIRECTION     S (200)
  AVERAGE WIND SPEED     7.9


SKY COVER
  POSSIBLE SUNSHINE  MM
  AVERAGE SKY COVER 0.0


WEATHER CONDITIONS
 THE FOLLOWING WEATHER WAS RECORDED YESTERDAY.
  NO SIGNIFICANT WEATHER WAS OBSERVED.


RELATIVE HUMIDITY (PERCENT)
 HIGHEST    78           300 AM
 LOWEST     34           300 PM
 AVERAGE    56

..........................................................


THE BOB HOPE AIRPORT (BURBANK) CA CLIMATE NORMALS FOR TODAY
                         NORMAL    RECORD    YEAR
 MAXIMUM TEMPERATURE (F)   84       103      1976
 MINIMUM TEMPERATURE (F)   61        49      1964


SUNRISE AND SUNSET
JUNE 29 2017..........SUNRISE   545 AM PDT   SUNSET   809 PM PDT
JUNE 30 2017..........SUNRISE   545 AM PDT   SUNSET   809 PM PDT


-  INDICATES NEGATIVE NUMBERS.
R  INDICATES RECORD WAS SET OR TIED.
MM INDICATES DATA IS MISSING.
T  INDICATES TRACE AMOUNT.




$$
