000
CDUS43 KLMK 252040
CLIBWG


CLIMATE REPORT
NATIONAL WEATHER SERVICE LOUISVILLE KY
440 PM EDT SAT MAR 25 2017


...................................

...THE BOWLING GREEN CLIMATE SUMMARY FOR MARCH 25 2017...
VALID TODAY AS OF 0400 PM LOCAL TIME.

CLIMATE NORMAL PERIOD 1981 TO 2010
CLIMATE RECORD PERIOD 1870 TO 2017


WEATHER ITEM   OBSERVED TIME   RECORD YEAR NORMAL DEPARTURE LAST
                VALUE   (LST)  VALUE       VALUE  FROM      YEAR
                                                  NORMAL
..................................................................
TEMPERATURE (F)
 TODAY
  MAXIMUM         76    140 PM  90    1929  63     13       50
                                      1907
  MINIMUM         63    118 AM  20    1960  39     24       36
  AVERAGE         70                        51     19       43

PRECIPITATION (IN)
  TODAY            0.00          1.65 1965   0.15  -0.15     0.00
  MONTH TO DATE    2.42                      3.50  -1.08     2.40
  SINCE MAR 1      2.42                      3.50  -1.08     2.40
  SINCE JAN 1      9.00                     11.07  -2.07     8.98

SNOWFALL (IN)
  TODAY            0.0           0.5  2013   0.0    0.0      0.0
  MONTH TO DATE    T                         0.9   -0.9       T
  SINCE MAR 1      T                         0.9   -0.9       T
  SINCE JUL 1      0.7                       8.7   -8.0     24.0
  SNOW DEPTH       0

DEGREE DAYS
 HEATING
  TODAY            0                        14    -14       22
  MONTH TO DATE  417                       442    -25      296
  SINCE MAR 1    417                       442    -25      296
  SINCE JUL 1   2798                      3640   -842     2896

 COOLING
  TODAY            5                         0      5        0
  MONTH TO DATE    7                         0      7        0
  SINCE MAR 1      7                         0      7        0
  SINCE JAN 1     11                         0     11        0
..................................................................


WIND (MPH)
  HIGHEST WIND SPEED    30   HIGHEST WIND DIRECTION     S (190)
  HIGHEST GUST SPEED    43   HIGHEST GUST DIRECTION     S (200)
  AVERAGE WIND SPEED    17.0


SKY COVER
  POSSIBLE SUNSHINE  MM
  AVERAGE SKY COVER 0.1


WEATHER CONDITIONS
 THE FOLLOWING WEATHER WAS RECORDED TODAY.
  NO SIGNIFICANT WEATHER WAS OBSERVED.


RELATIVE HUMIDITY (PERCENT)
 HIGHEST    65          1200 AM
 LOWEST     43          1200 PM
 AVERAGE    54

..........................................................


THE BOWLING GREEN CLIMATE NORMALS FOR TOMORROW
                         NORMAL    RECORD    YEAR
 MAXIMUM TEMPERATURE (F)   63        87      1910
 MINIMUM TEMPERATURE (F)   40        14      1955


SUNRISE AND SUNSET
MARCH 25 2017.........SUNRISE   642 AM CDT   SUNSET   702 PM CDT
MARCH 26 2017.........SUNRISE   640 AM CDT   SUNSET   703 PM CDT


-  INDICATES NEGATIVE NUMBERS.
R  INDICATES RECORD WAS SET OR TIED.
MM INDICATES DATA IS MISSING.
T  INDICATES TRACE AMOUNT.




$$
