000
CDUS43 KLMK 250630
CLIBWG


CLIMATE REPORT
NATIONAL WEATHER SERVICE LOUISVILLE KY
230 AM EDT FRI JUL 25 2014


...................................

...THE BOWLING GREEN KY CLIMATE SUMMARY FOR JULY 24 2014...

CLIMATE NORMAL PERIOD 1981 TO 2010
CLIMATE RECORD PERIOD 1870 TO 2014


WEATHER ITEM   OBSERVED TIME   RECORD YEAR NORMAL DEPARTURE LAST
                VALUE   (LST)  VALUE       VALUE  FROM      YEAR
                                                  NORMAL
..................................................................
TEMPERATURE (F)
 YESTERDAY
  MAXIMUM         85    244 PM 105    1934  90     -5       82
  MINIMUM         61   1159 PM  53    1947  68     -7       68
  AVERAGE         73                        79     -6       75

PRECIPITATION (IN)
  YESTERDAY        0.00          1.33 1975   0.12  -0.12     0.00
  MONTH TO DATE    2.48                      3.32  -0.84     9.46
  SINCE JUN 1      4.20                      7.52  -3.32    11.83
  SINCE JAN 1     24.78                     29.45  -4.67    36.36

SNOWFALL (IN)
  YESTERDAY        0.0           0.0    MM   0.0    0.0      0.0
  MONTH TO DATE    0.0                       0.0    0.0      0.0
  SINCE JUN 1      0.0                       0.0    0.0      0.0
  SINCE JUL 1      0.0                       0.0    0.0      0.0
  SNOW DEPTH       0

DEGREE DAYS
 HEATING
  YESTERDAY        0                         0      0        0
  MONTH TO DATE    0                         0      0        0
  SINCE JUN 1      0                         5     -5        0
  SINCE JUL 1      0                         0      0        0

 COOLING
  YESTERDAY        8                        14     -6       10
  MONTH TO DATE  253                       331    -78      307
  SINCE JUN 1    602                       636    -34      641
  SINCE JAN 1    799                       789     10      854
..................................................................


WIND (MPH)
  HIGHEST WIND SPEED    13   HIGHEST WIND DIRECTION    NE (40)
  HIGHEST GUST SPEED    17   HIGHEST GUST DIRECTION     N (20)
  AVERAGE WIND SPEED     5.5


SKY COVER
  POSSIBLE SUNSHINE  MM
  AVERAGE SKY COVER 0.5


WEATHER CONDITIONS
 THE FOLLOWING WEATHER WAS RECORDED YESTERDAY.
  NO SIGNIFICANT WEATHER WAS OBSERVED.


RELATIVE HUMIDITY (PERCENT)
 HIGHEST    87          1200 AM
 LOWEST     37           500 PM
 AVERAGE    62

..........................................................


THE BOWLING GREEN KY CLIMATE NORMALS FOR TODAY
                         NORMAL    RECORD    YEAR
 MAXIMUM TEMPERATURE (F)   90       105      1934
 MINIMUM TEMPERATURE (F)   68        51      1911


SUNRISE AND SUNSET
JULY 25 2014..........SUNRISE   545 AM CDT   SUNSET   759 PM CDT
JULY 26 2014..........SUNRISE   546 AM CDT   SUNSET   758 PM CDT


-  INDICATES NEGATIVE NUMBERS.
R  INDICATES RECORD WAS SET OR TIED.
MM INDICATES DATA IS MISSING.
T  INDICATES TRACE AMOUNT.




$$
