000
CDUS43 KLMK 180630
CLIBWG


CLIMATE REPORT
NATIONAL WEATHER SERVICE LOUISVILLE KY
229 AM EDT WED OCT 18 2017


...................................

...THE BOWLING GREEN KY CLIMATE SUMMARY FOR OCTOBER 17 2017...

CLIMATE NORMAL PERIOD 1981 TO 2010
CLIMATE RECORD PERIOD 1870 TO 2017


WEATHER ITEM   OBSERVED TIME   RECORD YEAR NORMAL DEPARTURE LAST
                VALUE   (LST)  VALUE       VALUE  FROM      YEAR
                                                  NORMAL
..................................................................
TEMPERATURE (F)
 YESTERDAY
  MAXIMUM         69    248 PM  90    1917  71     -2       87
  MINIMUM         39    548 AM  29    1948  46     -7       61
  AVERAGE         54                        58     -4       74

PRECIPITATION (IN)
  YESTERDAY        0.00          3.08 1975   0.11  -0.11     0.00
  MONTH TO DATE    1.29                      1.84  -0.55     0.18
  SINCE SEP 1      7.76                      5.77   1.99     1.75
  SINCE JAN 1     44.84                     39.33   5.51    39.67

SNOWFALL (IN)
  YESTERDAY        0.0           0.0    MM   0.0    0.0      0.0
  MONTH TO DATE    0.0                       0.0    0.0      0.0
  SINCE SEP 1      0.0                       0.0    0.0      0.0
  SINCE JUL 1      0.0                       0.0    0.0      0.0
  SNOW DEPTH       0

DEGREE DAYS
 HEATING
  YESTERDAY       11                         7      4        0
  MONTH TO DATE   30                        94    -64       18
  SINCE SEP 1     49                       129    -80       37
  SINCE JUL 1     49                       130    -81       37

 COOLING
  YESTERDAY        0                         1     -1        9
  MONTH TO DATE   64                        26     38       58
  SINCE SEP 1    234                       212     22      363
  SINCE JAN 1   1586                      1481    105     1922
..................................................................


WIND (MPH)
  HIGHEST WIND SPEED    12   HIGHEST WIND DIRECTION     E (110)
  HIGHEST GUST SPEED    15   HIGHEST GUST DIRECTION     E (70)
  AVERAGE WIND SPEED     1.8


SKY COVER
  POSSIBLE SUNSHINE  MM
  AVERAGE SKY COVER 0.0


WEATHER CONDITIONS
 THE FOLLOWING WEATHER WAS RECORDED YESTERDAY.
  FOG


RELATIVE HUMIDITY (PERCENT)
 HIGHEST   100          1200 AM
 LOWEST     37           100 PM
 AVERAGE    69

..........................................................


THE BOWLING GREEN KY CLIMATE NORMALS FOR TODAY
                         NORMAL    RECORD    YEAR
 MAXIMUM TEMPERATURE (F)   71        88      2016
                                             1963
                                             1920
 MINIMUM TEMPERATURE (F)   46        27      1948


SUNRISE AND SUNSET
OCTOBER 18 2017.......SUNRISE   656 AM CDT   SUNSET   605 PM CDT
OCTOBER 19 2017.......SUNRISE   657 AM CDT   SUNSET   603 PM CDT


-  INDICATES NEGATIVE NUMBERS.
R  INDICATES RECORD WAS SET OR TIED.
MM INDICATES DATA IS MISSING.
T  INDICATES TRACE AMOUNT.




$$
