000
CDUS41 KLWX 260524
CLIBWI


CLIMATE REPORT
NATIONAL WEATHER SERVICE BALTIMORE MD/WASHINGTON DC
124 AM EDT THU MAY 26 2016


...................................

...THE BALTIMORE MD CLIMATE SUMMARY FOR MAY 25 2016...

CLIMATE NORMAL PERIOD 1981 TO 2010
CLIMATE RECORD PERIOD 1870 TO 2016


WEATHER ITEM   OBSERVED TIME   RECORD YEAR NORMAL DEPARTURE LAST
                VALUE   (LST)  VALUE       VALUE  FROM      YEAR
                                                  NORMAL
..................................................................
TEMPERATURE (F)
 YESTERDAY
  MAXIMUM         86    416 PM  94    1991  76     10       84
  MINIMUM         60    433 AM  38    1956  55      5       58
  AVERAGE         73                        66      7       71

PRECIPITATION (IN)
  YESTERDAY        0.00          2.22 1952   0.14  -0.14     0.00
  MONTH TO DATE    4.92                      3.19   1.73     2.08
  SINCE MAR 1      8.33                     10.28  -1.95    11.05
  SINCE JAN 1     17.53                     16.23   1.30    17.18

SNOWFALL (IN)
  YESTERDAY        0.0          MM      MM   0.0    0.0
  MONTH TO DATE    0.0                       0.0    0.0
  SINCE JUL 1     35.1                      20.1   15.0
  SNOW DEPTH       0

DEGREE DAYS
 HEATING
  YESTERDAY        0                         3     -3        0
  MONTH TO DATE  175                       121     54       48
  SINCE MAR 1    979                      1141   -162     1135
  SINCE JUL 1   4000                      4736   -736     4950

 COOLING
  YESTERDAY        8                         3      5        6
  MONTH TO DATE   12                        46    -34      106
  SINCE MAR 1     39                        60    -21      111
  SINCE JAN 1     39                        60    -21      111
..................................................................


WIND (MPH)
  HIGHEST WIND SPEED    14   HIGHEST WIND DIRECTION     W (280)
  HIGHEST GUST SPEED    19   HIGHEST GUST DIRECTION    NW (330)
  AVERAGE WIND SPEED     6.4


SKY COVER
  POSSIBLE SUNSHINE  MM
  AVERAGE SKY COVER 0.6


WEATHER CONDITIONS
 THE FOLLOWING WEATHER WAS RECORDED YESTERDAY.
  NO SIGNIFICANT WEATHER WAS OBSERVED.


RELATIVE HUMIDITY (PERCENT)
 HIGHEST    78          1100 PM
 LOWEST     29           400 PM
 AVERAGE    54

..........................................................


THE BALTIMORE MD CLIMATE NORMALS FOR TODAY
                         NORMAL    RECORD    YEAR
 MAXIMUM TEMPERATURE (F)   77        94      1914
 MINIMUM TEMPERATURE (F)   55        41      1967


SUNRISE AND SUNSET
MAY 26 2016...........SUNRISE   545 AM EDT   SUNSET   823 PM EDT
MAY 27 2016...........SUNRISE   544 AM EDT   SUNSET   824 PM EDT


-  INDICATES NEGATIVE NUMBERS.
R  INDICATES RECORD WAS SET OR TIED.
MM INDICATES DATA IS MISSING.
T  INDICATES TRACE AMOUNT.




$$
