000
CDUS41 KLWX 111556 CCA
CLIBWI

CLIMATE REPORT...CORRECTED
NATIONAL WEATHER SERVICE BALTIMORE MD/WASHINGTON DC
1056 AM EST THU FEB 11 2016


...................................

...THE BALTIMORE MD CLIMATE SUMMARY FOR FEBRUARY 10 2016...

CLIMATE NORMAL PERIOD 1981 TO 2010
CLIMATE RECORD PERIOD 1870 TO 2016


WEATHER ITEM   OBSERVED TIME   RECORD YEAR NORMAL DEPARTURE LAST
                VALUE   (LST)  VALUE       VALUE  FROM      YEAR
                                                  NORMAL
..................................................................
TEMPERATURE (F)
 YESTERDAY
  MAXIMUM         37    254 PM  66    1960  44     -7       39
                                      1959
  MINIMUM         23   1159 PM  -7    1899  26     -3       28
  AVERAGE         30                        35     -5       34

PRECIPITATION (IN)
  YESTERDAY        T             1.65 1881   0.10  -0.10     0.07
  MONTH TO DATE    1.27                      1.03   0.24     0.50
  SINCE DEC 1     10.62                      7.45   3.17     7.97
  SINCE JAN 1      4.77                      4.08   0.69     4.39

SNOWFALL (IN)
  YESTERDAY        T            15.5  2010   0.3   -0.3
  MONTH TO DATE    0.4                       3.2   -2.8
  SINCE JUL 1     30.4                      13.4   17.0
  SNOW DEPTH       T

DEGREE DAYS
 HEATING
  YESTERDAY       35                        30      5       31
  MONTH TO DATE  261                       308    -47      327
  SINCE DEC 1   1767                      2180   -413     2148
  SINCE JUL 1   2487                      3084   -597     3040

 COOLING
  YESTERDAY        0                         0      0        0
  MONTH TO DATE    0                         0      0        0
  SINCE DEC 1      1                         0      1        0
  SINCE JAN 1      0                         0      0        0
..................................................................


WIND (MPH)
  HIGHEST WIND SPEED    25   HIGHEST WIND DIRECTION    NW (300)
  HIGHEST GUST SPEED    32   HIGHEST GUST DIRECTION     W (270)
  AVERAGE WIND SPEED    15.8


SKY COVER
  POSSIBLE SUNSHINE  MM
  AVERAGE SKY COVER 0.8


WEATHER CONDITIONS
 THE FOLLOWING WEATHER WAS RECORDED YESTERDAY.
  LIGHT SNOW
  FOG
  HAZE


RELATIVE HUMIDITY (PERCENT)
 HIGHEST    78           400 AM
 LOWEST     40           300 PM
 AVERAGE    59

..........................................................


THE BALTIMORE MD CLIMATE NORMALS FOR TODAY
                         NORMAL    RECORD    YEAR
 MAXIMUM TEMPERATURE (F)   44        72      1887
 MINIMUM TEMPERATURE (F)   26        -6      1899


SUNRISE AND SUNSET
FEBRUARY 11 2016......SUNRISE   704 AM EST   SUNSET   539 PM EST
FEBRUARY 12 2016......SUNRISE   702 AM EST   SUNSET   540 PM EST


-  INDICATES NEGATIVE NUMBERS.
R  INDICATES RECORD WAS SET OR TIED.
MM INDICATES DATA IS MISSING.
T  INDICATES TRACE AMOUNT.




$$

...CORRECTED FOR SNOW DEPTH...
