000
CDUS41 KLWX 260522
CLIBWI


CLIMATE REPORT
NATIONAL WEATHER SERVICE BALTIMORE MD/WASHINGTON DC
1222 AM EST SUN FEB 26 2017


...................................

...THE BALTIMORE MD CLIMATE SUMMARY FOR FEBRUARY 25 2017...

CLIMATE NORMAL PERIOD 1981 TO 2010
CLIMATE RECORD PERIOD 1870 TO 2017


WEATHER ITEM   OBSERVED TIME   RECORD YEAR NORMAL DEPARTURE LAST
                VALUE   (LST)  VALUE       VALUE  FROM      YEAR
                                                  NORMAL
..................................................................
TEMPERATURE (F)
 YESTERDAY
  MAXIMUM         75   1240 PM  83    1930  47     28       61
  MINIMUM         43   1159 PM   8    1914  28     15       38
                                      1900
                                      1894
  AVERAGE         59                        38     21       50

PRECIPITATION (IN)
  YESTERDAY        0.75          1.52 1874   0.11   0.64     0.01
  MONTH TO DATE    1.21                      2.59  -1.38     5.70
  SINCE DEC 1      6.67                      9.01  -2.34    15.05
  SINCE JAN 1      3.90                      5.64  -1.74     9.20

SNOWFALL (IN)
  YESTERDAY        0.0           5.0  1934   0.2   -0.2
  MONTH TO DATE    T                         7.4   -7.4
  SINCE JUL 1      0.7                      17.6  -16.9
  SNOW DEPTH       0

DEGREE DAYS
 HEATING
  YESTERDAY        6                        27    -21       15
  MONTH TO DATE  511                       739   -228      704
  SINCE DEC 1   2127                      2611   -484     2210
  SINCE JUL 1   2826                      3515   -689     2930

 COOLING
  YESTERDAY        0                         0      0        0
  MONTH TO DATE    0                         0      0        0
  SINCE DEC 1      0                         0      0        1
  SINCE JAN 1      0                         0      0        0
..................................................................


WIND (MPH)
  HIGHEST WIND SPEED    26   HIGHEST WIND DIRECTION    NW (300)
  HIGHEST GUST SPEED    35   HIGHEST GUST DIRECTION    NW (300)
  AVERAGE WIND SPEED    11.4


SKY COVER
  POSSIBLE SUNSHINE  MM
  AVERAGE SKY COVER 0.6


WEATHER CONDITIONS
 THE FOLLOWING WEATHER WAS RECORDED YESTERDAY.
  THUNDERSTORM
  HEAVY RAIN
  RAIN
  LIGHT RAIN
  HAIL
  FOG


RELATIVE HUMIDITY (PERCENT)
 HIGHEST   100          1200 AM
 LOWEST     45          1000 PM
 AVERAGE    73

..........................................................


THE BALTIMORE MD CLIMATE NORMALS FOR TODAY
                         NORMAL    RECORD    YEAR
 MAXIMUM TEMPERATURE (F)   48        74      1932
                                             1890
 MINIMUM TEMPERATURE (F)   29        13      1990
                                             1970


SUNRISE AND SUNSET
FEBRUARY 26 2017......SUNRISE   643 AM EST   SUNSET   556 PM EST
FEBRUARY 27 2017......SUNRISE   642 AM EST   SUNSET   557 PM EST


-  INDICATES NEGATIVE NUMBERS.
R  INDICATES RECORD WAS SET OR TIED.
MM INDICATES DATA IS MISSING.
T  INDICATES TRACE AMOUNT.




$$
