000
CDUS45 KRIW 030734
CLIBYG


CLIMATE REPORT
NATIONAL WEATHER SERVICE RIVERTON WY
134 AM MDT THU SEP 3 2015


...................................

...THE BUFFALO WY CLIMATE SUMMARY FOR SEPTEMBER 2 2015...

CLIMATE NORMAL PERIOD 1981 TO 2010
CLIMATE RECORD PERIOD 1998 TO 2015


WEATHER ITEM   OBSERVED TIME   RECORD YEAR NORMAL DEPARTURE LAST
                VALUE   (LST)  VALUE       VALUE  FROM      YEAR
                                                  NORMAL
..................................................................
TEMPERATURE (F)
 YESTERDAY
  MAXIMUM         95R   230 PM  94    2013  79     16       79
                                      2007
  MINIMUM         69    434 AM  36    2008  51     18       43
  AVERAGE         82                        65     17       61

PRECIPITATION (IN)
  YESTERDAY        0.00          0.04 2004   0.03  -0.03     0.00
                                      2004
                                      2013
  MONTH TO DATE    0.00                      0.06  -0.06     0.06
  SINCE SEP 1      0.00                      0.06  -0.06     0.06
  SINCE JAN 1     12.41                     10.33   2.08    10.27

DEGREE DAYS
 HEATING
  YESTERDAY        0                         4     -4        4
  MONTH TO DATE    0                         7     -7       14
  SINCE SEP 1      0                         7     -7       14
  SINCE JUL 1     79                        72      7       73

 COOLING
  YESTERDAY       17                         3     14        0
  MONTH TO DATE   26                         7     19        0
  SINCE SEP 1     26                         7     19        0
  SINCE JAN 1    469                       453     16      334
..................................................................


WIND (MPH)
  HIGHEST WIND SPEED    22   HIGHEST WIND DIRECTION     S (190)
  HIGHEST GUST SPEED    28   HIGHEST GUST DIRECTION     S (200)
  AVERAGE WIND SPEED    11.7


SKY COVER
  POSSIBLE SUNSHINE  MM
  AVERAGE SKY COVER 0.0


WEATHER CONDITIONS
 THE FOLLOWING WEATHER WAS RECORDED YESTERDAY.
  NO SIGNIFICANT WEATHER WAS OBSERVED.


RELATIVE HUMIDITY (PERCENT)
 HIGHEST    28           600 AM
 LOWEST     10          1200 PM
 AVERAGE    19

..........................................................


THE BUFFALO WY CLIMATE NORMALS FOR TODAY
                         NORMAL    RECORD    YEAR
 MAXIMUM TEMPERATURE (F)   78        94      2007
 MINIMUM TEMPERATURE (F)   50        41      2006


SUNRISE AND SUNSET
SEPTEMBER  3 2015.....SUNRISE   632 AM MDT   SUNSET   740 PM MDT
SEPTEMBER  4 2015.....SUNRISE   633 AM MDT   SUNSET   738 PM MDT


-  INDICATES NEGATIVE NUMBERS.
R  INDICATES RECORD WAS SET OR TIED.
MM INDICATES DATA IS MISSING.
T  INDICATES TRACE AMOUNT.




$$
