000
CDUS45 KRIW 030736
CLIBYG


CLIMATE REPORT
NATIONAL WEATHER SERVICE RIVERTON WY
128 AM MDT WED JUN 3 2015


...................................

...THE BUFFALO WY CLIMATE SUMMARY FOR JUNE 2 2015...

CLIMATE NORMAL PERIOD 1981 TO 2010
CLIMATE RECORD PERIOD 1998 TO 2015


WEATHER ITEM   OBSERVED TIME   RECORD YEAR NORMAL DEPARTURE LAST
                VALUE   (LST)  VALUE       VALUE  FROM      YEAR
                                                  NORMAL
..................................................................
TEMPERATURE (F)
 YESTERDAY
  MAXIMUM         76    213 PM  88    2006  68      8       71
  MINIMUM         49    959 PM  34    2000  44      5       43
  AVERAGE         63                        56      7       57

PRECIPITATION (IN)
  YESTERDAY        0.00          0.42 2002   0.11  -0.11     0.00
  MONTH TO DATE    0.04                      0.22  -0.18     0.11
  SINCE JUN 1      0.04                      0.22  -0.18     0.11
  SINCE JAN 1      7.30                      5.74   1.56     3.87

DEGREE DAYS
 HEATING
  YESTERDAY        2                         9     -7        8
  MONTH TO DATE    2                        18    -16       21
  SINCE JUN 1      2                        18    -16       21
  SINCE JUL 1   6429                      7272   -843     7308

 COOLING
  YESTERDAY        0                         1     -1        0
  MONTH TO DATE    3                         1      2        0
  SINCE JUN 1      3                         1      2        0
  SINCE JAN 1      3                         8     -5       11
..................................................................


WIND (MPH)
  HIGHEST WIND SPEED    38   HIGHEST WIND DIRECTION     N (350)
  HIGHEST GUST SPEED    47   HIGHEST GUST DIRECTION     N (350)
  AVERAGE WIND SPEED     7.3


SKY COVER
  POSSIBLE SUNSHINE  MM
  AVERAGE SKY COVER 0.2


WEATHER CONDITIONS
 THE FOLLOWING WEATHER WAS RECORDED YESTERDAY.
  THUNDERSTORM


RELATIVE HUMIDITY (PERCENT)
 HIGHEST    93          1000 PM
 LOWEST     43           300 PM
 AVERAGE    68

..........................................................


THE BUFFALO WY CLIMATE NORMALS FOR TODAY
                         NORMAL    RECORD    YEAR
 MAXIMUM TEMPERATURE (F)   69        77      2012
                                             2006
 MINIMUM TEMPERATURE (F)   44        38      2005


SUNRISE AND SUNSET
JUNE  3 2015..........SUNRISE   525 AM MDT   SUNSET   846 PM MDT
JUNE  4 2015..........SUNRISE   524 AM MDT   SUNSET   846 PM MDT


-  INDICATES NEGATIVE NUMBERS.
R  INDICATES RECORD WAS SET OR TIED.
MM INDICATES DATA IS MISSING.
T  INDICATES TRACE AMOUNT.




$$
