000
CDUS45 KRIW 160739
CLIBYG


CLIMATE REPORT
NATIONAL WEATHER SERVICE RIVERTON WY
138 AM MDT TUE SEP 16 2014


...................................

...THE BUFFALO WY CLIMATE SUMMARY FOR SEPTEMBER 15 2014...

CLIMATE NORMAL PERIOD 1981 TO 2010
CLIMATE RECORD PERIOD 1998 TO 2014


WEATHER ITEM   OBSERVED TIME   RECORD YEAR NORMAL DEPARTURE LAST
                VALUE   (LST)  VALUE       VALUE  FROM      YEAR
                                                  NORMAL
..................................................................
TEMPERATURE (F)
 YESTERDAY
  MAXIMUM         75    339 PM  92    2000  72      3       66
  MINIMUM         40    535 AM  36    2004  45     -5       55
  AVERAGE         58                        58      0       61

PRECIPITATION (IN)
  YESTERDAY        0.00          0.18 2006   0.04  -0.04     0.00
  MONTH TO DATE    0.81                      0.56   0.25     1.66
  SINCE SEP 1      0.81                      0.56   0.25     1.66
  SINCE JAN 1     11.02                     10.83   0.19     6.08

DEGREE DAYS
 HEATING
  YESTERDAY        7                         8     -1        4
  MONTH TO DATE  187                        82    105       10
  SINCE SEP 1    187                        82    105       10
  SINCE JUL 1    246                       147     99       11

 COOLING
  YESTERDAY        0                         1     -1        0
  MONTH TO DATE   12                        36    -24       85
  SINCE SEP 1     12                        36    -24       85
  SINCE JAN 1    346                       482   -136      699
..................................................................


WIND (MPH)
  HIGHEST WIND SPEED    13   HIGHEST WIND DIRECTION    SE (140)
  HIGHEST GUST SPEED    17   HIGHEST GUST DIRECTION    SE (150)
  AVERAGE WIND SPEED     5.7


SKY COVER
  POSSIBLE SUNSHINE  MM
  AVERAGE SKY COVER 0.0


WEATHER CONDITIONS
 THE FOLLOWING WEATHER WAS RECORDED YESTERDAY.
  NO SIGNIFICANT WEATHER WAS OBSERVED.


RELATIVE HUMIDITY (PERCENT)
 HIGHEST    76           100 AM
 LOWEST     31           300 PM
 AVERAGE    54

..........................................................


THE BUFFALO WY CLIMATE NORMALS FOR TODAY
                         NORMAL    RECORD    YEAR
 MAXIMUM TEMPERATURE (F)   71        92      2000
 MINIMUM TEMPERATURE (F)   45        36      2006


SUNRISE AND SUNSET
SEPTEMBER 16 2014.....SUNRISE   647 AM MDT   SUNSET   715 PM MDT
SEPTEMBER 17 2014.....SUNRISE   648 AM MDT   SUNSET   714 PM MDT


-  INDICATES NEGATIVE NUMBERS.
R  INDICATES RECORD WAS SET OR TIED.
MM INDICATES DATA IS MISSING.
T  INDICATES TRACE AMOUNT.




$$
