000
CDUS45 KRIW 170729
CLIBYG


CLIMATE REPORT
NATIONAL WEATHER SERVICE RIVERTON WY
128 AM MDT THU AUG 17 2017


...................................

...THE BUFFALO WY CLIMATE SUMMARY FOR AUGUST 16 2017...

CLIMATE NORMAL PERIOD 1981 TO 2010
CLIMATE RECORD PERIOD 1998 TO 2017


WEATHER ITEM   OBSERVED TIME   RECORD YEAR NORMAL DEPARTURE LAST
                VALUE   (LST)  VALUE       VALUE  FROM      YEAR
                                                  NORMAL
..................................................................
TEMPERATURE (F)
 YESTERDAY
  MAXIMUM         82    157 PM  99    2003  84     -2       89
  MINIMUM         51   1257 AM  41    2009  56     -5       56
                                      2002
  AVERAGE         67                        70     -3       73

PRECIPITATION (IN)
  YESTERDAY        0.00          0.03 2005   0.03  -0.03     0.00
  MONTH TO DATE    0.43                      0.50  -0.07     0.12
  SINCE JUN 1      3.54                      4.44  -0.90     1.00
  SINCE JAN 1     11.82                      9.96   1.86     5.92

DEGREE DAYS
 HEATING
  YESTERDAY        0                         1     -1        0
  MONTH TO DATE   22                        16      6        0
  SINCE JUN 1    120                       204    -84       16
  SINCE JUL 1     22                        41    -19        1

 COOLING
  YESTERDAY        2                         6     -4        8
  MONTH TO DATE   30                       113    -83      115
  SINCE JUN 1    395                       367     28      511
  SINCE JAN 1    406                       374     32      516
..................................................................


WIND (MPH)
  HIGHEST WIND SPEED    22   HIGHEST WIND DIRECTION     S (200)
  HIGHEST GUST SPEED    26   HIGHEST GUST DIRECTION     S (200)
  AVERAGE WIND SPEED     7.6


SKY COVER
  POSSIBLE SUNSHINE  MM
  AVERAGE SKY COVER 0.1


WEATHER CONDITIONS
 THE FOLLOWING WEATHER WAS RECORDED YESTERDAY.
  NO SIGNIFICANT WEATHER WAS OBSERVED.


RELATIVE HUMIDITY (PERCENT)
 HIGHEST    63           100 AM
 LOWEST     17           400 PM
 AVERAGE    40

..........................................................


THE BUFFALO WY CLIMATE NORMALS FOR TODAY
                         NORMAL    RECORD    YEAR
 MAXIMUM TEMPERATURE (F)   84        92      2016
 MINIMUM TEMPERATURE (F)   56        36      2002


SUNRISE AND SUNSET
AUGUST 17 2017........SUNRISE   613 AM MDT   SUNSET   808 PM MDT
AUGUST 18 2017........SUNRISE   614 AM MDT   SUNSET   807 PM MDT


-  INDICATES NEGATIVE NUMBERS.
R  INDICATES RECORD WAS SET OR TIED.
MM INDICATES DATA IS MISSING.
T  INDICATES TRACE AMOUNT.




$$
