000
CDUS45 KRIW 270030
CLIBYG


CLIMATE REPORT
NATIONAL WEATHER SERVICE RIVERTON WY
629 PM MDT MON JUN 26 2017


...................................

...THE BUFFALO WY CLIMATE SUMMARY FOR JUNE 26 2017...
VALID TODAY AS OF 0500 PM LOCAL TIME.

CLIMATE NORMAL PERIOD 1981 TO 2010
CLIMATE RECORD PERIOD 1998 TO 2017


WEATHER ITEM   OBSERVED TIME   RECORD YEAR NORMAL DEPARTURE LAST
                VALUE   (LST)  VALUE       VALUE  FROM      YEAR
                                                  NORMAL
..................................................................
TEMPERATURE (F)
 TODAY
  MAXIMUM         86        MM  99    2012  79      7       86
  MINIMUM         50        MM  40    2000  52     -2       51
  AVERAGE         68

PRECIPITATION (IN)
  TODAY            0.00          0.28 2014   0.07  -0.07     0.00
  MONTH TO DATE    1.14                      2.07  -0.93     0.20
  SINCE JUN 1      1.14                      2.07  -0.93     0.20
  SINCE JAN 1      9.42                      7.59   1.83     5.12

DEGREE DAYS
 HEATING
  TODAY            0                         3     -3        0
  MONTH TO DATE   83                       153    -70       15
  SINCE JUN 1     83                       153    -70       15
  SINCE JUL 1   6522                      7407   -885     5914

 COOLING
  TODAY            3                         3      0        4
  MONTH TO DATE   45                        38      7      107
  SINCE JUN 1     45                        38      7      107
  SINCE JAN 1     56                        45     11      112
..................................................................


WIND (MPH)
  HIGHEST WIND SPEED    14   HIGHEST WIND DIRECTION    SE (130)
  HIGHEST GUST SPEED    17   HIGHEST GUST DIRECTION    SE (130)
  AVERAGE WIND SPEED     7.1


SKY COVER
  POSSIBLE SUNSHINE  MM
  AVERAGE SKY COVER 0.0


WEATHER CONDITIONS
 THE FOLLOWING WEATHER WAS RECORDED TODAY.
  NO SIGNIFICANT WEATHER WAS OBSERVED.


RELATIVE HUMIDITY (PERCENT)
 HIGHEST    54           400 AM
 LOWEST     19           300 PM
 AVERAGE    37

..........................................................


THE BUFFALO WY CLIMATE NORMALS FOR TOMORROW
                         NORMAL    RECORD    YEAR
 MAXIMUM TEMPERATURE (F)   79        98      2002
 MINIMUM TEMPERATURE (F)   52        41      2011


SUNRISE AND SUNSET
JUNE 26 2017..........SUNRISE   524 AM MDT   SUNSET   855 PM MDT
JUNE 27 2017..........SUNRISE   525 AM MDT   SUNSET   855 PM MDT


-  INDICATES NEGATIVE NUMBERS.
R  INDICATES RECORD WAS SET OR TIED.
MM INDICATES DATA IS MISSING.
T  INDICATES TRACE AMOUNT.




$$
