000
CDUS45 KRIW 240817
CLIBYG


CLIMATE REPORT
NATIONAL WEATHER SERVICE RIVERTON WY
116 AM MST TUE JAN 24 2017


...................................

...THE BUFFALO WY CLIMATE SUMMARY FOR JANUARY 23 2017...

CLIMATE NORMAL PERIOD 1981 TO 2010
CLIMATE RECORD PERIOD 1998 TO 2017


WEATHER ITEM   OBSERVED TIME   RECORD YEAR NORMAL DEPARTURE LAST
                VALUE   (LST)  VALUE       VALUE  FROM      YEAR
                                                  NORMAL
..................................................................
TEMPERATURE (F)
 YESTERDAY
  MAXIMUM         34    512 AM  63    2005  38     -4       50
  MINIMUM         17    940 PM   1    2009  17      0       30
  AVERAGE         26                        28     -2       40

PRECIPITATION (IN)
  YESTERDAY        T             0.04 2011   0.01  -0.01     0.00
  MONTH TO DATE    0.05                      0.29  -0.24     0.11
  SINCE DEC 1      0.30                      0.69  -0.39     0.21
  SINCE JAN 1      0.05                      0.29  -0.24     0.11

DEGREE DAYS
 HEATING
  YESTERDAY       39                        37      2       25
  MONTH TO DATE 1019                       857    162      805
  SINCE DEC 1   2440                      2070    370     1915
  SINCE JUL 1   3622                      3904   -282     3344

 COOLING
  YESTERDAY        0                         0      0        0
  MONTH TO DATE    0                         0      0        0
  SINCE DEC 1      0                         0      0        0
  SINCE JAN 1      0                         0      0        0
..................................................................


WIND (MPH)
  HIGHEST WIND SPEED    23   HIGHEST WIND DIRECTION    NW (330)
  HIGHEST GUST SPEED    27   HIGHEST GUST DIRECTION    NW (330)
  AVERAGE WIND SPEED     9.4


SKY COVER
  POSSIBLE SUNSHINE  MM
  AVERAGE SKY COVER 0.4


WEATHER CONDITIONS
 THE FOLLOWING WEATHER WAS RECORDED YESTERDAY.
  LIGHT SNOW
  FOG
  FOG W/VISIBILITY <= 1/4 MILE


RELATIVE HUMIDITY (PERCENT)
 HIGHEST    84           700 PM
 LOWEST     49           900 AM
 AVERAGE    67

..........................................................


THE BUFFALO WY CLIMATE NORMALS FOR TODAY
                         NORMAL    RECORD    YEAR
 MAXIMUM TEMPERATURE (F)   38        64      2005
 MINIMUM TEMPERATURE (F)   17        -1      2009
                                             1999


SUNRISE AND SUNSET
JANUARY 24 2017.......SUNRISE   733 AM MST   SUNSET   506 PM MST
JANUARY 25 2017.......SUNRISE   732 AM MST   SUNSET   507 PM MST


-  INDICATES NEGATIVE NUMBERS.
R  INDICATES RECORD WAS SET OR TIED.
MM INDICATES DATA IS MISSING.
T  INDICATES TRACE AMOUNT.




$$
