000
CDUS45 KRIW 300734
CLIBYG


CLIMATE REPORT
NATIONAL WEATHER SERVICE RIVERTON WY
127 AM MDT THU OCT 30 2014


...................................

...THE BUFFALO WY CLIMATE SUMMARY FOR OCTOBER 29 2014...

CLIMATE NORMAL PERIOD 1981 TO 2010
CLIMATE RECORD PERIOD 1998 TO 2014


WEATHER ITEM   OBSERVED TIME   RECORD YEAR NORMAL DEPARTURE LAST
                VALUE   (LST)  VALUE       VALUE  FROM      YEAR
                                                  NORMAL
..................................................................
TEMPERATURE (F)
 YESTERDAY
  MAXIMUM         64    207 PM  73    2008  53     11       30
  MINIMUM         36   1218 AM   9    2002  30      6       25
  AVERAGE         50                        42      8       28

PRECIPITATION (IN)
  YESTERDAY        0.00          0.16 2003   0.01  -0.01     0.01
  MONTH TO DATE    0.21                      0.91  -0.70     2.22
  SINCE SEP 1      1.31                      2.22  -0.91     5.56
  SINCE JAN 1     11.52                     12.49  -0.97     9.98

DEGREE DAYS
 HEATING
  YESTERDAY       15                        23     -8       37
  MONTH TO DATE  369                       544   -175      634
  SINCE SEP 1    607                       793   -186      785
  SINCE JUL 1    666                       858   -192      786

 COOLING
  YESTERDAY        0                         0      0        0
  MONTH TO DATE    2                         0      2        0
  SINCE SEP 1     53                        45      8       95
  SINCE JAN 1    387                       491   -104      709
..................................................................


WIND (MPH)
  HIGHEST WIND SPEED    29   HIGHEST WIND DIRECTION    NW (310)
  HIGHEST GUST SPEED    35   HIGHEST GUST DIRECTION    NW (310)
  AVERAGE WIND SPEED     9.3


SKY COVER
  POSSIBLE SUNSHINE  MM
  AVERAGE SKY COVER 0.2


WEATHER CONDITIONS
 THE FOLLOWING WEATHER WAS RECORDED YESTERDAY.
  NO SIGNIFICANT WEATHER WAS OBSERVED.


RELATIVE HUMIDITY (PERCENT)
 HIGHEST    46          1100 PM
 LOWEST     19           200 PM
 AVERAGE    33

..........................................................


THE BUFFALO WY CLIMATE NORMALS FOR TODAY
                         NORMAL    RECORD    YEAR
 MAXIMUM TEMPERATURE (F)   53        69      2008
 MINIMUM TEMPERATURE (F)   30         8      2002


SUNRISE AND SUNSET
OCTOBER 30 2014.......SUNRISE   741 AM MDT   SUNSET   559 PM MDT
OCTOBER 31 2014.......SUNRISE   743 AM MDT   SUNSET   558 PM MDT


-  INDICATES NEGATIVE NUMBERS.
R  INDICATES RECORD WAS SET OR TIED.
MM INDICATES DATA IS MISSING.
T  INDICATES TRACE AMOUNT.




$$
