000
CDUS45 KRIW 050738
CLIBYG


CLIMATE REPORT
NATIONAL WEATHER SERVICE RIVERTON WY
129 AM MDT THU MAY 5 2016


...................................

...THE BUFFALO WY CLIMATE SUMMARY FOR MAY 4 2016...

CLIMATE NORMAL PERIOD 1981 TO 2010
CLIMATE RECORD PERIOD 1998 TO 2016


WEATHER ITEM   OBSERVED TIME   RECORD YEAR NORMAL DEPARTURE LAST
                VALUE   (LST)  VALUE       VALUE  FROM      YEAR
                                                  NORMAL
..................................................................
TEMPERATURE (F)
 YESTERDAY
  MAXIMUM         78    333 PM  80    2004  60     18       69
  MINIMUM         48    439 AM  23    2002  38     10       47
  AVERAGE         63                        49     14       58

PRECIPITATION (IN)
  YESTERDAY        0.00          0.15 2007   0.07  -0.07     0.00
  MONTH TO DATE    0.00                      0.25  -0.25     0.01
  SINCE MAR 1      2.82                      2.47   0.35     0.87
  SINCE JAN 1      3.41                      3.24   0.17     1.51

DEGREE DAYS
 HEATING
  YESTERDAY        2                        16    -14        7
  MONTH TO DATE    9                        66    -57       30
  SINCE MAR 1   1163                      1670   -507     1285
  SINCE JUL 1   5554                      6910  -1356     5981

 COOLING
  YESTERDAY        0                         0      0        0
  MONTH TO DATE    0                         0      0        0
  SINCE MAR 1      1                         0      1        0
  SINCE JAN 1      1                         0      1        0
..................................................................


WIND (MPH)
  HIGHEST WIND SPEED    15   HIGHEST WIND DIRECTION    SE (140)
  HIGHEST GUST SPEED    20   HIGHEST GUST DIRECTION    SE (120)
  AVERAGE WIND SPEED     7.0


SKY COVER
  POSSIBLE SUNSHINE  MM
  AVERAGE SKY COVER 0.0


WEATHER CONDITIONS
 THE FOLLOWING WEATHER WAS RECORDED YESTERDAY.
  NO SIGNIFICANT WEATHER WAS OBSERVED.


RELATIVE HUMIDITY (PERCENT)
 HIGHEST    54          1200 AM
 LOWEST     20          1100 AM
 AVERAGE    37

..........................................................


THE BUFFALO WY CLIMATE NORMALS FOR TODAY
                         NORMAL    RECORD    YEAR
 MAXIMUM TEMPERATURE (F)   60        75      2004
 MINIMUM TEMPERATURE (F)   38        25      2006


SUNRISE AND SUNSET
MAY  5 2016...........SUNRISE   551 AM MDT   SUNSET   817 PM MDT
MAY  6 2016...........SUNRISE   550 AM MDT   SUNSET   818 PM MDT


-  INDICATES NEGATIVE NUMBERS.
R  INDICATES RECORD WAS SET OR TIED.
MM INDICATES DATA IS MISSING.
T  INDICATES TRACE AMOUNT.




$$
