000
CDUS45 KRIW 070742
CLIBYG


CLIMATE REPORT
NATIONAL WEATHER SERVICE RIVERTON WY
130 AM MDT TUE JUL 7 2015


...................................

...THE BUFFALO WY CLIMATE SUMMARY FOR JULY 6 2015...

CLIMATE NORMAL PERIOD 1981 TO 2010
CLIMATE RECORD PERIOD 1998 TO 2015


WEATHER ITEM   OBSERVED TIME   RECORD YEAR NORMAL DEPARTURE LAST
                VALUE   (LST)  VALUE       VALUE  FROM      YEAR
                                                  NORMAL
..................................................................
TEMPERATURE (F)
 YESTERDAY
  MAXIMUM         64    525 PM 100    2007  83    -19       87
  MINIMUM         51    704 AM  44    2010  55     -4       59
                                      2004
  AVERAGE         58                        69    -11       73

PRECIPITATION (IN)
  YESTERDAY        0.02          0.07 2010   0.06  -0.04     0.00
                                      2010
  MONTH TO DATE    0.52                      0.32   0.20     0.13
  SINCE JUN 1      3.75                      2.60   1.15     3.04
  SINCE JAN 1     11.01                      8.12   2.89     6.80

DEGREE DAYS
 HEATING
  YESTERDAY        7                         1      6        0
  MONTH TO DATE    7                         9     -2        8
  SINCE JUN 1     61                       172   -111      214
  SINCE JUL 1      7                         9     -2        8

 COOLING
  YESTERDAY        0                         5     -5        8
  MONTH TO DATE   30                        28      2       34
  SINCE JUN 1    100                        79     21       39
  SINCE JAN 1    100                        86     14       50
..................................................................


WIND (MPH)
  HIGHEST WIND SPEED    12   HIGHEST WIND DIRECTION    NW (330)
  HIGHEST GUST SPEED    14   HIGHEST GUST DIRECTION    NW (330)
  AVERAGE WIND SPEED     6.0


SKY COVER
  POSSIBLE SUNSHINE  MM
  AVERAGE SKY COVER 0.7


WEATHER CONDITIONS
 THE FOLLOWING WEATHER WAS RECORDED YESTERDAY.
  LIGHT RAIN
  FOG
  FOG W/VISIBILITY <= 1/4 MILE
  HAZE


RELATIVE HUMIDITY (PERCENT)
 HIGHEST   100           800 AM
 LOWEST     67           500 PM
 AVERAGE    84

..........................................................


THE BUFFALO WY CLIMATE NORMALS FOR TODAY
                         NORMAL    RECORD    YEAR
 MAXIMUM TEMPERATURE (F)   83        93      2007
 MINIMUM TEMPERATURE (F)   56        43      2010


SUNRISE AND SUNSET
JULY  7 2015..........SUNRISE   530 AM MDT   SUNSET   853 PM MDT
JULY  8 2015..........SUNRISE   531 AM MDT   SUNSET   853 PM MDT


-  INDICATES NEGATIVE NUMBERS.
R  INDICATES RECORD WAS SET OR TIED.
MM INDICATES DATA IS MISSING.
T  INDICATES TRACE AMOUNT.




$$
