000
CDUS45 KRIW 020736
CLIBYG


CLIMATE REPORT
NATIONAL WEATHER SERVICE RIVERTON WY
134 AM MDT TUE SEP 2 2014


...................................

...THE BUFFALO WY CLIMATE SUMMARY FOR SEPTEMBER 1 2014...

CLIMATE NORMAL PERIOD 1981 TO 2010
CLIMATE RECORD PERIOD 1998 TO 2014


WEATHER ITEM   OBSERVED TIME   RECORD YEAR NORMAL DEPARTURE LAST
                VALUE   (LST)  VALUE       VALUE  FROM      YEAR
                                                  NORMAL
..................................................................
TEMPERATURE (F)
 YESTERDAY
  MAXIMUM         63    454 PM  93    2004  79    -16       88
  MINIMUM         47   1155 PM  39    2008  51     -4       54
  AVERAGE         55                        65    -10       71

PRECIPITATION (IN)
  YESTERDAY        0.06          0.35 1999   0.03   0.03     0.00
  MONTH TO DATE    0.06                      0.03   0.03     0.00
  SINCE SEP 1      0.06                      0.03   0.03     0.00
  SINCE JAN 1     10.27                     10.30  -0.03     4.42

DEGREE DAYS
 HEATING
  YESTERDAY       10                         3      7        0
  MONTH TO DATE   10                         3      7        0
  SINCE SEP 1     10                         3      7        0
  SINCE JUL 1     69                        68      1        1

 COOLING
  YESTERDAY        0                         4     -4        6
  MONTH TO DATE    0                         4     -4        6
  SINCE SEP 1      0                         4     -4        6
  SINCE JAN 1    334                       450   -116      620
..................................................................


WIND (MPH)
  HIGHEST WIND SPEED    22   HIGHEST WIND DIRECTION     N (340)
  HIGHEST GUST SPEED    28   HIGHEST GUST DIRECTION    NW (330)
  AVERAGE WIND SPEED     7.2


SKY COVER
  POSSIBLE SUNSHINE  MM
  AVERAGE SKY COVER 0.3


WEATHER CONDITIONS
 THE FOLLOWING WEATHER WAS RECORDED YESTERDAY.
  THUNDERSTORM
  HEAVY RAIN
  LIGHT RAIN
  FOG


RELATIVE HUMIDITY (PERCENT)
 HIGHEST    77           100 PM
 LOWEST     43           500 PM
 AVERAGE    60

..........................................................


THE BUFFALO WY CLIMATE NORMALS FOR TODAY
                         NORMAL    RECORD    YEAR
 MAXIMUM TEMPERATURE (F)   79        94      2013
                                             2007
 MINIMUM TEMPERATURE (F)   51        36      2008


SUNRISE AND SUNSET
SEPTEMBER  2 2014.....SUNRISE   631 AM MDT   SUNSET   741 PM MDT
SEPTEMBER  3 2014.....SUNRISE   632 AM MDT   SUNSET   739 PM MDT


-  INDICATES NEGATIVE NUMBERS.
R  INDICATES RECORD WAS SET OR TIED.
MM INDICATES DATA IS MISSING.
T  INDICATES TRACE AMOUNT.




$$
