000
CDUS45 KRIW 260738
CLIBYG


CLIMATE REPORT
NATIONAL WEATHER SERVICE RIVERTON WY
138 AM MDT THU MAY 26 2016


...................................

...THE BUFFALO WY CLIMATE SUMMARY FOR MAY 25 2016...

CLIMATE NORMAL PERIOD 1981 TO 2010
CLIMATE RECORD PERIOD 1998 TO 2016


WEATHER ITEM   OBSERVED TIME   RECORD YEAR NORMAL DEPARTURE LAST
                VALUE   (LST)  VALUE       VALUE  FROM      YEAR
                                                  NORMAL
..................................................................
TEMPERATURE (F)
 YESTERDAY
  MAXIMUM         59    521 PM  83    2006  66     -7       60
  MINIMUM         45    359 AM  33    2012  42      3       44
  AVERAGE         52                        54     -2       52

PRECIPITATION (IN)
  YESTERDAY        0.12          0.58 2012   0.08   0.04     0.05
  MONTH TO DATE    1.35                      2.07  -0.72     5.41
  SINCE MAR 1      4.17                      4.29  -0.12     6.27
  SINCE JAN 1      4.76                      5.06  -0.30     6.91

DEGREE DAYS
 HEATING
  YESTERDAY       13                        11      2       13
  MONTH TO DATE  287                       348    -61      424
  SINCE MAR 1   1441                      1952   -511     1679
  SINCE JUL 1   5832                      7192  -1360     6375

 COOLING
  YESTERDAY        0                         0      0        0
  MONTH TO DATE    4                         0      4        0
  SINCE MAR 1      5                         0      5        0
  SINCE JAN 1      5                         0      5        0
..................................................................


WIND (MPH)
  HIGHEST WIND SPEED    23   HIGHEST WIND DIRECTION    NW (320)
  HIGHEST GUST SPEED    29   HIGHEST GUST DIRECTION    NW (330)
  AVERAGE WIND SPEED     7.0


SKY COVER
  POSSIBLE SUNSHINE  MM
  AVERAGE SKY COVER 0.7


WEATHER CONDITIONS
 THE FOLLOWING WEATHER WAS RECORDED YESTERDAY.
  LIGHT RAIN
  FOG


RELATIVE HUMIDITY (PERCENT)
 HIGHEST    86          1200 AM
 LOWEST     55          1100 AM
 AVERAGE    71

..........................................................


THE BUFFALO WY CLIMATE NORMALS FOR TODAY
                         NORMAL    RECORD    YEAR
 MAXIMUM TEMPERATURE (F)   66        83      2006
 MINIMUM TEMPERATURE (F)   43        31      2007


SUNRISE AND SUNSET
MAY 26 2016...........SUNRISE   529 AM MDT   SUNSET   839 PM MDT
MAY 27 2016...........SUNRISE   528 AM MDT   SUNSET   840 PM MDT


-  INDICATES NEGATIVE NUMBERS.
R  INDICATES RECORD WAS SET OR TIED.
MM INDICATES DATA IS MISSING.
T  INDICATES TRACE AMOUNT.




$$
