856
CDUS45 KPIH 060744
CLIBYI


CLIMATE REPORT
NATIONAL WEATHER SERVICE POCATELLO ID
1241 AM MST TUE DEC 6 2016


...................................

...THE BURLEY ID CLIMATE SUMMARY FOR DECEMBER 5 2016...

CLIMATE NORMAL PERIOD 1981 TO 2010
CLIMATE RECORD PERIOD 1948 TO 2016


WEATHER ITEM   OBSERVED TIME   RECORD YEAR NORMAL DEPARTURE LAST
                VALUE   (LST)  VALUE       VALUE  FROM      YEAR
                                                  NORMAL
..................................................................
TEMPERATURE (F)
 YESTERDAY
  MAXIMUM         28    131 AM  57    1987  37     -9       37
  MINIMUM          8   1143 PM  -8    1972  20    -12       15
  AVERAGE         18                        28    -10       26

PRECIPITATION (IN)
  YESTERDAY        T             0.46 1996   0.04  -0.04     0.00
  MONTH TO DATE    0.08                      0.19  -0.11      T
  SINCE OCT 1      3.34                      1.89   1.45     1.95
  SINCE JAN 1     12.04                      9.20   2.84     8.82

SNOWFALL (IN)
  YESTERDAY       MM
  MONTH TO DATE   MM
  SINCE DEC 1     MM
  SINCE JUL 1     MM
  SNOW DEPTH      MM

DEGREE DAYS
 HEATING
  YESTERDAY       47                        37     10       39
  MONTH TO DATE  175                       182     -7      212
  SINCE DEC 1    175                       182     -7      212
  SINCE JUL 1   1573                      1870   -297     1633

 COOLING
  YESTERDAY        0                         0      0        0
  MONTH TO DATE    0                         0      0        0
  SINCE DEC 1      0                         0      0        0
  SINCE JAN 1    353                       365    -12      472
..................................................................


WIND (MPH)
  HIGHEST WIND SPEED    28   HIGHEST WIND DIRECTION     W (270)
  HIGHEST GUST SPEED    39   HIGHEST GUST DIRECTION     W (250)
  AVERAGE WIND SPEED    10.9


SKY COVER
  POSSIBLE SUNSHINE  MM
  AVERAGE SKY COVER 0.1


WEATHER CONDITIONS
 THE FOLLOWING WEATHER WAS RECORDED YESTERDAY.
  LIGHT SNOW
  FOG


RELATIVE HUMIDITY (PERCENT)
 HIGHEST    92          1200 AM
 LOWEST     57           300 PM
 AVERAGE    75

..........................................................


THE BURLEY ID CLIMATE NORMALS FOR TODAY
                         NORMAL    RECORD    YEAR
 MAXIMUM TEMPERATURE (F)   36        59      2014
                                             1981
 MINIMUM TEMPERATURE (F)   19        -2      1992


SUNRISE AND SUNSET
DECEMBER  6 2016......SUNRISE   751 AM MST   SUNSET   502 PM MST
DECEMBER  7 2016......SUNRISE   752 AM MST   SUNSET   502 PM MST


-  INDICATES NEGATIVE NUMBERS.
R  INDICATES RECORD WAS SET OR TIED.
MM INDICATES DATA IS MISSING.
T  INDICATES TRACE AMOUNT.




$$
