000
CDUS45 KPIH 180731
CLIBYI


CLIMATE REPORT
NATIONAL WEATHER SERVICE POCATELLO ID
1229 AM MST THU JAN 18 2018


...................................

...THE BURLEY ID CLIMATE SUMMARY FOR JANUARY 17 2018...

CLIMATE NORMAL PERIOD 1981 TO 2010
CLIMATE RECORD PERIOD 1948 TO 2018


WEATHER ITEM   OBSERVED TIME   RECORD YEAR NORMAL DEPARTURE LAST
                VALUE   (LST)  VALUE       VALUE  FROM      YEAR
                                                  NORMAL
..................................................................
TEMPERATURE (F)
 YESTERDAY
  MAXIMUM         46    319 PM  55    1961  35     11       23
  MINIMUM         29    733 AM -20    1984  19     10        5
  AVERAGE         38                        27     11       14

PRECIPITATION (IN)
  YESTERDAY        0.00          0.70 1950   0.03  -0.03     0.00
  MONTH TO DATE    1.08                      0.54   0.54     1.29
  SINCE OCT 1      2.70                      3.37  -0.67     6.08
  SINCE JAN 1      1.08                      0.54   0.54     1.29

SNOWFALL (IN)
  YESTERDAY       MM
  MONTH TO DATE   MM
  SINCE DEC 1     MM
  SINCE JUL 1     MM
  SNOW DEPTH      MM

DEGREE DAYS
 HEATING
  YESTERDAY       27                        38    -11       51
  MONTH TO DATE  491                       658   -167      783
  SINCE DEC 1   1524                      1850   -326     2030
  SINCE JUL 1   3078                      3538   -460     3428

 COOLING
  YESTERDAY        0                         0      0        0
  MONTH TO DATE    0                         0      0        0
  SINCE DEC 1      0                         0      0        0
  SINCE JAN 1      0                         0      0        0
..................................................................


WIND (MPH)
  HIGHEST WIND SPEED    18   HIGHEST WIND DIRECTION     E (70)
  HIGHEST GUST SPEED    24   HIGHEST GUST DIRECTION    NE (60)
  AVERAGE WIND SPEED     7.3


SKY COVER
  POSSIBLE SUNSHINE  MM
  AVERAGE SKY COVER 0.2


WEATHER CONDITIONS
 THE FOLLOWING WEATHER WAS RECORDED YESTERDAY.
  FOG


RELATIVE HUMIDITY (PERCENT)
 HIGHEST    92           400 AM
 LOWEST     58           300 PM
 AVERAGE    75

..........................................................


THE BURLEY ID CLIMATE NORMALS FOR TODAY
                         NORMAL    RECORD    YEAR
 MAXIMUM TEMPERATURE (F)   35        60      1994
 MINIMUM TEMPERATURE (F)   19       -23      1984


SUNRISE AND SUNSET
JANUARY 18 2018.......SUNRISE   800 AM MST   SUNSET   531 PM MST
JANUARY 19 2018.......SUNRISE   800 AM MST   SUNSET   532 PM MST


-  INDICATES NEGATIVE NUMBERS.
R  INDICATES RECORD WAS SET OR TIED.
MM INDICATES DATA IS MISSING.
T  INDICATES TRACE AMOUNT.




$$
