000
CDUS45 KPIH 240737
CLIBYI


CLIMATE REPORT
NATIONAL WEATHER SERVICE POCATELLO ID
1235 AM MST TUE JAN 24 2017


...................................

...THE BURLEY ID CLIMATE SUMMARY FOR JANUARY 23 2017...

CLIMATE NORMAL PERIOD 1981 TO 2010
CLIMATE RECORD PERIOD 1948 TO 2017


WEATHER ITEM   OBSERVED TIME   RECORD YEAR NORMAL DEPARTURE LAST
                VALUE   (LST)  VALUE       VALUE  FROM      YEAR
                                                  NORMAL
..................................................................
TEMPERATURE (F)
 YESTERDAY
  MAXIMUM         34   1203 PM  57    1994  35     -1       41
  MINIMUM         27   1114 PM -25    1962  19      8       30
  AVERAGE         31                        27      4       36

PRECIPITATION (IN)
  YESTERDAY        0.19          0.36 1956   0.03   0.16     0.01
  MONTH TO DATE    1.96                      0.71   1.25     0.55
  SINCE OCT 1      6.75                      3.54   3.21     3.35
  SINCE JAN 1      1.96                      0.71   1.25     0.55

SNOWFALL (IN)
  YESTERDAY       MM
  MONTH TO DATE   MM
  SINCE DEC 1     MM
  SINCE JUL 1     MM
  SNOW DEPTH      MM

DEGREE DAYS
 HEATING
  YESTERDAY       34                        38     -4       29
  MONTH TO DATE  980                       886     94      831
  SINCE DEC 1   2227                      2078    149     1994
  SINCE JUL 1   3625                      3766   -141     3415

 COOLING
  YESTERDAY        0                         0      0        0
  MONTH TO DATE    0                         0      0        0
  SINCE DEC 1      0                         0      0        0
  SINCE JAN 1      0                         0      0        0
..................................................................


WIND (MPH)
  HIGHEST WIND SPEED    25   HIGHEST WIND DIRECTION     W (270)
  HIGHEST GUST SPEED    36   HIGHEST GUST DIRECTION     W (270)
  AVERAGE WIND SPEED    11.5


SKY COVER
  POSSIBLE SUNSHINE  MM
  AVERAGE SKY COVER 0.9


WEATHER CONDITIONS
 THE FOLLOWING WEATHER WAS RECORDED YESTERDAY.
  HEAVY SNOW
  SNOW
  LIGHT SNOW
  FOG
  FOG W/VISIBILITY <= 1/4 MILE


RELATIVE HUMIDITY (PERCENT)
 HIGHEST    92           300 AM
 LOWEST     75          1100 PM
 AVERAGE    84

..........................................................


THE BURLEY ID CLIMATE NORMALS FOR TODAY
                         NORMAL    RECORD    YEAR
 MAXIMUM TEMPERATURE (F)   35        55      1994
 MINIMUM TEMPERATURE (F)   19       -20      1949


SUNRISE AND SUNSET
JANUARY 24 2017.......SUNRISE   756 AM MST   SUNSET   539 PM MST
JANUARY 25 2017.......SUNRISE   755 AM MST   SUNSET   540 PM MST


-  INDICATES NEGATIVE NUMBERS.
R  INDICATES RECORD WAS SET OR TIED.
MM INDICATES DATA IS MISSING.
T  INDICATES TRACE AMOUNT.




$$
