000
CDUS45 KPIH 222322
CLIBYI


CLIMATE REPORT
NATIONAL WEATHER SERVICE POCATELLO ID
421 PM MST MON DEC 22 2014


...................................

...THE BURLEY ID CLIMATE SUMMARY FOR DECEMBER 22 2014...
VALID TODAY AS OF 0400 PM LOCAL TIME.

CLIMATE NORMAL PERIOD 1981 TO 2010
CLIMATE RECORD PERIOD 1948 TO 2014


WEATHER ITEM   OBSERVED TIME   RECORD YEAR NORMAL DEPARTURE LAST
                VALUE   (LST)  VALUE       VALUE  FROM      YEAR
                                                  NORMAL
..................................................................
TEMPERATURE (F)
 TODAY
  MAXIMUM         44    103 PM  58    1964  34     10       38
  MINIMUM         36    342 AM -21    1990  18     18       23
  AVERAGE         40                        26     14       31

PRECIPITATION (IN)
  TODAY            T             0.63 1964   0.03  -0.03      T
  MONTH TO DATE    0.68                      0.82  -0.14     0.15
  SINCE OCT 1      2.02                      2.52  -0.50     0.59
  SINCE JAN 1     11.94                      9.83   2.11     4.67

SNOWFALL (IN)
  TODAY           MM
  MONTH TO DATE   MM
  SINCE DEC 1     MM
  SINCE JUL 1     MM
  SNOW DEPTH      MM

DEGREE DAYS
 HEATING
  TODAY           25                        39    -14       34
  MONTH TO DATE  548                       836   -288      960
  SINCE DEC 1    548                       836   -288      960
  SINCE JUL 1   1929                      2524   -595     2528

 COOLING
  TODAY            0                         0      0        0
  MONTH TO DATE    0                         0      0        0
  SINCE DEC 1      0                         0      0        0
  SINCE JAN 1    428                       365     63      642
..................................................................


WIND (MPH)
  HIGHEST WIND SPEED    35   HIGHEST WIND DIRECTION     W (290)
  HIGHEST GUST SPEED    48   HIGHEST GUST DIRECTION     W (290)
  AVERAGE WIND SPEED    18.0


SKY COVER
  POSSIBLE SUNSHINE  MM
  AVERAGE SKY COVER 0.6


WEATHER CONDITIONS
 THE FOLLOWING WEATHER WAS RECORDED TODAY.
  LIGHT RAIN


RELATIVE HUMIDITY (PERCENT)
 HIGHEST    92           600 AM
 LOWEST     65           100 PM
 AVERAGE    79

..........................................................


THE BURLEY ID CLIMATE NORMALS FOR TOMORROW
                         NORMAL    RECORD    YEAR
 MAXIMUM TEMPERATURE (F)   34        58      1964
 MINIMUM TEMPERATURE (F)   18       -22      1990


SUNRISE AND SUNSET
DECEMBER 22 2014......SUNRISE   802 AM MST   SUNSET   505 PM MST
DECEMBER 23 2014......SUNRISE   802 AM MST   SUNSET   506 PM MST


-  INDICATES NEGATIVE NUMBERS.
R  INDICATES RECORD WAS SET OR TIED.
MM INDICATES DATA IS MISSING.
T  INDICATES TRACE AMOUNT.




$$
