000
CDUS45 KPIH 310734
CLIBYI


CLIMATE REPORT
NATIONAL WEATHER SERVICE POCATELLO ID
130 AM MDT FRI JUL 31 2015


...................................

...THE BURLEY ID CLIMATE SUMMARY FOR JULY 30 2015...

CLIMATE NORMAL PERIOD 1981 TO 2010
CLIMATE RECORD PERIOD 1948 TO 2015


WEATHER ITEM   OBSERVED TIME   RECORD YEAR NORMAL DEPARTURE LAST
                VALUE   (LST)  VALUE       VALUE  FROM      YEAR
                                                  NORMAL
..................................................................
TEMPERATURE (F)
 YESTERDAY
  MAXIMUM         92    427 PM 107    2000  87      5       88
  MINIMUM         47    601 AM  46    1950  55     -8       54
  AVERAGE         70                        71     -1       71

PRECIPITATION (IN)
  YESTERDAY        0.00          0.38 1975   0.01  -0.01      T
  MONTH TO DATE    1.10                      0.29   0.81     0.01
  SINCE OCT 1      8.32                      9.18  -0.86     7.38
  SINCE JAN 1      6.27                      6.35  -0.08     6.77

SNOWFALL (IN)
  YESTERDAY       MM
  MONTH TO DATE   MM
  SINCE JUN 1     MM
  SINCE JUL 1     MM
  SNOW DEPTH      MM

DEGREE DAYS
 HEATING
  YESTERDAY        0                         0      0        0
  MONTH TO DATE   19                        20     -1        3
  SINCE JUN 1     45                       154   -109      107
  SINCE JUL 1     19                        20     -1        3

 COOLING
  YESTERDAY        5                         6     -1        6
  MONTH TO DATE  150                       154     -4      245
  SINCE JUN 1    298                       201     97      264
  SINCE JAN 1    303                       207     96      265
..................................................................


WIND (MPH)
  HIGHEST WIND SPEED    14   HIGHEST WIND DIRECTION     W (270)
  HIGHEST GUST SPEED    21   HIGHEST GUST DIRECTION     W (280)
  AVERAGE WIND SPEED     4.7


SKY COVER
  POSSIBLE SUNSHINE  MM
  AVERAGE SKY COVER 0.0


WEATHER CONDITIONS
 THE FOLLOWING WEATHER WAS RECORDED YESTERDAY.
  NO SIGNIFICANT WEATHER WAS OBSERVED.


RELATIVE HUMIDITY (PERCENT)
 HIGHEST    86           500 AM
 LOWEST     10           200 PM
 AVERAGE    48

..........................................................


THE BURLEY ID CLIMATE NORMALS FOR TODAY
                         NORMAL    RECORD    YEAR
 MAXIMUM TEMPERATURE (F)   87       103      2000
 MINIMUM TEMPERATURE (F)   54        44      1995


SUNRISE AND SUNSET
JULY 31 2015..........SUNRISE   626 AM MDT   SUNSET   856 PM MDT
AUGUST  1 2015........SUNRISE   627 AM MDT   SUNSET   855 PM MDT


-  INDICATES NEGATIVE NUMBERS.
R  INDICATES RECORD WAS SET OR TIED.
MM INDICATES DATA IS MISSING.
T  INDICATES TRACE AMOUNT.




$$
