000
CDUS45 KPIH 062328
CLIBYI


CLIMATE REPORT
NATIONAL WEATHER SERVICE POCATELLO ID
427 PM MST SAT FEB 6 2016


...................................

...THE BURLEY ID CLIMATE SUMMARY FOR FEBRUARY 6 2016...
VALID TODAY AS OF 0400 PM LOCAL TIME.

CLIMATE NORMAL PERIOD 1981 TO 2010
CLIMATE RECORD PERIOD 1948 TO 2016


WEATHER ITEM   OBSERVED TIME   RECORD YEAR NORMAL DEPARTURE LAST
                VALUE   (LST)  VALUE       VALUE  FROM      YEAR
                                                  NORMAL
..................................................................
TEMPERATURE (F)
 TODAY
  MAXIMUM         46    356 PM  65    1963  37      9       63
  MINIMUM         19    706 AM -12    1989  20     -1       44
  AVERAGE         33                        29      4       54

PRECIPITATION (IN)
  TODAY            T             0.49 1949   0.03  -0.03     0.00
  MONTH TO DATE    0.03                      0.15  -0.12     0.28
  SINCE OCT 1      3.91                      3.89   0.02     2.95
  SINCE JAN 1      1.11                      1.06   0.05     0.90

SNOWFALL (IN)
  TODAY           MM
  MONTH TO DATE   MM
  SINCE DEC 1     MM
  SINCE JUL 1     MM
  SNOW DEPTH      MM

DEGREE DAYS
 HEATING
  TODAY           32                        36     -4       11
  MONTH TO DATE  229                       220      9      125
  SINCE DEC 1   2490                      2598   -108     2042
  SINCE JUL 1   3911                      4286   -375     3423

 COOLING
  TODAY            0                         0      0        0
  MONTH TO DATE    0                         0      0        0
  SINCE DEC 1      0                         0      0        0
  SINCE JAN 1      0                         0      0        0
..................................................................


WIND (MPH)
  HIGHEST WIND SPEED    18   HIGHEST WIND DIRECTION    SW (210)
  HIGHEST GUST SPEED    22   HIGHEST GUST DIRECTION    SW (210)
  AVERAGE WIND SPEED     5.8


SKY COVER
  POSSIBLE SUNSHINE  MM
  AVERAGE SKY COVER 0.5


WEATHER CONDITIONS
 THE FOLLOWING WEATHER WAS RECORDED TODAY.
  LIGHT RAIN


RELATIVE HUMIDITY (PERCENT)
 HIGHEST    92           200 AM
 LOWEST     49           400 PM
 AVERAGE    71

..........................................................


THE BURLEY ID CLIMATE NORMALS FOR TOMORROW
                         NORMAL    RECORD    YEAR
 MAXIMUM TEMPERATURE (F)   38        64      2015
 MINIMUM TEMPERATURE (F)   20        -8      1989


SUNRISE AND SUNSET
FEBRUARY  6 2016......SUNRISE   744 AM MST   SUNSET   555 PM MST
FEBRUARY  7 2016......SUNRISE   743 AM MST   SUNSET   556 PM MST


-  INDICATES NEGATIVE NUMBERS.
R  INDICATES RECORD WAS SET OR TIED.
MM INDICATES DATA IS MISSING.
T  INDICATES TRACE AMOUNT.




$$
