000
CDUS45 KPIH 300741
CLIBYI


CLIMATE REPORT
NATIONAL WEATHER SERVICE POCATELLO ID
1239 AM MST FRI JAN 30 2015


...................................

...THE BURLEY ID CLIMATE SUMMARY FOR JANUARY 29 2015...

CLIMATE NORMAL PERIOD 1981 TO 2010
CLIMATE RECORD PERIOD 1948 TO 2015


WEATHER ITEM   OBSERVED TIME   RECORD YEAR NORMAL DEPARTURE LAST
                VALUE   (LST)  VALUE       VALUE  FROM      YEAR
                                                  NORMAL
..................................................................
TEMPERATURE (F)
 YESTERDAY
  MAXIMUM         44    110 PM  56    1992  36      8       51
  MINIMUM         34   1159 PM -30    1949  20     14       30
  AVERAGE         39                        28     11       41

PRECIPITATION (IN)
  YESTERDAY        0.00          0.28 1958   0.02  -0.02     0.28
                                      1958
                                      2014
  MONTH TO DATE    0.62                      0.86  -0.24     0.60
  SINCE OCT 1      2.67                      3.69  -1.02     1.21
  SINCE JAN 1      0.62                      0.86  -0.24     0.60

SNOWFALL (IN)
  YESTERDAY       MM
  MONTH TO DATE   MM
  SINCE DEC 1     MM
  SINCE JUL 1     MM
  SNOW DEPTH      MM

DEGREE DAYS
 HEATING
  YESTERDAY       26                        37    -11       24
  MONTH TO DATE  980                      1111   -131      988
  SINCE DEC 1   1857                      2303   -446     2259
  SINCE JUL 1   3238                      3991   -753     3827

 COOLING
  YESTERDAY        0                         0      0        0
  MONTH TO DATE    0                         0      0        0
  SINCE DEC 1      0                         0      0        0
  SINCE JAN 1      0                         0      0        0
..................................................................


WIND (MPH)
  HIGHEST WIND SPEED    17   HIGHEST WIND DIRECTION     E (90)
  HIGHEST GUST SPEED    23   HIGHEST GUST DIRECTION     E (80)
  AVERAGE WIND SPEED     9.2


SKY COVER
  POSSIBLE SUNSHINE  MM
  AVERAGE SKY COVER 0.6


WEATHER CONDITIONS
 THE FOLLOWING WEATHER WAS RECORDED YESTERDAY.
  FOG


RELATIVE HUMIDITY (PERCENT)
 HIGHEST    92          1200 AM
 LOWEST     67           100 PM
 AVERAGE    80

..........................................................


THE BURLEY ID CLIMATE NORMALS FOR TODAY
                         NORMAL    RECORD    YEAR
 MAXIMUM TEMPERATURE (F)   36        56      1971
 MINIMUM TEMPERATURE (F)   20       -17      1979


SUNRISE AND SUNSET
JANUARY 30 2015.......SUNRISE   751 AM MST   SUNSET   546 PM MST
JANUARY 31 2015.......SUNRISE   750 AM MST   SUNSET   547 PM MST


-  INDICATES NEGATIVE NUMBERS.
R  INDICATES RECORD WAS SET OR TIED.
MM INDICATES DATA IS MISSING.
T  INDICATES TRACE AMOUNT.




$$
