000
CDUS45 KTFX 232230
CLIBZN


CLIMATE REPORT
NATIONAL WEATHER SERVICE GREAT FALLS MT
430 PM MDT WED AUG 23 2017


...................................

...THE BOZEMAN/GALLATIN FIELD MT CLIMATE SUMMARY FOR AUGUST 23 2017...
VALID TODAY AS OF 0400 PM LOCAL TIME.

CLIMATE NORMAL PERIOD 1981 TO 2010
CLIMATE RECORD PERIOD 1935 TO 2017


WEATHER ITEM   OBSERVED TIME   RECORD YEAR NORMAL DEPARTURE LAST
                VALUE   (LST)  VALUE       VALUE  FROM      YEAR
                                                  NORMAL
..................................................................
TEMPERATURE (F)
 TODAY
  MAXIMUM         90    249 PM  98    1969  86      4       74
  MINIMUM         47    532 AM  32    2015  48     -1       41
  AVERAGE         69                        67      2       58

PRECIPITATION (IN)
  TODAY            0.00          0.78 2014   0.04  -0.04     0.00
  MONTH TO DATE    0.12                      0.79  -0.67     1.11
  SINCE OCT 1     11.70                     12.59  -0.89    11.64
  SINCE JAN 1      8.37                     10.21  -1.84     8.79

SNOWFALL (IN)
  TODAY            0.0           T    1992   0.0    0.0      0.0
                                      1994
  MONTH TO DATE    0.0                       0.0    0.0      0.0
  SINCE JUN 1      0.0                       0.0    0.0      0.0
  SINCE JUL 1      0.0                       0.0    0.0      0.0

DEGREE DAYS
 HEATING
  TODAY            0                         2     -2        7
  MONTH TO DATE   11                        19     -8       33
  SINCE JUN 1    175                       188    -13      174
  SINCE JUL 1     11                        47    -36       75

 COOLING
  TODAY            4                         3      1        0
  MONTH TO DATE   38                       117    -79       39
  SINCE JUN 1    259                       321    -62      209
  SINCE JAN 1    259                       325    -66      209
..................................................................


WIND (MPH)
  HIGHEST WIND SPEED    12   HIGHEST WIND DIRECTION    SE (140)
  HIGHEST GUST SPEED    13   HIGHEST GUST DIRECTION    SE (140)
  AVERAGE WIND SPEED     4.0


SKY COVER
  AVERAGE SKY COVER 0.0


WEATHER CONDITIONS
 THE FOLLOWING WEATHER WAS RECORDED TODAY.
  HAZE


RELATIVE HUMIDITY (PERCENT)
 HIGHEST    77           300 AM
 LOWEST     10           100 PM
 AVERAGE    44

..........................................................


THE BOZEMAN/GALLATIN FIELD MT CLIMATE NORMALS FOR TOMORROW
                         NORMAL    RECORD    YEAR
 MAXIMUM TEMPERATURE (F)   85       102      1969
 MINIMUM TEMPERATURE (F)   48        32      1992


SUNRISE AND SUNSET
AUGUST 23 2017........SUNRISE   635 AM MDT   SUNSET   818 PM MDT
AUGUST 24 2017........SUNRISE   636 AM MDT   SUNSET   817 PM MDT


-  INDICATES NEGATIVE NUMBERS.
R  INDICATES RECORD WAS SET OR TIED.
MM INDICATES DATA IS MISSING.
T  INDICATES TRACE AMOUNT.




$$
