000
CDUS45 KTFX 220756
CLIBZN


CLIMATE REPORT
NATIONAL WEATHER SERVICE GREAT FALLS MT
1252 AM MST MON DEC 22 2014


...................................

...THE BOZEMAN/GALLATIN FIELD MT CLIMATE SUMMARY FOR DECEMBER 21 2014...

CLIMATE NORMAL PERIOD 1981 TO 2010
CLIMATE RECORD PERIOD 1935 TO 2014


WEATHER ITEM   OBSERVED TIME   RECORD YEAR NORMAL DEPARTURE
                VALUE   (LST)  VALUE       VALUE  FROM
                                                  NORMAL
...............................................................
TEMPERATURE (F)
 YESTERDAY
  MAXIMUM         43    125 PM  52    1972  33     10
  MINIMUM         28    859 PM -41    1983   8     20
  AVERAGE         36                        20     16

PRECIPITATION (IN)
  YESTERDAY        0.03          0.45 1939   0.01   0.02
  MONTH TO DATE    0.19                      0.37  -0.18
  SINCE OCT 1      1.53                      2.23  -0.70
  SINCE JAN 1     15.14                     13.84   1.30

SNOWFALL (IN)
  YESTERDAY        T             4.0  1966   0.1   -0.1
  MONTH TO DATE    1.1                       4.4   -3.3
  SINCE DEC 1      1.1                       4.4   -3.3
  SINCE JUL 1     16.7                      11.8    4.9
  SNOW DEPTH       T

DEGREE DAYS
 HEATING
  YESTERDAY       29                              -16
  MONTH TO DATE  766                             -148
  SINCE DEC 1    766                             -148
  SINCE JUL 1   2893                               98

 COOLING
  YESTERDAY        0                                0
  MONTH TO DATE    0                                0
  SINCE DEC 1      0                                0
  SINCE JAN 1    187                             -181
...............................................................


WIND (MPH)
  HIGHEST WIND SPEED    31   HIGHEST WIND DIRECTION     W (280)
  HIGHEST GUST SPEED    38   HIGHEST GUST DIRECTION    NW (300)
  AVERAGE WIND SPEED     8.7



WEATHER CONDITIONS
 THE FOLLOWING WEATHER WAS RECORDED YESTERDAY.
  LIGHT RAIN
  LIGHT SNOW
  FOG


RELATIVE HUMIDITY (PERCENT)
 HIGHEST    89
 LOWEST     60
 AVERAGE    75

..........................................................


THE BOZEMAN/GALLATIN FIELD MT CLIMATE NORMALS FOR TODAY
                         NORMAL    RECORD    YEAR
 MAXIMUM TEMPERATURE (F)   33        55      1955
 MINIMUM TEMPERATURE (F)    8       -41      1983


SUNRISE AND SUNSET
DECEMBER 22 2014......SUNRISE   803 AM MST   SUNSET   443 PM MST
DECEMBER 23 2014......SUNRISE   804 AM MST   SUNSET   444 PM MST


-  INDICATES NEGATIVE NUMBERS.
R  INDICATES RECORD WAS SET OR TIED.
MM INDICATES DATA IS MISSING.
T  INDICATES TRACE AMOUNT.




$$
