000
CDUS45 KTFX 290907
CLIBZN


CLIMATE REPORT
NATIONAL WEATHER SERVICE GREAT FALLS MT
305 AM MDT SUN MAR 29 2015


...................................

...THE BOZEMAN/GALLATIN FIELD MT CLIMATE SUMMARY FOR MARCH 28 2015...

CLIMATE NORMAL PERIOD 1981 TO 2010
CLIMATE RECORD PERIOD 1935 TO 2015


WEATHER ITEM   OBSERVED TIME   RECORD YEAR NORMAL DEPARTURE LAST
                VALUE   (LST)  VALUE       VALUE  FROM      YEAR
                                                  NORMAL
..................................................................
TEMPERATURE (F)
 YESTERDAY
  MAXIMUM         68    945 AM  74    1986  54     14       51
  MINIMUM         28   1157 PM -10    1965  27      1       30
  AVERAGE         48                        40      8       41

PRECIPITATION (IN)
  YESTERDAY        T             0.45 1963   0.04  -0.04      T
  MONTH TO DATE    0.30                      0.82  -0.52     1.35
  SINCE OCT 1      2.60                      4.11  -1.51     3.35
  SINCE JAN 1      0.67                      1.73  -1.06     2.30

SNOWFALL (IN)
  YESTERDAY       MM             2.0  1970   0.3   MM         T
  MONTH TO DATE    2.0                       6.9   -4.9      4.1
  SINCE MAR 1      2.0                       6.9   -4.9      4.1
  SINCE JUL 1     32.4                      29.2    3.2     29.1
  SNOW DEPTH       0

DEGREE DAYS
 HEATING
  YESTERDAY       17                        25     -8       24
  MONTH TO DATE  707                       812   -105      890
  SINCE MAR 1    707                       812   -105      890
  SINCE JUL 1   6289                      6392   -103     6905

 COOLING
  YESTERDAY        0                         0      0        0
  MONTH TO DATE    0                         0      0        0
  SINCE MAR 1      0                         0      0        0
  SINCE JAN 1      0                         0      0        0
..................................................................


WIND (MPH)
  HIGHEST WIND SPEED    44   HIGHEST WIND DIRECTION    NW (300)
  HIGHEST GUST SPEED    53   HIGHEST GUST DIRECTION    NW (310)
  AVERAGE WIND SPEED    15.0


SKY COVER
  AVERAGE SKY COVER 0.5


WEATHER CONDITIONS
 THE FOLLOWING WEATHER WAS RECORDED YESTERDAY.
  LIGHT RAIN


RELATIVE HUMIDITY (PERCENT)
 HIGHEST    75
 LOWEST     20
 AVERAGE    48

..........................................................


THE BOZEMAN/GALLATIN FIELD MT CLIMATE NORMALS FOR TODAY
                         NORMAL    RECORD    YEAR
 MAXIMUM TEMPERATURE (F)   54        74      1978
 MINIMUM TEMPERATURE (F)   27       -11      1936


SUNRISE AND SUNSET
MARCH 29 2015.........SUNRISE   711 AM MDT   SUNSET   749 PM MDT
MARCH 30 2015.........SUNRISE   709 AM MDT   SUNSET   750 PM MDT


-  INDICATES NEGATIVE NUMBERS.
R  INDICATES RECORD WAS SET OR TIED.
MM INDICATES DATA IS MISSING.
T  INDICATES TRACE AMOUNT.




$$
