000
CDUS45 KTFX 230945
CLIBZN


CLIMATE REPORT
NATIONAL WEATHER SERVICE GREAT FALLS MT
344 AM MDT SUN APR 23 2017


...................................

...THE BOZEMAN/GALLATIN FIELD MT CLIMATE SUMMARY FOR APRIL 22 2017...

CLIMATE NORMAL PERIOD 1981 TO 2010
CLIMATE RECORD PERIOD 1935 TO 2017


WEATHER ITEM   OBSERVED TIME   RECORD YEAR NORMAL DEPARTURE LAST
                VALUE   (LST)  VALUE       VALUE  FROM      YEAR
                                                  NORMAL
..................................................................
TEMPERATURE (F)
 YESTERDAY
  MAXIMUM         63    348 PM  80    2012  61      2       78
                                      2009
  MINIMUM         31    449 AM  16    2011  32     -1       38
  AVERAGE         47                        47      0       58

PRECIPITATION (IN)
  YESTERDAY        0.00          0.75 1992   0.06  -0.06     0.00
  MONTH TO DATE    1.35                      1.12   0.23     0.34
  SINCE OCT 1      6.53                      5.35   1.18     4.74
  SINCE JAN 1      3.20                      2.97   0.23     1.89

SNOWFALL (IN)
  YESTERDAY        0.0           3.5  1992   0.3   -0.3      0.0
  MONTH TO DATE    2.5                       6.1   -3.6       T
  SINCE MAR 1      4.3                      13.8   -9.5      2.1
  SINCE JUL 1     43.5                      36.1    7.4     25.7
  SNOW DEPTH       0

DEGREE DAYS
 HEATING
  YESTERDAY       18                        18      0        7
  MONTH TO DATE  489                       462     27      383
  SINCE MAR 1   1203                      1346   -143     1208
  SINCE JUL 1   7396                      6926    470     6893

 COOLING
  YESTERDAY        0                         0      0        0
  MONTH TO DATE    0                         0      0        0
  SINCE MAR 1      0                         0      0        0
  SINCE JAN 1      0                         0      0        0
..................................................................


WIND (MPH)
  HIGHEST WIND SPEED    14   HIGHEST WIND DIRECTION    SE (140)
  HIGHEST GUST SPEED    15   HIGHEST GUST DIRECTION    SE (140)
  AVERAGE WIND SPEED     4.7


SKY COVER
  AVERAGE SKY COVER 0.2


WEATHER CONDITIONS
 THE FOLLOWING WEATHER WAS RECORDED YESTERDAY.
  FOG


RELATIVE HUMIDITY (PERCENT)
 HIGHEST    92
 LOWEST     35
 AVERAGE    64

..........................................................


THE BOZEMAN/GALLATIN FIELD MT CLIMATE NORMALS FOR TODAY
                         NORMAL    RECORD    YEAR
 MAXIMUM TEMPERATURE (F)   61        83      2012
 MINIMUM TEMPERATURE (F)   33        14      2013


SUNRISE AND SUNSET
APRIL 23 2017.........SUNRISE   624 AM MDT   SUNSET   822 PM MDT
APRIL 24 2017.........SUNRISE   623 AM MDT   SUNSET   823 PM MDT


-  INDICATES NEGATIVE NUMBERS.
R  INDICATES RECORD WAS SET OR TIED.
MM INDICATES DATA IS MISSING.
T  INDICATES TRACE AMOUNT.




$$
