000
CDUS45 KTFX 261018
CLIBZN


CLIMATE REPORT
NATIONAL WEATHER SERVICE GREAT FALLS MT
418 AM MDT TUE JUL 26 2016


...................................

...THE BOZEMAN/GALLATIN FIELD MT CLIMATE SUMMARY FOR JULY 25 2016...

CLIMATE NORMAL PERIOD 1981 TO 2010
CLIMATE RECORD PERIOD 1935 TO 2016


WEATHER ITEM   OBSERVED TIME   RECORD YEAR NORMAL DEPARTURE LAST
                VALUE   (LST)  VALUE       VALUE  FROM      YEAR
                                                  NORMAL
..................................................................
TEMPERATURE (F)
 YESTERDAY
  MAXIMUM         92    419 PM 100    1945  90      2       87
  MINIMUM         48    510 AM  38    1948  52     -4       50
  AVERAGE         70                        71     -1       69

PRECIPITATION (IN)
  YESTERDAY        0.00          0.34 2005   0.03  -0.03      T
  MONTH TO DATE    1.25                      0.95   0.30     1.21
  SINCE OCT 1     10.17                     11.63  -1.46     9.70
  SINCE JAN 1      7.32                      9.25  -1.93     7.77

SNOWFALL (IN)
  YESTERDAY        0.0           0.0  1999   0.0    0.0      0.0
                                      1994
  MONTH TO DATE    0.0                       0.0    0.0      0.0
  SINCE JUN 1      0.0                       0.0    0.0      0.0
  SINCE JUL 1      0.0                       0.0    0.0      0.0
  SNOW DEPTH       0

DEGREE DAYS
 HEATING
  YESTERDAY        0                         0      0        0
  MONTH TO DATE   42                        27     15        9
  SINCE JUN 1    141                       168    -27       81
  SINCE JUL 1     42                        27     15        9

 COOLING
  YESTERDAY        5                         6     -1        4
  MONTH TO DATE   74                       126    -52       69
  SINCE JUN 1    129                       164    -35      139
  SINCE JAN 1    129                       168    -39      139
..................................................................


WIND (MPH)
  HIGHEST WIND SPEED    17   HIGHEST WIND DIRECTION     N (350)
  HIGHEST GUST SPEED    24   HIGHEST GUST DIRECTION     N (350)
  AVERAGE WIND SPEED     5.9


SKY COVER
  AVERAGE SKY COVER 0.0


WEATHER CONDITIONS
 THE FOLLOWING WEATHER WAS RECORDED YESTERDAY.
  NO SIGNIFICANT WEATHER WAS OBSERVED.


RELATIVE HUMIDITY (PERCENT)
 HIGHEST    80
 LOWEST     16
 AVERAGE    48

..........................................................


THE BOZEMAN/GALLATIN FIELD MT CLIMATE NORMALS FOR TODAY
                         NORMAL    RECORD    YEAR
 MAXIMUM TEMPERATURE (F)   90        99      2008
 MINIMUM TEMPERATURE (F)   52        40      2014
                                             2005
                                             1999


SUNRISE AND SUNSET
JULY 26 2016..........SUNRISE   601 AM MDT   SUNSET   900 PM MDT
JULY 27 2016..........SUNRISE   603 AM MDT   SUNSET   859 PM MDT


-  INDICATES NEGATIVE NUMBERS.
R  INDICATES RECORD WAS SET OR TIED.
MM INDICATES DATA IS MISSING.
T  INDICATES TRACE AMOUNT.




$$
