000
CDUS45 KTFX 312220
CLIBZN


CLIMATE REPORT
NATIONAL WEATHER SERVICE GREAT FALLS MT
419 PM MDT FRI OCT 31 2014


...................................

...THE BOZEMAN/GALLATIN FIELD MT CLIMATE SUMMARY FOR OCTOBER 31 2014...
VALID TODAY AS OF 0400 PM LOCAL TIME.

CLIMATE NORMAL PERIOD 1981 TO 2010
CLIMATE RECORD PERIOD 1935 TO 2014


WEATHER ITEM   OBSERVED TIME   RECORD YEAR NORMAL DEPARTURE LAST
                VALUE   (LST)  VALUE       VALUE  FROM      YEAR
                                                  NORMAL
..................................................................
TEMPERATURE (F)
 TODAY
  MAXIMUM         71R   246 PM  70    2012  54     17       45
  MINIMUM         26    539 AM  -6    2006  26      0       32
  AVERAGE         49                        40      9       39

PRECIPITATION (IN)
  TODAY            0.00          0.63 1974   0.03  -0.03     0.01
  MONTH TO DATE    0.39                      1.10  -0.71     0.36
  SINCE OCT 1      0.39                      1.10  -0.71     0.36
  SINCE JAN 1     14.00                     12.71   1.29    11.13

SNOWFALL (IN)
  TODAY            0.0           6.2  1973   0.1   -0.1      0.0
  MONTH TO DATE    0.0                       1.9   -1.9       T
  SINCE SEP 1      T                         2.2   -2.2       T
  SINCE JUL 1      T                         2.2   -2.2       T
  SNOW DEPTH       0

DEGREE DAYS
 HEATING
  TODAY           16                        25     -9       26
  MONTH TO DATE  546                       592    -46      789
  SINCE SEP 1    851                       830     21      995
  SINCE JUL 1    937                       897     40      998

 COOLING
  TODAY            0                         0      0        0
  MONTH TO DATE    0                         0      0        0
  SINCE SEP 1      5                        22    -17       23
  SINCE JAN 1    187                       368   -181      284
..................................................................


WIND (MPH)
  HIGHEST WIND SPEED    10   HIGHEST WIND DIRECTION    SW (210)
  HIGHEST GUST SPEED    14   HIGHEST GUST DIRECTION    SW (210)
  AVERAGE WIND SPEED     2.9


SKY COVER
  AVERAGE SKY COVER 0.0


WEATHER CONDITIONS
 THE FOLLOWING WEATHER WAS RECORDED TODAY.
  NO SIGNIFICANT WEATHER WAS OBSERVED.


RELATIVE HUMIDITY (PERCENT)
 HIGHEST    92           700 AM
 LOWEST     32           200 PM
 AVERAGE    62

..........................................................


THE BOZEMAN/GALLATIN FIELD MT CLIMATE NORMALS FOR TOMORROW
                         NORMAL    RECORD    YEAR
 MAXIMUM TEMPERATURE (F)   54        71      2008
 MINIMUM TEMPERATURE (F)   26        -8      2002
                                             1991


SUNRISE AND SUNSET
OCTOBER 31 2014.......SUNRISE   803 AM MDT   SUNSET   612 PM MDT
NOVEMBER  1 2014......SUNRISE   805 AM MDT   SUNSET   611 PM MDT


-  INDICATES NEGATIVE NUMBERS.
R  INDICATES RECORD WAS SET OR TIED.
MM INDICATES DATA IS MISSING.
T  INDICATES TRACE AMOUNT.




$$
