000
CDUS45 KTFX 301055
CLIBZN


CLIMATE REPORT
NATIONAL WEATHER SERVICE GREAT FALLS MT
454 AM MDT MON MAY 30 2016


...................................

...THE BOZEMAN/GALLATIN FIELD MT CLIMATE SUMMARY FOR MAY 29 2016...

CLIMATE NORMAL PERIOD 1981 TO 2010
CLIMATE RECORD PERIOD 1935 TO 2016


WEATHER ITEM   OBSERVED TIME   RECORD YEAR NORMAL DEPARTURE LAST
                VALUE   (LST)  VALUE       VALUE  FROM      YEAR
                                                  NORMAL
..................................................................
TEMPERATURE (F)
 YESTERDAY
  MAXIMUM         72    451 PM  91    2003  72      0       70
  MINIMUM         37    521 AM  26    1951  42     -5       47
  AVERAGE         55                        57     -2       59

PRECIPITATION (IN)
  YESTERDAY        0.00          1.05 1938   0.10  -0.10     0.07
  MONTH TO DATE    2.50                      2.25   0.25     3.05
  SINCE OCT 1      7.74                      8.08  -0.34     7.61
  SINCE JAN 1      4.89                      5.70  -0.81     5.68

SNOWFALL (IN)
  YESTERDAY        0.0           6.0  1989   0.0    0.0      0.0
  MONTH TO DATE    T                         2.3   -2.3      0.0
  SINCE MAR 1      2.1                      17.5  -15.4      7.0
  SINCE JUL 1     25.7                      39.8  -14.1     37.4
  SNOW DEPTH       0

DEGREE DAYS
 HEATING
  YESTERDAY       10                         8      2        6
  MONTH TO DATE  412                       340     72      430
  SINCE MAR 1   1786                      1821    -35     1872
  SINCE JUL 1   7471                      7401     70     7454

 COOLING
  YESTERDAY        0                         0      0        0
  MONTH TO DATE    0                         0      0        0
  SINCE MAR 1      0                         0      0        0
  SINCE JAN 1      0                         0      0        0
..................................................................


WIND (MPH)
  HIGHEST WIND SPEED    18   HIGHEST WIND DIRECTION     S (190)
  HIGHEST GUST SPEED    22   HIGHEST GUST DIRECTION     S (190)
  AVERAGE WIND SPEED     4.9


SKY COVER
  AVERAGE SKY COVER 0.2


WEATHER CONDITIONS
 THE FOLLOWING WEATHER WAS RECORDED YESTERDAY.
  NO SIGNIFICANT WEATHER WAS OBSERVED.


RELATIVE HUMIDITY (PERCENT)
 HIGHEST    92
 LOWEST     27
 AVERAGE    60

..........................................................


THE BOZEMAN/GALLATIN FIELD MT CLIMATE NORMALS FOR TODAY
                         NORMAL    RECORD    YEAR
 MAXIMUM TEMPERATURE (F)   72        87      1986
 MINIMUM TEMPERATURE (F)   43        27      1979


SUNRISE AND SUNSET
MAY 30 2016...........SUNRISE   539 AM MDT   SUNSET   906 PM MDT
MAY 31 2016...........SUNRISE   538 AM MDT   SUNSET   907 PM MDT


-  INDICATES NEGATIVE NUMBERS.
R  INDICATES RECORD WAS SET OR TIED.
MM INDICATES DATA IS MISSING.
T  INDICATES TRACE AMOUNT.




$$
