000
CDUS45 KTFX 131047
CLIBZN


CLIMATE REPORT
NATIONAL WEATHER SERVICE GREAT FALLS MT
447 AM MDT SUN JUL 13 2014


...................................

...THE BOZEMAN/GALLATIN FIELD MT CLIMATE SUMMARY FOR JULY 12 2014...

CLIMATE NORMAL PERIOD 1981 TO 2010
CLIMATE RECORD PERIOD 1935 TO 2014


WEATHER ITEM   OBSERVED TIME   RECORD YEAR NORMAL DEPARTURE
                VALUE   (LST)  VALUE       VALUE  FROM
                                                  NORMAL
...............................................................
TEMPERATURE (F)
 YESTERDAY
  MAXIMUM         87    521 PM 102    2002  87      0
  MINIMUM         55    512 AM  37    2008  51      4
  AVERAGE         71                        69      2

PRECIPITATION (IN)
  YESTERDAY        0.21          0.65 1941   0.05   0.16
  MONTH TO DATE    0.27                      0.52  -0.25
  SINCE OCT 1     10.32                     11.20  -0.88
  SINCE JAN 1      9.27                      8.82   0.45

SNOWFALL (IN)
  YESTERDAY        0.0           0.0  1999   0.0    0.0
                                      1994
  MONTH TO DATE    0.0                       0.0    0.0
  SINCE JUN 1      0.0                       0.0    0.0
  SINCE JUL 1      0.0                       0.0    0.0
  SNOW DEPTH       0

DEGREE DAYS
 HEATING
  YESTERDAY        0                               -1
  MONTH TO DATE    6                              -12
  SINCE JUN 1    242                               83
  SINCE JUL 1      6                              -12

 COOLING
  YESTERDAY        6                                1
  MONTH TO DATE   50                                0
  SINCE JUN 1     50                              -38
  SINCE JAN 1     50                              -42
...............................................................


WIND (MPH)
  HIGHEST WIND SPEED    23   HIGHEST WIND DIRECTION    SW (210)
  HIGHEST GUST SPEED    27   HIGHEST GUST DIRECTION     S (190)
  AVERAGE WIND SPEED     5.9



WEATHER CONDITIONS
 THE FOLLOWING WEATHER WAS RECORDED YESTERDAY.
  THUNDERSTORM
  RAIN
  LIGHT RAIN
  FOG


RELATIVE HUMIDITY (PERCENT)
 HIGHEST    93
 LOWEST     49
 AVERAGE    71

..........................................................


THE BOZEMAN/GALLATIN FIELD MT CLIMATE NORMALS FOR TODAY
                         NORMAL    RECORD    YEAR
 MAXIMUM TEMPERATURE (F)   88       100      2002
 MINIMUM TEMPERATURE (F)   51        35      1943
                                             1965


SUNRISE AND SUNSET
JULY 13 2014..........SUNRISE   548 AM MDT   SUNSET   913 PM MDT
JULY 14 2014..........SUNRISE   549 AM MDT   SUNSET   912 PM MDT


-  INDICATES NEGATIVE NUMBERS.
R  INDICATES RECORD WAS SET OR TIED.
MM INDICATES DATA IS MISSING.
T  INDICATES TRACE AMOUNT.




$$
