000
CDUS45 KTFX 202216
CLIBZN


CLIMATE REPORT
NATIONAL WEATHER SERVICE GREAT FALLS MT
415 PM MDT WED AUG 20 2014


...................................

...THE BOZEMAN/GALLATIN FIELD MT CLIMATE SUMMARY FOR AUGUST 20 2014...
VALID TODAY AS OF 0400 PM LOCAL TIME.

CLIMATE NORMAL PERIOD 1981 TO 2010
CLIMATE RECORD PERIOD 1935 TO 2014


WEATHER ITEM   OBSERVED TIME   RECORD YEAR NORMAL DEPARTURE LAST
                VALUE   (LST)  VALUE       VALUE  FROM      YEAR
                                                  NORMAL
..................................................................
TEMPERATURE (F)
 TODAY
  MAXIMUM         80    154 PM  98    1953  87     -7       91
  MINIMUM         50    547 AM  36    1938  49      1       45
  AVERAGE         65                        68     -3       68

PRECIPITATION (IN)
  TODAY            T             0.69 1965   0.03  -0.03     0.00
  MONTH TO DATE    0.59                      0.68  -0.09     0.58
  SINCE OCT 1     11.02                     12.48  -1.46    10.19
  SINCE JAN 1      9.97                     10.10  -0.13     7.88

SNOWFALL (IN)
  TODAY            0.0           0.0  1999   0.0    0.0      0.0
                                      1994
  MONTH TO DATE    0.0                       0.0    0.0      0.0
  SINCE JUN 1      0.0                       0.0    0.0      0.0
  SINCE JUL 1      0.0                       0.0    0.0      0.0
  SNOW DEPTH       0

DEGREE DAYS
 HEATING
  TODAY            0                         1     -1        0
  MONTH TO DATE    2                        14    -12        1
  SINCE JUN 1    251                       183     68      170
  SINCE JUL 1     15                        42    -27        3

 COOLING
  TODAY            0                         4     -4        3
  MONTH TO DATE   59                       106    -47       57
  SINCE JUN 1    182                       310   -128      219
  SINCE JAN 1    182                       314   -132      221
..................................................................


WIND (MPH)
  HIGHEST WIND SPEED    30   HIGHEST WIND DIRECTION     W (280)
  HIGHEST GUST SPEED    46   HIGHEST GUST DIRECTION     W (280)
  AVERAGE WIND SPEED     4.4


SKY COVER
  AVERAGE SKY COVER 0.1


WEATHER CONDITIONS
 THE FOLLOWING WEATHER WAS RECORDED TODAY.
  LIGHT RAIN


RELATIVE HUMIDITY (PERCENT)
 HIGHEST    86           500 AM
 LOWEST     29           100 PM
 AVERAGE    58

..........................................................


THE BOZEMAN/GALLATIN FIELD MT CLIMATE NORMALS FOR TOMORROW
                         NORMAL    RECORD    YEAR
 MAXIMUM TEMPERATURE (F)   86        98      2010
 MINIMUM TEMPERATURE (F)   48        35      1945


SUNRISE AND SUNSET
AUGUST 20 2014........SUNRISE   631 AM MDT   SUNSET   824 PM MDT
AUGUST 21 2014........SUNRISE   632 AM MDT   SUNSET   822 PM MDT


-  INDICATES NEGATIVE NUMBERS.
R  INDICATES RECORD WAS SET OR TIED.
MM INDICATES DATA IS MISSING.
T  INDICATES TRACE AMOUNT.




$$
