000
CDUS42 KCAE 310632
CLICAE


CLIMATE REPORT
NATIONAL WEATHER SERVICE COLUMBIA SC
231 AM EDT TUE MAY 31 2016


...................................

...THE COLUMBIA METRO AIRPORT SC CLIMATE SUMMARY FOR MAY 30 2016...

CLIMATE NORMAL PERIOD 1981 TO 2010
CLIMATE RECORD PERIOD 1887 TO 2016


WEATHER ITEM   OBSERVED TIME   RECORD YEAR NORMAL DEPARTURE LAST
                VALUE   (LST)  VALUE       VALUE  FROM      YEAR
                                                  NORMAL
..................................................................
TEMPERATURE (F)
 YESTERDAY
  MAXIMUM         88    421 PM 101    1898  87      1       90
  MINIMUM         69    616 AM  52    1990  64      5       65
                                      1971
  AVERAGE         79                        76      3       78

PRECIPITATION (IN)
  YESTERDAY        T             2.81 1933   0.11  -0.11     0.00
  MONTH TO DATE    2.61                      2.85  -0.24     1.71
  SINCE MAR 1      7.29                      9.20  -1.91     8.52
  SINCE JAN 1     13.92                     16.39  -2.47    15.88

SNOWFALL (IN)
  YESTERDAY        0.0          MM      MM   0.0             0.0
  MONTH TO DATE    0.0                       0.0             0.0
  SINCE MAR 1      0.0                       0.1             0.0
  SINCE JUL 1      T                         1.5              T

DEGREE DAYS
 HEATING
  YESTERDAY        0                         0      0        0
  MONTH TO DATE    6                        18    -12        6
  SINCE MAR 1    228                       450   -222      274
  SINCE JUL 1   1791                      2549   -758     2463

 COOLING
  YESTERDAY       14                        11      3       13
  MONTH TO DATE  235                       214     21      267
  SINCE MAR 1    418                       305    113      410
  SINCE JAN 1    422                       309    113      410
..................................................................


WIND (MPH)
  HIGHEST WIND SPEED    13   HIGHEST WIND DIRECTION     N (20)
  HIGHEST GUST SPEED    17   HIGHEST GUST DIRECTION     N (340)
  AVERAGE WIND SPEED     6.7


SKY COVER
  AVERAGE SKY COVER 0.7


WEATHER CONDITIONS
 THE FOLLOWING WEATHER WAS RECORDED YESTERDAY.
  LIGHT RAIN


RELATIVE HUMIDITY (PERCENT)
 HIGHEST    87          1000 PM
 LOWEST     51           400 PM
 AVERAGE    69

..........................................................


THE COLUMBIA METRO AIRPORT SC CLIMATE NORMALS FOR TODAY
                         NORMAL    RECORD    YEAR
 MAXIMUM TEMPERATURE (F)   87       101      1953
 MINIMUM TEMPERATURE (F)   64        47      1984


SUNRISE AND SUNSET
MAY 31 2016...........SUNRISE   615 AM EDT   SUNSET   830 PM EDT
JUNE  1 2016..........SUNRISE   614 AM EDT   SUNSET   831 PM EDT


-  INDICATES NEGATIVE NUMBERS.
R  INDICATES RECORD WAS SET OR TIED.
MM INDICATES DATA IS MISSING.
T  INDICATES TRACE AMOUNT.




$$
