000
CDUS42 KCAE 220607
CLICAE


CLIMATE REPORT
NATIONAL WEATHER SERVICE COLUMBIA SC
106 AM EST MON DEC 22 2014


...................................

...THE COLUMBIA METRO AIRPORT SC CLIMATE SUMMARY FOR DECEMBER 21 2014...

CLIMATE NORMAL PERIOD 1981 TO 2010
CLIMATE RECORD PERIOD 1887 TO 2014


WEATHER ITEM   OBSERVED TIME   RECORD YEAR NORMAL DEPARTURE LAST
                VALUE   (LST)  VALUE       VALUE  FROM      YEAR
                                                  NORMAL
..................................................................
TEMPERATURE (F)
 YESTERDAY
  MAXIMUM         56    222 PM  81    2013  57     -1       81
  MINIMUM         44    812 AM  11    1981  34     10       46
  AVERAGE         50                        46      4       64

PRECIPITATION (IN)
  YESTERDAY        0.16          1.62 1947   0.11   0.05     0.00
  MONTH TO DATE    0.36                      2.15  -1.79     3.04
  SINCE DEC 1      0.36                      2.15  -1.79     3.04
  SINCE JAN 1     38.67                     43.52  -4.85    52.63

SNOWFALL (IN)
  YESTERDAY        0.0          MM      MM   0.0             0.0
  MONTH TO DATE    0.0                       0.0             0.0
  SINCE DEC 1      0.0                       0.0             0.0
  SINCE JUL 1      T                         0.0              T

DEGREE DAYS
 HEATING
  YESTERDAY       15                        20     -5        1
  MONTH TO DATE  308                       367    -59      273
  SINCE DEC 1    308                       367    -59      273
  SINCE JUL 1    813                       808      5      720

 COOLING
  YESTERDAY        0                         0      0        0
  MONTH TO DATE    0                         0      0        6
  SINCE DEC 1      0                         0      0        6
  SINCE JAN 1   2535                      2167    368     2178
..................................................................


WIND (MPH)
  HIGHEST WIND SPEED    12   HIGHEST WIND DIRECTION    NE (60)
  HIGHEST GUST SPEED    16   HIGHEST GUST DIRECTION    NE (60)
  AVERAGE WIND SPEED     6.0


SKY COVER
  AVERAGE SKY COVER 1.0


WEATHER CONDITIONS
 THE FOLLOWING WEATHER WAS RECORDED YESTERDAY.
  RAIN
  LIGHT RAIN
  FOG
  HAZE


RELATIVE HUMIDITY (PERCENT)
 HIGHEST    86          1100 PM
 LOWEST     54           100 PM
 AVERAGE    70

..........................................................


THE COLUMBIA METRO AIRPORT SC CLIMATE NORMALS FOR TODAY
                         NORMAL    RECORD    YEAR
 MAXIMUM TEMPERATURE (F)   57        80      2013
 MINIMUM TEMPERATURE (F)   34        15      1976


SUNRISE AND SUNSET
DECEMBER 22 2014......SUNRISE   726 AM EST   SUNSET   520 PM EST
DECEMBER 23 2014......SUNRISE   727 AM EST   SUNSET   520 PM EST


-  INDICATES NEGATIVE NUMBERS.
R  INDICATES RECORD WAS SET OR TIED.
MM INDICATES DATA IS MISSING.
T  INDICATES TRACE AMOUNT.




$$
