000
CDUS42 KCAE 300634
CLICAE


CLIMATE REPORT
NATIONAL WEATHER SERVICE COLUMBIA SC
234 AM EDT TUE AUG 30 2016


...................................

...THE COLUMBIA METRO AIRPORT SC CLIMATE SUMMARY FOR AUGUST 29 2016...

CLIMATE NORMAL PERIOD 1981 TO 2010
CLIMATE RECORD PERIOD 1887 TO 2016


WEATHER ITEM   OBSERVED TIME   RECORD YEAR NORMAL DEPARTURE LAST
                VALUE   (LST)  VALUE       VALUE  FROM      YEAR
                                                  NORMAL
..................................................................
TEMPERATURE (F)
 YESTERDAY
  MAXIMUM         90    107 PM 102    1948  89      1       90
  MINIMUM         74   1159 PM  56    1969  70      4       62
  AVERAGE         82                        79      3       76

PRECIPITATION (IN)
  YESTERDAY        0.29          4.20 1964   0.13   0.16     0.00
  MONTH TO DATE    4.77                      4.98  -0.21     2.63
  SINCE JUN 1      8.95                     15.13  -6.18    12.95
  SINCE JAN 1     22.87                     31.64  -8.77    28.83

SNOWFALL (IN)
  YESTERDAY        0.0          MM      MM   0.0             0.0
  MONTH TO DATE    0.0                       0.0             0.0
  SINCE JUN 1      0.0                       0.0             0.0
  SINCE JUL 1      0.0                       0.0             0.0

DEGREE DAYS
 HEATING
  YESTERDAY        0                         0      0        0
  MONTH TO DATE    0                         0      0        0
  SINCE JUN 1      0                         1     -1        0
  SINCE JUL 1      0                         0      0        0

 COOLING
  YESTERDAY       17                        14      3       11
  MONTH TO DATE  573                       465    108      525
  SINCE JUN 1   1815                      1421    394     1701
  SINCE JAN 1   2254                      1742    512     2122
..................................................................


WIND (MPH)
  HIGHEST WIND SPEED    13   HIGHEST WIND DIRECTION    SE (140)
  HIGHEST GUST SPEED    15   HIGHEST GUST DIRECTION     N (360)
  AVERAGE WIND SPEED     4.3


SKY COVER
  AVERAGE SKY COVER 0.5


WEATHER CONDITIONS
 THE FOLLOWING WEATHER WAS RECORDED YESTERDAY.
  THUNDERSTORM
  HEAVY RAIN
  RAIN
  LIGHT RAIN
  FOG


RELATIVE HUMIDITY (PERCENT)
 HIGHEST    87          1100 PM
 LOWEST     59          1200 PM
 AVERAGE    73

..........................................................


THE COLUMBIA METRO AIRPORT SC CLIMATE NORMALS FOR TODAY
                         NORMAL    RECORD    YEAR
 MAXIMUM TEMPERATURE (F)   89       102      1948
 MINIMUM TEMPERATURE (F)   69        56      1896
                                             1891


SUNRISE AND SUNSET
AUGUST 30 2016........SUNRISE   657 AM EDT   SUNSET   752 PM EDT
AUGUST 31 2016........SUNRISE   658 AM EDT   SUNSET   751 PM EDT


-  INDICATES NEGATIVE NUMBERS.
R  INDICATES RECORD WAS SET OR TIED.
MM INDICATES DATA IS MISSING.
T  INDICATES TRACE AMOUNT.




$$
