000
CDUS42 KCAE 172218
CLICAE


CLIMATE REPORT
NATIONAL WEATHER SERVICE COLUMBIA SC
516 PM EST SAT FEB 17 2018


...................................

...THE COLUMBIA METRO AIRPORT SC CLIMATE SUMMARY FOR FEBRUARY 17 2018...
VALID TODAY AS OF 0500 PM LOCAL TIME.

CLIMATE NORMAL PERIOD 1981 TO 2010
CLIMATE RECORD PERIOD 1887 TO 2018


WEATHER ITEM   OBSERVED TIME   RECORD YEAR NORMAL DEPARTURE LAST
                VALUE   (LST)  VALUE       VALUE  FROM      YEAR
                                                  NORMAL
..................................................................
TEMPERATURE (F)
 TODAY
  MAXIMUM         72    344 PM  81    1976  61     11       75
                                      1927
  MINIMUM         63    934 AM  11    1958  37     26       33
  AVERAGE         68                        49     19       54

PRECIPITATION (IN)
  TODAY            T             1.41 1889   0.13  -0.13     0.00
  MONTH TO DATE    1.24                      2.14  -0.90     1.59
  SINCE DEC 1      6.95                      8.94  -1.99    11.98
  SINCE JAN 1      3.66                      5.72  -2.06     8.63

SNOWFALL (IN)
  TODAY            0.0           0.1  1969   0.0             0.0
  MONTH TO DATE    0.0                       0.3             0.0
  SINCE DEC 1      T                         1.2             0.1
  SINCE JUL 1      T                         1.2             0.1

DEGREE DAYS
 HEATING
  TODAY            0                        16    -16       11
  MONTH TO DATE  167                       300   -133      170
  SINCE DEC 1   1316                      1495   -179      984
  SINCE JUL 1   1694                      1936   -242     1286

 COOLING
  TODAY            3                         0      3        0
  MONTH TO DATE   19                         0     19        5
  SINCE DEC 1     21                         4     17       12
  SINCE JAN 1     21                         1     20        9
..................................................................


WIND (MPH)
  HIGHEST WIND SPEED    15   HIGHEST WIND DIRECTION    SE (140)
  HIGHEST GUST SPEED    19   HIGHEST GUST DIRECTION     E (100)
  AVERAGE WIND SPEED     8.9


SKY COVER
  AVERAGE SKY COVER 1.0


WEATHER CONDITIONS
 THE FOLLOWING WEATHER WAS RECORDED TODAY.
  LIGHT RAIN


RELATIVE HUMIDITY (PERCENT)
 HIGHEST    73           100 AM
 LOWEST     56          1100 AM
 AVERAGE    65

..........................................................


THE COLUMBIA METRO AIRPORT SC CLIMATE NORMALS FOR TOMORROW
                         NORMAL    RECORD    YEAR
 MAXIMUM TEMPERATURE (F)   61        81      1976
 MINIMUM TEMPERATURE (F)   37        12      1958
                                             1900


SUNRISE AND SUNSET
FEBRUARY 17 2018......SUNRISE   707 AM EST   SUNSET   610 PM EST
FEBRUARY 18 2018......SUNRISE   706 AM EST   SUNSET   611 PM EST


-  INDICATES NEGATIVE NUMBERS.
R  INDICATES RECORD WAS SET OR TIED.
MM INDICATES DATA IS MISSING.
T  INDICATES TRACE AMOUNT.




$$
