000
CDUS42 KCAE 012213
CLICAE


CLIMATE REPORT
NATIONAL WEATHER SERVICE COLUMBIA SC
511 PM EST SUN FEB 1 2015


...................................

...THE COLUMBIA METRO AIRPORT SC CLIMATE SUMMARY FOR FEBRUARY 1 2015...
VALID TODAY AS OF 0500 PM LOCAL TIME.

CLIMATE NORMAL PERIOD 1981 TO 2010
CLIMATE RECORD PERIOD 1887 TO 2015


WEATHER ITEM   OBSERVED TIME   RECORD YEAR NORMAL DEPARTURE LAST
                VALUE   (LST)  VALUE       VALUE  FROM      YEAR
                                                  NORMAL
..................................................................
TEMPERATURE (F)
 TODAY
  MAXIMUM         67    231 PM  80    2002  58      9       46
                                      1950
  MINIMUM         38    746 AM  16    1936  35      3       26
                                      1900
  AVERAGE         53                        46      7       36

PRECIPITATION (IN)
  TODAY            0.00          1.45 1999   0.12  -0.12     0.02
                                      1985
  MONTH TO DATE    0.00                      0.12  -0.12     0.02
  SINCE DEC 1      6.50                      6.92  -0.42     9.30
  SINCE JAN 1      2.60                      3.70  -1.10     3.42

SNOWFALL (IN)
  TODAY            0.0          MM      MM   0.0             0.0
  MONTH TO DATE    0.0                       0.0             0.0
  SINCE DEC 1      0.0                       0.9             2.1
  SINCE JUL 1      T                         0.9             2.1

DEGREE DAYS
 HEATING
  TODAY           12                        19     -7       29
  MONTH TO DATE   12                        19     -7       29
  SINCE DEC 1   1090                      1214   -124     1213
  SINCE JUL 1   1595                      1655    -60     1660

 COOLING
  TODAY            0                         0      0        0
  MONTH TO DATE    0                         0      0        0
  SINCE DEC 1      0                         4     -4       14
  SINCE JAN 1      0                         1     -1        0
..................................................................


WIND (MPH)
  HIGHEST WIND SPEED    23   HIGHEST WIND DIRECTION     S (190)
  HIGHEST GUST SPEED    26   HIGHEST GUST DIRECTION     S (170)
  AVERAGE WIND SPEED     4.1


SKY COVER
  AVERAGE SKY COVER 0.9


WEATHER CONDITIONS
 THE FOLLOWING WEATHER WAS RECORDED TODAY.
  NO SIGNIFICANT WEATHER WAS OBSERVED.


RELATIVE HUMIDITY (PERCENT)
 HIGHEST    70           700 AM
 LOWEST     36          1100 AM
 AVERAGE    53

..........................................................


THE COLUMBIA METRO AIRPORT SC CLIMATE NORMALS FOR TOMORROW
                         NORMAL    RECORD    YEAR
 MAXIMUM TEMPERATURE (F)   58        81      1974
 MINIMUM TEMPERATURE (F)   35        14      1980
                                             1917
                                             1898


SUNRISE AND SUNSET
FEBRUARY  1 2015......SUNRISE   722 AM EST   SUNSET   555 PM EST
FEBRUARY  2 2015......SUNRISE   721 AM EST   SUNSET   556 PM EST


-  INDICATES NEGATIVE NUMBERS.
R  INDICATES RECORD WAS SET OR TIED.
MM INDICATES DATA IS MISSING.
T  INDICATES TRACE AMOUNT.




$$
