644
CDUS42 KCAE 300547
CLICAE


CLIMATE REPORT
NATIONAL WEATHER SERVICE COLUMBIA SC
147 AM EDT THU MAR 30 2017


...................................

...THE COLUMBIA METRO AIRPORT SC CLIMATE SUMMARY FOR MARCH 29 2017...

CLIMATE NORMAL PERIOD 1981 TO 2010
CLIMATE RECORD PERIOD 1887 TO 2017


WEATHER ITEM   OBSERVED TIME   RECORD YEAR NORMAL DEPARTURE LAST
                VALUE   (LST)  VALUE       VALUE  FROM      YEAR
                                                  NORMAL
..................................................................
TEMPERATURE (F)
 YESTERDAY
  MAXIMUM         84    450 PM  91    1907  72     12       72
  MINIMUM         52    552 AM  26    1955  46      6       48
  AVERAGE         68                        59      9       60

PRECIPITATION (IN)
  YESTERDAY        0.00          3.22 1991   0.11  -0.11     0.00
  MONTH TO DATE    1.84                      3.50  -1.66     1.86
  SINCE MAR 1      1.84                      3.50  -1.66     1.86
  SINCE JAN 1     10.48                     10.69  -0.21     8.49

SNOWFALL (IN)
  YESTERDAY        0.0          MM      MM   0.0             0.0
  MONTH TO DATE    T                         0.1             0.0
  SINCE MAR 1      T                         0.1             0.0
  SINCE JUL 1      0.1                       1.5              T

DEGREE DAYS
 HEATING
  YESTERDAY        0                         7     -7        5
  MONTH TO DATE  274                       295    -21      140
  SINCE MAR 1    274                       295    -21      140
  SINCE JUL 1   1615                      2394   -779     1703

 COOLING
  YESTERDAY        3                         1      2        0
  MONTH TO DATE   35                        17     18       68
  SINCE MAR 1     35                        17     18       68
  SINCE JAN 1     53                        21     32       72
..................................................................


WIND (MPH)
  HIGHEST WIND SPEED    14   HIGHEST WIND DIRECTION     E (100)
  HIGHEST GUST SPEED    17   HIGHEST GUST DIRECTION     E (110)
  AVERAGE WIND SPEED     4.2


SKY COVER
  AVERAGE SKY COVER 0.2


WEATHER CONDITIONS
 THE FOLLOWING WEATHER WAS RECORDED YESTERDAY.
  NO SIGNIFICANT WEATHER WAS OBSERVED.


RELATIVE HUMIDITY (PERCENT)
 HIGHEST    93           500 AM
 LOWEST     29           400 PM
 AVERAGE    61

..........................................................


THE COLUMBIA METRO AIRPORT SC CLIMATE NORMALS FOR TODAY
                         NORMAL    RECORD    YEAR
 MAXIMUM TEMPERATURE (F)   72        91      1907
 MINIMUM TEMPERATURE (F)   46        26      1955


SUNRISE AND SUNSET
MARCH 30 2017.........SUNRISE   714 AM EDT   SUNSET   744 PM EDT
MARCH 31 2017.........SUNRISE   713 AM EDT   SUNSET   745 PM EDT


-  INDICATES NEGATIVE NUMBERS.
R  INDICATES RECORD WAS SET OR TIED.
MM INDICATES DATA IS MISSING.
T  INDICATES TRACE AMOUNT.




$$
