000
CDUS42 KCAE 202217
CLICAE


CLIMATE REPORT
NATIONAL WEATHER SERVICE COLUMBIA SC
514 PM EST THU NOV 20 2014


...................................

...THE COLUMBIA METRO AIRPORT SC CLIMATE SUMMARY FOR NOVEMBER 20 2014...
VALID TODAY AS OF 0500 PM LOCAL TIME.

CLIMATE NORMAL PERIOD 1981 TO 2010
CLIMATE RECORD PERIOD 1887 TO 2014


WEATHER ITEM   OBSERVED TIME   RECORD YEAR NORMAL DEPARTURE LAST
                VALUE   (LST)  VALUE       VALUE  FROM      YEAR
                                                  NORMAL
..................................................................
TEMPERATURE (F)
 TODAY
  MAXIMUM         63    247 PM  83    1991  66     -3       59
  MINIMUM         26    416 AM  17    1951  41    -15       42
  AVERAGE         45                        54     -9       51

PRECIPITATION (IN)
  TODAY            0.00          1.33 1986   0.09  -0.09     0.00
  MONTH TO DATE    1.22                      1.77  -0.55     1.29
  SINCE SEP 1      7.08                      8.48  -1.40     5.31
  SINCE JAN 1     35.16                     40.40  -5.24    48.82

SNOWFALL (IN)
  TODAY            0.0          MM      MM   0.0             0.0
  MONTH TO DATE    T                         0.0              T
  SINCE SEP 1      T                         0.0              T
  SINCE JUL 1      T                         0.0              T

DEGREE DAYS
 HEATING
  TODAY           20                        12      8       14
  MONTH TO DATE  298                       186    112      204
  SINCE SEP 1    369                       306     63      275
  SINCE JUL 1    369                       306     63      275

 COOLING
  TODAY            0                         0      0        0
  MONTH TO DATE    4                        14    -10       14
  SINCE SEP 1    497                       398     99      479
  SINCE JAN 1   2531                      2166    365     2172
..................................................................


WIND (MPH)
  HIGHEST WIND SPEED    22   HIGHEST WIND DIRECTION     W (250)
  HIGHEST GUST SPEED    30   HIGHEST GUST DIRECTION     W (280)
  AVERAGE WIND SPEED     8.1


SKY COVER
  AVERAGE SKY COVER 0.2


WEATHER CONDITIONS
 THE FOLLOWING WEATHER WAS RECORDED TODAY.
  NO SIGNIFICANT WEATHER WAS OBSERVED.


RELATIVE HUMIDITY (PERCENT)
 HIGHEST    75          1200 AM
 LOWEST     32          1100 AM
 AVERAGE    54

..........................................................


THE COLUMBIA METRO AIRPORT SC CLIMATE NORMALS FOR TOMORROW
                         NORMAL    RECORD    YEAR
 MAXIMUM TEMPERATURE (F)   66        81      2011
                                             1942
 MINIMUM TEMPERATURE (F)   41        19      1951


SUNRISE AND SUNSET
NOVEMBER 20 2014......SUNRISE   702 AM EST   SUNSET   518 PM EST
NOVEMBER 21 2014......SUNRISE   702 AM EST   SUNSET   518 PM EST


-  INDICATES NEGATIVE NUMBERS.
R  INDICATES RECORD WAS SET OR TIED.
MM INDICATES DATA IS MISSING.
T  INDICATES TRACE AMOUNT.




$$
