000
CDUS42 KCAE 240603
CLICAE


CLIMATE REPORT
NATIONAL WEATHER SERVICE COLUMBIA SC
203 AM EDT MON JUL 24 2017


...................................

...THE COLUMBIA METRO AIRPORT SC CLIMATE SUMMARY FOR JULY 23 2017...

CLIMATE NORMAL PERIOD 1981 TO 2010
CLIMATE RECORD PERIOD 1887 TO 2017


WEATHER ITEM   OBSERVED TIME   RECORD YEAR NORMAL DEPARTURE LAST
                VALUE   (LST)  VALUE       VALUE  FROM      YEAR
                                                  NORMAL
..................................................................
TEMPERATURE (F)
 YESTERDAY
  MAXIMUM         97    348 PM 107    1952  93      4      100
  MINIMUM         74   1159 PM  58    2007  72      2       76
  AVERAGE         86                        82      4       88

PRECIPITATION (IN)
  YESTERDAY        0.71          3.43 1997   0.19   0.52      T
  MONTH TO DATE    5.03                      3.90   1.13     1.53
  SINCE JUN 1     10.16                      8.59   1.57     3.92
  SINCE JAN 1     34.44                     25.10   9.34    17.84

SNOWFALL (IN)
  YESTERDAY        0.0          MM      MM   0.0             0.0
  MONTH TO DATE    0.0                       0.0             0.0
  SINCE JUN 1      0.0                       0.0             0.0
  SINCE JUL 1      0.0                       0.0             0.0

DEGREE DAYS
 HEATING
  YESTERDAY        0                         0      0        0
  MONTH TO DATE    0                         0      0        0
  SINCE JUN 1      0                         1     -1        0
  SINCE JUL 1      0                         0      0        0

 COOLING
  YESTERDAY       21                        17      4       23
  MONTH TO DATE  445                       391     54      506
  SINCE JUN 1    895                       815     80     1052
  SINCE JAN 1   1424                      1136    288     1491
..................................................................


WIND (MPH)
  HIGHEST WIND SPEED    22   HIGHEST WIND DIRECTION     S (170)
  HIGHEST GUST SPEED    29   HIGHEST GUST DIRECTION     N (10)
  AVERAGE WIND SPEED     9.0


SKY COVER
  AVERAGE SKY COVER 0.5


WEATHER CONDITIONS
 THE FOLLOWING WEATHER WAS RECORDED YESTERDAY.
  THUNDERSTORM
  HEAVY RAIN
  RAIN
  LIGHT RAIN
  FOG
  HAZE


RELATIVE HUMIDITY (PERCENT)
 HIGHEST    94           700 PM
 LOWEST     48           200 PM
 AVERAGE    71

..........................................................


THE COLUMBIA METRO AIRPORT SC CLIMATE NORMALS FOR TODAY
                         NORMAL    RECORD    YEAR
 MAXIMUM TEMPERATURE (F)   93       107      1952
 MINIMUM TEMPERATURE (F)   72        59      1977


SUNRISE AND SUNSET
JULY 24 2017..........SUNRISE   631 AM EDT   SUNSET   831 PM EDT
JULY 25 2017..........SUNRISE   631 AM EDT   SUNSET   830 PM EDT


-  INDICATES NEGATIVE NUMBERS.
R  INDICATES RECORD WAS SET OR TIED.
MM INDICATES DATA IS MISSING.
T  INDICATES TRACE AMOUNT.




$$
