000
CDUS42 KCAE 020616
CLICAE


CLIMATE REPORT
NATIONAL WEATHER SERVICE COLUMBIA SC
116 AM EST MON MAR 2 2015


...................................

...THE COLUMBIA METRO AIRPORT SC CLIMATE SUMMARY FOR MARCH 1 2015...

CLIMATE NORMAL PERIOD 1981 TO 2010
CLIMATE RECORD PERIOD 1887 TO 2015


WEATHER ITEM   OBSERVED TIME   RECORD YEAR NORMAL DEPARTURE LAST
                VALUE   (LST)  VALUE       VALUE  FROM      YEAR
                                                  NORMAL
..................................................................
TEMPERATURE (F)
 YESTERDAY
  MAXIMUM         43   1159 PM  83    1997  64    -21       63
                                      1976
  MINIMUM         34    843 AM  18    1980  40     -6       39
  AVERAGE         39                        52    -13       51

PRECIPITATION (IN)
  YESTERDAY        0.48          2.28 1913   0.13   0.35     0.00
  MONTH TO DATE    0.48                      0.13   0.35     0.00
  SINCE MAR 1      0.48                      0.13   0.35     0.00
  SINCE JAN 1      7.84                      7.32   0.52     6.32

SNOWFALL (IN)
  YESTERDAY        0.0          MM      MM   0.0             0.0
  MONTH TO DATE    0.0                       0.0             0.0
  SINCE MAR 1      0.0                       0.0             0.0
  SINCE JUL 1      T                         1.4             4.2

DEGREE DAYS
 HEATING
  YESTERDAY       26                        14     12       14
  MONTH TO DATE   26                        14     12       14
  SINCE MAR 1     26                        14     12       14
  SINCE JUL 1   2215                      2113    102     2098

 COOLING
  YESTERDAY        0                         0      0        0
  MONTH TO DATE    0                         0      0        0
  SINCE MAR 1      0                         0      0        0
  SINCE JAN 1      0                         4     -4        7
..................................................................


WIND (MPH)
  HIGHEST WIND SPEED    12   HIGHEST WIND DIRECTION     N (20)
  HIGHEST GUST SPEED    15   HIGHEST GUST DIRECTION     N (20)
  AVERAGE WIND SPEED     5.1


SKY COVER
  AVERAGE SKY COVER 1.0


WEATHER CONDITIONS
 THE FOLLOWING WEATHER WAS RECORDED YESTERDAY.
  HEAVY RAIN
  RAIN
  LIGHT RAIN
  FOG
  HAZE


RELATIVE HUMIDITY (PERCENT)
 HIGHEST   100           900 AM
 LOWEST     76           300 AM
 AVERAGE    88

..........................................................


THE COLUMBIA METRO AIRPORT SC CLIMATE NORMALS FOR TODAY
                         NORMAL    RECORD    YEAR
 MAXIMUM TEMPERATURE (F)   64        86      1951
 MINIMUM TEMPERATURE (F)   40        18      1980


SUNRISE AND SUNSET
MARCH  2 2015.........SUNRISE   652 AM EST   SUNSET   622 PM EST
MARCH  3 2015.........SUNRISE   651 AM EST   SUNSET   622 PM EST


-  INDICATES NEGATIVE NUMBERS.
R  INDICATES RECORD WAS SET OR TIED.
MM INDICATES DATA IS MISSING.
T  INDICATES TRACE AMOUNT.




$$
