000
CDUS42 KCAE 230615
CLICAE


CLIMATE REPORT
NATIONAL WEATHER SERVICE COLUMBIA SC
215 AM EDT TUE SEP 23 2014


...................................

...THE COLUMBIA METRO AIRPORT SC CLIMATE SUMMARY FOR SEPTEMBER 22 2014...

CLIMATE NORMAL PERIOD 1981 TO 2010
CLIMATE RECORD PERIOD 1887 TO 2014


WEATHER ITEM   OBSERVED TIME   RECORD YEAR NORMAL DEPARTURE LAST
                VALUE   (LST)  VALUE       VALUE  FROM      YEAR
                                                  NORMAL
..................................................................
TEMPERATURE (F)
 YESTERDAY
  MAXIMUM         77   1204 PM  96    2010  84     -7       84
                                      1940
  MINIMUM         65   1159 PM  47    1897  62      3       61
  AVERAGE         71                        73     -2       73

PRECIPITATION (IN)
  YESTERDAY        0.06          2.20 1989   0.10  -0.04     0.00
  MONTH TO DATE    2.69                      2.65   0.04     0.90
  SINCE SEP 1      2.69                      2.65   0.04     0.90
  SINCE JAN 1     30.77                     34.57  -3.80    44.41

SNOWFALL (IN)
  YESTERDAY        0.0          MM      MM   0.0             0.0
  MONTH TO DATE    0.0                       0.0             0.0
  SINCE SEP 1      0.0                       0.0             0.0
  SINCE JUL 1      0.0                       0.0             0.0

DEGREE DAYS
 HEATING
  YESTERDAY        0                         0      0        0
  MONTH TO DATE    0                         0      0        0
  SINCE SEP 1      0                         0      0        0
  SINCE JUL 1      0                         0      0        0

 COOLING
  YESTERDAY        6                         8     -2        8
  MONTH TO DATE  316                       245     71      313
  SINCE SEP 1    316                       245     71      313
  SINCE JAN 1   2350                      2013    337     2006
..................................................................


WIND (MPH)
  HIGHEST WIND SPEED    20   HIGHEST WIND DIRECTION     E (70)
  HIGHEST GUST SPEED    25   HIGHEST GUST DIRECTION     E (70)
  AVERAGE WIND SPEED     5.4


SKY COVER
  AVERAGE SKY COVER 0.8


WEATHER CONDITIONS
 THE FOLLOWING WEATHER WAS RECORDED YESTERDAY.
  LIGHT RAIN
  FOG


RELATIVE HUMIDITY (PERCENT)
 HIGHEST    84           500 AM
 LOWEST     43          1100 AM
 AVERAGE    64

..........................................................


THE COLUMBIA METRO AIRPORT SC CLIMATE NORMALS FOR TODAY
                         NORMAL    RECORD    YEAR
 MAXIMUM TEMPERATURE (F)   83        98      1921
 MINIMUM TEMPERATURE (F)   62        43      1999
                                             1983


SUNRISE AND SUNSET
SEPTEMBER 23 2014.....SUNRISE   713 AM EDT   SUNSET   720 PM EDT
SEPTEMBER 24 2014.....SUNRISE   714 AM EDT   SUNSET   718 PM EDT


-  INDICATES NEGATIVE NUMBERS.
R  INDICATES RECORD WAS SET OR TIED.
MM INDICATES DATA IS MISSING.
T  INDICATES TRACE AMOUNT.




$$
