000
CDUS42 KCAE 200628
CLICAE


CLIMATE REPORT
NATIONAL WEATHER SERVICE COLUMBIA SC
228 AM EDT MON OCT 20 2014


...................................

...THE COLUMBIA METRO AIRPORT SC CLIMATE SUMMARY FOR OCTOBER 19 2014...

CLIMATE NORMAL PERIOD 1981 TO 2010
CLIMATE RECORD PERIOD 1887 TO 2014


WEATHER ITEM   OBSERVED TIME   RECORD YEAR NORMAL DEPARTURE LAST
                VALUE   (LST)  VALUE       VALUE  FROM      YEAR
                                                  NORMAL
..................................................................
TEMPERATURE (F)
 YESTERDAY
  MAXIMUM         72    403 PM  90    1984  75     -3       80
                                      1926
  MINIMUM         49   1159 PM  34    1948  51     -2       63
  AVERAGE         61                        63     -2       72

PRECIPITATION (IN)
  YESTERDAY        0.00          2.60 1968   0.11  -0.11     0.01
  MONTH TO DATE    3.04                      2.06   0.98     1.98
  SINCE SEP 1      5.85                      5.60   0.25     4.02
  SINCE JAN 1     33.93                     37.52  -3.59    47.53

SNOWFALL (IN)
  YESTERDAY        0.0          MM      MM   0.0             0.0
  MONTH TO DATE    0.0                       0.0             0.0
  SINCE SEP 1      0.0                       0.0             0.0
  SINCE JUL 1      0.0                       0.0             0.0

DEGREE DAYS
 HEATING
  YESTERDAY        4                         4      0        0
  MONTH TO DATE   20                        47    -27        1
  SINCE SEP 1     24                        55    -31        1
  SINCE JUL 1     24                        55    -31        1

 COOLING
  YESTERDAY        0                         2     -2        7
  MONTH TO DATE  115                        68     47      117
  SINCE SEP 1    477                       367    110      462
  SINCE JAN 1   2511                      2135    376     2155
..................................................................


WIND (MPH)
  HIGHEST WIND SPEED    13   HIGHEST WIND DIRECTION    NE (30)
  HIGHEST GUST SPEED    17   HIGHEST GUST DIRECTION     N (10)
  AVERAGE WIND SPEED     4.0


SKY COVER
  AVERAGE SKY COVER 0.2


WEATHER CONDITIONS
 THE FOLLOWING WEATHER WAS RECORDED YESTERDAY.
  NO SIGNIFICANT WEATHER WAS OBSERVED.


RELATIVE HUMIDITY (PERCENT)
 HIGHEST    86          1159 PM
 LOWEST     37           100 PM
 AVERAGE    62

..........................................................


THE COLUMBIA METRO AIRPORT SC CLIMATE NORMALS FOR TODAY
                         NORMAL    RECORD    YEAR
 MAXIMUM TEMPERATURE (F)   75        89      1984
 MINIMUM TEMPERATURE (F)   50        31      1992
                                             1981


SUNRISE AND SUNSET
OCTOBER 20 2014.......SUNRISE   734 AM EDT   SUNSET   644 PM EDT
OCTOBER 21 2014.......SUNRISE   734 AM EDT   SUNSET   643 PM EDT


-  INDICATES NEGATIVE NUMBERS.
R  INDICATES RECORD WAS SET OR TIED.
MM INDICATES DATA IS MISSING.
T  INDICATES TRACE AMOUNT.




$$
