000
CDUS42 KCAE 060626
CLICAE


CLIMATE REPORT
NATIONAL WEATHER SERVICE COLUMBIA SC
124 AM EST TUE DEC 6 2016


...................................

...THE COLUMBIA METRO AIRPORT SC CLIMATE SUMMARY FOR DECEMBER 5 2016...

CLIMATE NORMAL PERIOD 1981 TO 2010
CLIMATE RECORD PERIOD 1887 TO 2016


WEATHER ITEM   OBSERVED TIME   RECORD YEAR NORMAL DEPARTURE LAST
                VALUE   (LST)  VALUE       VALUE  FROM      YEAR
                                                  NORMAL
..................................................................
TEMPERATURE (F)
 YESTERDAY
  MAXIMUM         59    531 PM  81    1998  61     -2       61
  MINIMUM         45    527 AM  17    1969  37      8       31
  AVERAGE         52                        49      3       46

PRECIPITATION (IN)
  YESTERDAY        0.79          1.42 1984   0.11   0.68     0.00
  MONTH TO DATE    1.11                      0.51   0.60     0.33
  SINCE DEC 1      1.11                      0.51   0.60     0.33
  SINCE JAN 1     37.31                     41.88  -4.57    57.46

SNOWFALL (IN)
  YESTERDAY       MM            MM      MM   0.0             0.0
  MONTH TO DATE    0.0                       0.0             0.0
  SINCE DEC 1      0.0                       0.0             0.0
  SINCE JUL 1      0.0                       0.0             0.0

DEGREE DAYS
 HEATING
  YESTERDAY       13                        16     -3       19
  MONTH TO DATE   74                        78     -4       58
  SINCE DEC 1     74                        78     -4       58
  SINCE JUL 1    376                       519   -143      328

 COOLING
  YESTERDAY        0                         0      0        0
  MONTH TO DATE    0                         0      0        0
  SINCE DEC 1      0                         0      0        0
  SINCE JAN 1   2886                      2167    719     2602
..................................................................


WIND (MPH)
  HIGHEST WIND SPEED    14   HIGHEST WIND DIRECTION     E (70)
  HIGHEST GUST SPEED    17   HIGHEST GUST DIRECTION     E (80)
  AVERAGE WIND SPEED     4.2


SKY COVER
  AVERAGE SKY COVER 0.9


WEATHER CONDITIONS
 THE FOLLOWING WEATHER WAS RECORDED YESTERDAY.
  HEAVY RAIN
  RAIN
  LIGHT RAIN
  FOG


RELATIVE HUMIDITY (PERCENT)
 HIGHEST    86          1200 AM
 LOWEST     67           300 PM
 AVERAGE    77

..........................................................


THE COLUMBIA METRO AIRPORT SC CLIMATE NORMALS FOR TODAY
                         NORMAL    RECORD    YEAR
 MAXIMUM TEMPERATURE (F)   61        82      2013
                                             1998
 MINIMUM TEMPERATURE (F)   37        19      1895


SUNRISE AND SUNSET
DECEMBER  6 2016......SUNRISE   716 AM EST   SUNSET   515 PM EST
DECEMBER  7 2016......SUNRISE   717 AM EST   SUNSET   515 PM EST


-  INDICATES NEGATIVE NUMBERS.
R  INDICATES RECORD WAS SET OR TIED.
MM INDICATES DATA IS MISSING.
T  INDICATES TRACE AMOUNT.




$$
