000
CDUS42 KCAE 300624
CLICAE


CLIMATE REPORT
NATIONAL WEATHER SERVICE COLUMBIA SC
223 AM EDT TUE MAY 30 2017


...................................

...THE COLUMBIA METRO AIRPORT SC CLIMATE SUMMARY FOR MAY 29 2017...

CLIMATE NORMAL PERIOD 1981 TO 2010
CLIMATE RECORD PERIOD 1887 TO 2017


WEATHER ITEM   OBSERVED TIME   RECORD YEAR NORMAL DEPARTURE LAST
                VALUE   (LST)  VALUE       VALUE  FROM      YEAR
                                                  NORMAL
..................................................................
TEMPERATURE (F)
 YESTERDAY
  MAXIMUM         93    314 PM  98    1941  87      6       79
                                      1898
  MINIMUM         67    652 PM  49    1968  64      3       68
  AVERAGE         80                        75      5       74

PRECIPITATION (IN)
  YESTERDAY        0.88          1.88 1893   0.10   0.78     0.41
  MONTH TO DATE    7.15                      2.74   4.41     2.61
  SINCE MAR 1     15.64                      9.09   6.55     7.29
  SINCE JAN 1     24.28                     16.28   8.00    13.92

SNOWFALL (IN)
  YESTERDAY        0.0          MM      MM   0.0             0.0
  MONTH TO DATE    0.0                       0.0             0.0
  SINCE MAR 1      T                         0.1             0.0
  SINCE JUL 1      0.1                       1.5              T

DEGREE DAYS
 HEATING
  YESTERDAY        0                         0      0        0
  MONTH TO DATE   12                        18     -6        6
  SINCE MAR 1    324                       450   -126      228
  SINCE JUL 1   1665                      2549   -884     1791

 COOLING
  YESTERDAY       15                        10      5        9
  MONTH TO DATE  259                       203     56      221
  SINCE MAR 1    485                       294    191      404
  SINCE JAN 1    503                       298    205      408
..................................................................


WIND (MPH)
  HIGHEST WIND SPEED    48   HIGHEST WIND DIRECTION     W (260)
  HIGHEST GUST SPEED    60   HIGHEST GUST DIRECTION     W (250)
  AVERAGE WIND SPEED     4.9


SKY COVER
  AVERAGE SKY COVER 0.3


WEATHER CONDITIONS
 THE FOLLOWING WEATHER WAS RECORDED YESTERDAY.
  THUNDERSTORM
  HEAVY RAIN
  RAIN
  LIGHT RAIN
  FOG


RELATIVE HUMIDITY (PERCENT)
 HIGHEST    90           100 AM
 LOWEST     41           200 PM
 AVERAGE    66

..........................................................


THE COLUMBIA METRO AIRPORT SC CLIMATE NORMALS FOR TODAY
                         NORMAL    RECORD    YEAR
 MAXIMUM TEMPERATURE (F)   87       101      1898
 MINIMUM TEMPERATURE (F)   64        52      1990
                                             1971


SUNRISE AND SUNSET
MAY 30 2017...........SUNRISE   615 AM EDT   SUNSET   829 PM EDT
MAY 31 2017...........SUNRISE   615 AM EDT   SUNSET   830 PM EDT


-  INDICATES NEGATIVE NUMBERS.
R  INDICATES RECORD WAS SET OR TIED.
MM INDICATES DATA IS MISSING.
T  INDICATES TRACE AMOUNT.




$$
