000
CDUS42 KCAE 160610
CLICAE


CLIMATE REPORT
NATIONAL WEATHER SERVICE COLUMBIA SC
109 AM EST MON JAN 16 2017


...................................

...THE COLUMBIA METRO AIRPORT SC CLIMATE SUMMARY FOR JANUARY 15 2017...

CLIMATE NORMAL PERIOD 1981 TO 2010
CLIMATE RECORD PERIOD 1887 TO 2017


WEATHER ITEM   OBSERVED TIME   RECORD YEAR NORMAL DEPARTURE LAST
                VALUE   (LST)  VALUE       VALUE  FROM      YEAR
                                                  NORMAL
..................................................................
TEMPERATURE (F)
 YESTERDAY
  MAXIMUM         80R   318 PM  78    2013  56     24       60
                                      1928
                                      1898
  MINIMUM         45    736 AM  12    1948  34     11       34
  AVERAGE         63                        45     18       47

PRECIPITATION (IN)
  YESTERDAY        0.00          2.14 1966   0.11  -0.11     0.72
  MONTH TO DATE    4.53                      1.70   2.83     0.99
  SINCE DEC 1      7.88                      4.92   2.96     7.44
  SINCE JAN 1      4.53                      1.70   2.83     0.99

SNOWFALL (IN)
  YESTERDAY        0.0          MM      MM   0.0             0.0
  MONTH TO DATE    0.1                       0.4             0.0
  SINCE DEC 1      0.1                       0.5             0.0
  SINCE JUL 1      0.1                       0.5             0.0

DEGREE DAYS
 HEATING
  YESTERDAY        2                        20    -18       18
  MONTH TO DATE  202                       313   -111      295
  SINCE DEC 1    671                       882   -211      495
  SINCE JUL 1    973                      1323   -350      765

 COOLING
  YESTERDAY        0                         0      0        0
  MONTH TO DATE    1                         0      1        0
  SINCE DEC 1      4                         3      1       59
  SINCE JAN 1      1                         0      1        0
..................................................................


WIND (MPH)
  HIGHEST WIND SPEED    14   HIGHEST WIND DIRECTION     W (260)
  HIGHEST GUST SPEED    17   HIGHEST GUST DIRECTION     W (280)
  AVERAGE WIND SPEED     3.7


SKY COVER
  AVERAGE SKY COVER 0.5


WEATHER CONDITIONS
 THE FOLLOWING WEATHER WAS RECORDED YESTERDAY.
  FOG
  HAZE


RELATIVE HUMIDITY (PERCENT)
 HIGHEST    93           100 AM
 LOWEST     37           300 PM
 AVERAGE    65

..........................................................


THE COLUMBIA METRO AIRPORT SC CLIMATE NORMALS FOR TODAY
                         NORMAL    RECORD    YEAR
 MAXIMUM TEMPERATURE (F)   56        79      1950
 MINIMUM TEMPERATURE (F)   34        11      1893


SUNRISE AND SUNSET
JANUARY 16 2017.......SUNRISE   729 AM EST   SUNSET   540 PM EST
JANUARY 17 2017.......SUNRISE   729 AM EST   SUNSET   541 PM EST


-  INDICATES NEGATIVE NUMBERS.
R  INDICATES RECORD WAS SET OR TIED.
MM INDICATES DATA IS MISSING.
T  INDICATES TRACE AMOUNT.




$$
