000
CDUS41 KCLE 282111
CLICAK


CLIMATE REPORT
NATIONAL WEATHER SERVICE CLEVELAND OH
510 PM EDT SUN MAY 28 2017


...................................

...THE AKRON CANTON OH CLIMATE SUMMARY FOR MAY 28 2017...
VALID TODAY AS OF 0500 PM LOCAL TIME.

CLIMATE NORMAL PERIOD 1981 TO 2010
CLIMATE RECORD PERIOD 1887 TO 2017


WEATHER ITEM   OBSERVED TIME   RECORD YEAR NORMAL DEPARTURE LAST
                VALUE   (LST)  VALUE       VALUE  FROM      YEAR
                                                  NORMAL
..................................................................
TEMPERATURE (F)
 TODAY
  MAXIMUM         81    344 PM  93    1911  73      8       87
  MINIMUM         57    537 AM  34    1907  52      5       67
  AVERAGE         69                        62      7       77

PRECIPITATION (IN)
  TODAY            0.00                      0.14  -0.14     0.00
  MONTH TO DATE    7.07                      3.85   3.22     1.97
  SINCE MAR 1     17.18                     10.38   6.80    10.05
  SINCE JAN 1     25.69                     15.30  10.39    14.64

SNOWFALL (IN)
  TODAY            0.0                       0.0    0.0      0.0
  MONTH TO DATE    0.0                       0.1   -0.1       T
  SINCE MAR 1     16.0                      11.0    5.0      7.5
  SINCE JUL 1     37.2                      47.5  -10.3     30.2
  SNOW DEPTH       0

DEGREE DAYS
 HEATING
  TODAY            0                         5     -5        0
  MONTH TO DATE  195                       214    -19      221
  SINCE MAR 1   1273                      1546   -273     1334
  SINCE JUL 1   4873                      6090  -1217     4981

 COOLING
  TODAY            4                         2      2       12
  MONTH TO DATE   32                        29      3       37
  SINCE MAR 1     54                        35     19       37
  SINCE JAN 1     56                        35     21       37
..................................................................


WIND (MPH)
  HIGHEST WIND SPEED    18   HIGHEST WIND DIRECTION    SW (210)
  HIGHEST GUST SPEED    24   HIGHEST GUST DIRECTION    SW (210)


SKY COVER
  POSSIBLE SUNSHINE  MM
  AVERAGE SKY COVER 0.7


WEATHER CONDITIONS
 THE FOLLOWING WEATHER WAS RECORDED TODAY.
  FOG
  HAZE


RELATIVE HUMIDITY (PERCENT)
 HIGHEST    84           600 AM
 LOWEST     58           400 PM
 AVERAGE    71

..........................................................


THE AKRON CANTON OH CLIMATE NORMALS FOR TOMORROW
                         NORMAL    RECORD    YEAR
 MAXIMUM TEMPERATURE (F)   73        93      1991
 MINIMUM TEMPERATURE (F)   53        37      1949


SUNRISE AND SUNSET
MAY 28 2017...........SUNRISE   558 AM EDT   SUNSET   848 PM EDT
MAY 29 2017...........SUNRISE   557 AM EDT   SUNSET   849 PM EDT


-  INDICATES NEGATIVE NUMBERS.
R  INDICATES RECORD WAS SET OR TIED.
MM INDICATES DATA IS MISSING.
T  INDICATES TRACE AMOUNT.




$$
