000
CDUS45 KABQ 210830
CLICAO


CLIMATE REPORT
NATIONAL WEATHER SERVICE ALBUQUERQUE NM
128 AM MST SAT JAN 21 2017


...................................

...THE CLAYTON  NM CLIMATE SUMMARY FOR JANUARY 20 2017...

CLIMATE NORMAL PERIOD 1981 TO 2010
CLIMATE RECORD PERIOD 1896 TO 2017


WEATHER ITEM   OBSERVED TIME   RECORD YEAR NORMAL DEPARTURE
                VALUE   (LST)  VALUE       VALUE  FROM
                                                  NORMAL
...............................................................
TEMPERATURE (F)
 YESTERDAY
  MAXIMUM         54    159 PM  75    1986  49      5
  MINIMUM         26    619 AM  -6    1984  22      4
  AVERAGE         40                        36      4

PRECIPITATION (IN)
  YESTERDAY        T             0.54 1945   0.01  -0.01
  MONTH TO DATE    1.03                      0.17   0.86
  SINCE DEC 1      1.24                      0.53   0.71
  SINCE JAN 1      1.03                      0.17   0.86

SNOWFALL (IN)
  YESTERDAY        0.0
  MONTH TO DATE    6.3
  SINCE DEC 1      8.9
  SINCE JUL 1      8.9

DEGREE DAYS
 HEATING
  YESTERDAY       25                        29     -4
  MONTH TO DATE  606                       595     11
  SINCE DEC 1   1516                      1531    -15
  SINCE JUL 1   2184                      2583   -399

 COOLING
  YESTERDAY        0                         0      0
  MONTH TO DATE    0                         0      0
  SINCE DEC 1      0                         0      0
  SINCE JAN 1      0                         0      0
...............................................................


WIND (MPH)
  HIGHEST WIND SPEED    32   HIGHEST WIND DIRECTION     W (250)
  HIGHEST GUST SPEED    43   HIGHEST GUST DIRECTION     W (260)
  AVERAGE WIND SPEED    15.1


SKY COVER
  AVERAGE SKY COVER 0.2


WEATHER CONDITIONS
 THE FOLLOWING WEATHER WAS RECORDED YESTERDAY.
  LIGHT RAIN


RELATIVE HUMIDITY (PERCENT)
 HIGHEST   100          1200 AM
 LOWEST     26           200 PM
 AVERAGE    63

..........................................................


THE CLAYTON  NM CLIMATE NORMALS FOR TODAY
                         NORMAL    RECORD    YEAR
 MAXIMUM TEMPERATURE (F)   49        75      2009
                                             1950
 MINIMUM TEMPERATURE (F)   22        -8      1966


SUNRISE AND SUNSET
JANUARY 21 2017.......SUNRISE   701 AM MST   SUNSET   507 PM MST
JANUARY 22 2017.......SUNRISE   700 AM MST   SUNSET   508 PM MST


-  INDICATES NEGATIVE NUMBERS.
R  INDICATES RECORD WAS SET OR TIED.
MM INDICATES DATA IS MISSING.
T  INDICATES TRACE AMOUNT.

$$
