000
CDUS45 KABQ 280841
CLICAO


CLIMATE REPORT
NATIONAL WEATHER SERVICE ALBUQUERQUE NM
240 AM MDT THU MAY 28 2015


...................................

...THE CLAYTON  NM CLIMATE SUMMARY FOR MAY 27 2015...

CLIMATE NORMAL PERIOD 1981 TO 2010
CLIMATE RECORD PERIOD 1896 TO 2015


WEATHER ITEM   OBSERVED TIME   RECORD YEAR NORMAL DEPARTURE
                VALUE   (LST)  VALUE       VALUE  FROM
                                                  NORMAL
...............................................................
TEMPERATURE (F)
 YESTERDAY
  MAXIMUM         81    344 PM  99    1896  79      2
  MINIMUM         49    456 AM  32    1917  51     -2
  AVERAGE         65                        65      0

PRECIPITATION (IN)
  YESTERDAY        0.00          1.32 1926   0.08  -0.08
  MONTH TO DATE    5.97                      1.62   4.35
  SINCE MAR 1      7.67                      3.51   4.16
  SINCE JAN 1     10.69                      4.13   6.56

SNOWFALL (IN)
  YESTERDAY        0.0
  MONTH TO DATE    0.0
  SINCE MAR 1      0.9
  SINCE JUL 1     26.1

DEGREE DAYS
 HEATING
  YESTERDAY        0                         3     -3
  MONTH TO DATE  198                       145     53
  SINCE MAR 1   1017                      1174   -157
  SINCE JUL 1   4460                      4851   -391

 COOLING
  YESTERDAY        0                         2     -2
  MONTH TO DATE    3                        35    -32
  SINCE MAR 1      3                        41    -38
  SINCE JAN 1      3                        41    -38
...............................................................


WIND (MPH)
  HIGHEST WIND SPEED    24   HIGHEST WIND DIRECTION     S (180)
  HIGHEST GUST SPEED    30   HIGHEST GUST DIRECTION     S (180)
  AVERAGE WIND SPEED     9.5


SKY COVER
  AVERAGE SKY COVER 0.0


WEATHER CONDITIONS
 THE FOLLOWING WEATHER WAS RECORDED YESTERDAY.
  NO SIGNIFICANT WEATHER WAS OBSERVED.


RELATIVE HUMIDITY (PERCENT)
 HIGHEST    93          1100 PM
 LOWEST     28           200 PM
 AVERAGE    61

..........................................................


THE CLAYTON  NM CLIMATE NORMALS FOR TODAY
                         NORMAL    RECORD    YEAR
 MAXIMUM TEMPERATURE (F)   79        95      1974
                                             1938
                                             1934
 MINIMUM TEMPERATURE (F)   51        34      1947


SUNRISE AND SUNSET
MAY 28 2015...........SUNRISE   538 AM MDT   SUNSET   802 PM MDT
MAY 29 2015...........SUNRISE   537 AM MDT   SUNSET   803 PM MDT


-  INDICATES NEGATIVE NUMBERS.
R  INDICATES RECORD WAS SET OR TIED.
MM INDICATES DATA IS MISSING.
T  INDICATES TRACE AMOUNT.

$$
