000
CDUS45 KABQ 160829
CLICAO


CLIMATE REPORT
NATIONAL WEATHER SERVICE ALBUQUERQUE NM
228 AM MDT WED APR 16 2014


...................................

...THE CLAYTON  NM CLIMATE SUMMARY FOR APRIL 15 2014...

CLIMATE NORMAL PERIOD 1981 TO 2010
CLIMATE RECORD PERIOD 1896 TO 2014


WEATHER ITEM   OBSERVED TIME   RECORD YEAR NORMAL DEPARTURE
                VALUE   (LST)  VALUE       VALUE  FROM
                                                  NORMAL
...............................................................
TEMPERATURE (F)
 YESTERDAY
  MAXIMUM         66    342 PM  88    1925  67     -1
  MINIMUM         26    518 AM  18    1945  37    -11
  AVERAGE         46                        52     -6

PRECIPITATION (IN)
  YESTERDAY        0.00          0.60 1977   0.02  -0.02
                                      1915
  MONTH TO DATE    0.26                      0.39  -0.13
  SINCE MAR 1      0.28                      1.34  -1.06
  SINCE JAN 1      0.46                      1.96  -1.50

SNOWFALL (IN)
  YESTERDAY        0.0
  MONTH TO DATE    1.5
  SINCE MAR 1      1.6
  SINCE JUL 1      9.8

DEGREE DAYS
 HEATING
  YESTERDAY       19                        13      6
  MONTH TO DATE  226                       224      2
  SINCE MAR 1    840                       868    -28
  SINCE JUL 1   4539                      4545     -6

 COOLING
  YESTERDAY        0                         0      0
  MONTH TO DATE    3                         0      3
  SINCE MAR 1      3                         1      2
  SINCE JAN 1      3                         1      2
...............................................................


WIND (MPH)
  HIGHEST WIND SPEED    26   HIGHEST WIND DIRECTION     S (190)
  HIGHEST GUST SPEED    33   HIGHEST GUST DIRECTION     S (200)
  AVERAGE WIND SPEED    16.5


SKY COVER
  AVERAGE SKY COVER 0.0


WEATHER CONDITIONS
 THE FOLLOWING WEATHER WAS RECORDED YESTERDAY.
  NO SIGNIFICANT WEATHER WAS OBSERVED.


RELATIVE HUMIDITY (PERCENT)
 HIGHEST    69           600 AM
 LOWEST     15           400 PM
 AVERAGE    42

..........................................................


THE CLAYTON  NM CLIMATE NORMALS FOR TODAY
                         NORMAL    RECORD    YEAR
 MAXIMUM TEMPERATURE (F)   67        86      1937
                                             1913
 MINIMUM TEMPERATURE (F)   38        20      1951


SUNRISE AND SUNSET
APRIL 16 2014.........SUNRISE   618 AM MDT   SUNSET   728 PM MDT
APRIL 17 2014.........SUNRISE   616 AM MDT   SUNSET   729 PM MDT


-  INDICATES NEGATIVE NUMBERS.
R  INDICATES RECORD WAS SET OR TIED.
MM INDICATES DATA IS MISSING.
T  INDICATES TRACE AMOUNT.




$$
