000
CDUS45 KABQ 010830
CLICAO


CLIMATE REPORT
NATIONAL WEATHER SERVICE ALBUQUERQUE NM
226 AM MDT SAT AUG 1 2015


...................................

...THE CLAYTON  NM CLIMATE SUMMARY FOR JULY 31 2015...

CLIMATE NORMAL PERIOD 1981 TO 2010
CLIMATE RECORD PERIOD 1896 TO 2015


WEATHER ITEM   OBSERVED TIME   RECORD YEAR NORMAL DEPARTURE
                VALUE   (LST)  VALUE       VALUE  FROM
                                                  NORMAL
...............................................................
TEMPERATURE (F)
 YESTERDAY
  MAXIMUM         83    207 PM 101    1923  88     -5
  MINIMUM         64    153 AM  47    1925  61      3
  AVERAGE         74                        74      0

PRECIPITATION (IN)
  YESTERDAY        0.04          1.73 1999   0.10  -0.06
  MONTH TO DATE    7.24                      2.66   4.58
  SINCE JUN 1      8.80                      4.79   4.01
  SINCE JAN 1     20.33                      9.26  11.07

SNOWFALL (IN)
  YESTERDAY        0.0
  MONTH TO DATE    0.0
  SINCE JUN 1      0.0
  SINCE JUL 1      0.0

DEGREE DAYS
 HEATING
  YESTERDAY        0                         0      0
  MONTH TO DATE    0                         0      0
  SINCE JUN 1      2                        25    -23
  SINCE JUL 1      0                         2     -2

 COOLING
  YESTERDAY        9                         9      0
  MONTH TO DATE  340                       303     37
  SINCE JUN 1    585                       486     99
  SINCE JAN 1    590                       537     53
...............................................................


WIND (MPH)
  HIGHEST WIND SPEED    22   HIGHEST WIND DIRECTION    SW (220)
  HIGHEST GUST SPEED    28   HIGHEST GUST DIRECTION    SW (210)
  AVERAGE WIND SPEED     8.1


SKY COVER
  AVERAGE SKY COVER 0.5


WEATHER CONDITIONS
 THE FOLLOWING WEATHER WAS RECORDED YESTERDAY.
  THUNDERSTORM
  RAIN
  LIGHT RAIN
  FOG


RELATIVE HUMIDITY (PERCENT)
 HIGHEST    93           400 AM
 LOWEST     45           300 PM
 AVERAGE    69

..........................................................


THE CLAYTON  NM CLIMATE NORMALS FOR TODAY
                         NORMAL    RECORD    YEAR
 MAXIMUM TEMPERATURE (F)   88       101      1944
 MINIMUM TEMPERATURE (F)   61        50      1971


SUNRISE AND SUNSET
AUGUST  1 2015........SUNRISE   559 AM MDT   SUNSET   759 PM MDT
AUGUST  2 2015........SUNRISE   600 AM MDT   SUNSET   758 PM MDT


-  INDICATES NEGATIVE NUMBERS.
R  INDICATES RECORD WAS SET OR TIED.
MM INDICATES DATA IS MISSING.
T  INDICATES TRACE AMOUNT.

$$
