000
CDUS45 KABQ 160830
CLICAO


CLIMATE REPORT
NATIONAL WEATHER SERVICE ALBUQUERQUE NM
127 AM MST SAT DEC 16 2017


...................................

...THE CLAYTON  NM CLIMATE SUMMARY FOR DECEMBER 15 2017...

CLIMATE NORMAL PERIOD 1981 TO 2010
CLIMATE RECORD PERIOD 1896 TO 2017


WEATHER ITEM   OBSERVED TIME   RECORD YEAR NORMAL DEPARTURE
                VALUE   (LST)  VALUE       VALUE  FROM
                                                  NORMAL
...............................................................
TEMPERATURE (F)
 YESTERDAY
  MAXIMUM         56    230 PM  76    1929  47      9
  MINIMUM         19    152 AM   2    1945  21     -2
  AVERAGE         38                        34      4

PRECIPITATION (IN)
  YESTERDAY        0.00          0.32 1932   0.01  -0.01
  MONTH TO DATE    T                         0.17  -0.17
  SINCE DEC 1      T                         0.17  -0.17
  SINCE JAN 1     20.41                     15.60   4.81

SNOWFALL (IN)
  YESTERDAY        0.0
  MONTH TO DATE    T
  SINCE DEC 1      T
  SINCE JUL 1      0.5

DEGREE DAYS
 HEATING
  YESTERDAY       27                        31     -4
  MONTH TO DATE  365                       445    -80
  SINCE DEC 1    365                       445    -80
  SINCE JUL 1   1250                      1497   -247

 COOLING
  YESTERDAY        0                         0      0
  MONTH TO DATE    0                         0      0
  SINCE DEC 1      0                         0      0
  SINCE JAN 1    827                       909    -82
...............................................................


WIND (MPH)
  HIGHEST WIND SPEED    20   HIGHEST WIND DIRECTION     S (200)
  HIGHEST GUST SPEED    23   HIGHEST GUST DIRECTION     S (200)
  AVERAGE WIND SPEED    13.0


SKY COVER
  AVERAGE SKY COVER 0.0


WEATHER CONDITIONS
 THE FOLLOWING WEATHER WAS RECORDED YESTERDAY.
  NO SIGNIFICANT WEATHER WAS OBSERVED.


RELATIVE HUMIDITY (PERCENT)
 HIGHEST    92           100 AM
 LOWEST     12           100 PM
 AVERAGE    52

..........................................................


THE CLAYTON  NM CLIMATE NORMALS FOR TODAY
                         NORMAL    RECORD    YEAR
 MAXIMUM TEMPERATURE (F)   47        75      1929
 MINIMUM TEMPERATURE (F)   21         4      1983


SUNRISE AND SUNSET
DECEMBER 16 2017......SUNRISE   658 AM MST   SUNSET   439 PM MST
DECEMBER 17 2017......SUNRISE   658 AM MST   SUNSET   439 PM MST


-  INDICATES NEGATIVE NUMBERS.
R  INDICATES RECORD WAS SET OR TIED.
MM INDICATES DATA IS MISSING.
T  INDICATES TRACE AMOUNT.




$$
