000
CDUS45 KABQ 210836
CLICAO


CLIMATE REPORT
NATIONAL WEATHER SERVICE ALBUQUERQUE NM
236 AM MDT SAT OCT 21 2017


...................................

...THE CLAYTON  NM CLIMATE SUMMARY FOR OCTOBER 20 2017...

CLIMATE NORMAL PERIOD 1981 TO 2010
CLIMATE RECORD PERIOD 1896 TO 2017


WEATHER ITEM   OBSERVED TIME   RECORD YEAR NORMAL DEPARTURE
                VALUE   (LST)  VALUE       VALUE  FROM
                                                  NORMAL
...............................................................
TEMPERATURE (F)
 YESTERDAY
  MAXIMUM         76    203 PM  89    2007  67      9
  MINIMUM         47    520 AM  20    1916  40      7
  AVERAGE         62                        54      8

PRECIPITATION (IN)
  YESTERDAY        0.00          1.68 1986   0.04  -0.04
  MONTH TO DATE    1.02                      0.77   0.25
  SINCE SEP 1      5.41                      2.44   2.97
  SINCE JAN 1     20.33                     14.64   5.69

SNOWFALL (IN)
  YESTERDAY        0.0
  MONTH TO DATE    T
  SINCE SEP 1      T
  SINCE JUL 1      T

DEGREE DAYS
 HEATING
  YESTERDAY        3                        12     -9
  MONTH TO DATE  135                       180    -45
  SINCE SEP 1    212                       258    -46
  SINCE JUL 1    216                       264    -48

 COOLING
  YESTERDAY        0                         0      0
  MONTH TO DATE    5                         6     -1
  SINCE SEP 1    117                       108      9
  SINCE JAN 1    827                       905    -78
...............................................................


WIND (MPH)
  HIGHEST WIND SPEED    35   HIGHEST WIND DIRECTION    SW (210)
  HIGHEST GUST SPEED    43   HIGHEST GUST DIRECTION     S (200)
  AVERAGE WIND SPEED    16.7


SKY COVER
  AVERAGE SKY COVER 0.0


WEATHER CONDITIONS
 THE FOLLOWING WEATHER WAS RECORDED YESTERDAY.
  NO SIGNIFICANT WEATHER WAS OBSERVED.


RELATIVE HUMIDITY (PERCENT)
 HIGHEST   100           100 AM
 LOWEST     27           100 PM
 AVERAGE    64

..........................................................


THE CLAYTON  NM CLIMATE NORMALS FOR TODAY
                         NORMAL    RECORD    YEAR
 MAXIMUM TEMPERATURE (F)   67        89      1921
 MINIMUM TEMPERATURE (F)   40        24      1996


SUNRISE AND SUNSET
OCTOBER 21 2017.......SUNRISE   706 AM MDT   SUNSET   608 PM MDT
OCTOBER 22 2017.......SUNRISE   706 AM MDT   SUNSET   607 PM MDT


-  INDICATES NEGATIVE NUMBERS.
R  INDICATES RECORD WAS SET OR TIED.
MM INDICATES DATA IS MISSING.
T  INDICATES TRACE AMOUNT.




$$
