000
CDUS45 KABQ 080836
CLICAO


CLIMATE REPORT
NATIONAL WEATHER SERVICE ALBUQUERQUE NM
130 AM MST THU DEC 8 2016


...................................

...THE CLAYTON  NM CLIMATE SUMMARY FOR DECEMBER 7 2016...

CLIMATE NORMAL PERIOD 1981 TO 2010
CLIMATE RECORD PERIOD 1896 TO 2016


WEATHER ITEM   OBSERVED TIME   RECORD YEAR NORMAL DEPARTURE
                VALUE   (LST)  VALUE       VALUE  FROM
                                                  NORMAL
...............................................................
TEMPERATURE (F)
 YESTERDAY
  MAXIMUM         33   1157 AM  76    1987  48    -15
  MINIMUM         14   1159 PM  -5    2005  23     -9
  AVERAGE         24                        35    -11

PRECIPITATION (IN)
  YESTERDAY        0.00          0.24 1960   0.01  -0.01
  MONTH TO DATE    0.01                      0.08  -0.07
  SINCE DEC 1      0.01                      0.08  -0.07
  SINCE JAN 1     19.93                     15.51   4.42

SNOWFALL (IN)
  YESTERDAY        0.0
  MONTH TO DATE    0.1
  SINCE DEC 1      0.1
  SINCE JUL 1      0.1

DEGREE DAYS
 HEATING
  YESTERDAY       41                        30     11
  MONTH TO DATE  225                       202     23
  SINCE DEC 1    225                       202     23
  SINCE JUL 1    893                      1254   -361

 COOLING
  YESTERDAY        0                         0      0
  MONTH TO DATE    0                         0      0
  SINCE DEC 1      0                         0      0
  SINCE JAN 1   1115                       909    206
...............................................................


WIND (MPH)
  HIGHEST WIND SPEED    30   HIGHEST WIND DIRECTION     N (10)
  HIGHEST GUST SPEED    35   HIGHEST GUST DIRECTION     N (10)
  AVERAGE WIND SPEED    16.5


SKY COVER
  AVERAGE SKY COVER 0.3


WEATHER CONDITIONS
 THE FOLLOWING WEATHER WAS RECORDED YESTERDAY.
  NO SIGNIFICANT WEATHER WAS OBSERVED.


RELATIVE HUMIDITY (PERCENT)
 HIGHEST    92           300 AM
 LOWEST     43          1200 PM
 AVERAGE    68

..........................................................


THE CLAYTON  NM CLIMATE NORMALS FOR TODAY
                         NORMAL    RECORD    YEAR
 MAXIMUM TEMPERATURE (F)   48        74      1897
 MINIMUM TEMPERATURE (F)   22        -7      1978


SUNRISE AND SUNSET
DECEMBER  8 2016......SUNRISE   652 AM MST   SUNSET   437 PM MST
DECEMBER  9 2016......SUNRISE   653 AM MST   SUNSET   437 PM MST


-  INDICATES NEGATIVE NUMBERS.
R  INDICATES RECORD WAS SET OR TIED.
MM INDICATES DATA IS MISSING.
T  INDICATES TRACE AMOUNT.

$$
