000
CDUS41 KCAR 250533
CLICAR


CLIMATE REPORT
NATIONAL WEATHER SERVICE CARIBOU, ME
130 AM EDT WED MAY 25 2016


...................................

...THE CARIBOU ME CLIMATE SUMMARY FOR MAY 24 2016...

CLIMATE NORMAL PERIOD 1981 TO 2010
CLIMATE RECORD PERIOD 1939 TO 2016


WEATHER ITEM   OBSERVED TIME   RECORD YEAR NORMAL DEPARTURE LAST
                VALUE   (LST)  VALUE       VALUE  FROM      YEAR
                                                  NORMAL
..................................................................
TEMPERATURE (F)
 YESTERDAY
  MAXIMUM         79    206 PM  94    1977  66     13       72
  MINIMUM         53    418 AM  28    1956  43     10       42
  AVERAGE         66                        54     12       57

PRECIPITATION (IN)
  YESTERDAY        0.00          1.14 1955   0.12  -0.12      T
  MONTH TO DATE    2.16                      2.53  -0.37     1.38
  SINCE MAR 1      9.66                      7.70   1.96     5.38
  SINCE JAN 1     15.13                     12.62   2.51     9.48

SNOWFALL (IN)
  YESTERDAY        0.0           0.0  2002   0.0    0.0      0.0
  MONTH TO DATE    4.8                       0.5    4.3      0.3
  SINCE MAR 1     34.8                      26.2    8.6     33.8
  SINCE JUL 1     94.8                     108.7  -13.9    142.1
  SNOW DEPTH       0

DEGREE DAYS
 HEATING
  YESTERDAY        0                        11    -11        8
  MONTH TO DATE  304                       354    -50      291
  SINCE MAR 1   2434                      2399     35     2538
  SINCE JUL 1   8176                      9120   -944     9279

 COOLING
  YESTERDAY        1                         0      1        0
  MONTH TO DATE    2                         0      2        0
  SINCE MAR 1      2                         0      2        0
  SINCE JAN 1      2                         0      2        0
..................................................................


WIND (MPH)
  HIGHEST WIND SPEED    16   HIGHEST WIND DIRECTION     S (180)
  HIGHEST GUST SPEED    21   HIGHEST GUST DIRECTION     S (180)
  AVERAGE WIND SPEED     6.5


SKY COVER
  POSSIBLE SUNSHINE  MM
  AVERAGE SKY COVER 0.1


WEATHER CONDITIONS
 THE FOLLOWING WEATHER WAS RECORDED YESTERDAY.
  NO SIGNIFICANT WEATHER WAS OBSERVED.


RELATIVE HUMIDITY (PERCENT)
 HIGHEST    89           500 AM
 LOWEST     33          1200 PM
 AVERAGE    61

..........................................................


THE CARIBOU ME CLIMATE NORMALS FOR TODAY
                         NORMAL    RECORD    YEAR
 MAXIMUM TEMPERATURE (F)   66        91      2007
 MINIMUM TEMPERATURE (F)   43        27      1956


SUNRISE AND SUNSET
MAY 25 2016...........SUNRISE   446 AM EDT   SUNSET   812 PM EDT
MAY 26 2016...........SUNRISE   445 AM EDT   SUNSET   813 PM EDT


-  INDICATES NEGATIVE NUMBERS.
R  INDICATES RECORD WAS SET OR TIED.
MM INDICATES DATA IS MISSING.
T  INDICATES TRACE AMOUNT.

----------------------------------------------------------------------------------

THE CARIBOU ME 4-INCH UNDER SOD SOIL TEMP:
MAXIMUM SOIL TEMPERATURE: 66F
MINIMUM SOIL TEMPERATURE: 58F



$$
JAH
