000
CDUS41 KCAR 230528 RRA
CLICAR

CLIMATE REPORT
NATIONAL WEATHER SERVICE CARIBOU, ME
127 AM EDT SAT MAY 23 2015


...................................

...THE CARIBOU ME CLIMATE SUMMARY FOR MAY 22 2015...

CLIMATE NORMAL PERIOD 1981 TO 2010
CLIMATE RECORD PERIOD 1939 TO 2015


WEATHER ITEM   OBSERVED TIME   RECORD YEAR NORMAL DEPARTURE LAST
                VALUE   (LST)  VALUE       VALUE  FROM      YEAR
                                                  NORMAL
..................................................................
TEMPERATURE (F)
 YESTERDAY
  MAXIMUM         62   1108 AM  96    1977  65     -3       65
  MINIMUM         34   1156 PM  31    2007  42     -8       52
  AVERAGE         48                        54     -6       59

PRECIPITATION (IN)
  YESTERDAY        0.01          1.29 1990   0.11  -0.10     0.03
  MONTH TO DATE    1.29                      2.29  -1.00     2.57
  SINCE MAR 1      5.29                      7.46  -2.17    10.38
  SINCE JAN 1      9.39                     12.38  -2.99    16.60

SNOWFALL (IN)
  YESTERDAY        0.0           0.6  1990   0.0    0.0      0.0
  MONTH TO DATE    T                         0.5   -0.5      0.0
  SINCE MAR 1     33.5                      26.2    7.3     51.3
  SINCE JUL 1    141.8                     108.7   33.1    150.7
  SNOW DEPTH       0

DEGREE DAYS
 HEATING
  YESTERDAY       17                        12      5        6
  MONTH TO DATE  262                       332    -70      300
  SINCE MAR 1   2509                      2377    132     2668
  SINCE JUL 1   9250                      9098    152     9322

 COOLING
  YESTERDAY        0                         0      0        0
  MONTH TO DATE    0                         0      0        3
  SINCE MAR 1      0                         0      0        3
  SINCE JAN 1      0                         0      0        3
..................................................................


WIND (MPH)
  HIGHEST WIND SPEED    21   HIGHEST WIND DIRECTION    NW (330)
  HIGHEST GUST SPEED    30   HIGHEST GUST DIRECTION    NW (330)
  AVERAGE WIND SPEED     8.2


SKY COVER
  POSSIBLE SUNSHINE  MM
  AVERAGE SKY COVER 0.7


WEATHER CONDITIONS
 THE FOLLOWING WEATHER WAS RECORDED YESTERDAY.
  LIGHT RAIN


RELATIVE HUMIDITY (PERCENT)
 HIGHEST    75          1000 PM
 LOWEST     53          1100 AM
 AVERAGE    64

..........................................................


THE CARIBOU ME CLIMATE NORMALS FOR TODAY
                         NORMAL    RECORD    YEAR
 MAXIMUM TEMPERATURE (F)   65        95      1977
 MINIMUM TEMPERATURE (F)   43        29      1982


SUNRISE AND SUNSET
MAY 23 2015...........SUNRISE   449 AM EDT   SUNSET   809 PM EDT
MAY 24 2015...........SUNRISE   448 AM EDT   SUNSET   811 PM EDT


-  INDICATES NEGATIVE NUMBERS.
R  INDICATES RECORD WAS SET OR TIED.
MM INDICATES DATA IS MISSING.
T  INDICATES TRACE AMOUNT.

.......................................................................
THE CARIBOU ME 4 INCH SOIL TEMPERATURES FOR MAY 22 2015

MAXIMUM SOIL TEMPERATURE (F): 56 MINIMUM SOIL TEMPERATURE (F): 53


$$
