000
CDUS41 KCAR 311625
CLICAR

CLIMATE REPORT
NATIONAL WEATHER SERVICE CARIBOU, ME
126 AM EDT THU JUL 31 2014


...................................

...THE CARIBOU ME CLIMATE SUMMARY FOR JULY 30 2014...

CLIMATE NORMAL PERIOD 1981 TO 2010
CLIMATE RECORD PERIOD 1939 TO 2014


WEATHER ITEM   OBSERVED TIME   RECORD YEAR NORMAL DEPARTURE LAST
                VALUE   (LST)  VALUE       VALUE  FROM      YEAR
                                                  NORMAL
..................................................................
TEMPERATURE (F)
 YESTERDAY
  MAXIMUM         74    337 PM  90    1988  76     -2       74
                                      1959
  MINIMUM         52    502 AM  40    1952  55     -3       55
  AVERAGE         63                        66     -3       65

PRECIPITATION (IN)
  YESTERDAY        0.03          1.22 1969   0.12  -0.09     0.13
  MONTH TO DATE    7.05                      3.96   3.09     7.27
  SINCE JUN 1      9.66                      7.44   2.22    13.33
  SINCE JAN 1     26.86                     20.86   6.00    27.35

SNOWFALL (IN)
  YESTERDAY        0.0           0.0  2002   0.0    0.0      0.0
                                      2001
  MONTH TO DATE    0.0                       0.0    0.0      0.0
  SINCE JUN 1      0.0                       0.0    0.0      0.0
  SINCE JUL 1      0.0                       0.0    0.0      0.0
  SNOW DEPTH       0

DEGREE DAYS
 HEATING
  YESTERDAY        2                         2      0        0
  MONTH TO DATE   24                        62    -38       28
  SINCE JUN 1    113                       227   -114      206
  SINCE JUL 1     24                        62    -38       28

 COOLING
  YESTERDAY        0                         3     -3        0
  MONTH TO DATE  127                        76     51      119
  SINCE JUN 1    163                       110     53      142
  SINCE JAN 1    166                       115     51      150
..................................................................


WIND (MPH)
  HIGHEST WIND SPEED    12   HIGHEST WIND DIRECTION    SE (150)
  HIGHEST GUST SPEED    14   HIGHEST GUST DIRECTION    SE (150)
  AVERAGE WIND SPEED     2.8


SKY COVER
  POSSIBLE SUNSHINE  MM
  AVERAGE SKY COVER 0.6


WEATHER CONDITIONS
 THE FOLLOWING WEATHER WAS RECORDED YESTERDAY.
  LIGHT RAIN
  FOG


RELATIVE HUMIDITY (PERCENT)
 HIGHEST   100           500 AM
 LOWEST     53           300 PM
 AVERAGE    77

..........................................................


THE CARIBOU ME CLIMATE NORMALS FOR TODAY
                         NORMAL    RECORD    YEAR
 MAXIMUM TEMPERATURE (F)   76        90      1995
 MINIMUM TEMPERATURE (F)   55        41      1978


SUNRISE AND SUNSET
JULY 31 2014..........SUNRISE   511 AM EDT   SUNSET   806 PM EDT
AUGUST  1 2014........SUNRISE   512 AM EDT   SUNSET   804 PM EDT


-  INDICATES NEGATIVE NUMBERS.
R  INDICATES RECORD WAS SET OR TIED.
MM INDICATES DATA IS MISSING.
T  INDICATES TRACE AMOUNT.

THE CARIBOU ME 4 INCH SOIL TEMPERATURE FOR JULY 30 2014

MAXIMUM SOIL TEMPERATURE (F)...73
MINIMUM SOIL TEMPERATURE (F)...68

$$
