000
CDUS41 KCAR 232034
CLICAR


CLIMATE REPORT
NATIONAL WEATHER SERVICE CARIBOU, ME
431 PM EDT SAT JUL 23 2016


...................................

...THE CARIBOU ME CLIMATE SUMMARY FOR JULY 23 2016...
VALID TODAY AS OF 0400 PM LOCAL TIME.

CLIMATE NORMAL PERIOD 1981 TO 2010
CLIMATE RECORD PERIOD 1939 TO 2016


WEATHER ITEM   OBSERVED TIME   RECORD YEAR NORMAL DEPARTURE LAST
                VALUE   (LST)  VALUE       VALUE  FROM      YEAR
                                                  NORMAL
..................................................................
TEMPERATURE (F)
 TODAY
  MAXIMUM         84   1250 PM  95    1952  76      8       70
  MINIMUM         61    420 AM  42    1997  56      5       53
  AVERAGE         73                        66      7       62

PRECIPITATION (IN)
  TODAY            T             1.28 1990   0.13  -0.13     0.08
  MONTH TO DATE    4.41                      3.08   1.33     2.71
  SINCE JUN 1      8.06                      6.56   1.50     6.96
  SINCE JAN 1     23.99                     19.98   4.01    17.81

SNOWFALL (IN)
  TODAY            0.0           0.0  2002   0.0    0.0      0.0
                                      2001
  MONTH TO DATE    0.0                       0.0    0.0      0.0
  SINCE JUN 1      0.0                       0.0    0.0      0.0
  SINCE JUL 1      0.0                       0.0    0.0      0.0
  SNOW DEPTH       0

DEGREE DAYS
 HEATING
  TODAY            0                         2     -2        3
  MONTH TO DATE   48                        48      0       45
  SINCE JUN 1    192                       213    -21      257
  SINCE JUL 1     48                        48      0       45

 COOLING
  TODAY            8                         3      5        0
  MONTH TO DATE   72                        55     17       33
  SINCE JUN 1    117                        89     28       39
  SINCE JAN 1    125                        94     31       60
..................................................................


WIND (MPH)
  HIGHEST WIND SPEED    13   HIGHEST WIND DIRECTION    SW (240)
  HIGHEST GUST SPEED    19   HIGHEST GUST DIRECTION     W (250)
  AVERAGE WIND SPEED     5.5


SKY COVER
  POSSIBLE SUNSHINE  MM
  AVERAGE SKY COVER 0.1


WEATHER CONDITIONS
 THE FOLLOWING WEATHER WAS RECORDED TODAY.
  THUNDERSTORM
  LIGHT RAIN


RELATIVE HUMIDITY (PERCENT)
 HIGHEST    97           400 AM
 LOWEST     51           100 PM
 AVERAGE    74

..........................................................


THE CARIBOU ME CLIMATE NORMALS FOR TOMORROW
                         NORMAL    RECORD    YEAR
 MAXIMUM TEMPERATURE (F)   76        92      1941
 MINIMUM TEMPERATURE (F)   56        45      1997
                                             1964


SUNRISE AND SUNSET
JULY 23 2016..........SUNRISE   502 AM EDT   SUNSET   815 PM EDT
JULY 24 2016..........SUNRISE   503 AM EDT   SUNSET   814 PM EDT


-  INDICATES NEGATIVE NUMBERS.
R  INDICATES RECORD WAS SET OR TIED.
MM INDICATES DATA IS MISSING.
T  INDICATES TRACE AMOUNT.




$$
