000
CDUS41 KCAR 180528
CLICAR


CLIMATE REPORT
NATIONAL WEATHER SERVICE CARIBOU, ME
127 AM EDT FRI APR 18 2014


...................................

...THE CARIBOU ME CLIMATE SUMMARY FOR APRIL 17 2014...

CLIMATE NORMAL PERIOD 1981 TO 2010
CLIMATE RECORD PERIOD 1939 TO 2014


WEATHER ITEM   OBSERVED TIME   RECORD YEAR NORMAL DEPARTURE LAST
                VALUE   (LST)  VALUE       VALUE  FROM      YEAR
                                                  NORMAL
..................................................................
TEMPERATURE (F)
 YESTERDAY
  MAXIMUM         39    459 PM  76    2012  49    -10       48
  MINIMUM         14    507 AM   5    2003  30    -16       30
  AVERAGE         27                        40    -13       39

PRECIPITATION (IN)
  YESTERDAY        0.00          1.35 1954   0.09  -0.09      T
  MONTH TO DATE    2.45                      1.51   0.94     0.97
  SINCE MAR 1      5.89                      4.02   1.87     2.71
  SINCE JAN 1     12.11                      8.94   3.17     8.08

SNOWFALL (IN)
  YESTERDAY        0.0           4.8  1953   0.3   -0.3      0.0
  MONTH TO DATE    5.8                       5.6    0.2      4.3
  SINCE MAR 1     47.9                      23.9   24.0     19.5
  SINCE JUL 1    147.3                     106.4   40.9    106.9
  SNOW DEPTH       3

DEGREE DAYS
 HEATING
  YESTERDAY       38                        26     12       26
  MONTH TO DATE  505                       506     -1      535
  SINCE MAR 1   2045                      1760    285     1620
  SINCE JUL 1   8699                      8481    218     7768

 COOLING
  YESTERDAY        0                         0      0        0
  MONTH TO DATE    0                         0      0        0
  SINCE MAR 1      0                         0      0        0
  SINCE JAN 1      0                         0      0        0
..................................................................


WIND (MPH)
  HIGHEST WIND SPEED    12   HIGHEST WIND DIRECTION    SE (150)
  HIGHEST GUST SPEED    14   HIGHEST GUST DIRECTION    SE (140)
  AVERAGE WIND SPEED     4.6


SKY COVER
  POSSIBLE SUNSHINE  MM
  AVERAGE SKY COVER 0.0


WEATHER CONDITIONS
 THE FOLLOWING WEATHER WAS RECORDED YESTERDAY.
  NO SIGNIFICANT WEATHER WAS OBSERVED.


RELATIVE HUMIDITY (PERCENT)
 HIGHEST    88           500 AM
 LOWEST     32           200 PM
 AVERAGE    60

..........................................................


THE CARIBOU ME CLIMATE NORMALS FOR TODAY
                         NORMAL    RECORD    YEAR
 MAXIMUM TEMPERATURE (F)   49        63      1987
                                             1958
                                             1945
 MINIMUM TEMPERATURE (F)   31         9      2003


SUNRISE AND SUNSET
APRIL 18 2014.........SUNRISE   539 AM EDT   SUNSET   725 PM EDT
APRIL 19 2014.........SUNRISE   537 AM EDT   SUNSET   726 PM EDT


-  INDICATES NEGATIVE NUMBERS.
R  INDICATES RECORD WAS SET OR TIED.
MM INDICATES DATA IS MISSING.
T  INDICATES TRACE AMOUNT.




$$
