000
CDAK48 PACD 230056
CLICDB


CLIMATE REPORT
NATIONAL WEATHER SERVICE ANCHORAGE, AK
456 PM AKDT MON MAY 22 2017


...................................

...THE COLD BAY CLIMATE SUMMARY FOR MAY 22 2017...
VALID TODAY AS OF 0400 PM LOCAL TIME.

CLIMATE NORMAL PERIOD 1981 TO 2010
CLIMATE RECORD PERIOD 1942 TO 2017


WEATHER ITEM   OBSERVED TIME   RECORD YEAR NORMAL DEPARTURE LAST
                VALUE   (LST)  VALUE       VALUE  FROM      YEAR
                                                  NORMAL
..................................................................
TEMPERATURE (F)
 TODAY
  MAXIMUM         50        MM  58    2003  47      3       50
  MINIMUM         39        MM  18    1973  36      3       44
  AVERAGE         45                        42      3       47

PRECIPITATION (IN)
  TODAY            T             0.61 2004   0.09  -0.09     0.04
  MONTH TO DATE    1.34                      1.76  -0.42     1.55
  SINCE MAR 1      2.39                      6.88  -4.49     5.79
  SINCE JAN 1      9.37                     13.02  -3.65    12.27

SNOWFALL (IN)
  TODAY            0.0           1.4  1970   0.0    0.0     MM
  MONTH TO DATE    0.0                       1.2   -1.2      0.0
  SINCE MAR 1      2.9                      20.8  -17.9      0.0
  SINCE JUL 1     39.5                      73.0  -33.5     38.3
  SNOW DEPTH       0

DEGREE DAYS
 HEATING
  TODAY           20                        24     -4       18
  MONTH TO DATE  514                       562    -48      428
  SINCE MAR 1   2569                      2574     -5     2041
  SINCE JUL 1   8129                      8792   -663     7257

 COOLING
  TODAY            0                         0      0        0
  MONTH TO DATE    0                         0      0        0
  SINCE MAR 1      0                         0      0        0
  SINCE JAN 1      0                         0      0        0
..................................................................


WIND (MPH)
  RESULTANT WIND SPEED  21   RESULTANT WIND DIRECTION   W (270)
  HIGHEST WIND SPEED    28   HIGHEST WIND DIRECTION     W (270)
  HIGHEST GUST SPEED    33   HIGHEST GUST DIRECTION     W (270)
  AVERAGE WIND SPEED    21.1



WEATHER CONDITIONS
 THE FOLLOWING WEATHER WAS RECORDED TODAY.
  NO SIGNIFICANT WEATHER WAS OBSERVED.


RELATIVE HUMIDITY (PERCENT)
 HIGHEST    93
 LOWEST     66
 AVERAGE    80

..........................................................


THE COLD BAY CLIMATE NORMALS FOR TOMORROW
                         NORMAL    RECORD    YEAR
 MAXIMUM TEMPERATURE (F)   47        59      1992
 MINIMUM TEMPERATURE (F)   36        27      1966


SUNRISE AND SUNSET
MAY 22 2017...........SUNRISE   630 AM AKDT  SUNSET  1106 PM AKDT
MAY 23 2017...........SUNRISE   628 AM AKDT  SUNSET  1108 PM AKDT


-  INDICATES NEGATIVE NUMBERS.
R  INDICATES RECORD WAS SET OR TIED.
MM INDICATES DATA IS MISSING.
T  INDICATES TRACE AMOUNT.




$$
