924
CDAK48 PAFC 191332
CLICDB

CLIMATE REPORT
NATIONAL WEATHER SERVICE ANCHORAGE, AK
431 AM AKST THU JAN 19 2017


...................................

...THE COLD BAY CLIMATE SUMMARY FOR JANUARY 18 2017...

CLIMATE NORMAL PERIOD 1981 TO 2010
CLIMATE RECORD PERIOD 1942 TO 2017


WEATHER ITEM   OBSERVED TIME   RECORD YEAR NORMAL DEPARTURE LAST
                VALUE   (LST)  VALUE       VALUE  FROM      YEAR
                                                  NORMAL
..................................................................
TEMPERATURE (F)
 YESTERDAY
  MAXIMUM         29   1159 PM  47    1950  33     -4       39
  MINIMUM          2R  1026 AM   2    2017  23    -21       29
                                      2009
  AVERAGE         16                        28    -12       34

PRECIPITATION (IN)
  YESTERDAY        T             0.44 1979   0.09  -0.09     0.03
  MONTH TO DATE    2.28                      1.86   0.42     3.13
  SINCE DEC 1      7.95                      6.32   1.63    10.39
  SINCE JAN 1      2.28                      1.86   0.42     3.13

SNOWFALL (IN)
  YESTERDAY        T             6.3  1979   0.4   -0.4      0.0
  MONTH TO DATE    3.9                       8.1   -4.2      7.1
  SINCE DEC 1     18.9                      20.7   -1.8     31.1
  SINCE JUL 1     20.7                      33.3  -12.6     36.4
  SNOW DEPTH       4

DEGREE DAYS
 HEATING
  YESTERDAY       49                        37     12       31
  MONTH TO DATE  705                       658     47      578
  SINCE DEC 1   1685                      1709    -24     1484
  SINCE JUL 1   4035                      4729   -694     3977

 COOLING
  YESTERDAY        0                         0      0        0
  MONTH TO DATE    0                         0      0        0
  SINCE DEC 1      0                         0      0        0
  SINCE JAN 1      0                         0      0        0
..................................................................


WIND (MPH)
  RESULTANT WIND SPEED   7   RESULTANT WIND DIRECTION  SE (120)
  HIGHEST WIND SPEED    37   HIGHEST WIND DIRECTION    SE (150)
  HIGHEST GUST SPEED    46   HIGHEST GUST DIRECTION    SE (150)
  AVERAGE WIND SPEED    15.0



WEATHER CONDITIONS
 THE FOLLOWING WEATHER WAS RECORDED YESTERDAY.
  LIGHT SNOW


RELATIVE HUMIDITY (PERCENT)
 HIGHEST    83
 LOWEST     56
 AVERAGE    70

..........................................................


THE COLD BAY CLIMATE NORMALS FOR TODAY
                         NORMAL    RECORD    YEAR
 MAXIMUM TEMPERATURE (F)   33        45      2011
 MINIMUM TEMPERATURE (F)   23         2      2009
                                             1980
                                             1947


SUNRISE AND SUNSET
JANUARY 19 2017.......SUNRISE  1002 AM AKST  SUNSET   602 PM AKST
JANUARY 20 2017.......SUNRISE  1001 AM AKST  SUNSET   604 PM AKST

CIVIL TWILIGHT
JANUARY 19 2017         START    920 AM GMT     END    645 PM GMT
JANUARY 20 2017         START    919 AM GMT     END    647 PM GMT



-  INDICATES NEGATIVE NUMBERS.
R  INDICATES RECORD WAS SET OR TIED.
MM INDICATES DATA IS MISSING.
T  INDICATES TRACE AMOUNT.




$$
&&
------------------------------------------------------
AMOUNT OF DAYLIGHT TODAY  (HOUR:MIN)........ 8:00
GAIN/LOSS SINCE YESTERDAY (HOUR:MIN:SEC)....+0:03:12
