000
CDAK48 PACD 291114
CLICDB

CLIMATE REPORT
NATIONAL WEATHER SERVICE COLD BAY, AK
214 AM AKST THU JAN 29 2015

...................................
...THE COLD BAY AP CLIMATE SUMMARY FOR JANUARY 28 2015...

CLIMATE NORMAL PERIOD  1981 TO  2010
CLIMATE RECORD PERIOD  1942 TO  2015

WEATHER ITEM   OBSERVED TIME    RECORD YEAR NORMAL DEPARTURE LAST
               VALUE    (LST)   VALUE       VALUE  FROM      YEAR
                                                   NORMAL
...................................................................
TEMPERATURE
YESTERDAY
 MAXIMUM            36  0411 PM    50  1973     33       3     45
 MINIMUM            33  1159 PM    -7  1989     23      10     36
 AVERAGE            35                          28       7     41

PRECIPITATION
(INCHES)
 YESTERDAY           T           1.31  2002   0.10   -0.10      T
 MONTH TO DATE    1.41                        2.86   -1.45   3.77
 SINCE DEC 1      4.33                        7.32   -2.99   8.08
 SINCE JAN 1      1.41                        2.86   -1.45   3.77

SNOWFALL
(INCHES)
 YESTERDAY           T            9.9  2013    0.4    -0.4    0.0
 MONTH TO DATE     1.5                        12.8   -11.3    3.6
 SINCE DEC 1       3.8                        25.4   -21.6   10.9
 SINCE JUL 1       7.7                        38.0   -30.3   14.5
 SNOW DEPTH (IN)     0                                          0

DEGREE DAYS
 HEATING
  YESTERDAY         30                          37      -7     24
  MONTH TO DATE    934                        1028     -94    766
  SINCE DEC 1     1900                        2079    -179   1596
  SINCE JUL 1     4412                        5105    -693   4112

 COOLING
  YESTERDAY          0                           0       0      0
  MONTH TO DATE      0                           0       0      0
  SINCE DEC 1        0                           0       0      0
  SINCE JAN 1        0                           0       0      0
...................................................................

WIND (MPH)
 HIGHEST WIND SPEED    31     HIGHEST WIND DIRECTION     20
 HIGHEST GUST SPEED    41     HIGHEST GUST DIRECTION     30
 AVERAGE WIND SPEED  22.9


WEATHER CONDITIONS
 THE FOLLOWING WEATHER WAS RECORDED YESTERDAY.
  FOG
  RAIN
  SNOW


...................................................................

THE COLD BAY CLIMATE NORMALS FOR TODAY
                           NORMAL    RECORD   YEAR
 MAXIMUM TEMPERATURE (F)     33        46     2014
 MINIMUM TEMPERATURE (F)     23       -11     2000

SUNRISE AND SUNSET
 JAN 29 2015..........SUNRISE  9:48 AM      SUNSET  6:22 PM
 JAN 30 2015..........SUNRISE  9:47 AM      SUNSET  6:24 PM

-  INDICATES NEGATIVE NUMBERS.
R  INDICATES RECORD HAS BEEN SET OR TIED.
MM INDICATES DATA IS MISSING.
T  INDICATES TRACE OF PRECIPITATION.

&&
-------------------------------------------------------------------

AMOUNT OF DAYLIGHT TODAY  (HOUR:MIN)........8 HOURS 34 MINUTES
GAIN SINCE YESTERDAY (HOUR:MIN:SEC).........+0:03:46

$$
JEG JAN 15
