000
CDAK48 PACD 212316
CLICDB

CLIMATE REPORT
NATIONAL WEATHER SERVICE COLD BAY, AK
216 PM AKST SUN DEC 21 2014

...................................
...THE COLD BAY AP CLIMATE SUMMARY FOR DECEMBER 21 2014...
VALID TODAY AS OF 2:00 PM LOCAL TIME

CLIMATE NORMAL PERIOD  1981 TO  2010
CLIMATE RECORD PERIOD  1942 TO  2014

WEATHER ITEM   OBSERVED TIME    RECORD YEAR NORMAL DEPARTURE LAST
               VALUE    (LST)   VALUE       VALUE  FROM      YEAR
                                                   NORMAL
...................................................................
TEMPERATURE
TODAY
 MAXIMUM            36  0246 AM    46  1945     35       1     44
 MINIMUM            32  0159 PM     3  2006     26       6     29
 AVERAGE            34                          31       3     37

PRECIPITATION
(INCHES)
 TODAY            0.02           1.29  2004   0.13   -0.11   0.09
 MONTH TO DATE    1.64                        3.22   -1.58   3.48
 SINCE DEC 1      1.64                        3.22   -1.58   3.48
 SINCE JAN 1     32.53                       40.43   -7.90  45.60

SNOWFALL
(INCHES)
 TODAY             0.2            7.0  1975    0.4    -0.2    0.5
 MONTH TO DATE     1.9                         8.4    -6.5    7.0
 SINCE DEC 1       1.9                         8.4    -6.5    7.0
 SINCE JUL 1       5.8                        21.0   -15.2   10.6
 SNOW DEPTH (IN)     T                                          T

DEGREE DAYS
 HEATING
  TODAY             31                          34      -3     28
  MONTH TO DATE    661                         699     -38    559
  SINCE DEC 1      661                         699     -38    559
  SINCE JUL 1     3173                        3725    -552   3075

 COOLING
  TODAY              0                           0       0      0
  MONTH TO DATE      0                           0       0      0
  SINCE DEC 1        0                           0       0      0
  SINCE JAN 1        0                           0       0      0
...................................................................

WIND (MPH)
 HIGHEST WIND SPEED    17     HIGHEST WIND DIRECTION    330
 HIGHEST GUST SPEED    21     HIGHEST GUST DIRECTION    330
 AVERAGE WIND SPEED    MM


WEATHER CONDITIONS
 THE FOLLOWING WEATHER WAS RECORDED TODAY.
  FOG
  RAIN
  SNOW


...................................................................

THE COLD BAY CLIMATE NORMALS FOR TOMORROW
                        NORMAL    RECORD   YEAR
 MAXIMUM TEMPERATURE      35        51     1970
 MINIMUM TEMPERATURE      26        -1     2006

SUNRISE AND SUNSET
 DEC 21 2014..........SUNRISE 10:16 AM      SUNSET  5:23 PM
 DEC 22 2014..........SUNRISE 10:17 AM      SUNSET  5:24 PM

-  INDICATES NEGATIVE NUMBERS.
R  INDICATES RECORD HAS BEEN SET OR TIED.
MM INDICATES DATA IS MISSING.
T  INDICATES TRACE OF PRECIPITATION.

&&
-------------------------------------------------------------------

AMOUNT OF DAYLIGHT TODAY  (HOUR:MIN)........7 HOURS 7 MINUTES
LOSS SINCE YESTERDAY (HOUR:MIN:SEC).........-0:00:03

$$
JEG DEC 14
