256
CDAK48 PAFC 091310
CLICDB

CLIMATE REPORT
NATIONAL WEATHER SERVICE ANCHORAGE, AK
408 AM AKST FRI DEC 9 2016


...................................

...THE COLD BAY CLIMATE SUMMARY FOR DECEMBER 8 2016...

CLIMATE NORMAL PERIOD 1981 TO 2010
CLIMATE RECORD PERIOD 1942 TO 2016


WEATHER ITEM   OBSERVED TIME   RECORD YEAR NORMAL DEPARTURE LAST
                VALUE   (LST)  VALUE       VALUE  FROM      YEAR
                                                  NORMAL
..................................................................
TEMPERATURE (F)
 YESTERDAY
  MAXIMUM         26    138 PM  47    2013  37    -11       36
  MINIMUM         15    757 PM   5    1975  28    -13       24
  AVERAGE         21                        32    -11       30

PRECIPITATION (IN)
  YESTERDAY        0.06          1.61 1972   0.16  -0.10     0.06
  MONTH TO DATE    0.80                      1.30  -0.50     1.93
  SINCE DEC 1      0.80                      1.30  -0.50     1.93
  SINCE JAN 1     36.80                     38.51  -1.71    33.34

SNOWFALL (IN)
  YESTERDAY        0.8           3.2  1964   0.5    0.3      0.0
  MONTH TO DATE    4.2                       3.3    0.9      4.2
  SINCE DEC 1      4.2                       3.3    0.9      4.2
  SINCE JUL 1      6.0                      15.9   -9.9      9.5
  SNOW DEPTH       2

DEGREE DAYS
 HEATING
  YESTERDAY       44                        33     11       35
  MONTH TO DATE  286                       261     25      235
  SINCE DEC 1    286                       261     25      235
  SINCE JUL 1   2636                      3281   -645     2728

 COOLING
  YESTERDAY        0                         0      0        0
  MONTH TO DATE    0                         0      0        0
  SINCE DEC 1      0                         0      0        0
  SINCE JAN 1      0                         0      0        0
..................................................................


WIND (MPH)
  RESULTANT WIND SPEED  10   RESULTANT WIND DIRECTION   N (10)
  HIGHEST WIND SPEED    18   HIGHEST WIND DIRECTION     N (20)
  HIGHEST GUST SPEED    22   HIGHEST GUST DIRECTION     N (20)
  AVERAGE WIND SPEED    10.2



WEATHER CONDITIONS
 THE FOLLOWING WEATHER WAS RECORDED YESTERDAY.
  SNOW
  LIGHT SNOW
  FOG


RELATIVE HUMIDITY (PERCENT)
 HIGHEST   100
 LOWEST     81
 AVERAGE    91

..........................................................


THE COLD BAY CLIMATE NORMALS FOR TODAY
                         NORMAL    RECORD    YEAR
 MAXIMUM TEMPERATURE (F)   36        48      2013
 MINIMUM TEMPERATURE (F)   28         4      1975


SUNRISE AND SUNSET
DECEMBER  9 2016......SUNRISE  1006 AM AKST  SUNSET   521 PM AKST
DECEMBER 10 2016......SUNRISE  1007 AM AKST  SUNSET   521 PM AKST

CIVIL TWILIGHT
DECEMBER 9 2016         START    921 AM GMT     END    607 PM GMT
DECEMBER 10 2016        START    922 AM GMT     END    607 PM GMT



-  INDICATES NEGATIVE NUMBERS.
R  INDICATES RECORD WAS SET OR TIED.
MM INDICATES DATA IS MISSING.
T  INDICATES TRACE AMOUNT.




$$
&&
------------------------------------------------------
AMOUNT OF DAYLIGHT TODAY  (HOUR:MIN)........ 7:15
GAIN/LOSS SINCE YESTERDAY (HOUR:MIN:SEC)....-0:01:31

$$
