000
CDAK48 PAFC 230139
CLICDB


CLIMATE REPORT
NATIONAL WEATHER SERVICE ANCHORAGE, AK
438 PM AKST THU FEB 22 2018


...................................

...THE COLD BAY CLIMATE SUMMARY FOR FEBRUARY 22 2018...
VALID TODAY AS OF 0400 PM LOCAL TIME.

CLIMATE NORMAL PERIOD 1981 TO 2010
CLIMATE RECORD PERIOD 1942 TO 2018


WEATHER ITEM   OBSERVED TIME   RECORD YEAR NORMAL DEPARTURE LAST
                VALUE   (LST)  VALUE       VALUE  FROM      YEAR
                                                  NORMAL
..................................................................
TEMPERATURE (F)
 TODAY
  MAXIMUM         41    216 PM  46    2017  34      7       46
                                      1943
  MINIMUM         34    828 AM  -2    1980  25      9       34
  AVERAGE         38                        29      9       40

PRECIPITATION (IN)
  TODAY            0.03          2.22 1943   0.11  -0.08      T
  MONTH TO DATE    2.25                      2.35  -0.10     1.24
  SINCE SEP 1     22.83                     24.44  -1.61    28.74
  SINCE JAN 1      5.27                      5.51  -0.24     6.37

SNOWFALL (IN)
  TODAY            0.0           5.9  1965   0.4   -0.4       T
  MONTH TO DATE    T                        10.2  -10.2      7.3
  SINCE SEP 1     33.9                      49.5  -15.6     36.6
  SINCE JUL 1     33.9                      49.5  -15.6     36.6
  SNOW DEPTH       0

DEGREE DAYS
 HEATING
  TODAY           27                        36     -9       25
  MONTH TO DATE  623                       797   -174      854
  SINCE DEC 1   2643                      2987   -344     3022
  SINCE JUL 1   5366                      6007   -641     5372

 COOLING
  TODAY            0                         0      0        0
  MONTH TO DATE    0                         0      0        0
  SINCE DEC 1      0                         0      0        0
  SINCE JAN 1      0                         0      0        0
..................................................................


WIND (MPH)
  RESULTANT WIND SPEED  13   RESULTANT WIND DIRECTION   W (280)
  HIGHEST WIND SPEED    32   HIGHEST WIND DIRECTION     W (250)
  HIGHEST GUST SPEED    37   HIGHEST GUST DIRECTION     W (260)
  AVERAGE WIND SPEED    16.1



WEATHER CONDITIONS
 THE FOLLOWING WEATHER WAS RECORDED TODAY.
  RAIN
  LIGHT RAIN
  FOG


RELATIVE HUMIDITY (PERCENT)
 HIGHEST   100
 LOWEST     64
 AVERAGE    82

..........................................................


THE COLD BAY CLIMATE NORMALS FOR TOMORROW
                         NORMAL    RECORD    YEAR
 MAXIMUM TEMPERATURE (F)   34        44      2003
 MINIMUM TEMPERATURE (F)   25         3      1971


SUNRISE AND SUNSET
FEBRUARY 22 2018......SUNRISE   857 AM AKST  SUNSET   712 PM AKST
FEBRUARY 23 2018......SUNRISE   855 AM AKST  SUNSET   714 PM AKST


-  INDICATES NEGATIVE NUMBERS.
R  INDICATES RECORD WAS SET OR TIED.
MM INDICATES DATA IS MISSING.
T  INDICATES TRACE AMOUNT.




$$
