000
CDUS45 KSLC 260028
CLICDC


CLIMATE REPORT
NATIONAL WEATHER SERVICE SALT LAKE CITY UT
627 PM MDT FRI JUL 25 2014


...................................

...THE CEDAR CITY UT CLIMATE SUMMARY FOR JULY 25 2014...
VALID TODAY AS OF 0500 PM LOCAL TIME.

CLIMATE NORMAL PERIOD 1981 TO 2010
CLIMATE RECORD PERIOD 1928 TO 2014


WEATHER ITEM   OBSERVED TIME   RECORD YEAR NORMAL DEPARTURE LAST
                VALUE   (LST)  VALUE       VALUE  FROM      YEAR
                                                  NORMAL
..................................................................
TEMPERATURE (F)
 TODAY
  MAXIMUM         94    242 PM 103    1980  90      4       90
  MINIMUM         70    532 AM  51    2001  57     13       57
  AVERAGE         82                        74      8       74

PRECIPITATION (IN)
  TODAY            0.00          0.26 2002   0.03  -0.03      T
  MONTH TO DATE    0.19                      0.60  -0.41     2.69
  SINCE OCT 1      5.56                      9.28  -3.72     9.47
  SINCE JAN 1      3.62                      6.17  -2.55     6.76

DEGREE DAYS
 HEATING
  TODAY            0                         0      0        0
  MONTH TO DATE    0                         0      0        0
  SINCE JUN 1     27                        76    -49       11
  SINCE JUL 1      0                         0      0        0

 COOLING
  TODAY           17                         9      8        9
  MONTH TO DATE  245                       201     44      262
  SINCE JUN 1    345                       294     51      413
  SINCE JAN 1    370                       302     68      415
..................................................................


WIND (MPH)
  RESULTANT WIND SPEED  12   RESULTANT WIND DIRECTION  SW (210)
  HIGHEST WIND SPEED    24   HIGHEST WIND DIRECTION     S (190)
  HIGHEST GUST SPEED    35   HIGHEST GUST DIRECTION    SW (210)
  AVERAGE WIND SPEED    12.8



WEATHER CONDITIONS
 THE FOLLOWING WEATHER WAS RECORDED TODAY.
  THUNDERSTORM


RELATIVE HUMIDITY (PERCENT)
 HIGHEST    41           200 AM
 LOWEST     16           100 PM
 AVERAGE    29

..........................................................


THE CEDAR CITY UT CLIMATE NORMALS FOR TOMORROW
                         NORMAL    RECORD    YEAR
 MAXIMUM TEMPERATURE (F)   90       100      1975
 MINIMUM TEMPERATURE (F)   57        51      1973


SUNRISE AND SUNSET
JULY 25 2014..........SUNRISE   630 AM MDT   SUNSET   847 PM MDT
JULY 26 2014..........SUNRISE   631 AM MDT   SUNSET   846 PM MDT


-  INDICATES NEGATIVE NUMBERS.
R  INDICATES RECORD WAS SET OR TIED.
MM INDICATES DATA IS MISSING.
T  INDICATES TRACE AMOUNT.




$$
