000
CDUS45 KSLC 210028
CLICDC


CLIMATE REPORT
NATIONAL WEATHER SERVICE SALT LAKE CITY UT
628 PM MDT SUN AUG 20 2017


...................................

...THE CEDAR CITY UT CLIMATE SUMMARY FOR AUGUST 20 2017...
VALID TODAY AS OF 0500 PM LOCAL TIME.

CLIMATE NORMAL PERIOD 1981 TO 2010
CLIMATE RECORD PERIOD 1928 TO 2017


WEATHER ITEM   OBSERVED TIME   RECORD YEAR NORMAL DEPARTURE LAST
                VALUE   (LST)  VALUE       VALUE  FROM      YEAR
                                                  NORMAL
..................................................................
TEMPERATURE (F)
 TODAY
  MAXIMUM         89    338 PM  95    2009  87      2       90
  MINIMUM         54    351 AM  45    1980  54      0       51
  AVERAGE         72                        71      1       71

PRECIPITATION (IN)
  TODAY            T             0.45 1975   0.03  -0.03     0.00
  MONTH TO DATE    0.89                      0.77   0.12     0.99
  SINCE OCT 1     10.39                     10.29   0.10    10.32
  SINCE JAN 1      7.56                      7.18   0.38     6.76

DEGREE DAYS
 HEATING
  TODAY            0                         0      0        0
  MONTH TO DATE    0                         0      0        0
  SINCE JUN 1     23                        79    -56        4
  SINCE JUL 1      0                         3     -3        0

 COOLING
  TODAY            7                         6      1        6
  MONTH TO DATE  154                       144     10      180
  SINCE JUN 1    701                       489    212      748
  SINCE JAN 1    706                       497    209      751
..................................................................


WIND (MPH)
  RESULTANT WIND SPEED   4   RESULTANT WIND DIRECTION  SW (210)
  HIGHEST WIND SPEED    17   HIGHEST WIND DIRECTION    SW (220)
  HIGHEST GUST SPEED    24   HIGHEST GUST DIRECTION    SW (210)
  AVERAGE WIND SPEED     7.2



WEATHER CONDITIONS
 THE FOLLOWING WEATHER WAS RECORDED TODAY.
  THUNDERSTORM


RELATIVE HUMIDITY (PERCENT)
 HIGHEST    55           400 AM
 LOWEST     19           200 PM
 AVERAGE    37

..........................................................


THE CEDAR CITY UT CLIMATE NORMALS FOR TOMORROW
                         NORMAL    RECORD    YEAR
 MAXIMUM TEMPERATURE (F)   87        99      2009
 MINIMUM TEMPERATURE (F)   54        41      1964


SUNRISE AND SUNSET
AUGUST 20 2017........SUNRISE   653 AM MDT   SUNSET   818 PM MDT
AUGUST 21 2017........SUNRISE   653 AM MDT   SUNSET   817 PM MDT


-  INDICATES NEGATIVE NUMBERS.
R  INDICATES RECORD WAS SET OR TIED.
MM INDICATES DATA IS MISSING.
T  INDICATES TRACE AMOUNT.




$$
