000
CDUS45 KSLC 241238
CLICDC


CLIMATE REPORT
NATIONAL WEATHER SERVICE SALT LAKE CITY UT
538 AM MST TUE JAN 24 2017


...................................

...THE CEDAR CITY UT CLIMATE SUMMARY FOR JANUARY 23 2017...

CLIMATE NORMAL PERIOD 1981 TO 2010
CLIMATE RECORD PERIOD 1928 TO 2017


WEATHER ITEM   OBSERVED TIME   RECORD YEAR NORMAL DEPARTURE LAST
                VALUE   (LST)  VALUE       VALUE  FROM      YEAR
                                                  NORMAL
..................................................................
TEMPERATURE (F)
 YESTERDAY
  MAXIMUM         37    652 AM  59    1970  42     -5       51
  MINIMUM         22   1159 PM -15    1962  17      5       31
  AVERAGE         30                        30      0       41

PRECIPITATION (IN)
  YESTERDAY        0.35          0.42 1978   0.03   0.32      T
  MONTH TO DATE    1.08                      0.64   0.44     0.11
  SINCE OCT 1      3.91                      3.75   0.16     3.67
  SINCE JAN 1      1.08                      0.64   0.44     0.11

DEGREE DAYS
 HEATING
  YESTERDAY       35                        35      0       24
  MONTH TO DATE  775                       834    -59      835
  SINCE DEC 1   1888                      1954    -66     1998
  SINCE JUL 1   2985                      3396   -411     3230

 COOLING
  YESTERDAY        0                         0      0        0
  MONTH TO DATE    0                         0      0        0
  SINCE DEC 1      0                         0      0        0
  SINCE JAN 1      0                         0      0        0
..................................................................


WIND (MPH)
  RESULTANT WIND SPEED  15   RESULTANT WIND DIRECTION  SW (210)
  HIGHEST WIND SPEED    37   HIGHEST WIND DIRECTION     S (190)
  HIGHEST GUST SPEED    49   HIGHEST GUST DIRECTION     S (190)
  AVERAGE WIND SPEED    17.1



WEATHER CONDITIONS
 THE FOLLOWING WEATHER WAS RECORDED YESTERDAY.
  HEAVY SNOW
  SNOW
  LIGHT SNOW
  FOG
  FOG W/VISIBILITY <= 1/4 MILE


RELATIVE HUMIDITY (PERCENT)
 HIGHEST    96          1100 PM
 LOWEST     69           200 PM
 AVERAGE    83

..........................................................


THE CEDAR CITY UT CLIMATE NORMALS FOR TODAY
                         NORMAL    RECORD    YEAR
 MAXIMUM TEMPERATURE (F)   42        59      1998
 MINIMUM TEMPERATURE (F)   17       -13      1962


SUNRISE AND SUNSET
JANUARY 24 2017.......SUNRISE   742 AM MST   SUNSET   548 PM MST
JANUARY 25 2017.......SUNRISE   741 AM MST   SUNSET   549 PM MST


-  INDICATES NEGATIVE NUMBERS.
R  INDICATES RECORD WAS SET OR TIED.
MM INDICATES DATA IS MISSING.
T  INDICATES TRACE AMOUNT.




$$
