000
CDUS45 KSLC 271241
CLICDC


CLIMATE REPORT
NATIONAL WEATHER SERVICE SALT LAKE CITY UT
641 AM MDT WED AUG 27 2014


...................................

...THE CEDAR CITY UT CLIMATE SUMMARY FOR AUGUST 26 2014...

CLIMATE NORMAL PERIOD 1981 TO 2010
CLIMATE RECORD PERIOD 1928 TO 2014


WEATHER ITEM   OBSERVED TIME   RECORD YEAR NORMAL DEPARTURE LAST
                VALUE   (LST)  VALUE       VALUE  FROM      YEAR
                                                  NORMAL
..................................................................
TEMPERATURE (F)
 YESTERDAY
  MAXIMUM         77   1159 AM  94    2001  86     -9       71
  MINIMUM         53   1141 PM  44    1992  53      0       56
  AVERAGE         65                        69     -4       64

PRECIPITATION (IN)
  YESTERDAY        0.15          0.91 1953   0.03   0.12     0.11
  MONTH TO DATE    1.24                      0.98   0.26     1.72
  SINCE OCT 1      7.05                     10.50  -3.45    13.75
  SINCE JAN 1      5.11                      7.39  -2.28    11.04

DEGREE DAYS
 HEATING
  YESTERDAY        0                         0      0        1
  MONTH TO DATE    3                         0      3        3
  SINCE JUN 1     30                        79    -49       14
  SINCE JUL 1      3                         3      0        3

 COOLING
  YESTERDAY        0                         5     -5        0
  MONTH TO DATE  109                       175    -66      155
  SINCE JUN 1    504                       520    -16      607
  SINCE JAN 1    529                       528      1      609
..................................................................


WIND (MPH)
  RESULTANT WIND SPEED   6   RESULTANT WIND DIRECTION   S (200)
  HIGHEST WIND SPEED    31   HIGHEST WIND DIRECTION    SE (120)
  HIGHEST GUST SPEED    39   HIGHEST GUST DIRECTION     S (160)
  AVERAGE WIND SPEED    10.2



WEATHER CONDITIONS
 THE FOLLOWING WEATHER WAS RECORDED YESTERDAY.
  THUNDERSTORM
  LIGHT RAIN


RELATIVE HUMIDITY (PERCENT)
 HIGHEST    86           900 PM
 LOWEST     31          1200 PM
 AVERAGE    59

..........................................................


THE CEDAR CITY UT CLIMATE NORMALS FOR TODAY
                         NORMAL    RECORD    YEAR
 MAXIMUM TEMPERATURE (F)   85        95      2001
 MINIMUM TEMPERATURE (F)   53        40      1992


SUNRISE AND SUNSET
AUGUST 27 2014........SUNRISE   658 AM MDT   SUNSET   809 PM MDT
AUGUST 28 2014........SUNRISE   659 AM MDT   SUNSET   807 PM MDT


-  INDICATES NEGATIVE NUMBERS.
R  INDICATES RECORD WAS SET OR TIED.
MM INDICATES DATA IS MISSING.
T  INDICATES TRACE AMOUNT.




$$
