000
CDUS45 KSLC 161225
CLICDC


CLIMATE REPORT
NATIONAL WEATHER SERVICE SALT LAKE CITY UT
525 AM MST SAT DEC 16 2017


...................................

...THE CEDAR CITY UT CLIMATE SUMMARY FOR DECEMBER 15 2017...

CLIMATE NORMAL PERIOD 1981 TO 2010
CLIMATE RECORD PERIOD 1928 TO 2017


WEATHER ITEM   OBSERVED TIME   RECORD YEAR NORMAL DEPARTURE LAST
                VALUE   (LST)  VALUE       VALUE  FROM      YEAR
                                                  NORMAL
..................................................................
TEMPERATURE (F)
 YESTERDAY
  MAXIMUM         56    236 PM  63    1981  41     15       58
  MINIMUM          9    727 AM  -3    1990  16     -7       42
  AVERAGE         33                        28      5       50

PRECIPITATION (IN)
  YESTERDAY        0.00          0.19 1993   0.03  -0.03      T
  MONTH TO DATE    0.00                      0.39  -0.39      T
  SINCE OCT 1      0.21                      2.66  -2.45     1.71
  SINCE JAN 1      9.21                     10.86  -1.65     9.63

DEGREE DAYS
 HEATING
  YESTERDAY       32                        37     -5       15
  MONTH TO DATE  492                       530    -38      458
  SINCE DEC 1    492                       530    -38      458
  SINCE JUL 1   1691                      1972   -281     1555

 COOLING
  YESTERDAY        0                         0      0        0
  MONTH TO DATE    0                         0      0        0
  SINCE DEC 1      0                         0      0        0
  SINCE JAN 1    865                       588    277      826
..................................................................


WIND (MPH)
  RESULTANT WIND SPEED   4   RESULTANT WIND DIRECTION   S (180)
  HIGHEST WIND SPEED    16   HIGHEST WIND DIRECTION     S (180)
  HIGHEST GUST SPEED    21   HIGHEST GUST DIRECTION     S (190)
  AVERAGE WIND SPEED     5.7



WEATHER CONDITIONS
 THE FOLLOWING WEATHER WAS RECORDED YESTERDAY.
  NO SIGNIFICANT WEATHER WAS OBSERVED.


RELATIVE HUMIDITY (PERCENT)
 HIGHEST    96           300 AM
 LOWEST     12           200 PM
 AVERAGE    54

..........................................................


THE CEDAR CITY UT CLIMATE NORMALS FOR TODAY
                         NORMAL    RECORD    YEAR
 MAXIMUM TEMPERATURE (F)   41        66      1958
 MINIMUM TEMPERATURE (F)   16        -1      2001


SUNRISE AND SUNSET
DECEMBER 16 2017......SUNRISE   741 AM MST   SUNSET   515 PM MST
DECEMBER 17 2017......SUNRISE   742 AM MST   SUNSET   516 PM MST


-  INDICATES NEGATIVE NUMBERS.
R  INDICATES RECORD WAS SET OR TIED.
MM INDICATES DATA IS MISSING.
T  INDICATES TRACE AMOUNT.




$$
