000
CDUS45 KSLC 090032
CLICDC


CLIMATE REPORT
NATIONAL WEATHER SERVICE SALT LAKE CITY UT
532 PM MST THU DEC 8 2016


...................................

...THE CEDAR CITY UT CLIMATE SUMMARY FOR DECEMBER 8 2016...
VALID TODAY AS OF 0500 PM LOCAL TIME.

CLIMATE NORMAL PERIOD 1981 TO 2010
CLIMATE RECORD PERIOD 1928 TO 2016


WEATHER ITEM   OBSERVED TIME   RECORD YEAR NORMAL DEPARTURE LAST
                VALUE   (LST)  VALUE       VALUE  FROM      YEAR
                                                  NORMAL
..................................................................
TEMPERATURE (F)
 TODAY
  MAXIMUM         44    315 PM  64    1981  43      1       59
  MINIMUM         11   1201 AM -14    1951  17     -6       25
  AVERAGE         28                        30     -2       42

PRECIPITATION (IN)
  TODAY            0.00          0.25 2000   0.02  -0.02     0.00
  MONTH TO DATE    T                         0.20  -0.20     0.00
  SINCE OCT 1      1.71                      2.47  -0.76     2.23
  SINCE JAN 1      9.63                     10.67  -1.04    12.02

DEGREE DAYS
 HEATING
  TODAY           37                        35      2       23
  MONTH TO DATE  292                       277     15      237
  SINCE DEC 1    292                       277     15      237
  SINCE JUL 1   1389                      1719   -330     1469

 COOLING
  TODAY            0                         0      0        0
  MONTH TO DATE    0                         0      0        0
  SINCE DEC 1      0                         0      0        0
  SINCE JAN 1    826                       588    238      706
..................................................................


WIND (MPH)
  RESULTANT WIND SPEED   1   RESULTANT WIND DIRECTION  SW (220)
  HIGHEST WIND SPEED    17   HIGHEST WIND DIRECTION    SW (210)
  HIGHEST GUST SPEED    23   HIGHEST GUST DIRECTION    SW (210)
  AVERAGE WIND SPEED     5.2



WEATHER CONDITIONS
 THE FOLLOWING WEATHER WAS RECORDED TODAY.
  NO SIGNIFICANT WEATHER WAS OBSERVED.


RELATIVE HUMIDITY (PERCENT)
 HIGHEST    73          1200 AM
 LOWEST     34           200 PM
 AVERAGE    54

..........................................................


THE CEDAR CITY UT CLIMATE NORMALS FOR TOMORROW
                         NORMAL    RECORD    YEAR
 MAXIMUM TEMPERATURE (F)   42        65      1981
 MINIMUM TEMPERATURE (F)   16       -16      1951


SUNRISE AND SUNSET
DECEMBER  8 2016......SUNRISE   735 AM MST   SUNSET   514 PM MST
DECEMBER  9 2016......SUNRISE   736 AM MST   SUNSET   514 PM MST


-  INDICATES NEGATIVE NUMBERS.
R  INDICATES RECORD WAS SET OR TIED.
MM INDICATES DATA IS MISSING.
T  INDICATES TRACE AMOUNT.




$$
