000
CDUS45 KCYS 300729
CLICDR


CLIMATE REPORT
NATIONAL WEATHER SERVICE CHEYENNE WY
129 AM MDT MON MAY 30 2016


...................................

...THE CHADRON NE AIRPORT CLIMATE SUMMARY FOR MAY 29 2016...

CLIMATE NORMAL PERIOD 1981 TO 2010
CLIMATE RECORD PERIOD 1895 TO 2016


WEATHER ITEM   OBSERVED TIME   RECORD YEAR NORMAL DEPARTURE LAST
                VALUE   (LST)  VALUE       VALUE  FROM      YEAR
                                                  NORMAL
..................................................................
TEMPERATURE (F)
 YESTERDAY
  MAXIMUM         83    342 PM  98    1934  75      8       56
  MINIMUM         36    439 AM  24    1947  46    -10       41
  AVERAGE         60                        60      0       49

PRECIPITATION (IN)
  YESTERDAY        0.00          1.05 1943   0.10  -0.10     0.30
  MONTH TO DATE    0.68                      2.55  -1.87     6.65
  SINCE JAN 1      7.13                      6.73   0.40     9.27

DEGREE DAYS
 HEATING
  YESTERDAY        5                         6     -1       16
  MONTH TO DATE  326                       292     34      379
  SINCE MAR 1   1541                      1803   -262     1594
  SINCE JUL 1   6273                      7055   -782     6539

 COOLING
  YESTERDAY        0                         1     -1        0
  MONTH TO DATE    4                        13     -9        0
  SINCE MAR 1      6                        15     -9        0
  SINCE JAN 1      6                        15     -9        0
..................................................................


WIND (MPH)
  HIGHEST WIND SPEED    10   HIGHEST WIND DIRECTION     E (90)
  HIGHEST GUST SPEED    16   HIGHEST GUST DIRECTION    SE (130)
  AVERAGE WIND SPEED     4.3


SKY COVER
  AVERAGE SKY COVER 0.0


WEATHER CONDITIONS
 THE FOLLOWING WEATHER WAS RECORDED YESTERDAY.
  FOG


RELATIVE HUMIDITY (PERCENT)
 HIGHEST    92           100 AM
 LOWEST     26           200 PM
 AVERAGE    59

..........................................................


THE CHADRON NE AIRPORT CLIMATE NORMALS FOR TODAY
                         NORMAL    RECORD    YEAR
 MAXIMUM TEMPERATURE (F)   75        97      2002
 MINIMUM TEMPERATURE (F)   46        28      1947


SUNRISE AND SUNSET
MAY 30 2016...........SUNRISE   517 AM MDT   SUNSET   823 PM MDT
MAY 31 2016...........SUNRISE   517 AM MDT   SUNSET   824 PM MDT


-  INDICATES NEGATIVE NUMBERS.
R  INDICATES RECORD WAS SET OR TIED.
MM INDICATES DATA IS MISSING.
T  INDICATES TRACE AMOUNT.




$$
