000
CDUS45 KCYS 310727
CLICDR


CLIMATE REPORT
NATIONAL WEATHER SERVICE CHEYENNE WY
127 AM MDT FRI JUL 31 2015


...................................

...THE CHADRON NE AIRPORT CLIMATE SUMMARY FOR JULY 30 2015...

CLIMATE NORMAL PERIOD 1981 TO 2010
CLIMATE RECORD PERIOD 1895 TO 2015


WEATHER ITEM   OBSERVED TIME   RECORD YEAR NORMAL DEPARTURE LAST
                VALUE   (LST)  VALUE       VALUE  FROM      YEAR
                                                  NORMAL
..................................................................
TEMPERATURE (F)
 YESTERDAY
  MAXIMUM         92    359 PM 105    2006  91      1       85
  MINIMUM         50    454 AM  38    1971  59     -9       52
  AVERAGE         71                        75     -4       69

PRECIPITATION (IN)
  YESTERDAY        0.00          1.40 1916   0.06  -0.06     0.00
  MONTH TO DATE    2.41                      2.05   0.36     0.66
  SINCE JAN 1     15.36                     12.23   3.13    11.79

DEGREE DAYS
 HEATING
  YESTERDAY        0                         0      0        0
  MONTH TO DATE    3                         5     -2       11
  SINCE JUN 1     12                        86    -74       94
  SINCE JUL 1      3                         5     -2       11

 COOLING
  YESTERDAY        6                        10     -4        4
  MONTH TO DATE  216                       266    -50      255
  SINCE JUN 1    349                       374    -25      309
  SINCE JAN 1    349                       394    -45      340
..................................................................


WIND (MPH)
  HIGHEST WIND SPEED    10   HIGHEST WIND DIRECTION     E (70)
  HIGHEST GUST SPEED    14   HIGHEST GUST DIRECTION    NE (60)
  AVERAGE WIND SPEED     3.3


SKY COVER
  AVERAGE SKY COVER 0.0


WEATHER CONDITIONS
 THE FOLLOWING WEATHER WAS RECORDED YESTERDAY.
  NO SIGNIFICANT WEATHER WAS OBSERVED.


RELATIVE HUMIDITY (PERCENT)
 HIGHEST    89           200 AM
 LOWEST     19           400 PM
 AVERAGE    54

..........................................................


THE CHADRON NE AIRPORT CLIMATE NORMALS FOR TODAY
                         NORMAL    RECORD    YEAR
 MAXIMUM TEMPERATURE (F)   91       108      2002
 MINIMUM TEMPERATURE (F)   58        43      1925


SUNRISE AND SUNSET
JULY 31 2015..........SUNRISE   542 AM MDT   SUNSET   814 PM MDT
AUGUST  1 2015........SUNRISE   543 AM MDT   SUNSET   813 PM MDT


-  INDICATES NEGATIVE NUMBERS.
R  INDICATES RECORD WAS SET OR TIED.
MM INDICATES DATA IS MISSING.
T  INDICATES TRACE AMOUNT.




$$
