000
CDUS45 KCYS 280755
CLICDR


CLIMATE REPORT
NATIONAL WEATHER SERVICE CHEYENNE WY
154 AM MDT WED SEP 28 2016


...................................

...THE CHADRON NE AIRPORT CLIMATE SUMMARY FOR SEPTEMBER 27 2016...

CLIMATE NORMAL PERIOD 1981 TO 2010
CLIMATE RECORD PERIOD 1895 TO 2016


WEATHER ITEM   OBSERVED TIME   RECORD YEAR NORMAL DEPARTURE LAST
                VALUE   (LST)  VALUE       VALUE  FROM      YEAR
                                                  NORMAL
..................................................................
TEMPERATURE (F)
 YESTERDAY
  MAXIMUM         86    218 PM  94    1952  72     14       84
  MINIMUM         39    502 AM  20    1927  39      0       51
  AVERAGE         63                        56      7       68

PRECIPITATION (IN)
  YESTERDAY        0.00          0.47 1924   0.05  -0.05     0.00
  MONTH TO DATE    1.23                      1.57  -0.34     0.22
  SINCE JAN 1     13.31                     15.44  -2.13    16.32

DEGREE DAYS
 HEATING
  YESTERDAY        2                        10     -8        0
  MONTH TO DATE  100                       149    -49       55
  SINCE SEP 1    100                       149    -49       55
  SINCE JUL 1    117                       179    -62       91

 COOLING
  YESTERDAY        0                         1     -1        3
  MONTH TO DATE   61                        62     -1      112
  SINCE SEP 1     61                        62     -1      112
  SINCE JAN 1    878                       709    169      710
..................................................................


WIND (MPH)
  HIGHEST WIND SPEED    18   HIGHEST WIND DIRECTION     W (290)
  HIGHEST GUST SPEED    25   HIGHEST GUST DIRECTION    NW (300)
  AVERAGE WIND SPEED     7.5


SKY COVER
  AVERAGE SKY COVER 0.0


WEATHER CONDITIONS
 THE FOLLOWING WEATHER WAS RECORDED YESTERDAY.
  NO SIGNIFICANT WEATHER WAS OBSERVED.


RELATIVE HUMIDITY (PERCENT)
 HIGHEST    92           300 AM
 LOWEST     15           300 PM
 AVERAGE    54

..........................................................


THE CHADRON NE AIRPORT CLIMATE NORMALS FOR TODAY
                         NORMAL    RECORD    YEAR
 MAXIMUM TEMPERATURE (F)   72        94      2010
                                             1981
 MINIMUM TEMPERATURE (F)   38        25      1985
                                             1945
                                             1941


SUNRISE AND SUNSET
SEPTEMBER 28 2016.....SUNRISE   647 AM MDT   SUNSET   638 PM MDT
SEPTEMBER 29 2016.....SUNRISE   648 AM MDT   SUNSET   636 PM MDT


-  INDICATES NEGATIVE NUMBERS.
R  INDICATES RECORD WAS SET OR TIED.
MM INDICATES DATA IS MISSING.
T  INDICATES TRACE AMOUNT.




$$
