000
CDUS45 KCYS 050729
CLICDR


CLIMATE REPORT
NATIONAL WEATHER SERVICE CHEYENNE WY
1228 AM MST THU MAR 5 2015


...................................

...THE CHADRON NE AIRPORT CLIMATE SUMMARY FOR MARCH 4 2015...

CLIMATE NORMAL PERIOD 1981 TO 2010
CLIMATE RECORD PERIOD 1895 TO 2015


WEATHER ITEM   OBSERVED TIME   RECORD YEAR NORMAL DEPARTURE LAST
                VALUE   (LST)  VALUE       VALUE  FROM      YEAR
                                                  NORMAL
..................................................................
TEMPERATURE (F)
 YESTERDAY
  MAXIMUM         20    421 PM  75    2009  47    -27       31
  MINIMUM         -9    636 AM -19    1989  17    -26       18
  AVERAGE          6                        32    -26       25

PRECIPITATION (IN)
  YESTERDAY        0.00          0.97 1935   0.03  -0.03     0.00
  MONTH TO DATE    0.02                      0.13  -0.11     0.11
  SINCE JAN 1      0.93                      1.10  -0.17     1.13

DEGREE DAYS
 HEATING
  YESTERDAY       59                        33     26       40
  MONTH TO DATE  177                       133     44      210
  SINCE MAR 1    177                       133     44      210
  SINCE JUL 1   5122                      5385   -263     5684

 COOLING
  YESTERDAY        0                         0      0        0
  MONTH TO DATE    0                         0      0        0
  SINCE MAR 1      0                         0      0        0
  SINCE JAN 1      0                         0      0        0
..................................................................


WIND (MPH)
  HIGHEST WIND SPEED    23   HIGHEST WIND DIRECTION     W (280)
  HIGHEST GUST SPEED    30   HIGHEST GUST DIRECTION    NW (300)
  AVERAGE WIND SPEED    10.0


SKY COVER
  AVERAGE SKY COVER 0.2


WEATHER CONDITIONS
 THE FOLLOWING WEATHER WAS RECORDED YESTERDAY.
  NO SIGNIFICANT WEATHER WAS OBSERVED.


RELATIVE HUMIDITY (PERCENT)
 HIGHEST    87           900 PM
 LOWEST     51          1100 AM
 AVERAGE    69

..........................................................


THE CHADRON NE AIRPORT CLIMATE NORMALS FOR TODAY
                         NORMAL    RECORD    YEAR
 MAXIMUM TEMPERATURE (F)   48        74      1950
 MINIMUM TEMPERATURE (F)   18       -26      1989


SUNRISE AND SUNSET
MARCH  5 2015.........SUNRISE   622 AM MST   SUNSET   547 PM MST
MARCH  6 2015.........SUNRISE   620 AM MST   SUNSET   548 PM MST


-  INDICATES NEGATIVE NUMBERS.
R  INDICATES RECORD WAS SET OR TIED.
MM INDICATES DATA IS MISSING.
T  INDICATES TRACE AMOUNT.




$$
