000
CDUS45 KCYS 272221
CLICDR


CLIMATE REPORT
NATIONAL WEATHER SERVICE CHEYENNE WY
321 PM MST THU NOV 27 2014


...................................

...THE CHADRON NE AIRPORT CLIMATE SUMMARY FOR NOVEMBER 27 2014...
VALID AS OF 0300 PM LOCAL TIME.

CLIMATE NORMAL PERIOD 1981 TO 2010
CLIMATE RECORD PERIOD 1895 TO 2014


WEATHER ITEM   OBSERVED TIME   RECORD YEAR NORMAL DEPARTURE LAST
                VALUE   (LST)  VALUE       VALUE  FROM      YEAR
                                                  NORMAL
..................................................................
TEMPERATURE (F)
 TODAY
  MAXIMUM         MM        MM  72    1949  42     MM       56
  MINIMUM         MM        MM -12    1985  15     MM       18
  AVERAGE         MM                        28     MM       37

PRECIPITATION (IN)
  TODAY            0.00          0.70 1993   0.01  -0.01     0.00
  MONTH TO DATE    0.10                      0.57  -0.47     0.48
  SINCE JAN 1     18.69                     17.48   1.21    19.10

DEGREE DAYS
 HEATING
  TODAY           MM                        37     MM       28
  MONTH TO DATE  864                       817     47      829
  SINCE SEP 1   1433                      1540   -107     1550
  SINCE JUL 1   1447                      1570   -123     1550

 COOLING
  TODAY           MM                         0     MM        0
  MONTH TO DATE    0                         0      0        0
  SINCE SEP 1     62                        65     -3      149
  SINCE JAN 1    647                       712    -65      917
..................................................................


WIND (MPH)
  HIGHEST WIND SPEED    14   HIGHEST WIND DIRECTION     W (270)
  HIGHEST GUST SPEED    MM   HIGHEST GUST DIRECTION    MM
  AVERAGE WIND SPEED     2.7


SKY COVER
  AVERAGE SKY COVER 0.0


WEATHER CONDITIONS
 THE FOLLOWING WEATHER WAS RECORDED TODAY.
  NO SIGNIFICANT WEATHER WAS OBSERVED.


RELATIVE HUMIDITY (PERCENT)
 HIGHEST     0          1200 AM
 LOWEST      0          1200 AM
 AVERAGE     0

..........................................................


THE CHADRON NE AIRPORT CLIMATE NORMALS FOR TOMORROW
                         NORMAL    RECORD    YEAR
 MAXIMUM TEMPERATURE (F)   42        70      1998
 MINIMUM TEMPERATURE (F)   14       -16      1985


SUNRISE AND SUNSET
NOVEMBER 27 2014......SUNRISE   659 AM MST   SUNSET   421 PM MST
NOVEMBER 28 2014......SUNRISE   700 AM MST   SUNSET   420 PM MST


-  INDICATES NEGATIVE NUMBERS.
R  INDICATES RECORD WAS SET OR TIED.
MM INDICATES DATA IS MISSING.
T  INDICATES TRACE AMOUNT.




$$
