245
CDUS44 KLUB 250631
CLICDS


CLIMATE REPORT
NATIONAL WEATHER SERVICE LUBBOCK, TX
130 AM CDT WED MAY 25 2016


...................................

...THE CHILDRESS CLIMATE SUMMARY FOR MAY 24 2016...

CLIMATE NORMAL PERIOD 1981 TO 2010
CLIMATE RECORD PERIOD 1893 TO 2016


WEATHER ITEM   OBSERVED TIME   RECORD YEAR NORMAL DEPARTURE LAST
                VALUE   (LST)  VALUE       VALUE  FROM      YEAR
                                                  NORMAL
..................................................................
TEMPERATURE (F)
 YESTERDAY
  MAXIMUM         88    359 PM 111    2000  86      2       82
  MINIMUM         72    544 AM  48    1935  61     11       60
                                      1894
  AVERAGE         80                        74      6       71

PRECIPITATION (IN)
  YESTERDAY        0.00          2.48 1991   0.12  -0.12     0.00
  MONTH TO DATE    6.65                      2.26   4.39    11.58
  SINCE MAR 1      9.42                      5.91   3.51    16.95
  SINCE JAN 1     10.67                      7.69   2.98    18.23

SNOWFALL (IN)
  YESTERDAY        0.0          MM      MM   0.0    0.0      0.0
  MONTH TO DATE    0.0                       0.0    0.0      0.0
  SINCE MAR 1      0.0                       0.6   -0.6      2.5
  SINCE JUL 1      7.0                       7.0    0.0      8.0
  SNOW DEPTH       0

DEGREE DAYS
 HEATING
  YESTERDAY        0                         0      0        0
  MONTH TO DATE   62                        27     35       42
  SINCE MAR 1    387                       555   -168      476
  SINCE JUL 1   2555                      3115   -560     2973

 COOLING
  YESTERDAY       15                         9      6        6
  MONTH TO DATE  123                       152    -29       76
  SINCE MAR 1    184                       242    -58      172
  SINCE JAN 1    186                       243    -57      172
..................................................................


WIND (MPH)
  RESULTANT WIND SPEED  16   RESULTANT WIND DIRECTION   S (170)
  HIGHEST WIND SPEED    25   HIGHEST WIND DIRECTION     S (180)
  HIGHEST GUST SPEED    31   HIGHEST GUST DIRECTION     S (170)
  AVERAGE WIND SPEED    17.3


SKY COVER
  AVERAGE SKY COVER 0.6


WEATHER CONDITIONS
 THE FOLLOWING WEATHER WAS RECORDED YESTERDAY.
  FOG


RELATIVE HUMIDITY (PERCENT)
 HIGHEST   100           300 AM
 LOWEST     55           300 PM
 AVERAGE    78

..........................................................


THE CHILDRESS CLIMATE NORMALS FOR TODAY
                         NORMAL    RECORD    YEAR
 MAXIMUM TEMPERATURE (F)   86       105      1990
 MINIMUM TEMPERATURE (F)   61        46      1907


SUNRISE AND SUNSET
MAY 25 2016...........SUNRISE   632 AM CDT   SUNSET   844 PM CDT
MAY 26 2016...........SUNRISE   632 AM CDT   SUNSET   845 PM CDT


-  INDICATES NEGATIVE NUMBERS.
R  INDICATES RECORD WAS SET OR TIED.
MM INDICATES DATA IS MISSING.
T  INDICATES TRACE AMOUNT.




$$
