000
CDUS44 KLUB 301226
CLICDS


CLIMATE REPORT
NATIONAL WEATHER SERVICE LUBBOCK, TX
726 AM CDT THU JUL 30 2015


...................................

...THE CHILDRESS CLIMATE SUMMARY FOR JULY 29 2015...

CLIMATE NORMAL PERIOD 1981 TO 2010
CLIMATE RECORD PERIOD 1893 TO 2015


WEATHER ITEM   OBSERVED TIME   RECORD YEAR NORMAL DEPARTURE LAST
                VALUE   (LST)  VALUE       VALUE  FROM      YEAR
                                                  NORMAL
..................................................................
TEMPERATURE (F)
 YESTERDAY
  MAXIMUM         98    440 PM 106    1957  96      2       82
                                      1946
                                      1937
  MINIMUM         72    622 AM  61    2005  71      1       68
  AVERAGE         85                        84      1       75

PRECIPITATION (IN)
  YESTERDAY        0.00          1.76 2009   0.06  -0.06     0.18
  MONTH TO DATE    4.68                      1.82   2.86     2.45
  SINCE JUN 1      8.72                      5.77   2.95     7.17
  SINCE JAN 1     28.32                     14.34  13.98    13.40

SNOWFALL (IN)
  YESTERDAY        0.0          MM      MM   0.0    0.0      0.0
  MONTH TO DATE    0.0                       0.0    0.0      0.0
  SINCE JUN 1      0.0                       0.0    0.0      0.0
  SINCE JUL 1      0.0                       0.0    0.0      0.0
  SNOW DEPTH       0

DEGREE DAYS
 HEATING
  YESTERDAY        0                         0      0        0
  MONTH TO DATE    0                         0      0        0
  SINCE JUN 1      0                         2     -2        0
  SINCE JUL 1      0                         0      0        0

 COOLING
  YESTERDAY       20                        19      1       10
  MONTH TO DATE  532                       536     -4      468
  SINCE JUN 1    991                       957     34      913
  SINCE JAN 1   1191                      1269    -78     1277
..................................................................


WIND (MPH)
  RESULTANT WIND SPEED   6   RESULTANT WIND DIRECTION   N (10)
  HIGHEST WIND SPEED    23   HIGHEST WIND DIRECTION    SE (130)
  HIGHEST GUST SPEED    33   HIGHEST GUST DIRECTION    SE (120)
  AVERAGE WIND SPEED     8.3


SKY COVER
  AVERAGE SKY COVER 0.2


WEATHER CONDITIONS
 THE FOLLOWING WEATHER WAS RECORDED YESTERDAY.
  THUNDERSTORM


RELATIVE HUMIDITY (PERCENT)
 HIGHEST    79           600 AM
 LOWEST     38           500 PM
 AVERAGE    59

..........................................................


THE CHILDRESS CLIMATE NORMALS FOR TODAY
                         NORMAL    RECORD    YEAR
 MAXIMUM TEMPERATURE (F)   96       112      1937
 MINIMUM TEMPERATURE (F)   71        58      1971


SUNRISE AND SUNSET
JULY 30 2015..........SUNRISE   650 AM CDT   SUNSET   845 PM CDT
JULY 31 2015..........SUNRISE   651 AM CDT   SUNSET   844 PM CDT


-  INDICATES NEGATIVE NUMBERS.
R  INDICATES RECORD WAS SET OR TIED.
MM INDICATES DATA IS MISSING.
T  INDICATES TRACE AMOUNT.




$$
