000
CDUS44 KLUB 160627
CLICDS


CLIMATE REPORT
NATIONAL WEATHER SERVICE LUBBOCK, TX
126 AM CDT TUE SEP 16 2014


...................................

...THE CHILDRESS CLIMATE SUMMARY FOR SEPTEMBER 15 2014...

CLIMATE NORMAL PERIOD 1981 TO 2010
CLIMATE RECORD PERIOD 1893 TO 2014


WEATHER ITEM   OBSERVED TIME   RECORD YEAR NORMAL DEPARTURE LAST
                VALUE   (LST)  VALUE       VALUE  FROM      YEAR
                                                  NORMAL
..................................................................
TEMPERATURE (F)
 YESTERDAY
  MAXIMUM         86    201 PM 104    1956  87     -1       93
  MINIMUM         65    527 AM  42    1993  62      3       68
  AVERAGE         76                        74      2       81

PRECIPITATION (IN)
  YESTERDAY        T             2.77 1995   0.08  -0.08     0.04
  MONTH TO DATE    1.38                      1.31   0.07     0.30
  SINCE SEP 1      1.38                      1.31   0.07     0.30
  SINCE JAN 1     16.99                     18.40  -1.41    13.54

SNOWFALL (IN)
  YESTERDAY        0.0          MM      MM   0.0    0.0      0.0
  MONTH TO DATE    0.0                       0.0    0.0      0.0
  SINCE SEP 1      0.0                       0.0    0.0      0.0
  SINCE JUL 1      0.0                       0.0    0.0      0.0
  SNOW DEPTH       0

DEGREE DAYS
 HEATING
  YESTERDAY        0                         0      0        0
  MONTH TO DATE   10                         0     10        0
  SINCE SEP 1     10                         0     10        0
  SINCE JUL 1     10                         0     10        0

 COOLING
  YESTERDAY       11                        10      1       16
  MONTH TO DATE  166                       183    -17      254
  SINCE SEP 1    166                       183    -17      254
  SINCE JAN 1   2025                      2014     11     2185
..................................................................


WIND (MPH)
  RESULTANT WIND SPEED   7   RESULTANT WIND DIRECTION   S (190)
  HIGHEST WIND SPEED    16   HIGHEST WIND DIRECTION     S (180)
  HIGHEST GUST SPEED    21   HIGHEST GUST DIRECTION    SW (220)
  AVERAGE WIND SPEED     7.2


SKY COVER
  AVERAGE SKY COVER 0.9


WEATHER CONDITIONS
 THE FOLLOWING WEATHER WAS RECORDED YESTERDAY.
  NO SIGNIFICANT WEATHER WAS OBSERVED.


RELATIVE HUMIDITY (PERCENT)
 HIGHEST    93          1200 AM
 LOWEST     51           100 PM
 AVERAGE    72

..........................................................


THE CHILDRESS CLIMATE NORMALS FOR TODAY
                         NORMAL    RECORD    YEAR
 MAXIMUM TEMPERATURE (F)   87       102      1965
                                             1956
 MINIMUM TEMPERATURE (F)   61        44      1903


SUNRISE AND SUNSET
SEPTEMBER 16 2014.....SUNRISE   725 AM CDT   SUNSET   746 PM CDT
SEPTEMBER 17 2014.....SUNRISE   726 AM CDT   SUNSET   745 PM CDT


-  INDICATES NEGATIVE NUMBERS.
R  INDICATES RECORD WAS SET OR TIED.
MM INDICATES DATA IS MISSING.
T  INDICATES TRACE AMOUNT.




$$
