000
CDUS44 KLUB 192227
CLICDS


CLIMATE REPORT
NATIONAL WEATHER SERVICE LUBBOCK, TX
526 PM CDT SAT APR 19 2014


...................................

...THE CHILDRESS CLIMATE SUMMARY FOR APRIL 19 2014...
VALID TODAY AS OF 0500 PM LOCAL TIME.

CLIMATE NORMAL PERIOD 1981 TO 2010
CLIMATE RECORD PERIOD 1893 TO 2014


WEATHER ITEM   OBSERVED TIME   RECORD YEAR NORMAL DEPARTURE LAST
                VALUE   (LST)  VALUE       VALUE  FROM      YEAR
                                                  NORMAL
..................................................................
TEMPERATURE (F)
 TODAY
  MAXIMUM         82    255 PM  98    1987  78      4       69
  MINIMUM         49    631 AM  29    2013  49      0       29
  AVERAGE         66                        63      3       49

PRECIPITATION (IN)
  TODAY            0.00          1.90 1935   0.08  -0.08     0.00
  MONTH TO DATE    0.01                      1.20  -1.19     0.90
  SINCE MAR 1      0.47                      2.73  -2.26     0.90
  SINCE JAN 1      0.83                      4.51  -3.68     4.24

SNOWFALL (IN)
  TODAY            0.0                       0.1             0.0
  MONTH TO DATE    0.0                       0.2              T
  SINCE MAR 1      T                         0.6              T
  SINCE JUL 1      9.5                       7.0             5.5

DEGREE DAYS
 HEATING
  TODAY            0                         4     -4       16
  MONTH TO DATE  131                       118     13      205
  SINCE MAR 1    589                       493     96      570
  SINCE JUL 1   3405                      3053    352     2949

 COOLING
  TODAY            1                         3     -2        0
  MONTH TO DATE   34                        35     -1       21
  SINCE MAR 1     44                        53     -9       25
  SINCE JAN 1     44                        54    -10       25
..................................................................


WIND (MPH)
  HIGHEST WIND SPEED    23   HIGHEST WIND DIRECTION     S (170)
  HIGHEST GUST SPEED    31   HIGHEST GUST DIRECTION     S (190)
  AVERAGE WIND SPEED    13.7


SKY COVER
  POSSIBLE SUNSHINE  MM
  AVERAGE SKY COVER 0.1


WEATHER CONDITIONS
 THE FOLLOWING WEATHER WAS RECORDED TODAY.
  NO SIGNIFICANT WEATHER WAS OBSERVED.


RELATIVE HUMIDITY (PERCENT)
 HIGHEST    86
 LOWEST     31
 AVERAGE    59

..........................................................


THE CHILDRESS CLIMATE NORMALS FOR TOMORROW
                         NORMAL    RECORD    YEAR
 MAXIMUM TEMPERATURE (F)   78        98      1999
                                             1904
 MINIMUM TEMPERATURE (F)   50        33      1966


SUNRISE AND SUNSET
APRIL 19 2014.........SUNRISE   705 AM CDT   SUNSET   816 PM CDT
APRIL 20 2014.........SUNRISE   704 AM CDT   SUNSET   817 PM CDT


-  INDICATES NEGATIVE NUMBERS.
R  INDICATES RECORD WAS SET OR TIED.
MM INDICATES DATA IS MISSING.
T  INDICATES TRACE AMOUNT.




$$
