000
CDUS44 KLUB 010626
CLICDS


CLIMATE REPORT
NATIONAL WEATHER SERVICE LUBBOCK, TX
1226 AM CST SUN MAR 1 2015


...................................

...THE CHILDRESS CLIMATE SUMMARY FOR FEBRUARY 28 2015...

CLIMATE NORMAL PERIOD 1981 TO 2010
CLIMATE RECORD PERIOD 1893 TO 2015


WEATHER ITEM   OBSERVED TIME   RECORD YEAR NORMAL DEPARTURE LAST
                VALUE   (LST)  VALUE       VALUE  FROM      YEAR
                                                  NORMAL
..................................................................
TEMPERATURE (F)
 YESTERDAY
  MAXIMUM         24   1159 PM  95    1904  62    -38       80
  MINIMUM         16    555 AM   8    1962  36    -20       40
  AVERAGE         20                        49    -29       60

PRECIPITATION (IN)
  YESTERDAY        T             0.55 1944   0.04  -0.04     0.00
  MONTH TO DATE    0.09                      1.05  -0.96     0.36
  SINCE DEC 1      1.37                      2.69  -1.32     1.45
  SINCE JAN 1      1.17                      1.78  -0.61     0.36

SNOWFALL (IN)
  YESTERDAY       MM            MM      MM   0.0   MM        0.0
  MONTH TO DATE    T                         1.1   -1.1      3.0
  SINCE DEC 1      T                         5.5   -5.5      5.3
  SINCE JUL 1      2.0                       6.4   -4.4      9.5
  SNOW DEPTH       0

DEGREE DAYS
 HEATING
  YESTERDAY       45                        17     28        5
  MONTH TO DATE  617                       557     60      706
  SINCE DEC 1   1942                      2000    -58     2218
  SINCE JUL 1   2497                      2560    -63     2816

 COOLING
  YESTERDAY        0                         0      0        0
  MONTH TO DATE    0                         1     -1        0
  SINCE DEC 1      0                         1     -1        0
  SINCE JAN 1      0                         1     -1        0
..................................................................


WIND (MPH)
  RESULTANT WIND SPEED   4   RESULTANT WIND DIRECTION  SE (140)
  HIGHEST WIND SPEED    10   HIGHEST WIND DIRECTION    SE (130)
  HIGHEST GUST SPEED    13   HIGHEST GUST DIRECTION    SE (140)
  AVERAGE WIND SPEED     3.9


SKY COVER
  AVERAGE SKY COVER 1.0


WEATHER CONDITIONS
 THE FOLLOWING WEATHER WAS RECORDED YESTERDAY.
  LIGHT SNOW
  FOG


RELATIVE HUMIDITY (PERCENT)
 HIGHEST   100           200 AM
 LOWEST     91          1000 AM
 AVERAGE    96

..........................................................


THE CHILDRESS CLIMATE NORMALS FOR TODAY
                         NORMAL    RECORD    YEAR
 MAXIMUM TEMPERATURE (F)   62        90      2006
                                             1976
 MINIMUM TEMPERATURE (F)   36         9      1962


SUNRISE AND SUNSET
MARCH  1 2015.........SUNRISE   710 AM CST   SUNSET   637 PM CST
MARCH  2 2015.........SUNRISE   709 AM CST   SUNSET   638 PM CST


-  INDICATES NEGATIVE NUMBERS.
R  INDICATES RECORD WAS SET OR TIED.
MM INDICATES DATA IS MISSING.
T  INDICATES TRACE AMOUNT.




$$
