000
CDUS44 KLUB 200627
CLICDS


CLIMATE REPORT
NATIONAL WEATHER SERVICE LUBBOCK, TX
1226 AM CST TUE FEB 20 2018


...................................

...THE CHILDRESS CLIMATE SUMMARY FOR FEBRUARY 19 2018...

CLIMATE NORMAL PERIOD 1981 TO 2010
CLIMATE RECORD PERIOD 1893 TO 2018


WEATHER ITEM   OBSERVED TIME   RECORD YEAR NORMAL DEPARTURE LAST
                VALUE   (LST)  VALUE       VALUE  FROM      YEAR
                                                  NORMAL
..................................................................
TEMPERATURE (F)
 YESTERDAY
  MAXIMUM         82    259 PM  83    1986  59     23       74
  MINIMUM         57    716 AM   9    1936  33     24       46
  AVERAGE         70                        46     24       60

PRECIPITATION (IN)
  YESTERDAY        0.00          0.70 1997   0.04  -0.04      T
  MONTH TO DATE    0.16                      0.70  -0.54     2.50
  SINCE DEC 1      0.20                      2.34  -2.14     5.51
  SINCE JAN 1      0.17                      1.43  -1.26     4.22

SNOWFALL (IN)
  YESTERDAY        0.0          MM      MM   0.0    0.0      0.0
  MONTH TO DATE    0.0                       0.9   -0.9       T
  SINCE DEC 1      1.0                       5.3   -4.3      1.5
  SINCE JUL 1      1.0                       6.2   -5.2      1.5
  SNOW DEPTH       0

DEGREE DAYS
 HEATING
  YESTERDAY        0                        19    -19        5
  MONTH TO DATE  393                       397     -4      273
  SINCE DEC 1   1823                      1840    -17     1598
  SINCE JUL 1   2260                      2400   -140     1865

 COOLING
  YESTERDAY        5                         0      5        0
  MONTH TO DATE   11                         0     11       10
  SINCE DEC 1     11                         0     11       10
  SINCE JAN 1     11                         0     11       10
..................................................................


WIND (MPH)
  RESULTANT WIND SPEED  17   RESULTANT WIND DIRECTION   S (190)
  HIGHEST WIND SPEED    32   HIGHEST WIND DIRECTION     W (250)
  HIGHEST GUST SPEED    40   HIGHEST GUST DIRECTION     W (250)
  AVERAGE WIND SPEED    17.2


SKY COVER
  AVERAGE SKY COVER 0.1


WEATHER CONDITIONS
 THE FOLLOWING WEATHER WAS RECORDED YESTERDAY.
  FOG


RELATIVE HUMIDITY (PERCENT)
 HIGHEST    93           900 AM
 LOWEST     23          1200 PM
 AVERAGE    58

..........................................................


THE CHILDRESS CLIMATE NORMALS FOR TODAY
                         NORMAL    RECORD    YEAR
 MAXIMUM TEMPERATURE (F)   59        87      1981
 MINIMUM TEMPERATURE (F)   33         6      1905


SUNRISE AND SUNSET
FEBRUARY 20 2018......SUNRISE   721 AM CST   SUNSET   629 PM CST
FEBRUARY 21 2018......SUNRISE   720 AM CST   SUNSET   630 PM CST


-  INDICATES NEGATIVE NUMBERS.
R  INDICATES RECORD WAS SET OR TIED.
MM INDICATES DATA IS MISSING.
T  INDICATES TRACE AMOUNT.




$$
