000
CDUS44 KLUB 010126
CLICDS


CLIMATE REPORT
NATIONAL WEATHER SERVICE LUBBOCK, TX
825 PM CDT THU JUL 31 2014


...................................

...THE CHILDRESS CLIMATE SUMMARY FOR JULY 31 2014...
VALID TODAY AS OF 0800 PM LOCAL TIME.

CLIMATE NORMAL PERIOD 1981 TO 2010
CLIMATE RECORD PERIOD 1893 TO 2014


WEATHER ITEM   OBSERVED TIME   RECORD YEAR NORMAL DEPARTURE LAST
                VALUE   (LST)  VALUE       VALUE  FROM      YEAR
                                                  NORMAL
..................................................................
TEMPERATURE (F)
 TODAY
  MAXIMUM         83    508 PM 108    2012  96    -13       99
                                      1944
                                      1934
  MINIMUM         67    719 AM  60    1971  71     -4       75
  AVERAGE         75                        84     -9       87

PRECIPITATION (IN)
  TODAY            0.00          0.88 1893   0.07  -0.07     0.00
  MONTH TO DATE    2.63                      1.95   0.68     2.03
  SINCE JUN 1      7.35                      5.90   1.45     5.36
  SINCE JAN 1     13.58                     14.47  -0.89    10.15

SNOWFALL (IN)
  TODAY            0.0          MM      MM   0.0    0.0      0.0
  MONTH TO DATE    0.0                       0.0    0.0      0.0
  SINCE JUN 1      0.0                       0.0    0.0      0.0
  SINCE JUL 1      0.0                       0.0    0.0      0.0
  SNOW DEPTH       0

DEGREE DAYS
 HEATING
  TODAY            0                         0      0        0
  MONTH TO DATE    0                         0      0        0
  SINCE JUN 1      0                         2     -2        0
  SINCE JUL 1      0                         0      0        0

 COOLING
  TODAY           10                        19     -9       22
  MONTH TO DATE  490                       569    -79      529
  SINCE JUN 1    935                       990    -55     1031
  SINCE JAN 1   1299                      1302     -3     1382
..................................................................


WIND (MPH)
  RESULTANT WIND SPEED  10   RESULTANT WIND DIRECTION   N (20)
  HIGHEST WIND SPEED    18   HIGHEST WIND DIRECTION     N (360)
  HIGHEST GUST SPEED    22   HIGHEST GUST DIRECTION     N (10)
  AVERAGE WIND SPEED    10.9


SKY COVER
  AVERAGE SKY COVER 0.7


WEATHER CONDITIONS
 THE FOLLOWING WEATHER WAS RECORDED TODAY.
  NO SIGNIFICANT WEATHER WAS OBSERVED.


RELATIVE HUMIDITY (PERCENT)
 HIGHEST    87           200 AM
 LOWEST     45           500 PM
 AVERAGE    66

..........................................................


THE CHILDRESS CLIMATE NORMALS FOR TOMORROW
                         NORMAL    RECORD    YEAR
 MAXIMUM TEMPERATURE (F)   96       112      1944
 MINIMUM TEMPERATURE (F)   71        61      1936


SUNRISE AND SUNSET
JULY 31 2014..........SUNRISE   651 AM CDT   SUNSET   844 PM CDT
AUGUST  1 2014........SUNRISE   652 AM CDT   SUNSET   843 PM CDT


-  INDICATES NEGATIVE NUMBERS.
R  INDICATES RECORD WAS SET OR TIED.
MM INDICATES DATA IS MISSING.
T  INDICATES TRACE AMOUNT.




$$
