000
CDUS44 KLUB 220629
CLICDS


CLIMATE REPORT
NATIONAL WEATHER SERVICE LUBBOCK, TX
1228 AM CST MON DEC 22 2014


...................................

...THE CHILDRESS CLIMATE SUMMARY FOR DECEMBER 21 2014...

CLIMATE NORMAL PERIOD 1981 TO 2010
CLIMATE RECORD PERIOD 1893 TO 2014


WEATHER ITEM   OBSERVED TIME   RECORD YEAR NORMAL DEPARTURE LAST
                VALUE   (LST)  VALUE       VALUE  FROM      YEAR
                                                  NORMAL
..................................................................
TEMPERATURE (F)
 YESTERDAY
  MAXIMUM         66    422 PM  79    1981  54     12       33
  MINIMUM         40    352 AM   3    1983  28     12       29
  AVERAGE         53                        41     12       31

PRECIPITATION (IN)
  YESTERDAY        0.00          1.10 1907   0.02  -0.02     0.26
  MONTH TO DATE    0.20                      0.66  -0.46     1.09
  SINCE DEC 1      0.20                      0.66  -0.46     1.09
  SINCE JAN 1     18.55                     23.67  -5.12    16.23

SNOWFALL (IN)
  YESTERDAY        0.0          MM      MM   0.0    0.0       T
  MONTH TO DATE    0.0                       1.1   -1.1      2.3
  SINCE DEC 1      0.0                       1.1   -1.1      2.3
  SINCE JUL 1      2.0                       2.0    0.0      6.5
  SNOW DEPTH       0

DEGREE DAYS
 HEATING
  YESTERDAY       12                        24    -12       34
  MONTH TO DATE  358                       471   -113      519
  SINCE DEC 1    358                       471   -113      519
  SINCE JUL 1    913                      1031   -118     1117

 COOLING
  YESTERDAY        0                         0      0        0
  MONTH TO DATE    0                         0      0        0
  SINCE DEC 1      0                         0      0        0
  SINCE JAN 1   2317                      2207    110     2407
..................................................................


WIND (MPH)
  RESULTANT WIND SPEED   9   RESULTANT WIND DIRECTION   S (180)
  HIGHEST WIND SPEED    21   HIGHEST WIND DIRECTION     S (200)
  HIGHEST GUST SPEED    24   HIGHEST GUST DIRECTION    SW (220)
  AVERAGE WIND SPEED    10.4


SKY COVER
  AVERAGE SKY COVER 0.4


WEATHER CONDITIONS
 THE FOLLOWING WEATHER WAS RECORDED YESTERDAY.
  FOG


RELATIVE HUMIDITY (PERCENT)
 HIGHEST    93           200 AM
 LOWEST     26           400 PM
 AVERAGE    60

..........................................................


THE CHILDRESS CLIMATE NORMALS FOR TODAY
                         NORMAL    RECORD    YEAR
 MAXIMUM TEMPERATURE (F)   54        82      1969
                                             1955
 MINIMUM TEMPERATURE (F)   28        -3      1989


SUNRISE AND SUNSET
DECEMBER 22 2014......SUNRISE   744 AM CST   SUNSET   535 PM CST
DECEMBER 23 2014......SUNRISE   745 AM CST   SUNSET   536 PM CST


-  INDICATES NEGATIVE NUMBERS.
R  INDICATES RECORD WAS SET OR TIED.
MM INDICATES DATA IS MISSING.
T  INDICATES TRACE AMOUNT.




$$
