000
CDUS44 KLUB 270626
CLICDS


CLIMATE REPORT
NATIONAL WEATHER SERVICE LUBBOCK, TX
126 AM CDT TUE JUN 27 2017


...................................

...THE CHILDRESS CLIMATE SUMMARY FOR JUNE 26 2017...

CLIMATE NORMAL PERIOD 1981 TO 2010
CLIMATE RECORD PERIOD 1893 TO 2017


WEATHER ITEM   OBSERVED TIME   RECORD YEAR NORMAL DEPARTURE LAST
                VALUE   (LST)  VALUE       VALUE  FROM      YEAR
                                                  NORMAL
..................................................................
TEMPERATURE (F)
 YESTERDAY
  MAXIMUM         90    502 PM 117    2011  94     -4       97
  MINIMUM         67    626 AM  57    1968  69     -2       73
                                      1958
                                      1906
  AVERAGE         79                        81     -2       85

PRECIPITATION (IN)
  YESTERDAY        0.00          4.44 1988   0.10  -0.10     0.00
  MONTH TO DATE    2.57                      3.53  -0.96     3.68
  SINCE JUN 1      2.57                      3.53  -0.96     3.68
  SINCE JAN 1     11.84                     12.10  -0.26    15.54

SNOWFALL (IN)
  YESTERDAY        0.0          MM      MM   0.0    0.0      0.0
  MONTH TO DATE    0.0                       0.0    0.0      0.0
  SINCE JUN 1      0.0                       0.0    0.0      0.0
  SINCE JUL 1      1.5                       7.0   -5.5      7.0
  SNOW DEPTH       0

DEGREE DAYS
 HEATING
  YESTERDAY        0                         0      0        0
  MONTH TO DATE    0                         0      0        0
  SINCE JUN 1      0                         0      0        0
  SINCE JUL 1   2328                      3115   -787     2555

 COOLING
  YESTERDAY       14                        16     -2       20
  MONTH TO DATE  407                       354     53      403
  SINCE JUN 1    407                       354     53      403
  SINCE JAN 1    758                       666     92      667
..................................................................


WIND (MPH)
  RESULTANT WIND SPEED   3   RESULTANT WIND DIRECTION  SE (140)
  HIGHEST WIND SPEED    17   HIGHEST WIND DIRECTION    SW (230)
  HIGHEST GUST SPEED    20   HIGHEST GUST DIRECTION    SW (230)
  AVERAGE WIND SPEED     7.5


SKY COVER
  AVERAGE SKY COVER 0.2


WEATHER CONDITIONS
 THE FOLLOWING WEATHER WAS RECORDED YESTERDAY.
  NO SIGNIFICANT WEATHER WAS OBSERVED.


RELATIVE HUMIDITY (PERCENT)
 HIGHEST    79           200 AM
 LOWEST     36           300 PM
 AVERAGE    58

..........................................................


THE CHILDRESS CLIMATE NORMALS FOR TODAY
                         NORMAL    RECORD    YEAR
 MAXIMUM TEMPERATURE (F)   94       117      1994
 MINIMUM TEMPERATURE (F)   69        57      1958


SUNRISE AND SUNSET
JUNE 27 2017..........SUNRISE   631 AM CDT   SUNSET   858 PM CDT
JUNE 28 2017..........SUNRISE   631 AM CDT   SUNSET   858 PM CDT


-  INDICATES NEGATIVE NUMBERS.
R  INDICATES RECORD WAS SET OR TIED.
MM INDICATES DATA IS MISSING.
T  INDICATES TRACE AMOUNT.




$$
