000
CDUS44 KLUB 300628
CLICDS


CLIMATE REPORT
NATIONAL WEATHER SERVICE LUBBOCK, TX
128 AM CDT TUE JUN 30 2015


...................................

...THE CHILDRESS CLIMATE SUMMARY FOR JUNE 29 2015...

CLIMATE NORMAL PERIOD 1981 TO 2010
CLIMATE RECORD PERIOD 1893 TO 2015


WEATHER ITEM   OBSERVED TIME   RECORD YEAR NORMAL DEPARTURE LAST
                VALUE   (LST)  VALUE       VALUE  FROM      YEAR
                                                  NORMAL
..................................................................
TEMPERATURE (F)
 YESTERDAY
  MAXIMUM         97    250 PM 109    1980  95      2       99
  MINIMUM         67   1107 PM  60    1983  69     -2       75
  AVERAGE         82                        82      0       87

PRECIPITATION (IN)
  YESTERDAY        0.61          1.89 1913   0.10   0.51     0.00
  MONTH TO DATE    4.04                      3.85   0.19     4.72
  SINCE JUN 1      4.04                      3.85   0.19     4.72
  SINCE JAN 1     23.64                     12.42  11.22    10.95

SNOWFALL (IN)
  YESTERDAY        0.0          MM      MM   0.0    0.0      0.0
  MONTH TO DATE    0.0                       0.0    0.0      0.0
  SINCE JUN 1      0.0                       0.0    0.0      0.0
  SINCE JUL 1      2.0                       7.0   -5.0      9.5
  SNOW DEPTH       0

DEGREE DAYS
 HEATING
  YESTERDAY        0                         0      0        0
  MONTH TO DATE    0                         0      0        0
  SINCE JUN 1      0                         0      0        0
  SINCE JUL 1   2973                      3115   -142     3456

 COOLING
  YESTERDAY       17                        17      0       22
  MONTH TO DATE  445                       405     40      424
  SINCE JUN 1    445                       405     40      424
  SINCE JAN 1    645                       717    -72      788
..................................................................


WIND (MPH)
  RESULTANT WIND SPEED   9   RESULTANT WIND DIRECTION   S (170)
  HIGHEST WIND SPEED    32   HIGHEST WIND DIRECTION     N (10)
  HIGHEST GUST SPEED    36   HIGHEST GUST DIRECTION     N (10)
  AVERAGE WIND SPEED    10.7


SKY COVER
  AVERAGE SKY COVER 0.2


WEATHER CONDITIONS
 THE FOLLOWING WEATHER WAS RECORDED YESTERDAY.
  THUNDERSTORM
  HEAVY RAIN
  RAIN
  LIGHT RAIN
  FOG


RELATIVE HUMIDITY (PERCENT)
 HIGHEST    87          1100 PM
 LOWEST     24           400 PM
 AVERAGE    56

..........................................................


THE CHILDRESS CLIMATE NORMALS FOR TODAY
                         NORMAL    RECORD    YEAR
 MAXIMUM TEMPERATURE (F)   95       106      1994
                                             1893
 MINIMUM TEMPERATURE (F)   70        59      1940


SUNRISE AND SUNSET
JUNE 30 2015..........SUNRISE   632 AM CDT   SUNSET   858 PM CDT
JULY  1 2015..........SUNRISE   632 AM CDT   SUNSET   858 PM CDT


-  INDICATES NEGATIVE NUMBERS.
R  INDICATES RECORD WAS SET OR TIED.
MM INDICATES DATA IS MISSING.
T  INDICATES TRACE AMOUNT.




$$
