000
CDUS44 KLUB 220631
CLICDS


CLIMATE REPORT
NATIONAL WEATHER SERVICE LUBBOCK, TX
1231 AM CST WED FEB 22 2017


...................................

...THE CHILDRESS CLIMATE SUMMARY FOR FEBRUARY 21 2017...

CLIMATE NORMAL PERIOD 1981 TO 2010
CLIMATE RECORD PERIOD 1893 TO 2017


WEATHER ITEM   OBSERVED TIME   RECORD YEAR NORMAL DEPARTURE LAST
                VALUE   (LST)  VALUE       VALUE  FROM      YEAR
                                                  NORMAL
..................................................................
TEMPERATURE (F)
 YESTERDAY
  MAXIMUM         77    536 PM  88    1996  60     17       64
  MINIMUM         40    751 AM  12    1939  34      6       47
  AVERAGE         59                        47     12       56

PRECIPITATION (IN)
  YESTERDAY        0.00          0.90 1919   0.04  -0.04     0.00
  MONTH TO DATE    2.50                      0.77   1.73      T
  SINCE DEC 1      5.51                      2.41   3.10     1.36
  SINCE JAN 1      4.22                      1.50   2.72     0.51

SNOWFALL (IN)
  YESTERDAY        0.0          MM      MM   0.1   -0.1      0.0
  MONTH TO DATE    T                         1.0   -1.0      0.0
  SINCE DEC 1      1.5                       5.4   -3.9      6.2
  SINCE JUL 1      1.5                       6.3   -4.8      7.0
  SNOW DEPTH       0

DEGREE DAYS
 HEATING
  YESTERDAY        6                        19    -13        9
  MONTH TO DATE  285                       435   -150      308
  SINCE DEC 1   1610                      1878   -268     1601
  SINCE JUL 1   1877                      2438   -561     2054

 COOLING
  YESTERDAY        0                         0      0        0
  MONTH TO DATE   10                         0     10        2
  SINCE DEC 1     10                         0     10        2
  SINCE JAN 1     10                         0     10        2
..................................................................


WIND (MPH)
  RESULTANT WIND SPEED   3   RESULTANT WIND DIRECTION  NW (300)
  HIGHEST WIND SPEED    10   HIGHEST WIND DIRECTION     S (180)
  HIGHEST GUST SPEED    13   HIGHEST GUST DIRECTION    NW (300)
  AVERAGE WIND SPEED     6.7


SKY COVER
  AVERAGE SKY COVER 0.0


WEATHER CONDITIONS
 THE FOLLOWING WEATHER WAS RECORDED YESTERDAY.
  NO SIGNIFICANT WEATHER WAS OBSERVED.


RELATIVE HUMIDITY (PERCENT)
 HIGHEST    60           800 AM
 LOWEST     11           500 PM
 AVERAGE    36

..........................................................


THE CHILDRESS CLIMATE NORMALS FOR TODAY
                         NORMAL    RECORD    YEAR
 MAXIMUM TEMPERATURE (F)   60        93      1996
 MINIMUM TEMPERATURE (F)   34        13      1894


SUNRISE AND SUNSET
FEBRUARY 22 2017......SUNRISE   718 AM CST   SUNSET   631 PM CST
FEBRUARY 23 2017......SUNRISE   717 AM CST   SUNSET   632 PM CST


-  INDICATES NEGATIVE NUMBERS.
R  INDICATES RECORD WAS SET OR TIED.
MM INDICATES DATA IS MISSING.
T  INDICATES TRACE AMOUNT.




$$
