000
CDUS44 KLUB 050627
CLICDS


CLIMATE REPORT
NATIONAL WEATHER SERVICE LUBBOCK, TX
127 AM CDT THU MAY 5 2016


...................................

...THE CHILDRESS CLIMATE SUMMARY FOR MAY 4 2016...

CLIMATE NORMAL PERIOD 1981 TO 2010
CLIMATE RECORD PERIOD 1893 TO 2016


WEATHER ITEM   OBSERVED TIME   RECORD YEAR NORMAL DEPARTURE LAST
                VALUE   (LST)  VALUE       VALUE  FROM      YEAR
                                                  NORMAL
..................................................................
TEMPERATURE (F)
 YESTERDAY
  MAXIMUM         86    410 PM 105    2012  81      5       83
  MINIMUM         46    606 AM  27    1907  55     -9       60
  AVERAGE         66                        68     -2       72

PRECIPITATION (IN)
  YESTERDAY        0.00          2.35 2001   0.08  -0.08      T
  MONTH TO DATE    0.01                      0.32  -0.31      T
  SINCE MAR 1      2.78                      3.97  -1.19     5.37
  SINCE JAN 1      4.03                      5.75  -1.72     6.65

SNOWFALL (IN)
  YESTERDAY        0.0          MM      MM   0.0    0.0      0.0
  MONTH TO DATE    0.0                       0.0    0.0      0.0
  SINCE MAR 1      0.0                       0.6   -0.6      2.5
  SINCE JUL 1      7.0                       7.0    0.0      8.0
  SNOW DEPTH       0

DEGREE DAYS
 HEATING
  YESTERDAY        0                         2     -2        0
  MONTH TO DATE   24                         8     16        0
  SINCE MAR 1    349                       536   -187      434
  SINCE JUL 1   2517                      3096   -579     2931

 COOLING
  YESTERDAY        1                         5     -4        7
  MONTH TO DATE    1                        17    -16       20
  SINCE MAR 1     62                       107    -45      116
  SINCE JAN 1     64                       108    -44      116
..................................................................


WIND (MPH)
  RESULTANT WIND SPEED   7   RESULTANT WIND DIRECTION   N (350)
  HIGHEST WIND SPEED    17   HIGHEST WIND DIRECTION     N (10)
  HIGHEST GUST SPEED    23   HIGHEST GUST DIRECTION     N (360)
  AVERAGE WIND SPEED     8.4


SKY COVER
  AVERAGE SKY COVER 0.0


WEATHER CONDITIONS
 THE FOLLOWING WEATHER WAS RECORDED YESTERDAY.
  NO SIGNIFICANT WEATHER WAS OBSERVED.


RELATIVE HUMIDITY (PERCENT)
 HIGHEST    83          1200 AM
 LOWEST     15           300 PM
 AVERAGE    49

..........................................................


THE CHILDRESS CLIMATE NORMALS FOR TODAY
                         NORMAL    RECORD    YEAR
 MAXIMUM TEMPERATURE (F)   81       105      2014
                                             2012
 MINIMUM TEMPERATURE (F)   55        38      2013


SUNRISE AND SUNSET
MAY  5 2016...........SUNRISE   647 AM CDT   SUNSET   829 PM CDT
MAY  6 2016...........SUNRISE   646 AM CDT   SUNSET   830 PM CDT


-  INDICATES NEGATIVE NUMBERS.
R  INDICATES RECORD WAS SET OR TIED.
MM INDICATES DATA IS MISSING.
T  INDICATES TRACE AMOUNT.




$$
