000
CDUS44 KLUB 210625
CLICDS


CLIMATE REPORT
NATIONAL WEATHER SERVICE LUBBOCK, TX
1225 AM CST TUE NOV 21 2017


...................................

...THE CHILDRESS CLIMATE SUMMARY FOR NOVEMBER 20 2017...

CLIMATE NORMAL PERIOD 1981 TO 2010
CLIMATE RECORD PERIOD 1893 TO 2017


WEATHER ITEM   OBSERVED TIME   RECORD YEAR NORMAL DEPARTURE LAST
                VALUE   (LST)  VALUE       VALUE  FROM      YEAR
                                                  NORMAL
..................................................................
TEMPERATURE (F)
 YESTERDAY
  MAXIMUM         68    337 PM  83    2007  63      5       76
  MINIMUM         31    747 AM  17    1937  37     -6       33
  AVERAGE         50                        50      0       55

PRECIPITATION (IN)
  YESTERDAY        0.00          0.38 1906   0.04  -0.04     0.00
  MONTH TO DATE    0.05                      0.88  -0.83     2.18
  SINCE SEP 1      5.83                      5.55   0.28     5.97
  SINCE JAN 1     23.51                     22.64   0.87    28.75

SNOWFALL (IN)
  YESTERDAY        0.0          MM      MM   0.1   -0.1      0.0
  MONTH TO DATE    0.0                       0.4   -0.4      0.0
  SINCE SEP 1      0.0                       0.6   -0.6      0.0
  SINCE JUL 1      0.0                       0.6   -0.6      0.0
  SNOW DEPTH       0

DEGREE DAYS
 HEATING
  YESTERDAY       15                        15      0       10
  MONTH TO DATE  185                       231    -46      124
  SINCE SEP 1    333                       383    -50      158
  SINCE JUL 1    333                       383    -50      158

 COOLING
  YESTERDAY        0                         0      0        0
  MONTH TO DATE   10                         7      3       17
  SINCE SEP 1    412                       376     36      497
  SINCE JAN 1   2306                      2207     99     2370
..................................................................


WIND (MPH)
  RESULTANT WIND SPEED  11   RESULTANT WIND DIRECTION   S (190)
  HIGHEST WIND SPEED    22   HIGHEST WIND DIRECTION     S (200)
  HIGHEST GUST SPEED    28   HIGHEST GUST DIRECTION     S (200)
  AVERAGE WIND SPEED    12.1


SKY COVER
  AVERAGE SKY COVER 0.0


WEATHER CONDITIONS
 THE FOLLOWING WEATHER WAS RECORDED YESTERDAY.
  NO SIGNIFICANT WEATHER WAS OBSERVED.


RELATIVE HUMIDITY (PERCENT)
 HIGHEST    66           800 AM
 LOWEST     19           300 PM
 AVERAGE    43

..........................................................


THE CHILDRESS CLIMATE NORMALS FOR TODAY
                         NORMAL    RECORD    YEAR
 MAXIMUM TEMPERATURE (F)   62        85      1966
 MINIMUM TEMPERATURE (F)   36         6      1906


SUNRISE AND SUNSET
NOVEMBER 21 2017......SUNRISE   720 AM CST   SUNSET   533 PM CST
NOVEMBER 22 2017......SUNRISE   721 AM CST   SUNSET   533 PM CST


-  INDICATES NEGATIVE NUMBERS.
R  INDICATES RECORD WAS SET OR TIED.
MM INDICATES DATA IS MISSING.
T  INDICATES TRACE AMOUNT.




$$
