000
CDUS46 KEKA 170021
CLICEC


CLIMATE REPORT
NATIONAL WEATHER SERVICE EUREKA CA
521 PM PDT MON OCT 16 2017


...................................

...THE CRESCENT CITY CA CLIMATE SUMMARY FOR OCTOBER 16 2017...
VALID TODAY AS OF 0500 PM LOCAL TIME.

CLIMATE NORMAL PERIOD 1981 TO 2010
CLIMATE RECORD PERIOD 1894 TO 2017


WEATHER ITEM   OBSERVED TIME   RECORD YEAR NORMAL DEPARTURE LAST
                VALUE   (LST)  VALUE       VALUE  FROM      YEAR
                                                  NORMAL
..................................................................
TEMPERATURE (F)
 TODAY
  MAXIMUM         59    932 AM  83    1960  61     -2       58
  MINIMUM         41    433 AM  35    1971  46     -5       50
  AVERAGE         50                        54     -4       54

PRECIPITATION (IN)
  TODAY            0.00          2.99 2016   0.13  -0.13     2.99
  MONTH TO DATE    0.24                      1.44  -1.20     9.70
  SINCE OCT 1      0.24                      1.44  -1.20     9.70
  SINCE JAN 1     50.72                     40.23  10.49    42.48

SNOWFALL (IN)
  TODAY            0.0          MM      MM  MM     MM        0.0
  MONTH TO DATE    0.0                      MM     MM        0.0
  SINCE SEP 1      0.0                      MM     MM        0.0
  SINCE JUL 1      0.0                      MM     MM        0.0
  SNOW DEPTH       0

..................................................................


WIND (MPH)
  HIGHEST WIND SPEED    12   HIGHEST WIND DIRECTION    NW (330)
  HIGHEST GUST SPEED    14   HIGHEST GUST DIRECTION     N (350)
  AVERAGE WIND SPEED     5.1


SKY COVER
  AVERAGE SKY COVER 0.0


WEATHER CONDITIONS
 THE FOLLOWING WEATHER WAS RECORDED TODAY.
  FOG
  HAZE


RELATIVE HUMIDITY (PERCENT)
 HIGHEST   100
 LOWEST     72
 AVERAGE    86

..........................................................


THE CRESCENT CITY CA CLIMATE NORMALS FOR TOMORROW
                         NORMAL    RECORD    YEAR
 MAXIMUM TEMPERATURE (F)   61        80      1960
 MINIMUM TEMPERATURE (F)   46        35      1949


SUNRISE AND SUNSET
OCTOBER 16 2017.......SUNRISE   731 AM PDT   SUNSET   633 PM PDT
OCTOBER 17 2017.......SUNRISE   732 AM PDT   SUNSET   632 PM PDT


-  INDICATES NEGATIVE NUMBERS.
R  INDICATES RECORD WAS SET OR TIED.
MM INDICATES DATA IS MISSING.
T  INDICATES TRACE AMOUNT.




$$
