000
CDUS46 KEKA 250016
CLICEC


CLIMATE REPORT
NATIONAL WEATHER SERVICE EUREKA CA
516 PM PDT SUN MAY 24 2015


...................................

...THE CRESCENT CITY CA CLIMATE SUMMARY FOR MAY 24 2015...
VALID TODAY AS OF 0500 PM LOCAL TIME.

CLIMATE NORMAL PERIOD 1981 TO 2010
CLIMATE RECORD PERIOD 1894 TO 2015


WEATHER ITEM   OBSERVED TIME   RECORD YEAR NORMAL DEPARTURE LAST
                VALUE   (LST)  VALUE       VALUE  FROM      YEAR
                                                  NORMAL
..................................................................
TEMPERATURE (F)
 TODAY
  MAXIMUM         57    236 PM  81    1982  59     -2       59
  MINIMUM         51   1012 AM  38    1962  48      3       49
  AVERAGE         54                        53      1       54

PRECIPITATION (IN)
  TODAY            0.00          1.26 1973   0.07  -0.07     0.00
  MONTH TO DATE    T                         2.41  -2.41     1.49
  SINCE OCT 1     41.20                     59.98 -18.78    26.70
  SINCE JAN 1     20.37                     34.74 -14.37    22.76

SNOWFALL (IN)
  TODAY            0.0          MM      MM  MM     MM        0.0
  MONTH TO DATE    0.0                      MM     MM        0.0
  SINCE MAR 1      0.0                      MM     MM        0.0
  SINCE JUL 1      0.0                      MM     MM        0.0
  SNOW DEPTH       0

..................................................................


WIND (MPH)
  HIGHEST WIND SPEED    16   HIGHEST WIND DIRECTION    NW (330)
  HIGHEST GUST SPEED    22   HIGHEST GUST DIRECTION     N (340)
  AVERAGE WIND SPEED     5.3


SKY COVER
  AVERAGE SKY COVER 0.8


WEATHER CONDITIONS
 THE FOLLOWING WEATHER WAS RECORDED TODAY.
  FOG


RELATIVE HUMIDITY (PERCENT)
 HIGHEST   100
 LOWEST     83
 AVERAGE    92

..........................................................


THE CRESCENT CITY CA CLIMATE NORMALS FOR TOMORROW
                         NORMAL    RECORD    YEAR
 MAXIMUM TEMPERATURE (F)   59        82      1979
 MINIMUM TEMPERATURE (F)   48        39      1965


SUNRISE AND SUNSET
MAY 24 2015...........SUNRISE   549 AM PDT   SUNSET   839 PM PDT
MAY 25 2015...........SUNRISE   549 AM PDT   SUNSET   839 PM PDT


-  INDICATES NEGATIVE NUMBERS.
R  INDICATES RECORD WAS SET OR TIED.
MM INDICATES DATA IS MISSING.
T  INDICATES TRACE AMOUNT.




$$
