547
CDUS46 KEKA 111219
CLICEC


CLIMATE REPORT
NATIONAL WEATHER SERVICE EUREKA CA
418 AM PST THU FEB 11 2016


...................................

...THE CRESCENT CITY CA CLIMATE SUMMARY FOR FEBRUARY 10 2016...

CLIMATE NORMAL PERIOD 1981 TO 2010
CLIMATE RECORD PERIOD 1894 TO 2016


WEATHER ITEM   OBSERVED TIME   RECORD YEAR NORMAL DEPARTURE LAST
                VALUE   (LST)  VALUE       VALUE  FROM      YEAR
                                                  NORMAL
..................................................................
TEMPERATURE (F)
 YESTERDAY
  MAXIMUM         62    105 PM  68    1970  53      9       56
  MINIMUM         49    217 AM  30    2003  42      7       44
  AVERAGE         56                        47      9       50

PRECIPITATION (IN)
  YESTERDAY        T             3.48 1961   0.33  -0.33     0.00
  MONTH TO DATE    0.66                      3.41  -2.75     7.27
  SINCE OCT 1     49.77                     39.04  10.73    29.83
  SINCE JAN 1     15.09                     13.80   1.29     9.00

SNOWFALL (IN)
  YESTERDAY       MM            MM      MM  MM     MM        0.0
  MONTH TO DATE    0.0                      MM     MM        0.0
  SINCE DEC 1      0.0                      MM     MM        0.0
  SINCE JUL 1      0.0                      MM     MM        0.0
  SNOW DEPTH       0

DEGREE DAYS
 HEATING
  YESTERDAY        9                        18     -9       15
  MONTH TO DATE  126                       180    -54       93
  SINCE DEC 1   1054                      1249   -195      886
  SINCE JUL 1   2223                      2866   -643     1993

 COOLING
  YESTERDAY        0                         0      0        0
  MONTH TO DATE    0                         0      0        0
  SINCE DEC 1      0                         0      0        0
  SINCE JAN 1      0                         0      0        0
..................................................................


WIND (MPH)
  HIGHEST WIND SPEED    15   HIGHEST WIND DIRECTION     S (170)
  HIGHEST GUST SPEED    20   HIGHEST GUST DIRECTION     S (170)
  AVERAGE WIND SPEED     6.2


SKY COVER
  AVERAGE SKY COVER 0.3


WEATHER CONDITIONS
 THE FOLLOWING WEATHER WAS RECORDED YESTERDAY.
  LIGHT RAIN
  FOG
  HAZE


RELATIVE HUMIDITY (PERCENT)
 HIGHEST    96
 LOWEST     64
 AVERAGE    80

..........................................................


THE CRESCENT CITY CA CLIMATE NORMALS FOR TODAY
                         NORMAL    RECORD    YEAR
 MAXIMUM TEMPERATURE (F)   53        70      1971
 MINIMUM TEMPERATURE (F)   42        30      1999


SUNRISE AND SUNSET
FEBRUARY 11 2016......SUNRISE   718 AM PST   SUNSET   545 PM PST
FEBRUARY 12 2016......SUNRISE   717 AM PST   SUNSET   546 PM PST


-  INDICATES NEGATIVE NUMBERS.
R  INDICATES RECORD WAS SET OR TIED.
MM INDICATES DATA IS MISSING.
T  INDICATES TRACE AMOUNT.




$$
