000
CDUS46 KEKA 221212
CLICEC


CLIMATE REPORT
NATIONAL WEATHER SERVICE EUREKA CA
512 AM PDT TUE AUG 22 2017


...................................

...THE CRESCENT CITY CA CLIMATE SUMMARY FOR AUGUST 21 2017...

CLIMATE NORMAL PERIOD 1981 TO 2010
CLIMATE RECORD PERIOD 1894 TO 2017


WEATHER ITEM   OBSERVED TIME   RECORD YEAR NORMAL DEPARTURE LAST
                VALUE   (LST)  VALUE       VALUE  FROM      YEAR
                                                  NORMAL
..................................................................
TEMPERATURE (F)
 YESTERDAY
  MAXIMUM         57    854 PM  77    1961  63     -6       61
  MINIMUM         51    504 AM  41    1960  52     -1       50
  AVERAGE         54                        57     -3       56

PRECIPITATION (IN)
  YESTERDAY        0.00          0.39 1978   0.01  -0.01     0.00
  MONTH TO DATE    0.02                      0.31  -0.29     0.00
  SINCE OCT 1     94.31                     62.89  31.42    67.46
  SINCE JAN 1     49.21                     37.65  11.56    32.78

SNOWFALL (IN)
  YESTERDAY        0.0          MM      MM  MM     MM        0.0
  MONTH TO DATE    0.0                      MM     MM        0.0
  SINCE JUN 1      0.0                      MM     MM        0.0
  SINCE JUL 1      0.0                      MM     MM        0.0
  SNOW DEPTH       0

DEGREE DAYS
 HEATING
  YESTERDAY       11                         8      3        9
  MONTH TO DATE  144                       168    -24      183
  SINCE JUN 1    708                       751    -43      670
  SINCE JUL 1    425                       442    -17      413

 COOLING
  YESTERDAY        0                         0      0        0
  MONTH TO DATE    0                         0      0        0
  SINCE JUN 1      0                         0      0        0
  SINCE JAN 1      0                         0      0        0
..................................................................


WIND (MPH)
  HIGHEST WIND SPEED    12   HIGHEST WIND DIRECTION    SE (140)
  HIGHEST GUST SPEED    15   HIGHEST GUST DIRECTION     S (160)
  AVERAGE WIND SPEED     7.0


SKY COVER
  AVERAGE SKY COVER 1.0


WEATHER CONDITIONS
 THE FOLLOWING WEATHER WAS RECORDED YESTERDAY.
  FOG


RELATIVE HUMIDITY (PERCENT)
 HIGHEST   100
 LOWEST     86
 AVERAGE    93

..........................................................


THE CRESCENT CITY CA CLIMATE NORMALS FOR TODAY
                         NORMAL    RECORD    YEAR
 MAXIMUM TEMPERATURE (F)   63        74      1954
 MINIMUM TEMPERATURE (F)   52        43      1979


SUNRISE AND SUNSET
AUGUST 22 2017........SUNRISE   633 AM PDT   SUNSET   806 PM PDT
AUGUST 23 2017........SUNRISE   634 AM PDT   SUNSET   804 PM PDT


-  INDICATES NEGATIVE NUMBERS.
R  INDICATES RECORD WAS SET OR TIED.
MM INDICATES DATA IS MISSING.
T  INDICATES TRACE AMOUNT.




$$
