000
CDUS46 KEKA 240013
CLICEC


CLIMATE REPORT
NATIONAL WEATHER SERVICE EUREKA CA
411 PM PST MON JAN 23 2017


...................................

...THE CRESCENT CITY CA CLIMATE SUMMARY FOR JANUARY 23 2017...
VALID TODAY AS OF 0400 PM LOCAL TIME.

CLIMATE NORMAL PERIOD 1981 TO 2010
CLIMATE RECORD PERIOD 1894 TO 2017


WEATHER ITEM   OBSERVED TIME   RECORD YEAR NORMAL DEPARTURE LAST
                VALUE   (LST)  VALUE       VALUE  FROM      YEAR
                                                  NORMAL
..................................................................
TEMPERATURE (F)
 TODAY
  MAXIMUM         51    207 PM  75    2014  54     -3       55
  MINIMUM         43    519 AM  28    1997  41      2       46
  AVERAGE         47                        48     -1       51

PRECIPITATION (IN)
  TODAY            0.14          2.50 1970   0.27  -0.13     1.13
  MONTH TO DATE   12.22                      8.35   3.87    11.31
  SINCE OCT 1     57.32                     33.59  23.73    45.99
  SINCE JAN 1     12.22                      8.35   3.87    11.31

SNOWFALL (IN)
  TODAY           MM            MM      MM  MM     MM       MM
  MONTH TO DATE    0.0                      MM     MM        0.0
  SINCE DEC 1      0.0                      MM     MM        0.0
  SINCE JUL 1      0.0                      MM     MM        0.0
  SNOW DEPTH       0

..................................................................


WIND (MPH)
  HIGHEST WIND SPEED    24   HIGHEST WIND DIRECTION    SE (150)
  HIGHEST GUST SPEED    33   HIGHEST GUST DIRECTION     S (160)
  AVERAGE WIND SPEED    16.7


SKY COVER
  AVERAGE SKY COVER 0.9


WEATHER CONDITIONS
 THE FOLLOWING WEATHER WAS RECORDED TODAY.
  LIGHT RAIN


RELATIVE HUMIDITY (PERCENT)
 HIGHEST    76
 LOWEST     66
 AVERAGE    71

..........................................................


THE CRESCENT CITY CA CLIMATE NORMALS FOR TOMORROW
                         NORMAL    RECORD    YEAR
 MAXIMUM TEMPERATURE (F)   54        69      2014
 MINIMUM TEMPERATURE (F)   41        26      1949


SUNRISE AND SUNSET
JANUARY 23 2017.......SUNRISE   737 AM PST   SUNSET   521 PM PST
JANUARY 24 2017.......SUNRISE   736 AM PST   SUNSET   523 PM PST


-  INDICATES NEGATIVE NUMBERS.
R  INDICATES RECORD WAS SET OR TIED.
MM INDICATES DATA IS MISSING.
T  INDICATES TRACE AMOUNT.




$$
