000
CDUS46 KEKA 040011
CLICEC


CLIMATE REPORT
NATIONAL WEATHER SERVICE EUREKA CA
411 PM PST TUE MAR 3 2015


...................................

...THE CRESCENT CITY CA CLIMATE SUMMARY FOR MARCH 3 2015...
VALID TODAY AS OF 0400 PM LOCAL TIME.

CLIMATE NORMAL PERIOD 1981 TO 2010
CLIMATE RECORD PERIOD 1894 TO 2015


WEATHER ITEM   OBSERVED TIME   RECORD YEAR NORMAL DEPARTURE LAST
                VALUE   (LST)  VALUE       VALUE  FROM      YEAR
                                                  NORMAL
..................................................................
TEMPERATURE (F)
 TODAY
  MAXIMUM         55    153 PM  69    1965  54      1       56
  MINIMUM         37    722 AM  29    1951  42     -5       53
  AVERAGE         46                        48     -2       55

PRECIPITATION (IN)
  TODAY            0.00          1.55 1960   0.24  -0.24     0.80
  MONTH TO DATE    T                         0.74  -0.74     1.37
  SINCE OCT 1     30.49                     45.25 -14.76    16.95
  SINCE JAN 1      9.66                     20.01 -10.35    13.01

SNOWFALL (IN)
  TODAY            0.0          MM      MM  MM     MM        0.0
  MONTH TO DATE    0.0                      MM     MM        0.0
  SINCE MAR 1      0.0                      MM     MM        0.0
  SINCE JUL 1      0.0                      MM     MM        0.0
  SNOW DEPTH       0

..................................................................


WIND (MPH)
  HIGHEST WIND SPEED    21   HIGHEST WIND DIRECTION     N (340)
  HIGHEST GUST SPEED    27   HIGHEST GUST DIRECTION     N (340)
  AVERAGE WIND SPEED     7.3


SKY COVER
  AVERAGE SKY COVER 0.0


WEATHER CONDITIONS
 THE FOLLOWING WEATHER WAS RECORDED TODAY.
  FOG
  HAZE


RELATIVE HUMIDITY (PERCENT)
 HIGHEST    85
 LOWEST     63
 AVERAGE    74

..........................................................


THE CRESCENT CITY CA CLIMATE NORMALS FOR TOMORROW
                         NORMAL    RECORD    YEAR
 MAXIMUM TEMPERATURE (F)   54        69      1987
 MINIMUM TEMPERATURE (F)   42        28      1997


SUNRISE AND SUNSET
MARCH  3 2015.........SUNRISE   649 AM PST   SUNSET   610 PM PST
MARCH  4 2015.........SUNRISE   647 AM PST   SUNSET   611 PM PST


-  INDICATES NEGATIVE NUMBERS.
R  INDICATES RECORD WAS SET OR TIED.
MM INDICATES DATA IS MISSING.
T  INDICATES TRACE AMOUNT.




$$
