000
CDUS46 KEKA 241209
CLICEC


CLIMATE REPORT
NATIONAL WEATHER SERVICE EUREKA CA
509 AM PDT SAT JUN 24 2017


...................................

...THE CRESCENT CITY CA CLIMATE SUMMARY FOR JUNE 23 2017...

CLIMATE NORMAL PERIOD 1981 TO 2010
CLIMATE RECORD PERIOD 1894 TO 2017


WEATHER ITEM   OBSERVED TIME   RECORD YEAR NORMAL DEPARTURE LAST
                VALUE   (LST)  VALUE       VALUE  FROM      YEAR
                                                  NORMAL
..................................................................
TEMPERATURE (F)
 YESTERDAY
  MAXIMUM         65    257 PM  84    1989  61      4       66
  MINIMUM         50   1153 PM  40    1953  50      0       52
  AVERAGE         58                        55      3       59

PRECIPITATION (IN)
  YESTERDAY        0.00          0.45 1955   0.04  -0.04      T
  MONTH TO DATE    1.64                      1.37   0.27     0.28
  SINCE OCT 1     94.29                     61.81  32.48    66.43
  SINCE JAN 1     49.19                     36.57  12.62    31.75

SNOWFALL (IN)
  YESTERDAY        0.0          MM      MM  MM     MM        0.0
  MONTH TO DATE    0.0                      MM     MM        0.0
  SINCE JUN 1      0.0                      MM     MM        0.0
  SINCE JUL 1      0.0                      MM     MM        0.0
  SNOW DEPTH       0

DEGREE DAYS
 HEATING
  YESTERDAY        7                        10     -3        6
  MONTH TO DATE  218                       241    -23      199
  SINCE JUN 1    218                       241    -23      199
  SINCE JUL 1   4402                      4792   -390     3767

 COOLING
  YESTERDAY        0                         0      0        0
  MONTH TO DATE    0                         0      0        0
  SINCE JUN 1      0                         0      0        0
  SINCE JAN 1      0                         0      0        0
..................................................................


WIND (MPH)
  HIGHEST WIND SPEED    18   HIGHEST WIND DIRECTION     S (160)
  HIGHEST GUST SPEED    24   HIGHEST GUST DIRECTION     S (160)
  AVERAGE WIND SPEED     8.8


SKY COVER
  AVERAGE SKY COVER 0.0


WEATHER CONDITIONS
 THE FOLLOWING WEATHER WAS RECORDED YESTERDAY.
  HAZE


RELATIVE HUMIDITY (PERCENT)
 HIGHEST    96
 LOWEST     62
 AVERAGE    79

..........................................................


THE CRESCENT CITY CA CLIMATE NORMALS FOR TODAY
                         NORMAL    RECORD    YEAR
 MAXIMUM TEMPERATURE (F)   61        79      1989
 MINIMUM TEMPERATURE (F)   50        42      1997


SUNRISE AND SUNSET
JUNE 24 2017..........SUNRISE   443 AM PST   SUNSET   756 PM PST
JUNE 25 2017..........SUNRISE   443 AM PST   SUNSET   756 PM PST


-  INDICATES NEGATIVE NUMBERS.
R  INDICATES RECORD WAS SET OR TIED.
MM INDICATES DATA IS MISSING.
T  INDICATES TRACE AMOUNT.




$$
