000
CDUS45 KGJT 232329
CLICEZ


CLIMATE REPORT
NATIONAL WEATHER SERVICE GRAND JUNCTION CO
526 PM MDT TUE AUG 23 2016


...................................

...THE CORTEZ CO CLIMATE SUMMARY FOR AUGUST 23 2016...
VALID TODAY AS OF 0500 PM LOCAL TIME.

CLIMATE NORMAL PERIOD 1981 TO 2010
CLIMATE RECORD PERIOD 9999 TO 9999


WEATHER ITEM   OBSERVED TIME   RECORD YEAR NORMAL DEPARTURE LAST
                VALUE   (LST)  VALUE       VALUE  FROM      YEAR
                                                  NORMAL
..................................................................
TEMPERATURE (F)
 TODAY
  MAXIMUM         79   1049 AM  MM      MM  85     -6       90
  MINIMUM         51    304 AM  MM      MM  52     -1       51
  AVERAGE         65                        68     -3       71

PRECIPITATION (IN)
  TODAY            1.58         MM      MM   0.04   1.54      T
  MONTH TO DATE    2.93                      1.11   1.82     0.81
  SINCE JUN 1      4.59                      2.88   1.71     4.44
  SINCE JAN 1      7.90                      8.02  -0.12     8.44

SNOWFALL (IN)
  TODAY           MM            MM      MM  MM     MM       MM
  MONTH TO DATE   MM                        MM     MM       MM
  SINCE JUN 1     MM                        MM     MM       MM
  SINCE JUL 1     MM                        MM     MM       MM
  SNOW DEPTH      MM

DEGREE DAYS
 HEATING
  TODAY            0                         0      0        0
  MONTH TO DATE    0                         0      0        0
  SINCE JUN 1     14                        78    -64       40
  SINCE JUL 1      2                         3     -1        0

 COOLING
  TODAY            0                         3     -3        6
  MONTH TO DATE  110                       125    -15      140
  SINCE JUN 1    513                       384    129      416
  SINCE JAN 1    513                       389    124      416
..................................................................


WIND (MPH)
  HIGHEST WIND SPEED    21   HIGHEST WIND DIRECTION    SE (140)
  HIGHEST GUST SPEED    26   HIGHEST GUST DIRECTION     E (70)
  AVERAGE WIND SPEED     2.8


SKY COVER
  POSSIBLE SUNSHINE  MM
  AVERAGE SKY COVER 0.5


WEATHER CONDITIONS
 THE FOLLOWING WEATHER WAS RECORDED TODAY.
  THUNDERSTORM
  HEAVY RAIN
  RAIN
  LIGHT RAIN
  FOG
  HAZE


RELATIVE HUMIDITY (PERCENT)
 HIGHEST    93           300 PM
 LOWEST     36          1100 AM
 AVERAGE    65

..........................................................


THE CORTEZ CO CLIMATE NORMALS FOR TOMORROW
                         NORMAL    RECORD    YEAR
 MAXIMUM TEMPERATURE (F)   84        MM        MM
 MINIMUM TEMPERATURE (F)   51        MM        MM


SUNRISE AND SUNSET
AUGUST 23 2016........SUNRISE   638 AM MDT   SUNSET   755 PM MDT
AUGUST 24 2016........SUNRISE   639 AM MDT   SUNSET   754 PM MDT


-  INDICATES NEGATIVE NUMBERS.
R  INDICATES RECORD WAS SET OR TIED.
MM INDICATES DATA IS MISSING.
T  INDICATES TRACE AMOUNT.




$$
