000
CDUS43 KPAH 260632
CLICGI


CLIMATE REPORT
NATIONAL WEATHER SERVICE PADUCAH KY
128 AM CDT THU MAY 26 2016


...................................

...THE CAPE GIRARDEAU MO CLIMATE SUMMARY FOR MAY 25 2016...

CLIMATE NORMAL PERIOD 1981 TO 2010
CLIMATE RECORD PERIOD 1960 TO 2016


WEATHER ITEM   OBSERVED TIME   RECORD YEAR NORMAL DEPARTURE LAST
                VALUE   (LST)  VALUE       VALUE  FROM      YEAR
                                                  NORMAL
..................................................................
TEMPERATURE (F)
 YESTERDAY
  MAXIMUM         79    423 PM  93    1978  80     -1       79
  MINIMUM         61    311 AM  44    2013  58      3       68
  AVERAGE         70                        69      1

PRECIPITATION (IN)
  YESTERDAY        0.03          1.63 1968   0.16  -0.13     0.04
  MONTH TO DATE    3.42                      4.58  -1.16     5.62
  SINCE MAR 1     13.58                     13.34   0.24    18.58
  SINCE JAN 1     18.36                     20.22  -1.86    25.10

DEGREE DAYS
 HEATING
  YESTERDAY        0                         1     -1        0
  MONTH TO DATE  100                        63     37       56
  SINCE MAR 1    679                       884   -205      833
  SINCE JUL 1   3571                      4381   -810     4611

 COOLING
  YESTERDAY        5                         5      0        9
  MONTH TO DATE   47                        84    -37      110
  SINCE MAR 1     65                       115    -50      138
  SINCE JAN 1     65                       115    -50      138
..................................................................


WIND (MPH)
  HIGHEST WIND SPEED    17   HIGHEST WIND DIRECTION     S (170)
  HIGHEST GUST SPEED    23   HIGHEST GUST DIRECTION     S (170)
  AVERAGE WIND SPEED     6.8


SKY COVER
  AVERAGE SKY COVER 0.5


WEATHER CONDITIONS
 THE FOLLOWING WEATHER WAS RECORDED YESTERDAY.
  THUNDERSTORM
  LIGHT RAIN
  FOG


RELATIVE HUMIDITY (PERCENT)
 HIGHEST   100
 LOWEST     71
 AVERAGE    86

..........................................................


THE CAPE GIRARDEAU MO CLIMATE NORMALS FOR TODAY
                         NORMAL    RECORD    YEAR
 MAXIMUM TEMPERATURE (F)   81        96      2012
 MINIMUM TEMPERATURE (F)   59        43      1988


SUNRISE AND SUNSET
MAY 26 2016...........SUNRISE   542 AM CDT   SUNSET   809 PM CDT
MAY 27 2016...........SUNRISE   542 AM CDT   SUNSET   810 PM CDT


-  INDICATES NEGATIVE NUMBERS.
R  INDICATES RECORD WAS SET OR TIED.
MM INDICATES DATA IS MISSING.
T  INDICATES TRACE AMOUNT.




$$
