000
CDUS43 KPAH 290628
CLICGI


CLIMATE REPORT
NATIONAL WEATHER SERVICE PADUCAH KY
126 AM CDT THU SEP 29 2016

...................................

...THE CAPE GIRARDEAU MO CLIMATE SUMMARY FOR SEPTEMBER 28 2016...

CLIMATE NORMAL PERIOD 1981 TO 2010
CLIMATE RECORD PERIOD 1960 TO 2016

WEATHER ITEM   OBSERVED TIME   RECORD YEAR NORMAL DEPARTURE LAST
                VALUE   (LST)  VALUE       VALUE  FROM      YEAR
                                                  NORMAL
..................................................................
TEMPERATURE (F)
 YESTERDAY
  MAXIMUM         74    139 PM  92    1999  77     -3       79
  MINIMUM         48   1159 PM  40    2003  51     -3       59
  AVERAGE         61                        64     -3

PRECIPITATION (IN)
  YESTERDAY        0.00          2.81 1974   0.11  -0.11     0.25
  MONTH TO DATE    5.01                      3.07   1.94     1.51
  SINCE SEP 1      5.01                      3.07   1.94     1.51
  SINCE JAN 1     41.71                     34.12   7.59    45.06

DEGREE DAYS
 HEATING
  YESTERDAY        4                         4      0        0
  MONTH TO DATE   10                        37    -27       14
  SINCE SEP 1     10                        37    -27       14
  SINCE JUL 1     10                        38    -28       14

 COOLING
  YESTERDAY        0                         3     -3        4
  MONTH TO DATE  257                       158     99      178
  SINCE SEP 1    257                       158     99      178
  SINCE JAN 1   1700                      1418    282     1507
..................................................................

WIND (MPH)
  HIGHEST WIND SPEED    21   HIGHEST WIND DIRECTION     N (340)
  HIGHEST GUST SPEED    30   HIGHEST GUST DIRECTION     N (10)
  AVERAGE WIND SPEED     8.6

SKY COVER
  AVERAGE SKY COVER 0.2

WEATHER CONDITIONS
 THE FOLLOWING WEATHER WAS RECORDED YESTERDAY.
  NO SIGNIFICANT WEATHER WAS OBSERVED.

RELATIVE HUMIDITY (PERCENT)
 HIGHEST    86
 LOWEST     38
 AVERAGE    62
..........................................................

THE CAPE GIRARDEAU MO CLIMATE NORMALS FOR TODAY
                         NORMAL    RECORD    YEAR
 MAXIMUM TEMPERATURE (F)   76        95      1998
 MINIMUM TEMPERATURE (F)   51        35      2003

SUNRISE AND SUNSET
SEPTEMBER 29 2016.....SUNRISE   652 AM CDT   SUNSET   644 PM CDT
SEPTEMBER 30 2016.....SUNRISE   653 AM CDT   SUNSET   642 PM CDT

-  INDICATES NEGATIVE NUMBERS.
R  INDICATES RECORD WAS SET OR TIED.
MM INDICATES DATA IS MISSING.
T  INDICATES TRACE AMOUNT.

$$
