000
CDUS44 KMRX 200824
CLICHA

CLIMATE REPORT
NATIONAL WEATHER SERVICE MORRISTOWN TN
424 AM EDT MON OCT 20 2014


...................................

...THE CHATTANOOGA CLIMATE SUMMARY FOR OCTOBER 19 2014...

CLIMATE NORMAL PERIOD 1981 TO 2010
CLIMATE RECORD PERIOD 1879 TO 2014


WEATHER ITEM   OBSERVED TIME   RECORD YEAR NORMAL DEPARTURE LAST
                VALUE   (LST)  VALUE       VALUE  FROM      YEAR
                                                  NORMAL
..................................................................
TEMPERATURE (F)
 YESTERDAY
  MAXIMUM         68    340 PM  89    1910  72     -4       70
  MINIMUM         48    712 AM  27    1948  49     -1       46
  AVERAGE         58                        60     -2       58

PRECIPITATION (IN)
  YESTERDAY        0.00          2.17 2004   0.10  -0.10     0.00
  MONTH TO DATE    5.96                      2.00   3.96     0.16
  SINCE SEP 1      8.44                      6.04   2.40     2.27
  SINCE JAN 1     37.09                     41.30  -4.21    56.47

SNOWFALL (IN)
  YESTERDAY        0.0                       0.0    0.0      0.0
  MONTH TO DATE    0.0                       0.0    0.0      0.0
  SINCE SEP 1      0.0                       0.0    0.0      0.0
  SINCE JUL 1      0.0                       0.0    0.0      0.0
  SNOW DEPTH       0

DEGREE DAYS
 HEATING
  YESTERDAY        7                         6      1        7
  MONTH TO DATE   48                        69    -21       13
  SINCE SEP 1     48                        84    -36       13
  SINCE JUL 1     48                        84    -36       13

 COOLING
  YESTERDAY        0                         1     -1        0
  MONTH TO DATE   77                        40     37       78
  SINCE SEP 1    402                       279    123      356
  SINCE JAN 1   1903                      1729    174     1748
..................................................................


WIND (MPH)
  HIGHEST WIND SPEED    16   HIGHEST WIND DIRECTION     N (20)
  HIGHEST GUST SPEED    22   HIGHEST GUST DIRECTION    NE (50)
  AVERAGE WIND SPEED     5.8


SKY COVER
  POSSIBLE SUNSHINE  MM
  AVERAGE SKY COVER  MM


WEATHER CONDITIONS
 THE FOLLOWING WEATHER WAS RECORDED YESTERDAY.
  NO SIGNIFICANT WEATHER WAS OBSERVED.


RELATIVE HUMIDITY (PERCENT)
 HIGHEST    89          1000 PM
 LOWEST     45           400 PM
 AVERAGE    67

..........................................................


THE CHATTANOOGA CLIMATE NORMALS FOR TODAY
                         NORMAL    RECORD    YEAR
 MAXIMUM TEMPERATURE (F)   72        88      1941
 MINIMUM TEMPERATURE (F)   48        31      1948


SUNRISE AND SUNSET
OCTOBER 20 2014.......SUNRISE   751 AM EDT   SUNSET   700 PM EDT
OCTOBER 21 2014.......SUNRISE   752 AM EDT   SUNSET   658 PM EDT


-  INDICATES NEGATIVE NUMBERS.
R  INDICATES RECORD WAS SET OR TIED.
MM INDICATES DATA IS MISSING.
T  INDICATES TRACE AMOUNT.




$$
