000
CDUS44 KMRX 280807
CLICHA


CLIMATE REPORT
NATIONAL WEATHER SERVICE MORRISTOWN TN
406 AM EDT FRI JUL 28 2017


...................................

...THE CHATTANOOGA  ASOS CLIMATE SUMMARY FOR JULY 27 2017...

CLIMATE NORMAL PERIOD 1981 TO 2010
CLIMATE RECORD PERIOD 1879 TO 2017


WEATHER ITEM   OBSERVED TIME   RECORD YEAR NORMAL DEPARTURE LAST
                VALUE   (LST)  VALUE       VALUE  FROM      YEAR
                                                  NORMAL
..................................................................
TEMPERATURE (F)
 YESTERDAY
  MAXIMUM         88   1139 AM 104    1952  90     -2       95
  MINIMUM         74    114 PM  57    1911  70      4       75
  AVERAGE         81                        80      1       85

PRECIPITATION (IN)
  YESTERDAY        0.59          3.23 1976   0.15   0.44     0.00
  MONTH TO DATE    6.53                      4.32   2.21     1.63
  SINCE JUN 1     11.01                      8.37   2.64     2.85
  SINCE JAN 1     39.87                     31.19   8.68    20.09

DEGREE DAYS
 COOLING
  YESTERDAY       16                        15      1       20
  MONTH TO DATE  448                       401     47      518
  SINCE JUN 1    787                       746     41      990
  SINCE JAN 1   1113                       942    171     1266
..................................................................


WIND (MPH)
  HIGHEST WIND SPEED    24   HIGHEST WIND DIRECTION     W (290)
  HIGHEST GUST SPEED    35   HIGHEST GUST DIRECTION     W (280)
  AVERAGE WIND SPEED     4.1


SKY COVER
  POSSIBLE SUNSHINE  MM
  AVERAGE SKY COVER 0.7


WEATHER CONDITIONS
 THE FOLLOWING WEATHER WAS RECORDED YESTERDAY.
  THUNDERSTORM
  HEAVY RAIN
  LIGHT RAIN
  FOG


RELATIVE HUMIDITY (PERCENT)
 HIGHEST    87           600 AM
 LOWEST     58          1200 PM
 AVERAGE    73

..........................................................


THE CHATTANOOGA  ASOS CLIMATE NORMALS FOR TODAY
                         NORMAL    RECORD    YEAR
 MAXIMUM TEMPERATURE (F)   90       106      1952
 MINIMUM TEMPERATURE (F)   70        56      1911


SUNRISE AND SUNSET
JULY 28 2017..........SUNRISE   647 AM EDT   SUNSET   847 PM EDT
JULY 29 2017..........SUNRISE   648 AM EDT   SUNSET   846 PM EDT


-  INDICATES NEGATIVE NUMBERS.
R  INDICATES RECORD WAS SET OR TIED.
MM INDICATES DATA IS MISSING.
T  INDICATES TRACE AMOUNT.




$$
