000
CDUS44 KMRX 280824
CLICHA


CLIMATE REPORT
NATIONAL WEATHER SERVICE MORRISTOWN TN
424 AM EDT SUN MAY 28 2017


...................................

...THE CHATTANOOGA  ASOS CLIMATE SUMMARY FOR MAY 27 2017...

CLIMATE NORMAL PERIOD 1981 TO 2010
CLIMATE RECORD PERIOD 1879 TO 2017


WEATHER ITEM   OBSERVED TIME   RECORD YEAR NORMAL DEPARTURE LAST
                VALUE   (LST)  VALUE       VALUE  FROM      YEAR
                                                  NORMAL
..................................................................
TEMPERATURE (F)
 YESTERDAY
  MAXIMUM         86    238 PM  95    1911  83      3       89
  MINIMUM         65   1044 PM  41    1961  61      4       65
  AVERAGE         76                        72      4       77

PRECIPITATION (IN)
  YESTERDAY        0.18          2.23 1973   0.12   0.06     0.00
  MONTH TO DATE    4.50                      3.59   0.91     1.43
  SINCE MAR 1     19.06                     12.56   6.50     6.50
  SINCE JAN 1     27.49                     22.31   5.18    17.24

DEGREE DAYS
 COOLING
  YESTERDAY       11                         7      4       12
  MONTH TO DATE  164                       119     45      143
  SINCE MAR 1    290                       165    125      222
  SINCE JAN 1    290                       165    125      222
..................................................................


WIND (MPH)
  HIGHEST WIND SPEED    33   HIGHEST WIND DIRECTION    NW (320)
  HIGHEST GUST SPEED    40   HIGHEST GUST DIRECTION    NW (320)
  AVERAGE WIND SPEED     6.8


SKY COVER
  POSSIBLE SUNSHINE  MM
  AVERAGE SKY COVER 0.6


WEATHER CONDITIONS
 THE FOLLOWING WEATHER WAS RECORDED YESTERDAY.
  THUNDERSTORM
  HEAVY RAIN
  RAIN
  LIGHT RAIN
  FOG


RELATIVE HUMIDITY (PERCENT)
 HIGHEST    87           300 AM
 LOWEST     51           200 PM
 AVERAGE    69

..........................................................


THE CHATTANOOGA  ASOS CLIMATE NORMALS FOR TODAY
                         NORMAL    RECORD    YEAR
 MAXIMUM TEMPERATURE (F)   83        95      1962
                                             1941
 MINIMUM TEMPERATURE (F)   61        43      1961


SUNRISE AND SUNSET
MAY 28 2017...........SUNRISE   629 AM EDT   SUNSET   847 PM EDT
MAY 29 2017...........SUNRISE   629 AM EDT   SUNSET   848 PM EDT


-  INDICATES NEGATIVE NUMBERS.
R  INDICATES RECORD WAS SET OR TIED.
MM INDICATES DATA IS MISSING.
T  INDICATES TRACE AMOUNT.




$$
