000
CDUS44 KMRX 260841
CLICHA


CLIMATE REPORT
NATIONAL WEATHER SERVICE MORRISTOWN TN
441 AM EDT TUE SEP 26 2017


...................................

...THE CHATTANOOGA  ASOS CLIMATE SUMMARY FOR SEPTEMBER 25 2017...

CLIMATE NORMAL PERIOD 1981 TO 2010
CLIMATE RECORD PERIOD 1879 TO 2017


WEATHER ITEM   OBSERVED TIME   RECORD YEAR NORMAL DEPARTURE LAST
                VALUE   (LST)  VALUE       VALUE  FROM      YEAR
                                                  NORMAL
..................................................................
TEMPERATURE (F)
 YESTERDAY
  MAXIMUM         89    336 PM  97    2016  80      9       97
  MINIMUM         65    701 AM  41    1887  58      7       66
  AVERAGE         77                        69      8       82

PRECIPITATION (IN)
  YESTERDAY        0.00          1.74 2002   0.14  -0.14     0.00
  MONTH TO DATE    3.64                      3.32   0.32     1.20
  SINCE SEP 1      3.64                      3.32   0.32     1.20
  SINCE JAN 1     47.39                     38.58   8.81    24.54

SNOWFALL (IN)
  YESTERDAY        0.0                       0.0    0.0      0.0
  MONTH TO DATE    0.0                       0.0    0.0      0.0
  SINCE SEP 1      0.0                       0.0    0.0      0.0
  SINCE JUL 1      0.0                       0.0    0.0      0.0
  SNOW DEPTH       0

DEGREE DAYS
 HEATING
  YESTERDAY        0                         1     -1        0
  MONTH TO DATE    9                         7      2        0
  SINCE SEP 1      9                         7      2        0
  SINCE JUL 1      9                         7      2        0

 COOLING
  YESTERDAY       12                         5      7       17
  MONTH TO DATE  184                       218    -34      390
  SINCE SEP 1    184                       218    -34      390
  SINCE JAN 1   1788                      1668    120     2299
..................................................................


WIND (MPH)
  HIGHEST WIND SPEED    10   HIGHEST WIND DIRECTION     N (360)
  HIGHEST GUST SPEED    14   HIGHEST GUST DIRECTION    NE (30)
  AVERAGE WIND SPEED     1.4


SKY COVER
  POSSIBLE SUNSHINE  MM
  AVERAGE SKY COVER 0.3


WEATHER CONDITIONS
 THE FOLLOWING WEATHER WAS RECORDED YESTERDAY.
  FOG


RELATIVE HUMIDITY (PERCENT)
 HIGHEST    93           300 AM
 LOWEST     36           300 PM
 AVERAGE    65

..........................................................


THE CHATTANOOGA  ASOS CLIMATE NORMALS FOR TODAY
                         NORMAL    RECORD    YEAR
 MAXIMUM TEMPERATURE (F)   80        91      1897
 MINIMUM TEMPERATURE (F)   58        42      1940


SUNRISE AND SUNSET
SEPTEMBER 26 2017.....SUNRISE   732 AM EDT   SUNSET   731 PM EDT
SEPTEMBER 27 2017.....SUNRISE   733 AM EDT   SUNSET   730 PM EDT


-  INDICATES NEGATIVE NUMBERS.
R  INDICATES RECORD WAS SET OR TIED.
MM INDICATES DATA IS MISSING.
T  INDICATES TRACE AMOUNT.




$$
