000
CDUS44 KMRX 302113
CLICHA


CLIMATE REPORT
NATIONAL WEATHER SERVICE MORRISTOWN TN
513 PM EDT SAT APR 30 2016


...................................

...THE CHATTANOOGA  ASOS CLIMATE SUMMARY FOR APRIL 30 2016...
VALID TODAY AS OF 0500 PM LOCAL TIME.

CLIMATE NORMAL PERIOD 1981 TO 2010
CLIMATE RECORD PERIOD 1879 TO 2016


WEATHER ITEM   OBSERVED TIME   RECORD YEAR NORMAL DEPARTURE LAST
                VALUE   (LST)  VALUE       VALUE  FROM      YEAR
                                                  NORMAL
..................................................................
TEMPERATURE (F)
 TODAY
  MAXIMUM         84    300 PM  93    1942  76      8       75
  MINIMUM         63    550 AM  38    1965  53     10       47
  AVERAGE         74                        64     10       61

PRECIPITATION (IN)
  TODAY            0.01          2.39 1953   0.12  -0.11     0.00
  MONTH TO DATE    1.43                      3.99  -2.56     9.31
  SINCE MAR 1      5.07                      8.97  -3.90    13.48
  SINCE JAN 1     15.81                     18.72  -2.91    20.47

SNOWFALL (IN)
  TODAY            0.0                       0.0    0.0      0.0
  MONTH TO DATE    0.0                       0.1   -0.1      0.0
  SINCE MAR 1      T                         1.3   -1.3      0.0
  SINCE JUL 1      0.5                       3.9   -3.4      9.5
  SNOW DEPTH       0

DEGREE DAYS
 HEATING
  TODAY            0                         3     -3        4
  MONTH TO DATE  125                       175    -50       96
  SINCE MAR 1    370                       578   -208      415
  SINCE JUL 1   2455                      3200   -745     3248

 COOLING
  TODAY            9                         2      7        0
  MONTH TO DATE   67                        39     28       45
  SINCE MAR 1     79                        46     33       47
  SINCE JAN 1     79                        46     33       47
..................................................................


WIND (MPH)
  HIGHEST WIND SPEED    10   HIGHEST WIND DIRECTION    NW (300)
  HIGHEST GUST SPEED    14   HIGHEST GUST DIRECTION     S (200)
  AVERAGE WIND SPEED     1.5


SKY COVER
  POSSIBLE SUNSHINE  MM
  AVERAGE SKY COVER 0.6


WEATHER CONDITIONS
 THE FOLLOWING WEATHER WAS RECORDED TODAY.
  THUNDERSTORM
  LIGHT RAIN


RELATIVE HUMIDITY (PERCENT)
 HIGHEST    84           400 AM
 LOWEST     51           300 PM
 AVERAGE    68

..........................................................


THE CHATTANOOGA  ASOS CLIMATE NORMALS FOR TOMORROW
                         NORMAL    RECORD    YEAR
 MAXIMUM TEMPERATURE (F)   76        90      2012
                                             1951
 MINIMUM TEMPERATURE (F)   53        34      1879


SUNRISE AND SUNSET
APRIL 30 2016.........SUNRISE   650 AM EDT   SUNSET   826 PM EDT
MAY  1 2016...........SUNRISE   649 AM EDT   SUNSET   827 PM EDT


-  INDICATES NEGATIVE NUMBERS.
R  INDICATES RECORD WAS SET OR TIED.
MM INDICATES DATA IS MISSING.
T  INDICATES TRACE AMOUNT.




$$
