098
CDUS41 KLWX 191125 CCA
CLICHO

CLIMATE REPORT...CORRECTED
NATIONAL WEATHER SERVICE BALTIMORE MD/WASHINGTON DC
625 AM EST SUN FEB 19 2017


...................................

...THE CHARLOTTESVILLE VA CLIMATE SUMMARY FOR FEBRUARY 18 2017...

CLIMATE NORMAL PERIOD 1981 TO 2010
CLIMATE RECORD PERIOD 1889 TO 2017


WEATHER ITEM   OBSERVED TIME   RECORD YEAR NORMAL DEPARTURE LAST
                VALUE   (LST)  VALUE       VALUE  FROM      YEAR
                                                  NORMAL
..................................................................
TEMPERATURE (F)
 YESTERDAY
  MAXIMUM         73    229 PM  MM      MM  49     24       46
  MINIMUM         32    722 AM  MM      MM  28      4       29
  AVERAGE         53                        39     14       38

PRECIPITATION (IN)
  YESTERDAY          T                       0.11  -0.11     0.00
  MONTH TO DATE    0.21                      1.64  -1.43     2.62
  SINCE DEC 1      4.53                      7.56  -3.03     8.31
  SINCE JAN 1      2.81                      4.41  -1.60     4.48

DEGREE DAYS
 HEATING
  YESTERDAY       12                        26    -14       27
  MONTH TO DATE  321                       500   -179      521
  SINCE DEC 1   1761                      2269   -508     1907
  SINCE JUL 1   2286                      3160   -874     2553

 COOLING
  YESTERDAY        0                         0      0        0
  MONTH TO DATE    1                         0      1        0
  SINCE DEC 1      1                         0      1        2
  SINCE JAN 1      1                         0      1        0
..................................................................


WIND (MPH)
  HIGHEST WIND SPEED    13   HIGHEST WIND DIRECTION    SW (210)
  HIGHEST GUST SPEED    17   HIGHEST GUST DIRECTION    SW (210)
  AVERAGE WIND SPEED     3.6


SKY COVER
  POSSIBLE SUNSHINE  MM
  AVERAGE SKY COVER 0.1


WEATHER CONDITIONS
 THE FOLLOWING WEATHER WAS RECORDED YESTERDAY.
  NO SIGNIFICANT WEATHER WAS OBSERVED.


RELATIVE HUMIDITY (PERCENT)
 HIGHEST    70           800 AM
 LOWEST     19           200 PM
 AVERAGE    45

..........................................................


THE CHARLOTTESVILLE VA CLIMATE NORMALS FOR TODAY
                         NORMAL    RECORD    YEAR
 MAXIMUM TEMPERATURE (F)   50        MM        MM
 MINIMUM TEMPERATURE (F)   28        MM        MM


SUNRISE AND SUNSET
FEBRUARY 19 2017......SUNRISE   659 AM EST   SUNSET   557 PM EST
FEBRUARY 20 2017......SUNRISE   657 AM EST   SUNSET   558 PM EST


-  INDICATES NEGATIVE NUMBERS.
R  INDICATES RECORD WAS SET OR TIED.
MM INDICATES DATA IS MISSING.
T  INDICATES TRACE AMOUNT.




$$

...CORRECTED FOR PRECIPITATION...
