000
CDUS41 KLWX 280528
CLICHO


CLIMATE REPORT
NATIONAL WEATHER SERVICE BALTIMORE MD/WASHINGTON DC
1228 AM EST FRI NOV 28 2014


...................................

...THE CHARLOTTESVILLE VA CLIMATE SUMMARY FOR NOVEMBER 27 2014...

CLIMATE NORMAL PERIOD 1981 TO 2010
CLIMATE RECORD PERIOD 1889 TO 2014


WEATHER ITEM   OBSERVED TIME   RECORD YEAR NORMAL DEPARTURE LAST
                VALUE   (LST)  VALUE       VALUE  FROM      YEAR
                                                  NORMAL
..................................................................
TEMPERATURE (F)
 YESTERDAY
  MAXIMUM         46    230 PM  MM      MM  53     -7       44
  MINIMUM         32    940 PM  MM      MM  33     -1       28
  AVERAGE         39                        43     -4       36

PRECIPITATION (IN)
  YESTERDAY        0.00                      0.14  -0.14     0.35
  MONTH TO DATE    2.79                      3.43  -0.64     2.87
  SINCE SEP 1      7.38                     11.02  -3.64     7.04
  SINCE JAN 1     35.88                     39.16  -3.28    40.56

DEGREE DAYS
 HEATING
  YESTERDAY       26                        22      4       29
  MONTH TO DATE  546                       474     72      527
  SINCE SEP 1    777                       820    -43      837
  SINCE JUL 1    777                       823    -46      842

 COOLING
  YESTERDAY        0                         0      0        0
  MONTH TO DATE    0                         0      0        1
  SINCE SEP 1    168                       124     44      144
  SINCE JAN 1   1096                      1034     62     1146
..................................................................


WIND (MPH)
  HIGHEST WIND SPEED    10   HIGHEST WIND DIRECTION    NW (310)
  HIGHEST GUST SPEED    18   HIGHEST GUST DIRECTION     N (350)
  AVERAGE WIND SPEED     3.2


SKY COVER
  POSSIBLE SUNSHINE  MM
  AVERAGE SKY COVER 0.7


WEATHER CONDITIONS
 THE FOLLOWING WEATHER WAS RECORDED YESTERDAY.
  FOG
  FOG W/VISIBILITY <= 1/4 MILE
  HAZE


RELATIVE HUMIDITY (PERCENT)
 HIGHEST   100           400 AM
 LOWEST     49           300 PM
 AVERAGE    75

..........................................................


THE CHARLOTTESVILLE VA CLIMATE NORMALS FOR TODAY
                         NORMAL    RECORD    YEAR
 MAXIMUM TEMPERATURE (F)   53        MM        MM
 MINIMUM TEMPERATURE (F)   33        MM        MM


SUNRISE AND SUNSET
NOVEMBER 28 2014......SUNRISE   708 AM EST   SUNSET   455 PM EST
NOVEMBER 29 2014......SUNRISE   709 AM EST   SUNSET   455 PM EST


-  INDICATES NEGATIVE NUMBERS.
R  INDICATES RECORD WAS SET OR TIED.
MM INDICATES DATA IS MISSING.
T  INDICATES TRACE AMOUNT.




$$
