000
CDUS41 KLWX 190522
CLICHO


CLIMATE REPORT
NATIONAL WEATHER SERVICE BALTIMORE MD/WASHINGTON DC
121 AM EDT SAT APR 19 2014


...................................

...THE CHARLOTTESVILLE VA CLIMATE SUMMARY FOR APRIL 18 2014...

CLIMATE NORMAL PERIOD 1981 TO 2010
CLIMATE RECORD PERIOD 1889 TO 2014


WEATHER ITEM   OBSERVED TIME   RECORD YEAR NORMAL DEPARTURE LAST
                VALUE   (LST)  VALUE       VALUE  FROM      YEAR
                                                  NORMAL
..................................................................
TEMPERATURE (F)
 YESTERDAY
  MAXIMUM         58    201 PM  MM      MM  68    -10       79
  MINIMUM         36    157 AM  MM      MM  44     -8       59
  AVERAGE         47                        56     -9       69

PRECIPITATION (IN)
  YESTERDAY        0.00                      0.11  -0.11     0.09
  MONTH TO DATE    2.20                      2.03   0.17     1.83
  SINCE MAR 1      4.69                      5.69  -1.00     4.65
  SINCE JAN 1      9.78                     11.16  -1.38    11.09

DEGREE DAYS
 HEATING
  YESTERDAY       18                        10      8        0
  MONTH TO DATE  188                       212    -24      148
  SINCE MAR 1    915                       804    111      882
  SINCE JUL 1   4424                      4216    208     3939

 COOLING
  YESTERDAY        0                         1     -1        4
  MONTH TO DATE    9                        10     -1       44
  SINCE MAR 1      9                        12     -3       44
  SINCE JAN 1      9                        12     -3       44
..................................................................


WIND (MPH)
  HIGHEST WIND SPEED    10   HIGHEST WIND DIRECTION    SE (150)
  HIGHEST GUST SPEED    14   HIGHEST GUST DIRECTION     S (200)
  AVERAGE WIND SPEED     3.3


SKY COVER
  POSSIBLE SUNSHINE  MM
  AVERAGE SKY COVER 0.4


WEATHER CONDITIONS
 THE FOLLOWING WEATHER WAS RECORDED YESTERDAY.
  NO SIGNIFICANT WEATHER WAS OBSERVED.


RELATIVE HUMIDITY (PERCENT)
 HIGHEST    85           500 AM
 LOWEST     43           300 PM
 AVERAGE    64

..........................................................


THE CHARLOTTESVILLE VA CLIMATE NORMALS FOR TODAY
                         NORMAL    RECORD    YEAR
 MAXIMUM TEMPERATURE (F)   69        MM        MM
 MINIMUM TEMPERATURE (F)   44        MM        MM


SUNRISE AND SUNSET
APRIL 19 2014.........SUNRISE   633 AM EDT   SUNSET   754 PM EDT
APRIL 20 2014.........SUNRISE   631 AM EDT   SUNSET   755 PM EDT


-  INDICATES NEGATIVE NUMBERS.
R  INDICATES RECORD WAS SET OR TIED.
MM INDICATES DATA IS MISSING.
T  INDICATES TRACE AMOUNT.




$$
