440
CDUS41 KLWX 240524
CLICHO


CLIMATE REPORT
NATIONAL WEATHER SERVICE BALTIMORE MD/WASHINGTON DC
124 AM EDT TUE MAY 24 2016


...................................

...THE CHARLOTTESVILLE VA CLIMATE SUMMARY FOR MAY 23 2016...

CLIMATE NORMAL PERIOD 1981 TO 2010
CLIMATE RECORD PERIOD 1889 TO 2016


WEATHER ITEM   OBSERVED TIME   RECORD YEAR NORMAL DEPARTURE LAST
                VALUE   (LST)  VALUE       VALUE  FROM      YEAR
                                                  NORMAL
..................................................................
TEMPERATURE (F)
 YESTERDAY
  MAXIMUM         71    201 PM  MM      MM  76     -5       74
  MINIMUM         54    211 AM  MM      MM  54      0       49
  AVERAGE         63                        65     -2       62

PRECIPITATION (IN)
  YESTERDAY        0.34                      0.14   0.20     0.00
  MONTH TO DATE    5.02                      2.78   2.24     1.65
  SINCE MAR 1      9.88                      9.80   0.08     9.83
  SINCE JAN 1     16.00                     15.27   0.73    12.49

DEGREE DAYS
 HEATING
  YESTERDAY        2                         3     -1        3
  MONTH TO DATE  119                       106     13       43
  SINCE MAR 1    722                      1006   -284      893
  SINCE JUL 1   3480                      4418   -938     4408

 COOLING
  YESTERDAY        0                         3     -3        0
  MONTH TO DATE   16                        38    -22       97
  SINCE MAR 1     43                        59    -16      105
  SINCE JAN 1     43                        59    -16      105
..................................................................


WIND (MPH)
  HIGHEST WIND SPEED    15   HIGHEST WIND DIRECTION    SE (120)
  HIGHEST GUST SPEED    21   HIGHEST GUST DIRECTION     E (110)
  AVERAGE WIND SPEED     3.2


SKY COVER
  POSSIBLE SUNSHINE  MM
  AVERAGE SKY COVER 0.6


WEATHER CONDITIONS
 THE FOLLOWING WEATHER WAS RECORDED YESTERDAY.
  THUNDERSTORM
  RAIN
  LIGHT RAIN
  FOG


RELATIVE HUMIDITY (PERCENT)
 HIGHEST    93           100 AM
 LOWEST     49           200 PM
 AVERAGE    71

..........................................................


THE CHARLOTTESVILLE VA CLIMATE NORMALS FOR TODAY
                         NORMAL    RECORD    YEAR
 MAXIMUM TEMPERATURE (F)   77        MM        MM
 MINIMUM TEMPERATURE (F)   54        MM        MM


SUNRISE AND SUNSET
MAY 24 2016...........SUNRISE   556 AM EDT   SUNSET   826 PM EDT
MAY 25 2016...........SUNRISE   556 AM EDT   SUNSET   826 PM EDT


-  INDICATES NEGATIVE NUMBERS.
R  INDICATES RECORD WAS SET OR TIED.
MM INDICATES DATA IS MISSING.
T  INDICATES TRACE AMOUNT.




$$
