000
CDUS42 KCHS 250610
CLICHS


CLIMATE REPORT
NATIONAL WEATHER SERVICE CHARLESTON SC
209 AM EDT SUN SEP 25 2016


...................................

...THE NORTH CHARLESTON SC CLIMATE SUMMARY FOR SEPTEMBER 24 2016...

CLIMATE NORMAL PERIOD 1981 TO 2010
CLIMATE RECORD PERIOD 1938 TO 2016


WEATHER ITEM   OBSERVED TIME   RECORD YEAR NORMAL DEPARTURE LAST
                VALUE   (LST)  VALUE       VALUE  FROM      YEAR
                                                  NORMAL
..................................................................
TEMPERATURE (F)
 YESTERDAY
  MAXIMUM         90    307 PM  95    1980  83      7       75
  MINIMUM         72    532 AM  44    1967  65      7       67
  AVERAGE         81                        74      7       71

PRECIPITATION (IN)
  YESTERDAY        T             3.12 1947   0.17  -0.17     0.70
  MONTH TO DATE   11.20                      5.07   6.13     1.78
  SINCE SEP 1     11.20                      5.07   6.13     1.78
  SINCE JAN 1     43.19                     40.71   2.48    43.63

DEGREE DAYS
 HEATING
  YESTERDAY        0                         0      0        0
  MONTH TO DATE    0                         0      0        0
  SINCE SEP 1      0                         0      0        0
  SINCE JUL 1      0                         0      0        0

 COOLING
  YESTERDAY       16                         9      7        6
  MONTH TO DATE  363                       285     78      306
  SINCE SEP 1    363                       285     78      306
  SINCE JAN 1   2638                      2090    548     2353
..................................................................


WIND (MPH)
  HIGHEST WIND SPEED    13   HIGHEST WIND DIRECTION     N (20)
  HIGHEST GUST SPEED    17   HIGHEST GUST DIRECTION     N (10)
  AVERAGE WIND SPEED     4.5


SKY COVER
  POSSIBLE SUNSHINE  MM
  AVERAGE SKY COVER 0.4


WEATHER CONDITIONS
 THE FOLLOWING WEATHER WAS RECORDED YESTERDAY.
  FOG
  FOG W/VISIBILITY <= 1/4 MILE


RELATIVE HUMIDITY (PERCENT)
 HIGHEST    94           800 AM
 LOWEST     55           200 PM
 AVERAGE    75

..........................................................


THE NORTH CHARLESTON SC CLIMATE NORMALS FOR TODAY
                         NORMAL    RECORD    YEAR
 MAXIMUM TEMPERATURE (F)   83        94      1980
 MINIMUM TEMPERATURE (F)   65        51      1990
                                             1981


SUNRISE AND SUNSET
SEPTEMBER 25 2016.....SUNRISE   711 AM EDT   SUNSET   712 PM EDT
SEPTEMBER 26 2016.....SUNRISE   711 AM EDT   SUNSET   711 PM EDT


-  INDICATES NEGATIVE NUMBERS.
R  INDICATES RECORD WAS SET OR TIED.
MM INDICATES DATA IS MISSING.
T  INDICATES TRACE AMOUNT.




$$
