000
CDUS42 KCHS 090606
CLICHS


CLIMATE REPORT
NATIONAL WEATHER SERVICE CHARLESTON SC
106 AM EST TUE FEB 9 2016


...................................

...THE NORTH CHARLESTON SC CLIMATE SUMMARY FOR FEBRUARY 8 2016...

CLIMATE NORMAL PERIOD 1981 TO 2010
CLIMATE RECORD PERIOD 1938 TO 2016


WEATHER ITEM   OBSERVED TIME   RECORD YEAR NORMAL DEPARTURE LAST
                VALUE   (LST)  VALUE       VALUE  FROM      YEAR
                                                  NORMAL
..................................................................
TEMPERATURE (F)
 YESTERDAY
  MAXIMUM         62    110 PM  79    1965  61      1       70
  MINIMUM         32    551 AM  17    1977  39     -7       40
  AVERAGE         47                        50     -3       55

PRECIPITATION (IN)
  YESTERDAY        0.08          0.77 1948   0.11  -0.03     0.00
  MONTH TO DATE    3.33                      0.88   2.45     0.86
  SINCE DEC 1      9.87                      7.70   2.17     7.79
  SINCE JAN 1      6.73                      4.59   2.14     4.39

SNOWFALL (IN)
  YESTERDAY       MM                         0.1   MM
  SINCE DEC 1      T                         0.4   -0.4
  SINCE JUL 1      T                         0.4   -0.4

DEGREE DAYS
 HEATING
  YESTERDAY       18                        15      3       10
  MONTH TO DATE   91                       122    -31      141
  SINCE DEC 1    749                      1089   -340     1000
  SINCE JUL 1    895                      1381   -486     1338

 COOLING
  YESTERDAY        0                         0      0        0
  MONTH TO DATE    2                         0      2        0
  SINCE DEC 1     99                         9     90        4
  SINCE JAN 1      2                         2      0        4
..................................................................


WIND (MPH)
  HIGHEST WIND SPEED    24   HIGHEST WIND DIRECTION    SW (220)
  HIGHEST GUST SPEED    30   HIGHEST GUST DIRECTION     S (200)
  AVERAGE WIND SPEED     7.7


SKY COVER
  POSSIBLE SUNSHINE  MM
  AVERAGE SKY COVER 0.3


WEATHER CONDITIONS
 THE FOLLOWING WEATHER WAS RECORDED YESTERDAY.
  LIGHT RAIN


RELATIVE HUMIDITY (PERCENT)
 HIGHEST    86           800 PM
 LOWEST     27           100 PM
 AVERAGE    57

..........................................................


THE NORTH CHARLESTON SC CLIMATE NORMALS FOR TODAY
                         NORMAL    RECORD    YEAR
 MAXIMUM TEMPERATURE (F)   62        80      1949
 MINIMUM TEMPERATURE (F)   40        19      1995
                                             1947


SUNRISE AND SUNSET
FEBRUARY  9 2016......SUNRISE   709 AM EST   SUNSET   600 PM EST
FEBRUARY 10 2016......SUNRISE   709 AM EST   SUNSET   601 PM EST


-  INDICATES NEGATIVE NUMBERS.
R  INDICATES RECORD WAS SET OR TIED.
MM INDICATES DATA IS MISSING.
T  INDICATES TRACE AMOUNT.




$$
