000
CDUS42 KCHS 180611
CLICHS


CLIMATE REPORT
NATIONAL WEATHER SERVICE CHARLESTON SC
109 AM EST THU JAN 18 2018


...................................

...THE NORTH CHARLESTON SC CLIMATE SUMMARY FOR JANUARY 17 2018...

CLIMATE NORMAL PERIOD 1981 TO 2010
CLIMATE RECORD PERIOD 1938 TO 2018


WEATHER ITEM   OBSERVED TIME   RECORD YEAR NORMAL DEPARTURE LAST
                VALUE   (LST)  VALUE       VALUE  FROM      YEAR
                                                  NORMAL
..................................................................
TEMPERATURE (F)
 YESTERDAY
  MAXIMUM         52   1107 AM  78    2013  59     -7       77
                                      1949
  MINIMUM         33   1159 PM  17    1972  37     -4       51
                                      1959
  AVERAGE         43                        48     -5       64

PRECIPITATION (IN)
  YESTERDAY        T             1.55 2010   0.12  -0.12     0.00
  MONTH TO DATE    1.26                      2.02  -0.76     0.90
  SINCE DEC 1      3.77                      5.13  -1.36     5.68
  SINCE JAN 1      1.26                      2.02  -0.76     0.90

SNOWFALL (IN)
  YESTERDAY        0.0                       0.0    0.0
  SINCE DEC 1      5.3                       0.3    5.0
  SINCE JUL 1      5.3                       0.3    5.0

DEGREE DAYS
 HEATING
  YESTERDAY       22                        17      5        1
  MONTH TO DATE  411                       289    122      161
  SINCE DEC 1    828                       735     93      476
  SINCE JUL 1   1114                      1027     87      694

 COOLING
  YESTERDAY        0                         0      0        0
  MONTH TO DATE    2                         0      2        9
  SINCE DEC 1      5                         7     -2       16
  SINCE JAN 1      2                         0      2        9
..................................................................


WIND (MPH)
  HIGHEST WIND SPEED    24   HIGHEST WIND DIRECTION     N (340)
  HIGHEST GUST SPEED    31   HIGHEST GUST DIRECTION    NW (310)
  AVERAGE WIND SPEED     9.1


SKY COVER
  POSSIBLE SUNSHINE  MM
  AVERAGE SKY COVER 0.7


WEATHER CONDITIONS
 THE FOLLOWING WEATHER WAS RECORDED YESTERDAY.
  LIGHT RAIN


RELATIVE HUMIDITY (PERCENT)
 HIGHEST    96           700 AM
 LOWEST     59          1200 PM
 AVERAGE    78

..........................................................


THE NORTH CHARLESTON SC CLIMATE NORMALS FOR TODAY
                         NORMAL    RECORD    YEAR
 MAXIMUM TEMPERATURE (F)   59        79      2017
 MINIMUM TEMPERATURE (F)   37        19      1977
                                             1976
                                             1959


SUNRISE AND SUNSET
JANUARY 18 2018.......SUNRISE   722 AM EST   SUNSET   539 PM EST
JANUARY 19 2018.......SUNRISE   722 AM EST   SUNSET   540 PM EST


-  INDICATES NEGATIVE NUMBERS.
R  INDICATES RECORD WAS SET OR TIED.
MM INDICATES DATA IS MISSING.
T  INDICATES TRACE AMOUNT.




$$
