000
CDUS42 KCHS 270618
CLICHS


CLIMATE REPORT
NATIONAL WEATHER SERVICE CHARLESTON SC
217 AM EDT THU JUL 27 2017


...................................

...THE NORTH CHARLESTON SC CLIMATE SUMMARY FOR JULY 26 2017...

CLIMATE NORMAL PERIOD 1981 TO 2010
CLIMATE RECORD PERIOD 1938 TO 2017


WEATHER ITEM   OBSERVED TIME   RECORD YEAR NORMAL DEPARTURE LAST
                VALUE   (LST)  VALUE       VALUE  FROM      YEAR
                                                  NORMAL
..................................................................
TEMPERATURE (F)
 YESTERDAY
  MAXIMUM         85    516 PM  99    2010  91     -6       97
                                      1940
  MINIMUM         72   1220 PM  67    1959  73     -1       75
  AVERAGE         79                        82     -3       86

PRECIPITATION (IN)
  YESTERDAY        0.91          2.40 1981   0.21   0.70     0.00
  MONTH TO DATE    8.26                      5.51   2.75     4.32
  SINCE JUN 1     14.73                     11.16   3.57     7.46
  SINCE JAN 1     29.89                     27.47   2.42    28.21

DEGREE DAYS
 HEATING
  YESTERDAY        0                         0      0        0
  MONTH TO DATE    0                         0      0        0
  SINCE JUN 1      0                         1     -1        0
  SINCE JUL 1      0                         0      0        0

 COOLING
  YESTERDAY       14                        17     -3       21
  MONTH TO DATE  465                       439     26      546
  SINCE JUN 1    875                       860     15     1071
  SINCE JAN 1   1450                      1222    228     1566
..................................................................


WIND (MPH)
  HIGHEST WIND SPEED    22   HIGHEST WIND DIRECTION     E (80)
  HIGHEST GUST SPEED    26   HIGHEST GUST DIRECTION     E (70)
  AVERAGE WIND SPEED     5.4


SKY COVER
  POSSIBLE SUNSHINE  MM
  AVERAGE SKY COVER 0.8


WEATHER CONDITIONS
 THE FOLLOWING WEATHER WAS RECORDED YESTERDAY.
  THUNDERSTORM
  HEAVY RAIN
  LIGHT RAIN
  FOG


RELATIVE HUMIDITY (PERCENT)
 HIGHEST    94           800 AM
 LOWEST     70           300 PM
 AVERAGE    82

..........................................................


THE NORTH CHARLESTON SC CLIMATE NORMALS FOR TODAY
                         NORMAL    RECORD    YEAR
 MAXIMUM TEMPERATURE (F)   91       100      2005
 MINIMUM TEMPERATURE (F)   73        68      1959
                                             1947


SUNRISE AND SUNSET
JULY 27 2017..........SUNRISE   631 AM EDT   SUNSET   822 PM EDT
JULY 28 2017..........SUNRISE   631 AM EDT   SUNSET   822 PM EDT


-  INDICATES NEGATIVE NUMBERS.
R  INDICATES RECORD WAS SET OR TIED.
MM INDICATES DATA IS MISSING.
T  INDICATES TRACE AMOUNT.




$$
