000
CDUS42 KCHS 020526
CLICHS


CLIMATE REPORT
NATIONAL WEATHER SERVICE CHARLESTON SC
121 AM EDT THU OCT 2 2014


...................................

...THE NORTH CHARLESTON SC CLIMATE SUMMARY FOR OCTOBER 1 2014...

CLIMATE NORMAL PERIOD 1981 TO 2010
CLIMATE RECORD PERIOD 1938 TO 2014


WEATHER ITEM   OBSERVED TIME   RECORD YEAR NORMAL DEPARTURE LAST
                VALUE   (LST)  VALUE       VALUE  FROM      YEAR
                                                  NORMAL
..................................................................
TEMPERATURE (F)
 YESTERDAY
  MAXIMUM         86    224 PM  91    1986  81      5       82
                                      1981
  MINIMUM         63    638 AM  44    2001  62      1       58
  AVERAGE         75                        72      3       70

PRECIPITATION (IN)
  YESTERDAY        0.00          1.98 1989   0.16  -0.16     0.00
  MONTH TO DATE    0.00                      0.16  -0.16     0.00
  SINCE SEP 1      8.66                      6.26   2.40     5.01
  SINCE JAN 1     43.99                     41.90   2.09    51.07

DEGREE DAYS
 HEATING
  YESTERDAY        0                         1     -1        0
  MONTH TO DATE    0                         1     -1        0
  SINCE SEP 1      0                         4     -4        0
  SINCE JUL 1      0                         4     -4        0

 COOLING
  YESTERDAY       10                         7      3        5
  MONTH TO DATE   10                         7      3        5
  SINCE SEP 1    416                       340     76      378
  SINCE JAN 1   2578                      2145    433     2233
..................................................................


WIND (MPH)
  HIGHEST WIND SPEED    12   HIGHEST WIND DIRECTION    SE (150)
  HIGHEST GUST SPEED    25   HIGHEST GUST DIRECTION     E (80)
  AVERAGE WIND SPEED     3.2


SKY COVER
  POSSIBLE SUNSHINE  MM
  AVERAGE SKY COVER 0.2


WEATHER CONDITIONS
 THE FOLLOWING WEATHER WAS RECORDED YESTERDAY.
  NO SIGNIFICANT WEATHER WAS OBSERVED.


RELATIVE HUMIDITY (PERCENT)
 HIGHEST    93           300 AM
 LOWEST     44           200 PM
 AVERAGE    69

..........................................................


THE NORTH CHARLESTON SC CLIMATE NORMALS FOR TODAY
                         NORMAL    RECORD    YEAR
 MAXIMUM TEMPERATURE (F)   81        93      1986
 MINIMUM TEMPERATURE (F)   62        43      1946


SUNRISE AND SUNSET
OCTOBER  2 2014.......SUNRISE   715 AM EDT   SUNSET   703 PM EDT
OCTOBER  3 2014.......SUNRISE   716 AM EDT   SUNSET   702 PM EDT


-  INDICATES NEGATIVE NUMBERS.
R  INDICATES RECORD WAS SET OR TIED.
MM INDICATES DATA IS MISSING.
T  INDICATES TRACE AMOUNT.




$$
