000
CDUS42 KCHS 262105
CLICHS


CLIMATE REPORT
NATIONAL WEATHER SERVICE CHARLESTON SC
505 PM EDT FRI AUG 26 2016


...................................

...THE NORTH CHARLESTON SC CLIMATE SUMMARY FOR AUGUST 26 2016...
VALID TODAY AS OF 0500 PM LOCAL TIME.

CLIMATE NORMAL PERIOD 1981 TO 2010
CLIMATE RECORD PERIOD 1938 TO 2016


WEATHER ITEM   OBSERVED TIME   RECORD YEAR NORMAL DEPARTURE LAST
                VALUE   (LST)  VALUE       VALUE  FROM      YEAR
                                                  NORMAL
..................................................................
TEMPERATURE (F)
 TODAY
  MAXIMUM         92    318 PM  97    1954  89      3       93
  MINIMUM         71    537 AM  60    1952  72     -1       76
                                      1942
  AVERAGE         82                        80      2       85

PRECIPITATION (IN)
  TODAY            0.00          3.26 1958   0.26  -0.26     0.00
  MONTH TO DATE    3.26                      5.92  -2.66     3.67
  SINCE JUN 1     10.78                     18.10  -7.32    19.08
  SINCE JAN 1     31.53                     34.41  -2.88    34.30

SNOWFALL (IN)
  TODAY            0.0                       0.0    0.0
  SINCE JUN 1      0.0                       0.0    0.0
  SINCE JUL 1      0.0                       0.0    0.0

DEGREE DAYS
 HEATING
  TODAY            0                         0      0        0
  MONTH TO DATE    0                         0      0        0
  SINCE JUN 1      0                         1     -1        0
  SINCE JUL 1      0                         0      0        0

 COOLING
  TODAY           17                        15      2       20
  MONTH TO DATE  503                       420     83      444
  SINCE JUN 1   1694                      1370    324     1546
  SINCE JAN 1   2189                      1732    457     1979
..................................................................


WIND (MPH)
  HIGHEST WIND SPEED    16   HIGHEST WIND DIRECTION    SE (120)
  HIGHEST GUST SPEED    21   HIGHEST GUST DIRECTION     E (100)
  AVERAGE WIND SPEED     3.7


SKY COVER
  POSSIBLE SUNSHINE  MM
  AVERAGE SKY COVER 0.2


WEATHER CONDITIONS
 THE FOLLOWING WEATHER WAS RECORDED TODAY.
  NO SIGNIFICANT WEATHER WAS OBSERVED.


RELATIVE HUMIDITY (PERCENT)
 HIGHEST    93           400 AM
 LOWEST     49           100 PM
 AVERAGE    71

..........................................................


THE NORTH CHARLESTON SC CLIMATE NORMALS FOR TOMORROW
                         NORMAL    RECORD    YEAR
 MAXIMUM TEMPERATURE (F)   88        99      1954
 MINIMUM TEMPERATURE (F)   71        61      1966
                                             1945
                                             1942


SUNRISE AND SUNSET
AUGUST 26 2016........SUNRISE   651 AM EDT   SUNSET   752 PM EDT
AUGUST 27 2016........SUNRISE   652 AM EDT   SUNSET   751 PM EDT


-  INDICATES NEGATIVE NUMBERS.
R  INDICATES RECORD WAS SET OR TIED.
MM INDICATES DATA IS MISSING.
T  INDICATES TRACE AMOUNT.




$$
