000
CDUS42 KCHS 310602
CLICHS


CLIMATE REPORT
NATIONAL WEATHER SERVICE CHARLESTON SC
202 AM EDT TUE MAY 31 2016


...................................

...THE NORTH CHARLESTON SC CLIMATE SUMMARY FOR MAY 30 2016...

CLIMATE NORMAL PERIOD 1981 TO 2010
CLIMATE RECORD PERIOD 1938 TO 2016


WEATHER ITEM   OBSERVED TIME   RECORD YEAR NORMAL DEPARTURE LAST
                VALUE   (LST)  VALUE       VALUE  FROM      YEAR
                                                  NORMAL
..................................................................
TEMPERATURE (F)
 YESTERDAY
  MAXIMUM         77    105 PM  95    2004  86     -9       86
                                      1995
                                      1974
  MINIMUM         70    523 AM  55    1971  66      4       67
                                      1946
  AVERAGE         74                        76     -2       77

PRECIPITATION (IN)
  YESTERDAY        0.14          1.65 1948   0.12   0.02     0.00
  MONTH TO DATE    6.37                      2.90   3.47     1.36
  SINCE MAR 1     12.17                      9.52   2.65     7.29
  SINCE JAN 1     20.46                     16.19   4.27    15.22

DEGREE DAYS
 HEATING
  YESTERDAY        0                         0      0        0
  MONTH TO DATE    4                         8     -4        4
  SINCE MAR 1    180                       335   -155      210
  SINCE JUL 1   1357                      1971   -614     1947

 COOLING
  YESTERDAY        9                        11     -2       12
  MONTH TO DATE  272                       234     38      257
  SINCE MAR 1    472                       345    127      417
  SINCE JAN 1    480                       352    128      421
..................................................................


WIND (MPH)
  HIGHEST WIND SPEED    18   HIGHEST WIND DIRECTION    NW (330)
  HIGHEST GUST SPEED    22   HIGHEST GUST DIRECTION    NW (310)
  AVERAGE WIND SPEED     7.9


SKY COVER
  POSSIBLE SUNSHINE  MM
  AVERAGE SKY COVER 0.9


WEATHER CONDITIONS
 THE FOLLOWING WEATHER WAS RECORDED YESTERDAY.
  HEAVY RAIN
  LIGHT RAIN
  FOG


RELATIVE HUMIDITY (PERCENT)
 HIGHEST    93           600 PM
 LOWEST     74          1200 PM
 AVERAGE    84

..........................................................


THE NORTH CHARLESTON SC CLIMATE NORMALS FOR TODAY
                         NORMAL    RECORD    YEAR
 MAXIMUM TEMPERATURE (F)   86        98      1953
 MINIMUM TEMPERATURE (F)   66        49      1984


SUNRISE AND SUNSET
MAY 31 2016...........SUNRISE   613 AM EDT   SUNSET   823 PM EDT
JUNE  1 2016..........SUNRISE   613 AM EDT   SUNSET   824 PM EDT


-  INDICATES NEGATIVE NUMBERS.
R  INDICATES RECORD WAS SET OR TIED.
MM INDICATES DATA IS MISSING.
T  INDICATES TRACE AMOUNT.




$$
