000
CDUS42 KCHS 270525
CLICHS


CLIMATE REPORT
NATIONAL WEATHER SERVICE CHARLESTON SC
124 AM EDT FRI MAR 27 2015


...................................

...THE NORTH CHARLESTON SC CLIMATE SUMMARY FOR MARCH 26 2015...

CLIMATE NORMAL PERIOD 1981 TO 2010
CLIMATE RECORD PERIOD 1938 TO 2015


WEATHER ITEM   OBSERVED TIME   RECORD YEAR NORMAL DEPARTURE LAST
                VALUE   (LST)  VALUE       VALUE  FROM      YEAR
                                                  NORMAL
..................................................................
TEMPERATURE (F)
 YESTERDAY
  MAXIMUM         79    149 PM  86    1938  72      7       57
  MINIMUM         59    638 AM  24    1947  49     10       33
  AVERAGE         69                        60      9       45

PRECIPITATION (IN)
  YESTERDAY        T             1.11 1978   0.13  -0.13     0.00
  MONTH TO DATE    2.12                      3.10  -0.98     3.46
  SINCE MAR 1      2.12                      3.10  -0.98     3.46
  SINCE JAN 1     10.05                      9.77   0.28     8.31

SNOWFALL (IN)
  YESTERDAY        0.0                       0.0    0.0
  SINCE MAR 1      0.0                       0.0    0.0
  SINCE JUL 1      T                         0.5   -0.5

DEGREE DAYS
 HEATING
  YESTERDAY        0                         6     -6       20
  MONTH TO DATE  135                       214    -79      283
  SINCE MAR 1    135                       214    -79      283
  SINCE JUL 1   1872                      1850     22     1806

 COOLING
  YESTERDAY        4                         1      3        0
  MONTH TO DATE   33                        24      9        2
  SINCE MAR 1     33                        24      9        2
  SINCE JAN 1     37                        31      6       12
..................................................................


WIND (MPH)
  HIGHEST WIND SPEED    21   HIGHEST WIND DIRECTION    SW (210)
  HIGHEST GUST SPEED    29   HIGHEST GUST DIRECTION    SW (210)
  AVERAGE WIND SPEED     8.4


SKY COVER
  POSSIBLE SUNSHINE  MM
  AVERAGE SKY COVER 0.8


WEATHER CONDITIONS
 THE FOLLOWING WEATHER WAS RECORDED YESTERDAY.
  LIGHT RAIN
  FOG


RELATIVE HUMIDITY (PERCENT)
 HIGHEST   100           100 AM
 LOWEST     48           100 PM
 AVERAGE    74

..........................................................


THE NORTH CHARLESTON SC CLIMATE NORMALS FOR TODAY
                         NORMAL    RECORD    YEAR
 MAXIMUM TEMPERATURE (F)   72        85      1949
 MINIMUM TEMPERATURE (F)   49        26      1955


SUNRISE AND SUNSET
MARCH 27 2015.........SUNRISE   715 AM EDT   SUNSET   737 PM EDT
MARCH 28 2015.........SUNRISE   714 AM EDT   SUNSET   737 PM EDT


-  INDICATES NEGATIVE NUMBERS.
R  INDICATES RECORD WAS SET OR TIED.
MM INDICATES DATA IS MISSING.
T  INDICATES TRACE AMOUNT.

$$
