000
CDUS42 KCHS 270534
CLICHS


CLIMATE REPORT
NATIONAL WEATHER SERVICE CHARLESTON SC
1234 AM EST TUE JAN 27 2015


...................................

...THE NORTH CHARLESTON SC CLIMATE SUMMARY FOR JANUARY 26 2015...

CLIMATE NORMAL PERIOD 1981 TO 2010
CLIMATE RECORD PERIOD 1938 TO 2015


WEATHER ITEM   OBSERVED TIME   RECORD YEAR NORMAL DEPARTURE LAST
                VALUE   (LST)  VALUE       VALUE  FROM      YEAR
                                                  NORMAL
..................................................................
TEMPERATURE (F)
 YESTERDAY
  MAXIMUM         59   1234 PM  80    1949  60     -1       58
  MINIMUM         42   1159 PM  20    1940  38      4       32
  AVERAGE         51                        49      2       45

PRECIPITATION (IN)
  YESTERDAY        T             1.07 2004   0.12  -0.12     0.00
  MONTH TO DATE    3.53                      3.12   0.41     2.08
  SINCE DEC 1      6.93                      6.23   0.70     4.23
  SINCE JAN 1      3.53                      3.12   0.41     2.08

SNOWFALL (IN)
  YESTERDAY        0.0                       0.0    0.0
  SINCE DEC 1      T                         0.3   -0.3
  SINCE JUL 1      T                         0.3   -0.3

DEGREE DAYS
 HEATING
  YESTERDAY       14                        16     -2       20
  MONTH TO DATE  391                       440    -49      481
  SINCE DEC 1    749                       886   -137      776
  SINCE JUL 1   1087                      1178    -91     1081

 COOLING
  YESTERDAY        0                         0      0        0
  MONTH TO DATE    4                         0      4        2
  SINCE DEC 1      4                         7     -3       36
  SINCE JAN 1      4                         0      4        2
..................................................................


WIND (MPH)
  HIGHEST WIND SPEED    22   HIGHEST WIND DIRECTION     W (270)
  HIGHEST GUST SPEED    30   HIGHEST GUST DIRECTION     W (270)
  AVERAGE WIND SPEED    11.5


SKY COVER
  POSSIBLE SUNSHINE  MM
  AVERAGE SKY COVER 0.4


WEATHER CONDITIONS
 THE FOLLOWING WEATHER WAS RECORDED YESTERDAY.
  NO SIGNIFICANT WEATHER WAS OBSERVED.


RELATIVE HUMIDITY (PERCENT)
 HIGHEST    92          1200 AM
 LOWEST     47           400 PM
 AVERAGE    70

..........................................................


THE NORTH CHARLESTON SC CLIMATE NORMALS FOR TODAY
                         NORMAL    RECORD    YEAR
 MAXIMUM TEMPERATURE (F)   60        82      1950
 MINIMUM TEMPERATURE (F)   38        14      1940


SUNRISE AND SUNSET
JANUARY 27 2015.......SUNRISE   718 AM EST   SUNSET   548 PM EST
JANUARY 28 2015.......SUNRISE   718 AM EST   SUNSET   549 PM EST


-  INDICATES NEGATIVE NUMBERS.
R  INDICATES RECORD WAS SET OR TIED.
MM INDICATES DATA IS MISSING.
T  INDICATES TRACE AMOUNT.




$$
