000
CDUS42 KCHS 260608
CLICHS


CLIMATE REPORT
NATIONAL WEATHER SERVICE CHARLESTON SC
208 AM EDT TUE MAY 26 2015


...................................

...THE NORTH CHARLESTON SC CLIMATE SUMMARY FOR MAY 25 2015...

CLIMATE NORMAL PERIOD 1981 TO 2010
CLIMATE RECORD PERIOD 1938 TO 2015


WEATHER ITEM   OBSERVED TIME   RECORD YEAR NORMAL DEPARTURE LAST
                VALUE   (LST)  VALUE       VALUE  FROM      YEAR
                                                  NORMAL
..................................................................
TEMPERATURE (F)
 YESTERDAY
  MAXIMUM         82    403 PM  97    2000  85     -3       85
                                      1953
  MINIMUM         61    212 AM  47    1967  65     -4       69
                                      1951
  AVERAGE         72                        75     -3       77

PRECIPITATION (IN)
  YESTERDAY        0.00          1.83 1970   0.11  -0.11      T
  MONTH TO DATE    1.36                      2.33  -0.97     1.22
  SINCE MAR 1      7.29                      8.95  -1.66    12.13
  SINCE JAN 1     15.22                     15.62  -0.40    16.98

DEGREE DAYS
 HEATING
  YESTERDAY        0                         0      0        0
  MONTH TO DATE    4                         8     -4        0
  SINCE MAR 1    210                       335   -125      352
  SINCE JUL 1   1947                      1971    -24     1875

 COOLING
  YESTERDAY        7                        10     -3       12
  MONTH TO DATE  199                       181     18      262
  SINCE MAR 1    359                       292     67      410
  SINCE JAN 1    363                       299     64      420
..................................................................


WIND (MPH)
  HIGHEST WIND SPEED    15   HIGHEST WIND DIRECTION     E (100)
  HIGHEST GUST SPEED    18   HIGHEST GUST DIRECTION    SE (130)
  AVERAGE WIND SPEED     7.4


SKY COVER
  POSSIBLE SUNSHINE  MM
  AVERAGE SKY COVER 0.5


WEATHER CONDITIONS
 THE FOLLOWING WEATHER WAS RECORDED YESTERDAY.
  NO SIGNIFICANT WEATHER WAS OBSERVED.


RELATIVE HUMIDITY (PERCENT)
 HIGHEST    90          1100 PM
 LOWEST     58           900 AM
 AVERAGE    74

..........................................................


THE NORTH CHARLESTON SC CLIMATE NORMALS FOR TODAY
                         NORMAL    RECORD    YEAR
 MAXIMUM TEMPERATURE (F)   85        98      1953
 MINIMUM TEMPERATURE (F)   65        50      1979


SUNRISE AND SUNSET
MAY 26 2015...........SUNRISE   615 AM EDT   SUNSET   820 PM EDT
MAY 27 2015...........SUNRISE   614 AM EDT   SUNSET   820 PM EDT


-  INDICATES NEGATIVE NUMBERS.
R  INDICATES RECORD WAS SET OR TIED.
MM INDICATES DATA IS MISSING.
T  INDICATES TRACE AMOUNT.




$$
