000
CDUS42 KCHS 200541
CLICHS


CLIMATE REPORT
NATIONAL WEATHER SERVICE CHARLESTON SC
141 AM EDT MON OCT 20 2014


...................................

...THE NORTH CHARLESTON SC CLIMATE SUMMARY FOR OCTOBER 19 2014...

CLIMATE NORMAL PERIOD 1981 TO 2010
CLIMATE RECORD PERIOD 1938 TO 2014


WEATHER ITEM   OBSERVED TIME   RECORD YEAR NORMAL DEPARTURE LAST
                VALUE   (LST)  VALUE       VALUE  FROM      YEAR
                                                  NORMAL
..................................................................
TEMPERATURE (F)
 YESTERDAY
  MAXIMUM         73        MM  87    1980  76     -3       84
  MINIMUM         56   1000 PM  39    1948  56      0       68
  AVERAGE         65                        66     -1       76

PRECIPITATION (IN)
  YESTERDAY        0.00          5.77 1944   0.11  -0.11      T
  MONTH TO DATE    0.86                      2.58  -1.72     1.36
  SINCE SEP 1      9.52                      8.68   0.84     6.37
  SINCE JAN 1     44.85                     44.32   0.53    52.43

SNOWFALL (IN)
  YESTERDAY        0.0                       0.0    0.0
  SINCE SEP 1      0.0                       0.0    0.0
  SINCE JUL 1      0.0                       0.0    0.0

DEGREE DAYS
 HEATING
  YESTERDAY        0                         2     -2        0
  MONTH TO DATE    6                        26    -20        0
  SINCE SEP 1      6                        29    -23        0
  SINCE JUL 1      6                        29    -23        0

 COOLING
  YESTERDAY        0                         3     -3       11
  MONTH TO DATE  149                        96     53      154
  SINCE SEP 1    555                       429    126      527
  SINCE JAN 1   2717                      2234    483     2382
..................................................................


WIND (MPH)
  HIGHEST WIND SPEED    16   HIGHEST WIND DIRECTION     N (10)
  HIGHEST GUST SPEED    24   HIGHEST GUST DIRECTION     N (10)
  AVERAGE WIND SPEED     7.7


SKY COVER
  POSSIBLE SUNSHINE  MM
  AVERAGE SKY COVER 0.3


WEATHER CONDITIONS
 THE FOLLOWING WEATHER WAS RECORDED YESTERDAY.
  NO SIGNIFICANT WEATHER WAS OBSERVED.


RELATIVE HUMIDITY (PERCENT)
 HIGHEST    83          1000 PM
 LOWEST     40          1200 PM
 AVERAGE    62

..........................................................


THE NORTH CHARLESTON SC CLIMATE NORMALS FOR TODAY
                         NORMAL    RECORD    YEAR
 MAXIMUM TEMPERATURE (F)   76        87      1950
 MINIMUM TEMPERATURE (F)   55        34      1981


SUNRISE AND SUNSET
OCTOBER 20 2014.......SUNRISE   728 AM EDT   SUNSET   641 PM EDT
OCTOBER 21 2014.......SUNRISE   729 AM EDT   SUNSET   640 PM EDT


-  INDICATES NEGATIVE NUMBERS.
R  INDICATES RECORD WAS SET OR TIED.
MM INDICATES DATA IS MISSING.
T  INDICATES TRACE AMOUNT.




$$
