000
CDUS42 KCHS 290605
CLICHS


CLIMATE REPORT
NATIONAL WEATHER SERVICE CHARLESTON SC
205 AM EDT WED MAR 29 2017


...................................

...THE NORTH CHARLESTON SC CLIMATE SUMMARY FOR MARCH 28 2017...

CLIMATE NORMAL PERIOD 1981 TO 2010
CLIMATE RECORD PERIOD 1938 TO 2017


WEATHER ITEM   OBSERVED TIME   RECORD YEAR NORMAL DEPARTURE LAST
                VALUE   (LST)  VALUE       VALUE  FROM      YEAR
                                                  NORMAL
..................................................................
TEMPERATURE (F)
 YESTERDAY
  MAXIMUM         88R   148 PM  85    2007  72     16       83
  MINIMUM         61    356 AM  32    1969  49     12       63
  AVERAGE         75                        61     14       73

PRECIPITATION (IN)
  YESTERDAY        0.01          1.62 1996   0.13  -0.12     0.02
  MONTH TO DATE    0.85                      3.35  -2.50     3.19
  SINCE MAR 1      0.85                      3.35  -2.50     3.19
  SINCE JAN 1      5.03                     10.02  -4.99    11.48

SNOWFALL (IN)
  YESTERDAY        0.0                       0.0    0.0
  SINCE MAR 1      0.0                       0.0    0.0
  SINCE JUL 1      T                         0.5   -0.5

DEGREE DAYS
 HEATING
  YESTERDAY        0                         5     -5        0
  MONTH TO DATE  234                       225      9      102
  SINCE MAR 1    234                       225      9      102
  SINCE JUL 1   1202                      1861   -659     1279

 COOLING
  YESTERDAY       10                         1      9        8
  MONTH TO DATE   36                        26     10       92
  SINCE MAR 1     36                        26     10       92
  SINCE JAN 1     71                        33     38      100
..................................................................


WIND (MPH)
  HIGHEST WIND SPEED    18   HIGHEST WIND DIRECTION     S (170)
  HIGHEST GUST SPEED    22   HIGHEST GUST DIRECTION     W (290)
  AVERAGE WIND SPEED     9.0


SKY COVER
  POSSIBLE SUNSHINE  MM
  AVERAGE SKY COVER 0.4


WEATHER CONDITIONS
 THE FOLLOWING WEATHER WAS RECORDED YESTERDAY.
  LIGHT RAIN


RELATIVE HUMIDITY (PERCENT)
 HIGHEST    93          1100 PM
 LOWEST     34           100 PM
 AVERAGE    64

..........................................................


THE NORTH CHARLESTON SC CLIMATE NORMALS FOR TODAY
                         NORMAL    RECORD    YEAR
 MAXIMUM TEMPERATURE (F)   73        87      2012
                                             1985
 MINIMUM TEMPERATURE (F)   50        30      1966


SUNRISE AND SUNSET
MARCH 29 2017.........SUNRISE   712 AM EDT   SUNSET   738 PM EDT
MARCH 30 2017.........SUNRISE   710 AM EDT   SUNSET   739 PM EDT


-  INDICATES NEGATIVE NUMBERS.
R  INDICATES RECORD WAS SET OR TIED.
MM INDICATES DATA IS MISSING.
T  INDICATES TRACE AMOUNT.




$$
