000
CDUS43 KDVN 241019
CLICID


CLIMATE REPORT
NATIONAL WEATHER SERVICE QUAD CITIES IA IL
418 AM CST FRI FEB 24 2017


...................................

...THE CEDAR RAPIDS IA CLIMATE SUMMARY FOR FEBRUARY 23 2017...

CLIMATE NORMAL PERIOD 1981 TO 2010
CLIMATE RECORD PERIOD 1891 TO 2017


WEATHER ITEM   OBSERVED TIME   RECORD YEAR NORMAL DEPARTURE LAST
                VALUE   (LST)  VALUE       VALUE  FROM      YEAR
                                                  NORMAL
..................................................................
TEMPERATURE (F)
 YESTERDAY
  MAXIMUM         45    349 PM  64    1930  36      9       46
  MINIMUM         37   1159 PM -12    2015  19     18       31
  AVERAGE         41                        27     14       39

PRECIPITATION (IN)
  YESTERDAY        0.09         MM      MM   0.06   0.03     0.00
  MONTH TO DATE    0.54                      0.96  -0.42     0.23
  SINCE DEC 1      3.29                      3.30  -0.01     4.67
  SINCE JAN 1      2.04                      1.88   0.16     0.60

DEGREE DAYS
 HEATING
  YESTERDAY       24                        38    -14       26
  MONTH TO DATE  681                       953   -272      869
  SINCE DEC 1   3215                      3655   -440     3127
  SINCE JUL 1   4132                      5101   -969     4158

 COOLING
  YESTERDAY        0                         0      0        0
  MONTH TO DATE    0                         0      0        0
  SINCE DEC 1      0                         0      0        0
  SINCE JAN 1      0                         0      0        0
..................................................................


WIND (MPH)
  HIGHEST WIND SPEED    29   HIGHEST WIND DIRECTION     E (70)
  HIGHEST GUST SPEED    35   HIGHEST GUST DIRECTION     E (70)
  AVERAGE WIND SPEED    16.3


SKY COVER
  POSSIBLE SUNSHINE  MM
  AVERAGE SKY COVER 0.8


WEATHER CONDITIONS
 THE FOLLOWING WEATHER WAS RECORDED YESTERDAY.
  THUNDERSTORM
  LIGHT RAIN
  FOG


RELATIVE HUMIDITY (PERCENT)
 HIGHEST   100           200 AM
 LOWEST     76          1100 AM
 AVERAGE    88

..........................................................


THE CEDAR RAPIDS IA CLIMATE NORMALS FOR TODAY
                         NORMAL    RECORD    YEAR
 MAXIMUM TEMPERATURE (F)   37        67      2002
 MINIMUM TEMPERATURE (F)   19       -12      1993


SUNRISE AND SUNSET
FEBRUARY 24 2017......SUNRISE   649 AM CST   SUNSET   551 PM CST
FEBRUARY 25 2017......SUNRISE   647 AM CST   SUNSET   553 PM CST


-  INDICATES NEGATIVE NUMBERS.
R  INDICATES RECORD WAS SET OR TIED.
MM INDICATES DATA IS MISSING.
T  INDICATES TRACE AMOUNT.




$$
