000
CDUS43 KDVN 020913
CLICID


CLIMATE REPORT
NATIONAL WEATHER SERVICE QUAD CITIES IA IL
412 AM CDT MON MAY 2 2016


...................................

...THE CEDAR RAPIDS IA CLIMATE SUMMARY FOR MAY 1 2016...

CLIMATE NORMAL PERIOD 1981 TO 2010
CLIMATE RECORD PERIOD 1891 TO 2016


WEATHER ITEM   OBSERVED TIME   RECORD YEAR NORMAL DEPARTURE LAST
                VALUE   (LST)  VALUE       VALUE  FROM      YEAR
                                                  NORMAL
..................................................................
TEMPERATURE (F)
 YESTERDAY
  MAXIMUM         49    508 PM  89    1901  67    -18       MM
  MINIMUM         44    436 AM  27    1950  44      0       39
  AVERAGE         47                        55     -8       MM

PRECIPITATION (IN)
  YESTERDAY        0.22         MM      MM   0.13   0.09     0.00
  MONTH TO DATE    0.22                      0.13   0.09     0.00
  SINCE MAR 1      4.98                      5.28  -0.30     4.24
  SINCE JAN 1      5.58                      7.42  -1.84     5.57

DEGREE DAYS
 HEATING
  YESTERDAY       18                        10      8       MM
  MONTH TO DATE   18                        10      8       MM
  SINCE MAR 1   1169                      1372   -203     1291
  SINCE JUL 1   5480                      6655  -1175     6818

 COOLING
  YESTERDAY        0                         0      0       MM
  MONTH TO DATE    0                         0      0       MM
  SINCE MAR 1      3                         7     -4        0
  SINCE JAN 1      3                         7     -4        0
..................................................................


WIND (MPH)
  HIGHEST WIND SPEED    21   HIGHEST WIND DIRECTION    NE (50)
  HIGHEST GUST SPEED    25   HIGHEST GUST DIRECTION    NE (50)
  AVERAGE WIND SPEED    10.2


SKY COVER
  POSSIBLE SUNSHINE  MM
  AVERAGE SKY COVER 1.0


WEATHER CONDITIONS
 THE FOLLOWING WEATHER WAS RECORDED YESTERDAY.
  RAIN
  LIGHT RAIN
  FOG


RELATIVE HUMIDITY (PERCENT)
 HIGHEST   100           100 AM
 LOWEST     93          1000 AM
 AVERAGE    97

..........................................................


THE CEDAR RAPIDS IA CLIMATE NORMALS FOR TODAY
                         NORMAL    RECORD    YEAR
 MAXIMUM TEMPERATURE (F)   67        91      1901
 MINIMUM TEMPERATURE (F)   44        26      1961


SUNRISE AND SUNSET
MAY  2 2016...........SUNRISE   601 AM CDT   SUNSET   807 PM CDT
MAY  3 2016...........SUNRISE   600 AM CDT   SUNSET   808 PM CDT


-  INDICATES NEGATIVE NUMBERS.
R  INDICATES RECORD WAS SET OR TIED.
MM INDICATES DATA IS MISSING.
T  INDICATES TRACE AMOUNT.




$$
