019
CDUS43 KDVN 270913
CLICID


CLIMATE REPORT
NATIONAL WEATHER SERVICE QUAD CITIES IA IL
413 AM CDT FRI MAY 27 2016


...................................

...THE CEDAR RAPIDS IA CLIMATE SUMMARY FOR MAY 26 2016...

CLIMATE NORMAL PERIOD 1981 TO 2010
CLIMATE RECORD PERIOD 1891 TO 2016


WEATHER ITEM   OBSERVED TIME   RECORD YEAR NORMAL DEPARTURE LAST
                VALUE   (LST)  VALUE       VALUE  FROM      YEAR
                                                  NORMAL
..................................................................
TEMPERATURE (F)
 YESTERDAY
  MAXIMUM         81    352 PM  96    1978  74      7       72
  MINIMUM         61    551 AM  29    1925  53      8       61
  AVERAGE         71                        64      7       67

PRECIPITATION (IN)
  YESTERDAY        0.30         MM      MM   0.13   0.17     0.43
  MONTH TO DATE    1.64                      3.45  -1.81     3.29
  SINCE MAR 1      6.40                      8.60  -2.20     7.53
  SINCE JAN 1      7.00                     10.74  -3.74     8.86

DEGREE DAYS
 HEATING
  YESTERDAY        0                         4     -4        0
  MONTH TO DATE  187                       177     10      123
  SINCE MAR 1   1338                      1539   -201     1414
  SINCE JUL 1   5649                      6822  -1173     6941

 COOLING
  YESTERDAY        6                         2      4        2
  MONTH TO DATE   28                        29     -1       35
  SINCE MAR 1     31                        36     -5       35
  SINCE JAN 1     31                        36     -5       35
..................................................................


WIND (MPH)
  HIGHEST WIND SPEED    30   HIGHEST WIND DIRECTION     W (290)
  HIGHEST GUST SPEED    38   HIGHEST GUST DIRECTION     W (290)
  AVERAGE WIND SPEED     7.0


SKY COVER
  POSSIBLE SUNSHINE  MM
  AVERAGE SKY COVER 0.1


WEATHER CONDITIONS
 THE FOLLOWING WEATHER WAS RECORDED YESTERDAY.
  THUNDERSTORM
  HEAVY RAIN
  RAIN
  LIGHT RAIN
  FOG
  HAZE


RELATIVE HUMIDITY (PERCENT)
 HIGHEST    87           700 AM
 LOWEST     54           400 PM
 AVERAGE    71

..........................................................


THE CEDAR RAPIDS IA CLIMATE NORMALS FOR TODAY
                         NORMAL    RECORD    YEAR
 MAXIMUM TEMPERATURE (F)   75        94      1914
 MINIMUM TEMPERATURE (F)   53        35      1992


SUNRISE AND SUNSET
MAY 27 2016...........SUNRISE   537 AM CDT   SUNSET   832 PM CDT
MAY 28 2016...........SUNRISE   536 AM CDT   SUNSET   833 PM CDT


-  INDICATES NEGATIVE NUMBERS.
R  INDICATES RECORD WAS SET OR TIED.
MM INDICATES DATA IS MISSING.
T  INDICATES TRACE AMOUNT.




$$
