000
CDUS43 KDVN 281009
CLICID


CLIMATE REPORT
NATIONAL WEATHER SERVICE QUAD CITIES IA IL
408 AM CST SAT FEB 28 2015


...................................

...THE CEDAR RAPIDS IA CLIMATE SUMMARY FOR FEBRUARY 27 2015...

CLIMATE NORMAL PERIOD 1981 TO 2010
CLIMATE RECORD PERIOD 1891 TO 2015


WEATHER ITEM   OBSERVED TIME   RECORD YEAR NORMAL DEPARTURE LAST
                VALUE   (LST)  VALUE       VALUE  FROM      YEAR
                                                  NORMAL
..................................................................
TEMPERATURE (F)
 YESTERDAY
  MAXIMUM          7    357 PM  63    1976  38    -31       11
  MINIMUM        -20R   617 AM -10    1897  20    -40       -4
  AVERAGE         -6                        29    -35        4

PRECIPITATION (IN)
  YESTERDAY        0.00         MM      MM   0.06  -0.06     0.00
  MONTH TO DATE    0.48                      1.17  -0.69     1.31
  SINCE DEC 1      1.98                      3.51  -1.53     2.43
  SINCE JAN 1      1.33                      2.09  -0.76     1.75

DEGREE DAYS
 HEATING
  YESTERDAY       71                        36     35       61
  MONTH TO DATE 1414                      1099    315     1442
  SINCE DEC 1   3803                      3801      2     4544
  SINCE JUL 1   5464                      5247    217     5987

 COOLING
  YESTERDAY        0                         0      0        0
  MONTH TO DATE    0                         0      0        0
  SINCE DEC 1      0                         0      0        0
  SINCE JAN 1      0                         0      0        0
..................................................................


WIND (MPH)
  HIGHEST WIND SPEED    10   HIGHEST WIND DIRECTION    NW (310)
  HIGHEST GUST SPEED    11   HIGHEST GUST DIRECTION    NW (310)
  AVERAGE WIND SPEED     4.6


SKY COVER
  POSSIBLE SUNSHINE  MM
  AVERAGE SKY COVER 0.0


WEATHER CONDITIONS
 THE FOLLOWING WEATHER WAS RECORDED YESTERDAY.
  FOG


RELATIVE HUMIDITY (PERCENT)
 HIGHEST    91           500 AM
 LOWEST     68           600 PM
 AVERAGE    80

..........................................................


THE CEDAR RAPIDS IA CLIMATE NORMALS FOR TODAY
                         NORMAL    RECORD    YEAR
 MAXIMUM TEMPERATURE (F)   38        64      1932
 MINIMUM TEMPERATURE (F)   21       -17      1962


SUNRISE AND SUNSET
FEBRUARY 28 2015......SUNRISE   644 AM CST   SUNSET   556 PM CST
MARCH  1 2015.........SUNRISE   642 AM CST   SUNSET   557 PM CST


-  INDICATES NEGATIVE NUMBERS.
R  INDICATES RECORD WAS SET OR TIED.
MM INDICATES DATA IS MISSING.
T  INDICATES TRACE AMOUNT.




$$
