000
CDUS43 KDVN 220915
CLICID


CLIMATE REPORT
NATIONAL WEATHER SERVICE QUAD CITIES IA IL
415 AM CDT TUE JUL 22 2014


...................................

...THE CEDAR RAPIDS IA CLIMATE SUMMARY FOR JULY 21 2014...

CLIMATE NORMAL PERIOD 1981 TO 2010
CLIMATE RECORD PERIOD 1891 TO 2014


WEATHER ITEM   OBSERVED TIME   RECORD YEAR NORMAL DEPARTURE LAST
                VALUE   (LST)  VALUE       VALUE  FROM      YEAR
                                                  NORMAL
..................................................................
TEMPERATURE (F)
 YESTERDAY
  MAXIMUM         86    321 PM 107    1901  84      2       83
  MINIMUM         67    551 AM  47    1944  63      4       64
  AVERAGE         77                        73      4       74

PRECIPITATION (IN)
  YESTERDAY        0.00         MM      MM   0.14  -0.14     0.00
  MONTH TO DATE    3.05                      3.17  -0.12     1.11
  SINCE JUN 1     16.34                      8.09   8.25     7.43
  SINCE JAN 1     27.58                     19.53   8.05    27.62

DEGREE DAYS
 HEATING
  YESTERDAY        0                         0      0        0
  MONTH TO DATE   19                         0     19        0
  SINCE JUN 1     24                        29     -5       28
  SINCE JUL 1     19                         0     19        0

 COOLING
  YESTERDAY       12                         8      4        9
  MONTH TO DATE   85                       168    -83      205
  SINCE JUN 1    268                       334    -66      377
  SINCE JAN 1    348                       383    -35      451
..................................................................


WIND (MPH)
  HIGHEST WIND SPEED    18   HIGHEST WIND DIRECTION     S (180)
  HIGHEST GUST SPEED    25   HIGHEST GUST DIRECTION    SE (150)
  AVERAGE WIND SPEED    10.8


SKY COVER
  POSSIBLE SUNSHINE  MM
  AVERAGE SKY COVER 0.1


WEATHER CONDITIONS
 THE FOLLOWING WEATHER WAS RECORDED YESTERDAY.
  HAZE


RELATIVE HUMIDITY (PERCENT)
 HIGHEST    81          1200 AM
 LOWEST     58          1100 AM
 AVERAGE    70

..........................................................


THE CEDAR RAPIDS IA CLIMATE NORMALS FOR TODAY
                         NORMAL    RECORD    YEAR
 MAXIMUM TEMPERATURE (F)   83       101      1934
 MINIMUM TEMPERATURE (F)   63        44      1947


SUNRISE AND SUNSET
JULY 22 2014..........SUNRISE   551 AM CDT   SUNSET   835 PM CDT
JULY 23 2014..........SUNRISE   552 AM CDT   SUNSET   834 PM CDT


-  INDICATES NEGATIVE NUMBERS.
R  INDICATES RECORD WAS SET OR TIED.
MM INDICATES DATA IS MISSING.
T  INDICATES TRACE AMOUNT.




$$
