000
CDUS43 KDVN 220921
CLICID


CLIMATE REPORT
NATIONAL WEATHER SERVICE QUAD CITIES IA IL
420 AM CDT MON SEP 22 2014


...................................

...THE CEDAR RAPIDS IA CLIMATE SUMMARY FOR SEPTEMBER 21 2014...

CLIMATE NORMAL PERIOD 1981 TO 2010
CLIMATE RECORD PERIOD 1891 TO 2014


WEATHER ITEM   OBSERVED TIME   RECORD YEAR NORMAL DEPARTURE LAST
                VALUE   (LST)  VALUE       VALUE  FROM      YEAR
                                                  NORMAL
..................................................................
TEMPERATURE (F)
 YESTERDAY
  MAXIMUM         66    411 PM  93    1920  73     -7       69
  MINIMUM         47    936 PM  33    1999  49     -2       44
  AVERAGE         57                        61     -4       57

PRECIPITATION (IN)
  YESTERDAY        0.00         MM      MM   0.10  -0.10     0.00
  MONTH TO DATE    3.52                      2.30   1.22     1.80
  SINCE SEP 1      3.52                      2.30   1.22     1.80
  SINCE JAN 1     34.00                     27.60   6.40    31.20

DEGREE DAYS
 HEATING
  YESTERDAY        8                         6      2        8
  MONTH TO DATE  117                        69     48       48
  SINCE SEP 1    117                        69     48       48
  SINCE JUL 1    136                        88     48       67

 COOLING
  YESTERDAY        0                         2     -2        0
  MONTH TO DATE   38                        63    -25      137
  SINCE SEP 1     38                        63    -25      137
  SINCE JAN 1    655                       731    -76      857
..................................................................


WIND (MPH)
  HIGHEST WIND SPEED    25   HIGHEST WIND DIRECTION    NW (330)
  HIGHEST GUST SPEED    32   HIGHEST GUST DIRECTION     N (340)
  AVERAGE WIND SPEED    12.0


SKY COVER
  POSSIBLE SUNSHINE  MM
  AVERAGE SKY COVER 0.3


WEATHER CONDITIONS
 THE FOLLOWING WEATHER WAS RECORDED YESTERDAY.
  NO SIGNIFICANT WEATHER WAS OBSERVED.


RELATIVE HUMIDITY (PERCENT)
 HIGHEST   100           100 AM
 LOWEST     56           500 PM
 AVERAGE    78

..........................................................


THE CEDAR RAPIDS IA CLIMATE NORMALS FOR TODAY
                         NORMAL    RECORD    YEAR
 MAXIMUM TEMPERATURE (F)   72        94      1930
 MINIMUM TEMPERATURE (F)   48        29      1974


SUNRISE AND SUNSET
SEPTEMBER 22 2014.....SUNRISE   654 AM CDT   SUNSET   704 PM CDT
SEPTEMBER 23 2014.....SUNRISE   655 AM CDT   SUNSET   702 PM CDT


-  INDICATES NEGATIVE NUMBERS.
R  INDICATES RECORD WAS SET OR TIED.
MM INDICATES DATA IS MISSING.
T  INDICATES TRACE AMOUNT.




$$
