000
CDUS43 KDVN 230910
CLICID


CLIMATE REPORT
NATIONAL WEATHER SERVICE QUAD CITIES IA IL
409 AM CDT SUN APR 23 2017


...................................

...THE CEDAR RAPIDS IA CLIMATE SUMMARY FOR APRIL 22 2017...

CLIMATE NORMAL PERIOD 1981 TO 2010
CLIMATE RECORD PERIOD 1891 TO 2017


WEATHER ITEM   OBSERVED TIME   RECORD YEAR NORMAL DEPARTURE LAST
                VALUE   (LST)  VALUE       VALUE  FROM      YEAR
                                                  NORMAL
..................................................................
TEMPERATURE (F)
 YESTERDAY
  MAXIMUM         65    412 PM  95    1980  63      2       62
  MINIMUM         37    256 AM  22    1986  40     -3       46
  AVERAGE         51                        52     -1       54

PRECIPITATION (IN)
  YESTERDAY        0.00         MM      MM   0.12  -0.12     0.00
  MONTH TO DATE    2.50                      2.12   0.38     1.60
  SINCE MAR 1      4.75                      4.22   0.53     3.40
  SINCE JAN 1      6.92                      6.36   0.56     4.00

DEGREE DAYS
 HEATING
  YESTERDAY       14                        14      0       11
  MONTH TO DATE  250                       386   -136      370
  SINCE MAR 1   1106                      1267   -161     1062
  SINCE JUL 1   5382                      6550  -1168     5373

 COOLING
  YESTERDAY        0                         0      0        0
  MONTH TO DATE    9                         0      9        1
  SINCE MAR 1      9                         0      9        1
  SINCE JAN 1      9                         0      9        1
..................................................................


WIND (MPH)
  HIGHEST WIND SPEED    16   HIGHEST WIND DIRECTION     N (20)
  HIGHEST GUST SPEED    22   HIGHEST GUST DIRECTION    NE (50)
  AVERAGE WIND SPEED     6.5


SKY COVER
  POSSIBLE SUNSHINE  MM
  AVERAGE SKY COVER 0.0


WEATHER CONDITIONS
 THE FOLLOWING WEATHER WAS RECORDED YESTERDAY.
  NO SIGNIFICANT WEATHER WAS OBSERVED.


RELATIVE HUMIDITY (PERCENT)
 HIGHEST    92           300 AM
 LOWEST     26           300 PM
 AVERAGE    59

..........................................................


THE CEDAR RAPIDS IA CLIMATE NORMALS FOR TODAY
                         NORMAL    RECORD    YEAR
 MAXIMUM TEMPERATURE (F)   64        90      1925
 MINIMUM TEMPERATURE (F)   41        20      1927


SUNRISE AND SUNSET
APRIL 23 2017.........SUNRISE   614 AM CDT   SUNSET   757 PM CDT
APRIL 24 2017.........SUNRISE   612 AM CDT   SUNSET   758 PM CDT


-  INDICATES NEGATIVE NUMBERS.
R  INDICATES RECORD WAS SET OR TIED.
MM INDICATES DATA IS MISSING.
T  INDICATES TRACE AMOUNT.




$$
