000
CDUS43 KDVN 031005
CLICID


CLIMATE REPORT
NATIONAL WEATHER SERVICE QUAD CITIES IA IL
404 AM CST SAT DEC 3 2016


...................................

...THE CEDAR RAPIDS IA CLIMATE SUMMARY FOR DECEMBER 2 2016...

CLIMATE NORMAL PERIOD 1981 TO 2010
CLIMATE RECORD PERIOD 1891 TO 2016


WEATHER ITEM   OBSERVED TIME   RECORD YEAR NORMAL DEPARTURE LAST
                VALUE   (LST)  VALUE       VALUE  FROM      YEAR
                                                  NORMAL
..................................................................
TEMPERATURE (F)
 YESTERDAY
  MAXIMUM         37   1250 PM  66    1962  37      0       35
  MINIMUM         30   1144 PM  -9    1985  20     10       28
  AVERAGE         34                        28      6       32

PRECIPITATION (IN)
  YESTERDAY        T            MM      MM   0.06  -0.06     0.01
  MONTH TO DATE    T                         0.12  -0.12     0.03
  SINCE DEC 1      T                         0.12  -0.12     0.03
  SINCE JAN 1     40.59                     33.31   7.28    38.68

DEGREE DAYS
 HEATING
  YESTERDAY       31                        37     -6       33
  MONTH TO DATE   60                        73    -13       63
  SINCE DEC 1     60                        73    -13       63
  SINCE JUL 1    977                      1519   -542     1094

 COOLING
  YESTERDAY        0                         0      0        0
  MONTH TO DATE    0                         0      0        0
  SINCE DEC 1      0                         0      0        0
  SINCE JAN 1    970                       748    222      712
..................................................................


WIND (MPH)
  HIGHEST WIND SPEED    17   HIGHEST WIND DIRECTION    NW (320)
  HIGHEST GUST SPEED    22   HIGHEST GUST DIRECTION    NW (320)
  AVERAGE WIND SPEED     8.6


SKY COVER
  POSSIBLE SUNSHINE  MM
  AVERAGE SKY COVER 1.0


WEATHER CONDITIONS
 THE FOLLOWING WEATHER WAS RECORDED YESTERDAY.
  LIGHT RAIN


RELATIVE HUMIDITY (PERCENT)
 HIGHEST   100           100 AM
 LOWEST     75           100 PM
 AVERAGE    88

..........................................................


THE CEDAR RAPIDS IA CLIMATE NORMALS FOR TODAY
                         NORMAL    RECORD    YEAR
 MAXIMUM TEMPERATURE (F)   37        68      2012
 MINIMUM TEMPERATURE (F)   19       -10      1940


SUNRISE AND SUNSET
DECEMBER  3 2016......SUNRISE   717 AM CST   SUNSET   436 PM CST
DECEMBER  4 2016......SUNRISE   718 AM CST   SUNSET   436 PM CST


-  INDICATES NEGATIVE NUMBERS.
R  INDICATES RECORD WAS SET OR TIED.
MM INDICATES DATA IS MISSING.
T  INDICATES TRACE AMOUNT.




$$
