000
CDUS43 KDVN 280920
CLICID


CLIMATE REPORT
NATIONAL WEATHER SERVICE QUAD CITIES IA IL
420 AM CDT THU AUG 28 2014


...................................

...THE CEDAR RAPIDS IA CLIMATE SUMMARY FOR AUGUST 27 2014...

CLIMATE NORMAL PERIOD 1981 TO 2010
CLIMATE RECORD PERIOD 1891 TO 2014


WEATHER ITEM   OBSERVED TIME   RECORD YEAR NORMAL DEPARTURE LAST
                VALUE   (LST)  VALUE       VALUE  FROM      YEAR
                                                  NORMAL
..................................................................
TEMPERATURE (F)
 YESTERDAY
  MAXIMUM         78    411 PM  97    1995  80     -2       95
                                      1955
  MINIMUM         64    551 AM  43    1986  59      5       72
  AVERAGE         71                        70      1       84

PRECIPITATION (IN)
  YESTERDAY        0.04         MM      MM   0.14  -0.10     0.00
  MONTH TO DATE    1.18                      3.93  -2.75     0.11
  SINCE JUN 1     18.04                     13.31   4.73     9.21
  SINCE JAN 1     29.28                     24.75   4.53    29.40

DEGREE DAYS
 HEATING
  YESTERDAY        0                         1     -1        0
  MONTH TO DATE    0                         8     -8        6
  SINCE JUN 1     24                        41    -17       47
  SINCE JUL 1     19                        12      7       19

 COOLING
  YESTERDAY        6                         5      1       19
  MONTH TO DATE  189                       180      9      169
  SINCE JUN 1    506                       598    -92      575
  SINCE JAN 1    586                       647    -61      649
..................................................................


WIND (MPH)
  HIGHEST WIND SPEED    12   HIGHEST WIND DIRECTION    NE (60)
  HIGHEST GUST SPEED    16   HIGHEST GUST DIRECTION    NE (50)
  AVERAGE WIND SPEED     5.5


SKY COVER
  POSSIBLE SUNSHINE  MM
  AVERAGE SKY COVER 0.3


WEATHER CONDITIONS
 THE FOLLOWING WEATHER WAS RECORDED YESTERDAY.
  LIGHT RAIN
  FOG


RELATIVE HUMIDITY (PERCENT)
 HIGHEST    87           500 AM
 LOWEST     56           400 PM
 AVERAGE    72

..........................................................


THE CEDAR RAPIDS IA CLIMATE NORMALS FOR TODAY
                         NORMAL    RECORD    YEAR
 MAXIMUM TEMPERATURE (F)   80        96      2013
                                             1955
 MINIMUM TEMPERATURE (F)   59        40      1986


SUNRISE AND SUNSET
AUGUST 28 2014........SUNRISE   628 AM CDT   SUNSET   747 PM CDT
AUGUST 29 2014........SUNRISE   629 AM CDT   SUNSET   745 PM CDT


-  INDICATES NEGATIVE NUMBERS.
R  INDICATES RECORD WAS SET OR TIED.
MM INDICATES DATA IS MISSING.
T  INDICATES TRACE AMOUNT.




$$
