000
CDUS43 KDVN 020914
CLICID


CLIMATE REPORT
NATIONAL WEATHER SERVICE QUAD CITIES IA IL
412 AM CDT TUE JUN 2 2015


...................................

...THE CEDAR RAPIDS IA CLIMATE SUMMARY FOR JUNE 1 2015...

CLIMATE NORMAL PERIOD 1981 TO 2010
CLIMATE RECORD PERIOD 1891 TO 2015


WEATHER ITEM   OBSERVED TIME   RECORD YEAR NORMAL DEPARTURE LAST
                VALUE   (LST)  VALUE       VALUE  FROM      YEAR
                                                  NORMAL
..................................................................
TEMPERATURE (F)
 YESTERDAY
  MAXIMUM         71    417 PM  99    1934  76     -5       88
  MINIMUM         44    412 AM  39    1993  55    -11       69
  AVERAGE         58                        65     -7       79

PRECIPITATION (IN)
  YESTERDAY        0.00         MM      MM   0.15  -0.15     0.18
  MONTH TO DATE    0.00                      0.15  -0.15     0.18
  SINCE JUN 1      0.00                      0.15  -0.15     0.18
  SINCE JAN 1      9.20                     11.59  -2.39    11.42

DEGREE DAYS
 HEATING
  YESTERDAY        7                         3      4        0
  MONTH TO DATE    7                         3      4        0
  SINCE JUN 1      7                         3      4        0
  SINCE JUL 1   6964                      6840    124     7815

 COOLING
  YESTERDAY        0                         3     -3       14
  MONTH TO DATE    0                         3     -3       14
  SINCE JUN 1      0                         3     -3       14
  SINCE JAN 1     50                        52     -2       94
..................................................................


WIND (MPH)
  HIGHEST WIND SPEED    15   HIGHEST WIND DIRECTION     E (90)
  HIGHEST GUST SPEED    18   HIGHEST GUST DIRECTION     E (80)
  AVERAGE WIND SPEED     7.6


SKY COVER
  POSSIBLE SUNSHINE  MM
  AVERAGE SKY COVER 0.1


WEATHER CONDITIONS
 THE FOLLOWING WEATHER WAS RECORDED YESTERDAY.
  NO SIGNIFICANT WEATHER WAS OBSERVED.


RELATIVE HUMIDITY (PERCENT)
 HIGHEST    86           500 AM
 LOWEST     36           400 PM
 AVERAGE    61

..........................................................


THE CEDAR RAPIDS IA CLIMATE NORMALS FOR TODAY
                         NORMAL    RECORD    YEAR
 MAXIMUM TEMPERATURE (F)   77       102      1934
 MINIMUM TEMPERATURE (F)   55        42      1924


SUNRISE AND SUNSET
JUNE  2 2015..........SUNRISE   534 AM CDT   SUNSET   836 PM CDT
JUNE  3 2015..........SUNRISE   533 AM CDT   SUNSET   837 PM CDT


-  INDICATES NEGATIVE NUMBERS.
R  INDICATES RECORD WAS SET OR TIED.
MM INDICATES DATA IS MISSING.
T  INDICATES TRACE AMOUNT.




$$
