361
CDUS41 KCLE 040531
CLICLE


CLIMATE REPORT
NATIONAL WEATHER SERVICE CLEVELAND OH
1230 AM EST SUN DEC 4 2016


...................................

...THE CLEVELAND OH CLIMATE SUMMARY FOR DECEMBER 3 2016...

CLIMATE NORMAL PERIOD 1981 TO 2010
CLIMATE RECORD PERIOD 1871 TO 2016


WEATHER ITEM   OBSERVED TIME   RECORD YEAR NORMAL DEPARTURE LAST
                VALUE   (LST)  VALUE       VALUE  FROM      YEAR
                                                  NORMAL
..................................................................
TEMPERATURE (F)
 YESTERDAY
  MAXIMUM         41    215 PM  77    1982  43     -2       39
  MINIMUM         37   1159 PM  -7    1976  31      6       33
  AVERAGE         39                        37      2       36

PRECIPITATION (IN)
  YESTERDAY        0.00                      0.10  -0.10     0.03
  MONTH TO DATE    0.09                      0.31  -0.22     0.22
  SINCE DEC 1      0.09                      0.31  -0.22     0.22
  SINCE JAN 1     33.91                     36.35  -2.44    37.33

SNOWFALL (IN)
  YESTERDAY        0.0                       0.3   -0.3      0.3
  MONTH TO DATE    0.0                       0.9   -0.9      0.3
  SINCE DEC 1      0.0                       0.9   -0.9      0.3
  SINCE JUL 1      0.9                       5.4   -4.5      1.2
  SNOW DEPTH       0

DEGREE DAYS
 HEATING
  YESTERDAY       26                        28     -2       29
  MONTH TO DATE   78                        83     -5       67
  SINCE DEC 1     78                        83     -5       67
  SINCE JUL 1    794                      1178   -384      932

 COOLING
  YESTERDAY        0                         0      0        0
  MONTH TO DATE    0                         0      0        0
  SINCE DEC 1      0                         0      0        0
  SINCE JAN 1   1320                       817    503      831
..................................................................


WIND (MPH)
  HIGHEST WIND SPEED    16   HIGHEST WIND DIRECTION     W (290)
  HIGHEST GUST SPEED    20   HIGHEST GUST DIRECTION     W (290)
  AVERAGE WIND SPEED     8.1


SKY COVER
  POSSIBLE SUNSHINE  MM
  AVERAGE SKY COVER 1.0


WEATHER CONDITIONS
 THE FOLLOWING WEATHER WAS RECORDED YESTERDAY.
  NO SIGNIFICANT WEATHER WAS OBSERVED.


RELATIVE HUMIDITY (PERCENT)
 HIGHEST    76           900 AM
 LOWEST     59           700 PM
 AVERAGE    68

..........................................................


THE CLEVELAND OH CLIMATE NORMALS FOR TODAY
                         NORMAL    RECORD    YEAR
 MAXIMUM TEMPERATURE (F)   42        70      1982
 MINIMUM TEMPERATURE (F)   30         3      2002


SUNRISE AND SUNSET
DECEMBER  4 2016......SUNRISE   738 AM EST   SUNSET   458 PM EST
DECEMBER  5 2016......SUNRISE   738 AM EST   SUNSET   458 PM EST


-  INDICATES NEGATIVE NUMBERS.
R  INDICATES RECORD WAS SET OR TIED.
MM INDICATES DATA IS MISSING.
T  INDICATES TRACE AMOUNT.




$$
