000
CDUS41 KCLE 260527
CLICLE


CLIMATE REPORT
NATIONAL WEATHER SERVICE CLEVELAND OH
1227 AM EST SUN FEB 26 2017


...................................

...THE CLEVELAND OH CLIMATE SUMMARY FOR FEBRUARY 25 2017...

CLIMATE NORMAL PERIOD 1981 TO 2010
CLIMATE RECORD PERIOD 1871 TO 2017


WEATHER ITEM   OBSERVED TIME   RECORD YEAR NORMAL DEPARTURE LAST
                VALUE   (LST)  VALUE       VALUE  FROM      YEAR
                                                  NORMAL
..................................................................
TEMPERATURE (F)
 YESTERDAY
  MAXIMUM         61   1235 AM  70    1930  40     21       35
  MINIMUM         27   1152 PM  -5    1993  25      2       26
  AVERAGE         44                        32     12       31

PRECIPITATION (IN)
  YESTERDAY        0.19                      0.09   0.10     0.10
  MONTH TO DATE    2.67                      2.07   0.60     3.12
  SINCE DEC 1     10.10                      7.89   2.21     7.45
  SINCE JAN 1      7.45                      4.79   2.66     4.49

SNOWFALL (IN)
  YESTERDAY        T                         0.6   -0.6      1.0
  MONTH TO DATE    2.9                      13.4  -10.5     12.8
  SINCE DEC 1     24.0                      46.2  -22.2     20.7
  SINCE JUL 1     24.9                      50.7  -25.8     21.6
  SNOW DEPTH       0

DEGREE DAYS
 HEATING
  YESTERDAY       21                        32    -11       34
  MONTH TO DATE  591                       868   -277      841
  SINCE DEC 1   2528                      3025   -497     2627
  SINCE JUL 1   3244                      4120   -876     3492

 COOLING
  YESTERDAY        0                         0      0        0
  MONTH TO DATE    0                         0      0        0
  SINCE DEC 1      0                         0      0        0
  SINCE JAN 1      0                         0      0        0
..................................................................


WIND (MPH)
  HIGHEST WIND SPEED    35   HIGHEST WIND DIRECTION     W (250)
  HIGHEST GUST SPEED    41   HIGHEST GUST DIRECTION     W (250)
  AVERAGE WIND SPEED    18.8


SKY COVER
  POSSIBLE SUNSHINE  MM
  AVERAGE SKY COVER 0.9


WEATHER CONDITIONS
 THE FOLLOWING WEATHER WAS RECORDED YESTERDAY.
  THUNDERSTORM
  RAIN
  LIGHT RAIN
  LIGHT SNOW


RELATIVE HUMIDITY (PERCENT)
 HIGHEST    78          1200 AM
 LOWEST     57          1200 PM
 AVERAGE    68

..........................................................


THE CLEVELAND OH CLIMATE NORMALS FOR TODAY
                         NORMAL    RECORD    YEAR
 MAXIMUM TEMPERATURE (F)   40        74      2000
 MINIMUM TEMPERATURE (F)   25       -15      1963


SUNRISE AND SUNSET
FEBRUARY 26 2017......SUNRISE   706 AM EST   SUNSET   615 PM EST
FEBRUARY 27 2017......SUNRISE   705 AM EST   SUNSET   616 PM EST


-  INDICATES NEGATIVE NUMBERS.
R  INDICATES RECORD WAS SET OR TIED.
MM INDICATES DATA IS MISSING.
T  INDICATES TRACE AMOUNT.




$$
