000
CDUS41 KCLE 031227
CLICLE


CLIMATE REPORT
NATIONAL WEATHER SERVICE CLEVELAND OH
826 AM EDT THU SEP 3 2015


...................................

...THE CLEVELAND OH CLIMATE SUMMARY FOR SEPTEMBER 2 2015...

CLIMATE NORMAL PERIOD 1981 TO 2010
CLIMATE RECORD PERIOD 1871 TO 2015


WEATHER ITEM   OBSERVED TIME   RECORD YEAR NORMAL DEPARTURE LAST
                VALUE   (LST)  VALUE       VALUE  FROM      YEAR
                                                  NORMAL
..................................................................
TEMPERATURE (F)
 YESTERDAY
  MAXIMUM         89    403 PM 101    1953  79     10       79
  MINIMUM         68    609 AM  45    1970  61      7       63
                                      1967
                                      1958
  AVERAGE         79                        70      9       71

PRECIPITATION (IN)
  YESTERDAY        T                         0.13  -0.13     0.01
  MONTH TO DATE    T                         0.25  -0.25     0.01
  SINCE SEP 1      T                         0.25  -0.25     0.01
  SINCE JAN 1     27.72                     25.79   1.93    31.12

SNOWFALL (IN)
  YESTERDAY        0.0                       0.0    0.0      0.0
  MONTH TO DATE    0.0                       0.0    0.0      0.0
  SINCE SEP 1      0.0                       0.0    0.0      0.0
  SINCE JUL 1      0.0                       0.0    0.0      0.0
  SNOW DEPTH       0

DEGREE DAYS
 HEATING
  YESTERDAY        0                         1     -1        0
  MONTH TO DATE    0                         2     -2        0
  SINCE SEP 1      0                         2     -2        0
  SINCE JUL 1     14                        14      0       25

 COOLING
  YESTERDAY       14                         5      9        6
  MONTH TO DATE   26                        10     16       18
  SINCE SEP 1     26                        10     16       18
  SINCE JAN 1    695                       725    -30      608
..................................................................


WIND (MPH)
  HIGHEST WIND SPEED    21   HIGHEST WIND DIRECTION     W (260)
  HIGHEST GUST SPEED    23   HIGHEST GUST DIRECTION     W (260)
  AVERAGE WIND SPEED     6.9


SKY COVER
  POSSIBLE SUNSHINE  MM
  AVERAGE SKY COVER 0.5


WEATHER CONDITIONS
 THE FOLLOWING WEATHER WAS RECORDED YESTERDAY.
  THUNDERSTORM


RELATIVE HUMIDITY (PERCENT)
 HIGHEST    90          1200 AM
 LOWEST     50           400 PM
 AVERAGE    70

..........................................................


THE CLEVELAND OH CLIMATE NORMALS FOR TODAY
                         NORMAL    RECORD    YEAR
 MAXIMUM TEMPERATURE (F)   78       101      1953
 MINIMUM TEMPERATURE (F)   60        44      1976


SUNRISE AND SUNSET
SEPTEMBER  3 2015.....SUNRISE   655 AM EDT   SUNSET   757 PM EDT
SEPTEMBER  4 2015.....SUNRISE   656 AM EDT   SUNSET   756 PM EDT


-  INDICATES NEGATIVE NUMBERS.
R  INDICATES RECORD WAS SET OR TIED.
MM INDICATES DATA IS MISSING.
T  INDICATES TRACE AMOUNT.




$$
