000
CDUS41 KCLE 242212
CLICLE


CLIMATE REPORT
NATIONAL WEATHER SERVICE CLEVELAND OH
511 PM EST TUE JAN 24 2017


...................................

...THE CLEVELAND OH CLIMATE SUMMARY FOR JANUARY 24 2017...
VALID TODAY AS OF 0500 PM LOCAL TIME.

CLIMATE NORMAL PERIOD 1981 TO 2010
CLIMATE RECORD PERIOD 1871 TO 2017


WEATHER ITEM   OBSERVED TIME   RECORD YEAR NORMAL DEPARTURE LAST
                VALUE   (LST)  VALUE       VALUE  FROM      YEAR
                                                  NORMAL
..................................................................
TEMPERATURE (F)
 TODAY
  MAXIMUM         40    359 PM  65    1909  34      6       35
  MINIMUM         36    851 AM -19    1963  22     14       15
  AVERAGE         38                        28     10       25

PRECIPITATION (IN)
  TODAY            0.17                      0.08   0.09     0.00
  MONTH TO DATE    3.94                      2.17   1.77     1.26
  SINCE DEC 1      6.59                      5.27   1.32     4.22
  SINCE JAN 1      3.94                      2.17   1.77     1.26

SNOWFALL (IN)
  TODAY            0.0                       0.6   -0.6      0.0
  MONTH TO DATE    3.5                      14.4  -10.9      7.2
  SINCE DEC 1     13.1                      28.5  -15.4      7.5
  SINCE JUL 1     14.0                      33.0  -19.0      8.4
  SNOW DEPTH       0

DEGREE DAYS
 HEATING
  TODAY           27                        37    -10       40
  MONTH TO DATE  707                       887   -180      938
  SINCE DEC 1   1714                      1899   -185     1585
  SINCE JUL 1   2430                      2994   -564     2450

 COOLING
  TODAY            0                         0      0        0
  MONTH TO DATE    0                         0      0        0
  SINCE DEC 1      0                         0      0        0
  SINCE JAN 1      0                         0      0        0
..................................................................


WIND (MPH)
  HIGHEST WIND SPEED    15   HIGHEST WIND DIRECTION     W (280)
  HIGHEST GUST SPEED    19   HIGHEST GUST DIRECTION     W (280)


SKY COVER
  POSSIBLE SUNSHINE  MM
  AVERAGE SKY COVER 1.0


WEATHER CONDITIONS
 THE FOLLOWING WEATHER WAS RECORDED TODAY.
  LIGHT RAIN
  FOG
  HAZE


RELATIVE HUMIDITY (PERCENT)
 HIGHEST    92           300 AM
 LOWEST     82           800 AM
 AVERAGE    87

..........................................................


THE CLEVELAND OH CLIMATE NORMALS FOR TOMORROW
                         NORMAL    RECORD    YEAR
 MAXIMUM TEMPERATURE (F)   35        73      1950
 MINIMUM TEMPERATURE (F)   22       -15      1897


SUNRISE AND SUNSET
JANUARY 24 2017.......SUNRISE   746 AM EST   SUNSET   534 PM EST
JANUARY 25 2017.......SUNRISE   745 AM EST   SUNSET   535 PM EST


-  INDICATES NEGATIVE NUMBERS.
R  INDICATES RECORD WAS SET OR TIED.
MM INDICATES DATA IS MISSING.
T  INDICATES TRACE AMOUNT.




$$
