000
CDUS44 KHGX 260827
CLICLL


CLIMATE REPORT
NATIONAL WEATHER SERVICE HOUSTON/GALVESTON TX
216 AM CST MON JAN 26 2015


...................................

...THE COLLEGE STATION CLIMATE SUMMARY FOR JANUARY 25 2015...

CLIMATE NORMAL PERIOD 1981 TO 2010
CLIMATE RECORD PERIOD 1902 TO 2015


WEATHER ITEM   OBSERVED TIME   RECORD YEAR NORMAL DEPARTURE LAST
                VALUE   (LST)  VALUE       VALUE  FROM      YEAR
                                                  NORMAL
..................................................................
TEMPERATURE (F)
 YESTERDAY
  MAXIMUM         68    451 PM  85    1971  62      6       61
  MINIMUM         38    743 AM  20    1940  42     -4       26
  AVERAGE         53                        52      1       44

PRECIPITATION (IN)
  YESTERDAY        0.00          1.72 1973   0.10  -0.10     0.00
  MONTH TO DATE    6.64                      2.61   4.03     1.24
  SINCE DEC 1      9.21                      5.84   3.37     2.00
  SINCE JAN 1      6.64                      2.61   4.03     1.24

SNOWFALL (IN)
  YESTERDAY        0.0
  MONTH TO DATE    0.0
  SINCE JUL 1      0.0

DEGREE DAYS
 HEATING
  YESTERDAY       12                        14     -2       21
  MONTH TO DATE  497                       363    134      420
  SINCE DEC 1    811                       774     37      936
  SINCE JUL 1   1106                       999    107     1238

 COOLING
  YESTERDAY        0                         0      0        0
  MONTH TO DATE    0                         0      0        0
  SINCE DEC 1     10                        16     -6       14
  SINCE JAN 1      0                         0      0        0
..................................................................


WIND (MPH)
  HIGHEST WIND SPEED    21   HIGHEST WIND DIRECTION    NW (320)
  HIGHEST GUST SPEED    28   HIGHEST GUST DIRECTION    NW (330)
  AVERAGE WIND SPEED     9.3


SKY COVER
  AVERAGE SKY COVER 0.0


WEATHER CONDITIONS
 THE FOLLOWING WEATHER WAS RECORDED YESTERDAY.
  NO SIGNIFICANT WEATHER WAS OBSERVED.


RELATIVE HUMIDITY (PERCENT)
 HIGHEST    85           800 AM
 LOWEST     22           500 PM
 AVERAGE    54

..........................................................


THE COLLEGE STATION CLIMATE NORMALS FOR TODAY
                         NORMAL    RECORD    YEAR
 MAXIMUM TEMPERATURE (F)   62        83      1918
 MINIMUM TEMPERATURE (F)   42        16      1904


SUNRISE AND SUNSET
JANUARY 26 2015.......SUNRISE   720 AM CST   SUNSET   556 PM CST
JANUARY 27 2015.......SUNRISE   719 AM CST   SUNSET   557 PM CST


-  INDICATES NEGATIVE NUMBERS.
R  INDICATES RECORD WAS SET OR TIED.
MM INDICATES DATA IS MISSING.
T  INDICATES TRACE AMOUNT.




$$
