000
CDUS44 KHGX 172141
CLICLL


CLIMATE REPORT
NATIONAL WEATHER SERVICE HOUSTON/GALVESTON TX
436 PM CDT WED SEP 17 2014


...................................

...THE COLLEGE STATION CLIMATE SUMMARY FOR SEPTEMBER 17 2014...
VALID TODAY AS OF 400 PM LOCAL TIME.

CLIMATE NORMAL PERIOD 1981 TO 2010
CLIMATE RECORD PERIOD 1902 TO 2014


WEATHER ITEM   OBSERVED TIME   RECORD YEAR NORMAL DEPARTURE LAST
                VALUE   (LST)  VALUE       VALUE  FROM      YEAR
                                                  NORMAL
..................................................................
TEMPERATURE (F)
 TODAY
  MAXIMUM         90    249 PM 101    1911  90      0       98
  MINIMUM         75    715 AM  55    1981  69      6       75
  AVERAGE         83                        80      3       87

PRECIPITATION (IN)
  TODAY            0.00          1.70 1923   0.10  -0.10     0.00
  MONTH TO DATE    4.98                      1.86   3.12     0.10
  SINCE SEP 1      4.98                      1.86   3.12     0.10
  SINCE JAN 1     27.75                     27.38   0.37    19.83

SNOWFALL (IN)
  TODAY            0.0
  MONTH TO DATE    0.0
  SINCE JUL 1      0.0

DEGREE DAYS
 HEATING
  TODAY            0                         0      0        0
  MONTH TO DATE    0                         0      0        0
  SINCE SEP 1      0                         0      0        0
  SINCE JUL 1      0                         0      0        0

 COOLING
  TODAY           18                        15      3       22
  MONTH TO DATE  303                       287     16      360
  SINCE SEP 1    303                       287     16      360
  SINCE JAN 1   2510                      2633   -123     2837
..................................................................


WIND (MPH)
  HIGHEST WIND SPEED     8   HIGHEST WIND DIRECTION    SW (220)
  HIGHEST GUST SPEED    11   HIGHEST GUST DIRECTION    SW (230)
  AVERAGE WIND SPEED     2.3


SKY COVER
  AVERAGE SKY COVER 0.7


WEATHER CONDITIONS
 THE FOLLOWING WEATHER WAS RECORDED TODAY.
  FOG


RELATIVE HUMIDITY (PERCENT)
 HIGHEST   100           800 AM
 LOWEST     52           300 PM
 AVERAGE    76

..........................................................


THE COLLEGE STATION CLIMATE NORMALS FOR TOMORROW
                         NORMAL    RECORD    YEAR
 MAXIMUM TEMPERATURE (F)   90       103      1927
 MINIMUM TEMPERATURE (F)   69        51      1981


SUNRISE AND SUNSET
SEPTEMBER 17 2014.....SUNRISE   711 AM CDT   SUNSET   728 PM CDT
SEPTEMBER 18 2014.....SUNRISE   711 AM CDT   SUNSET   727 PM CDT


-  INDICATES NEGATIVE NUMBERS.
R  INDICATES RECORD WAS SET OR TIED.
MM INDICATES DATA IS MISSING.
T  INDICATES TRACE AMOUNT.


$$
