000
CDUS44 KHGX 200734
CLICLL


CLIMATE REPORT
NATIONAL WEATHER SERVICE HOUSTON/GALVESTON TX
234 AM CDT WED AUG 20 2014


...................................

...THE COLLEGE STATION CLIMATE SUMMARY FOR AUGUST 19 2014...

CLIMATE NORMAL PERIOD 1981 TO 2010
CLIMATE RECORD PERIOD 1902 TO 2014


WEATHER ITEM   OBSERVED TIME   RECORD YEAR NORMAL DEPARTURE LAST
                VALUE   (LST)  VALUE       VALUE  FROM      YEAR
                                                  NORMAL
..................................................................
TEMPERATURE (F)
 YESTERDAY
  MAXIMUM         96    236 PM 105    2011  96      0       96
                                      1948
  MINIMUM         76    654 AM  66    1927  75      1       71
  AVERAGE         86                        86      0       84

PRECIPITATION (IN)
  YESTERDAY        T             1.29 2008   0.09  -0.09     0.00
  MONTH TO DATE    0.33                      1.46  -1.13     0.78
  SINCE JUN 1      8.66                      8.05   0.61     3.46
  SINCE JAN 1     22.69                     24.30  -1.61    19.73

SNOWFALL (IN)
  YESTERDAY        0.0
  MONTH TO DATE    0.0
  SINCE JUL 1      0.0

DEGREE DAYS
 HEATING
  YESTERDAY        0                         0      0        0
  MONTH TO DATE    0                         0      0        0
  SINCE JUN 1      0                         0      0        0
  SINCE JUL 1      0                         0      0        0

 COOLING
  YESTERDAY       21                        21      0       19
  MONTH TO DATE  371                       398    -27      438
  SINCE JUN 1   1471                      1525    -54     1653
  SINCE JAN 1   1958                      2113   -155     2217
..................................................................


WIND (MPH)
  HIGHEST WIND SPEED    35   HIGHEST WIND DIRECTION     S (170)
  HIGHEST GUST SPEED    44   HIGHEST GUST DIRECTION     S (180)
  AVERAGE WIND SPEED     9.8


SKY COVER
  AVERAGE SKY COVER 0.1


WEATHER CONDITIONS
 THE FOLLOWING WEATHER WAS RECORDED YESTERDAY.
  THUNDERSTORM
  HEAVY RAIN
  LIGHT RAIN


RELATIVE HUMIDITY (PERCENT)
 HIGHEST   100           500 AM
 LOWEST     39           200 PM
 AVERAGE    70

..........................................................


THE COLLEGE STATION CLIMATE NORMALS FOR TODAY
                         NORMAL    RECORD    YEAR
 MAXIMUM TEMPERATURE (F)   96       107      1999
 MINIMUM TEMPERATURE (F)   75        62      1940


SUNRISE AND SUNSET
AUGUST 20 2014........SUNRISE   655 AM CDT   SUNSET   802 PM CDT
AUGUST 21 2014........SUNRISE   656 AM CDT   SUNSET   801 PM CDT


-  INDICATES NEGATIVE NUMBERS.
R  INDICATES RECORD WAS SET OR TIED.
MM INDICATES DATA IS MISSING.
T  INDICATES TRACE AMOUNT.




$$
