000
CDUS44 KHGX 052135
CLICLL


CLIMATE REPORT
NATIONAL WEATHER SERVICE HOUSTON/GALVESTON TX
434 PM CDT THU MAY 5 2016


...................................

...THE COLLEGE STATION CLIMATE SUMMARY FOR MAY 5 2016...
VALID TODAY AS OF 400 PM LOCAL TIME.

CLIMATE NORMAL PERIOD 1981 TO 2010
CLIMATE RECORD PERIOD 1902 TO 2016


WEATHER ITEM   OBSERVED TIME   RECORD YEAR NORMAL DEPARTURE LAST
                VALUE   (LST)  VALUE       VALUE  FROM      YEAR
                                                  NORMAL
..................................................................
TEMPERATURE (F)
 TODAY
  MAXIMUM         84    259 PM  96    1947  83      1       85
  MINIMUM         58    555 AM  46    2013  64     -6       63
                                      1944
  AVERAGE         71                        73     -2       74

PRECIPITATION (IN)
  TODAY            0.00          2.68 1993   0.13  -0.13     0.03
  MONTH TO DATE    0.01                      0.65  -0.64     0.03
  SINCE MAR 1      9.86                      6.48   3.38    10.66
  SINCE JAN 1     12.48                     12.57  -0.09    18.07

SNOWFALL (IN)
  TODAY            0.0
  MONTH TO DATE    0.0
  SINCE JUL 1      0.0

DEGREE DAYS
 HEATING
  TODAY            0                         0      0        0
  MONTH TO DATE    2                         0      2        0
  SINCE MAR 1    101                       219   -118      227
  SINCE JUL 1   1148                      1606   -458     1768

 COOLING
  TODAY            6                         9     -3        9
  MONTH TO DATE   19                        41    -22       34
  SINCE MAR 1    265                       252     13      272
  SINCE JAN 1    290                       280     10      273
..................................................................


WIND (MPH)
  HIGHEST WIND SPEED    15   HIGHEST WIND DIRECTION     N (360)
  HIGHEST GUST SPEED    19   HIGHEST GUST DIRECTION     N (360)
  AVERAGE WIND SPEED     6.3


SKY COVER
  AVERAGE SKY COVER 0.0


WEATHER CONDITIONS
 THE FOLLOWING WEATHER WAS RECORDED TODAY.
  NO SIGNIFICANT WEATHER WAS OBSERVED.


RELATIVE HUMIDITY (PERCENT)
 HIGHEST    86           500 AM
 LOWEST     31           100 PM
 AVERAGE    59

..........................................................


THE COLLEGE STATION CLIMATE NORMALS FOR TOMORROW
                         NORMAL    RECORD    YEAR
 MAXIMUM TEMPERATURE (F)   83        96      1984
 MINIMUM TEMPERATURE (F)   64        48      2013
                                             1917


SUNRISE AND SUNSET
MAY  5 2016...........SUNRISE   638 AM CDT   SUNSET   807 PM CDT
MAY  6 2016...........SUNRISE   637 AM CDT   SUNSET   807 PM CDT


-  INDICATES NEGATIVE NUMBERS.
R  INDICATES RECORD WAS SET OR TIED.
MM INDICATES DATA IS MISSING.
T  INDICATES TRACE AMOUNT.


$$
