000
CDUS42 KGSP 312039
CLICLT

CLIMATE REPORT
NATIONAL WEATHER SERVICE GREENVILLE-SPARTANBURG SC
436 PM EDT WED AUG 31 2016


...................................

...THE CHARLOTTE NC CLIMATE SUMMARY FOR AUGUST 31 2016...
VALID TODAY AS OF 0430 PM LOCAL TIME.

CLIMATE NORMAL PERIOD 1981 TO 2010
CLIMATE RECORD PERIOD 1878 TO 2016


WEATHER ITEM   OBSERVED TIME   RECORD YEAR NORMAL DEPARTURE LAST
                VALUE   (LST)  VALUE       VALUE  FROM      YEAR
                                                  NORMAL
..................................................................
TEMPERATURE (F)
 TODAY
  MAXIMUM         92   1240 PM  99    1957  86      6       89
                                      1932
  MINIMUM         71    629 AM  53    1946  65      6       67
                                      1887
  AVERAGE         82                        75      7       78

PRECIPITATION (IN)
  TODAY            0.00          3.40 1952   0.12  -0.12      T
  MONTH TO DATE    1.88                      4.22  -2.34     3.84
  SINCE JUN 1      6.25                     11.64  -5.39     7.95
  SINCE JAN 1     21.54                     28.60  -7.06    22.42

SNOWFALL (IN)
  TODAY            0.0           0.0    MM   0.0    0.0      0.0
  MONTH TO DATE    0.0                       0.0    0.0      0.0
  SINCE JUN 1      0.0                       0.0    0.0      0.0
  SINCE JUL 1      0.0                       0.0    0.0      0.0
  SNOW DEPTH       0

DEGREE DAYS
 HEATING
  TODAY            0                         0      0        0
  MONTH TO DATE    0                         0      0        0
  SINCE JUN 1      0                         3     -3        0
  SINCE JUL 1      0                         0      0        0

 COOLING
  TODAY           17                        10      7       13
  MONTH TO DATE  549                       383    166      453
  SINCE JUN 1   1522                      1114    408     1448
  SINCE JAN 1   1767                      1277    490     1741
..................................................................


WIND (MPH)
  HIGHEST WIND SPEED    16   HIGHEST WIND DIRECTION    SE (150)
  HIGHEST GUST SPEED    20   HIGHEST GUST DIRECTION     S (160)
  AVERAGE WIND SPEED     3.2


SKY COVER
  POSSIBLE SUNSHINE  MM
  AVERAGE SKY COVER 0.6


WEATHER CONDITIONS
 THE FOLLOWING WEATHER WAS RECORDED TODAY.
  NO SIGNIFICANT WEATHER WAS OBSERVED.


RELATIVE HUMIDITY (PERCENT)
 HIGHEST    84           700 AM
 LOWEST     41          1200 PM
 AVERAGE    63

..........................................................


THE CHARLOTTE NC CLIMATE NORMALS FOR TOMORROW
                         NORMAL    RECORD    YEAR
 MAXIMUM TEMPERATURE (F)   85        99      1957
 MINIMUM TEMPERATURE (F)   65        51      1999


SUNRISE AND SUNSET
AUGUST 31 2016........SUNRISE   656 AM EDT   SUNSET   751 PM EDT
SEPTEMBER  1 2016.....SUNRISE   657 AM EDT   SUNSET   750 PM EDT


-  INDICATES NEGATIVE NUMBERS.
R  INDICATES RECORD WAS SET OR TIED.
MM INDICATES DATA IS MISSING.
T  INDICATES TRACE AMOUNT.




$$

LEV
