294
CDUS42 KGSP 230640
CLICLT

CLIMATE REPORT
NATIONAL WEATHER SERVICE GREENVILLE-SPARTANBURG SC
140 AM EST TUE JAN 23 2018


...................................

...THE CHARLOTTE NC CLIMATE SUMMARY FOR JANUARY 22 2018...

CLIMATE NORMAL PERIOD 1981 TO 2010
CLIMATE RECORD PERIOD 1878 TO 2018


WEATHER ITEM   OBSERVED TIME   RECORD YEAR NORMAL DEPARTURE LAST
                VALUE   (LST)  VALUE       VALUE  FROM      YEAR
                                                  NORMAL
..................................................................
TEMPERATURE (F)
 YESTERDAY
  MAXIMUM         65    300 PM  74    1937  51     14       64
  MINIMUM         39    429 AM   5    1970  30      9       54
  AVERAGE         52                        40     12       59

PRECIPITATION (IN)
  YESTERDAY        T             1.79 1954   0.11  -0.11     0.74
  MONTH TO DATE    0.96                      2.46  -1.50     4.53
  SINCE DEC 1      3.08                      5.71  -2.63     7.44
  SINCE JAN 1      0.96                      2.46  -1.50     4.53

SNOWFALL (IN)
  YESTERDAY       MM             5.6  1987   0.1   MM        0.0
  MONTH TO DATE    3.9                       1.5    2.4      1.1
  SINCE DEC 1      4.0                       1.8    2.2      1.1
  SINCE JUL 1      4.0                       1.9    2.1      1.1
  SNOW DEPTH       0

DEGREE DAYS
 HEATING
  YESTERDAY       13                        25    -12        6
  MONTH TO DATE  653                       550    103      376
  SINCE DEC 1   1265                      1251     14     1001
  SINCE JUL 1   1791                      1887    -96     1419

 COOLING
  YESTERDAY        0                         0      0        0
  MONTH TO DATE    0                         0      0        0
  SINCE DEC 1      0                         1     -1        0
  SINCE JAN 1      0                         0      0        0
..................................................................


WIND (MPH)
  HIGHEST WIND SPEED    21   HIGHEST WIND DIRECTION     S (170)
  HIGHEST GUST SPEED    29   HIGHEST GUST DIRECTION     S (170)
  AVERAGE WIND SPEED     6.4


SKY COVER
  POSSIBLE SUNSHINE  MM
  AVERAGE SKY COVER 0.7


WEATHER CONDITIONS
 THE FOLLOWING WEATHER WAS RECORDED YESTERDAY.
  NO SIGNIFICANT WEATHER WAS OBSERVED.


RELATIVE HUMIDITY (PERCENT)
 HIGHEST    93           700 AM
 LOWEST     44           200 PM
 AVERAGE    69

..........................................................


THE CHARLOTTE NC CLIMATE NORMALS FOR TODAY
                         NORMAL    RECORD    YEAR
 MAXIMUM TEMPERATURE (F)   51        75      1927
 MINIMUM TEMPERATURE (F)   30         9      2003


SUNRISE AND SUNSET
JANUARY 23 2018.......SUNRISE   729 AM EST   SUNSET   543 PM EST
JANUARY 24 2018.......SUNRISE   728 AM EST   SUNSET   544 PM EST


-  INDICATES NEGATIVE NUMBERS.
R  INDICATES RECORD WAS SET OR TIED.
MM INDICATES DATA IS MISSING.
T  INDICATES TRACE AMOUNT.

$$

OUTLAW
