000
CDUS42 KGSP 020626
CLICLT

CLIMATE REPORT
NATIONAL WEATHER SERVICE GREENVILLE-SPARTANBURG SC
225 AM EDT SAT AUG 2 2014


...................................

...THE CHARLOTTE NC CLIMATE SUMMARY FOR AUGUST 1 2014...

CLIMATE NORMAL PERIOD 1981 TO 2010
CLIMATE RECORD PERIOD 1878 TO 2014


WEATHER ITEM   OBSERVED TIME   RECORD YEAR NORMAL DEPARTURE LAST
                VALUE   (LST)  VALUE       VALUE  FROM      YEAR
                                                  NORMAL
..................................................................
TEMPERATURE (F)
 YESTERDAY
  MAXIMUM         70    240 PM  98    1999  89    -19       85
                                      1980
                                      1957
  MINIMUM         65    519 AM  58    1966  68     -3       71
  AVERAGE         68                        78    -10       78

PRECIPITATION (IN)
  YESTERDAY        2.39R         1.10 1932   0.14   2.25     0.06
  MONTH TO DATE    2.39                      0.14   2.25     0.06
  SINCE JUN 1      9.62                      7.56   2.06    14.83
  SINCE JAN 1     32.41                     24.52   7.89    33.58

SNOWFALL (IN)
  YESTERDAY        0.0           0.0    MM   0.0    0.0      0.0
  MONTH TO DATE    0.0                       0.0    0.0      0.0
  SINCE JUN 1      0.0                       0.0    0.0      0.0
  SINCE JUL 1      0.0                       0.0    0.0      0.0
  SNOW DEPTH       0

DEGREE DAYS
 HEATING
  YESTERDAY        0                         0      0        0
  MONTH TO DATE    0                         0      0        0
  SINCE JUN 1      0                         3     -3        0
  SINCE JUL 1      0                         0      0        0

 COOLING
  YESTERDAY        3                        13    -10       13
  MONTH TO DATE    3                        13    -10       13
  SINCE JUN 1    771                       744     27      776
  SINCE JAN 1    999                       907     92      945
..................................................................


WIND (MPH)
  HIGHEST WIND SPEED    21   HIGHEST WIND DIRECTION     N (20)
  HIGHEST GUST SPEED    28   HIGHEST GUST DIRECTION    NE (30)
  AVERAGE WIND SPEED     8.9


SKY COVER
  POSSIBLE SUNSHINE  MM
  AVERAGE SKY COVER 0.8


WEATHER CONDITIONS
 THE FOLLOWING WEATHER WAS RECORDED YESTERDAY.
  THUNDERSTORM
  HEAVY RAIN
  RAIN
  LIGHT RAIN
  FOG


RELATIVE HUMIDITY (PERCENT)
 HIGHEST    93           600 AM
 LOWEST     78           300 PM
 AVERAGE    86

..........................................................


THE CHARLOTTE NC CLIMATE NORMALS FOR TODAY
                         NORMAL    RECORD    YEAR
 MAXIMUM TEMPERATURE (F)   89        98      1942
 MINIMUM TEMPERATURE (F)   68        59      1895


SUNRISE AND SUNSET
AUGUST  2 2014........SUNRISE   634 AM EDT   SUNSET   826 PM EDT
AUGUST  3 2014........SUNRISE   634 AM EDT   SUNSET   825 PM EDT


-  INDICATES NEGATIVE NUMBERS.
R  INDICATES RECORD WAS SET OR TIED.
MM INDICATES DATA IS MISSING.
T  INDICATES TRACE AMOUNT.




$$
