000
CDUS42 KGSP 300632
CLICLT

CLIMATE REPORT
NATIONAL WEATHER SERVICE GREENVILLE-SPARTANBURG SC
228 AM EDT THU JUL 30 2015


...................................

...THE CHARLOTTE NC CLIMATE SUMMARY FOR JULY 29 2015...

CLIMATE NORMAL PERIOD 1981 TO 2010
CLIMATE RECORD PERIOD 1878 TO 2015


WEATHER ITEM   OBSERVED TIME   RECORD YEAR NORMAL DEPARTURE LAST
                VALUE   (LST)  VALUE       VALUE  FROM      YEAR
                                                  NORMAL
..................................................................
TEMPERATURE (F)
 YESTERDAY
  MAXIMUM         92    133 PM 103    1952  89      3       83
  MINIMUM         72    454 AM  59    1920  68      4       62
  AVERAGE         82                        78      4       73

PRECIPITATION (IN)
  YESTERDAY        T             2.04 1936   0.14  -0.14     0.00
  MONTH TO DATE    1.02                      3.40  -2.38     2.93
  SINCE JUN 1      3.92                      7.14  -3.22     5.78
  SINCE JAN 1     18.39                     24.10  -5.71    28.57

SNOWFALL (IN)
  YESTERDAY        0.0           0.0    MM   0.0    0.0      0.0
  MONTH TO DATE    0.0                       0.0    0.0      0.0
  SINCE JUN 1      0.0                       0.0    0.0      0.0
  SINCE JUL 1      0.0                       0.0    0.0      0.0
  SNOW DEPTH       0

DEGREE DAYS
 HEATING
  YESTERDAY        0                         0      0        0
  MONTH TO DATE    0                         0      0        0
  SINCE JUN 1      0                         3     -3        0
  SINCE JUL 1      0                         0      0        0

 COOLING
  YESTERDAY       17                        14      3        8
  MONTH TO DATE  498                       399     99      379
  SINCE JUN 1    957                       710    247      752
  SINCE JAN 1   1250                       873    377      980
..................................................................


WIND (MPH)
  HIGHEST WIND SPEED    18   HIGHEST WIND DIRECTION    SE (130)
  HIGHEST GUST SPEED    25   HIGHEST GUST DIRECTION    SE (150)
  AVERAGE WIND SPEED     4.8


SKY COVER
  POSSIBLE SUNSHINE  MM
  AVERAGE SKY COVER 0.8


WEATHER CONDITIONS
 THE FOLLOWING WEATHER WAS RECORDED YESTERDAY.
  LIGHT RAIN


RELATIVE HUMIDITY (PERCENT)
 HIGHEST    93           100 AM
 LOWEST     52           100 PM
 AVERAGE    73

..........................................................


THE CHARLOTTE NC CLIMATE NORMALS FOR TODAY
                         NORMAL    RECORD    YEAR
 MAXIMUM TEMPERATURE (F)   89       101      2011
 MINIMUM TEMPERATURE (F)   68        58      1914


SUNRISE AND SUNSET
JULY 30 2015..........SUNRISE   631 AM EDT   SUNSET   829 PM EDT
JULY 31 2015..........SUNRISE   632 AM EDT   SUNSET   828 PM EDT


-  INDICATES NEGATIVE NUMBERS.
R  INDICATES RECORD WAS SET OR TIED.
MM INDICATES DATA IS MISSING.
T  INDICATES TRACE AMOUNT.




$$
