000
CDUS42 KGSP 310753
CLICLT

CLIMATE REPORT
NATIONAL WEATHER SERVICE GREENVILLE-SPARTANBURG SC
233 AM EDT FRI OCT 31 2014


...................................

...THE CHARLOTTE NC CLIMATE SUMMARY FOR OCTOBER 30 2014...

CLIMATE NORMAL PERIOD 1981 TO 2010
CLIMATE RECORD PERIOD 1878 TO 2014


WEATHER ITEM   OBSERVED TIME   RECORD YEAR NORMAL DEPARTURE LAST
                VALUE   (LST)  VALUE       VALUE  FROM      YEAR
                                                  NORMAL
..................................................................
TEMPERATURE (F)
 YESTERDAY
  MAXIMUM         68    315 PM  84    1996  68      0       79
                                      1961
                                      1950
  MINIMUM         45    527 AM  26    1965  44      1       51
                                      1952
  AVERAGE         57                        56      1       65

PRECIPITATION (IN)
  YESTERDAY        0.00          2.51 1970   0.10  -0.10     0.00
  MONTH TO DATE    0.86                      3.30  -2.44     0.48
  SINCE SEP 1      4.85                      6.54  -1.69     3.54
  SINCE JAN 1     38.61                     35.14   3.47    38.86

SNOWFALL (IN)
  YESTERDAY        0.0           0.0    MM   0.0    0.0      0.0
  MONTH TO DATE    0.0                       0.0    0.0      0.0
  SINCE SEP 1      0.0                       0.0    0.0      0.0
  SINCE JUL 1      0.0                       0.0    0.0      0.0
  SNOW DEPTH       0

DEGREE DAYS
 HEATING
  YESTERDAY        8                         9     -1        0
  MONTH TO DATE  105                       174    -69      130
  SINCE SEP 1    117                       197    -80      132
  SINCE JUL 1    117                       197    -80      133

 COOLING
  YESTERDAY        0                         0      0        0
  MONTH TO DATE   65                        39     26       60
  SINCE SEP 1    298                       237     61      288
  SINCE JAN 1   1653                      1514    139     1576
..................................................................


WIND (MPH)
  HIGHEST WIND SPEED    14   HIGHEST WIND DIRECTION     N (20)
  HIGHEST GUST SPEED    20   HIGHEST GUST DIRECTION    NE (50)
  AVERAGE WIND SPEED     5.0


SKY COVER
  POSSIBLE SUNSHINE  MM
  AVERAGE SKY COVER 0.2


WEATHER CONDITIONS
 THE FOLLOWING WEATHER WAS RECORDED YESTERDAY.
  NO SIGNIFICANT WEATHER WAS OBSERVED.


RELATIVE HUMIDITY (PERCENT)
 HIGHEST    76           500 AM
 LOWEST     28           300 PM
 AVERAGE    52

..........................................................


THE CHARLOTTE NC CLIMATE NORMALS FOR TODAY
                         NORMAL    RECORD    YEAR
 MAXIMUM TEMPERATURE (F)   68        85      1961
                                             1950
 MINIMUM TEMPERATURE (F)   44        29      2008


SUNRISE AND SUNSET
OCTOBER 31 2014.......SUNRISE   744 AM EDT   SUNSET   630 PM EDT
NOVEMBER  1 2014......SUNRISE   745 AM EDT   SUNSET   629 PM EDT


-  INDICATES NEGATIVE NUMBERS.
R  INDICATES RECORD WAS SET OR TIED.
MM INDICATES DATA IS MISSING.
T  INDICATES TRACE AMOUNT.

$$
