000
CDUS42 KGSP 280642
CLICLT

CLIMATE REPORT
NATIONAL WEATHER SERVICE GREENVILLE-SPARTANBURG SC
238 AM EDT SAT MAR 28 2015

...................................

...THE CHARLOTTE NC CLIMATE SUMMARY FOR MARCH 27 2015...

CLIMATE NORMAL PERIOD 1981 TO 2010
CLIMATE RECORD PERIOD 1878 TO 2015


WEATHER ITEM   OBSERVED TIME   RECORD YEAR NORMAL DEPARTURE LAST
                VALUE   (LST)  VALUE       VALUE  FROM      YEAR
                                                  NORMAL
..................................................................
TEMPERATURE (F)
 YESTERDAY
  MAXIMUM         65   1202 AM  85    1950  67     -2       62
  MINIMUM         43   1146 PM  19    1955  42      1       24
  AVERAGE         54                        54      0       43

PRECIPITATION (IN)
  YESTERDAY        0.24          1.22 1891   0.12   0.12     0.00
  MONTH TO DATE    1.93                      3.51  -1.58     4.15
  SINCE MAR 1      1.93                      3.51  -1.58     4.15
  SINCE JAN 1      7.75                     10.24  -2.49    11.07

SNOWFALL (IN)
  YESTERDAY        0.0           0.4  1947   0.1   -0.1      0.0
  MONTH TO DATE    0.0                       0.6   -0.6       T
  SINCE MAR 1      0.0                       0.6   -0.6       T
  SINCE JUL 1      3.1                       4.3   -1.2      9.3
  SNOW DEPTH       0

DEGREE DAYS
 HEATING
  YESTERDAY       11                        11      0       22
  MONTH TO DATE  272                       392   -120      499
  SINCE MAR 1    272                       392   -120      499
  SINCE JUL 1   3043                      3091    -48     3175

 COOLING
  YESTERDAY        0                         0      0        0
  MONTH TO DATE    7                         0      7        0
  SINCE MAR 1      7                         0      7        0
  SINCE JAN 1      7                         0      7        1
..................................................................


WIND (MPH)
  HIGHEST WIND SPEED    18   HIGHEST WIND DIRECTION     N (20)
  HIGHEST GUST SPEED    25   HIGHEST GUST DIRECTION     N (20)
  AVERAGE WIND SPEED     7.9


SKY COVER
  POSSIBLE SUNSHINE  MM
  AVERAGE SKY COVER 1.0


WEATHER CONDITIONS
 THE FOLLOWING WEATHER WAS RECORDED YESTERDAY.
  RAIN
  LIGHT RAIN
  FOG


RELATIVE HUMIDITY (PERCENT)
 HIGHEST    86           800 AM
 LOWEST     61           600 PM
 AVERAGE    74

..........................................................


THE CHARLOTTE NC CLIMATE NORMALS FOR TODAY
                         NORMAL    RECORD    YEAR
 MAXIMUM TEMPERATURE (F)   67        90      1907
 MINIMUM TEMPERATURE (F)   42        25      1982


SUNRISE AND SUNSET
MARCH 28 2015.........SUNRISE   717 AM EDT   SUNSET   742 PM EDT
MARCH 29 2015.........SUNRISE   715 AM EDT   SUNSET   743 PM EDT


-  INDICATES NEGATIVE NUMBERS.
R  INDICATES RECORD WAS SET OR TIED.
MM INDICATES DATA IS MISSING.
T  INDICATES TRACE AMOUNT.

$$
