000
CDUS42 KGSP 290637
CLICLT

CLIMATE REPORT
NATIONAL WEATHER SERVICE GREENVILLE-SPARTANBURG SC
237 AM EDT SAT APR 29 2017


...................................

...THE CHARLOTTE NC CLIMATE SUMMARY FOR APRIL 28 2017...

CLIMATE NORMAL PERIOD 1981 TO 2010
CLIMATE RECORD PERIOD 1878 TO 2017


WEATHER ITEM   OBSERVED TIME   RECORD YEAR NORMAL DEPARTURE LAST
                VALUE   (LST)  VALUE       VALUE  FROM      YEAR
                                                  NORMAL
..................................................................
TEMPERATURE (F)
 YESTERDAY
  MAXIMUM         85    447 PM  90    1943  75     10       86
  MINIMUM         68   1238 AM  36    2005  50     18       64
                                      2004
                                      1967
  AVERAGE         77                        63     14       75

PRECIPITATION (IN)
  YESTERDAY        0.00          2.23 2013   0.10  -0.10      T
  MONTH TO DATE    5.54                      2.86   2.68     1.25
  SINCE MAR 1      8.25                      6.87   1.38     2.10
  SINCE JAN 1     15.16                     13.60   1.56     8.88

SNOWFALL (IN)
  YESTERDAY        0.0           T    1928   0.0    0.0      0.0
  MONTH TO DATE    0.0                       0.1   -0.1      0.0
  SINCE MAR 1      1.1                       0.7    0.4      0.0
  SINCE JUL 1      2.2                       4.4   -2.2      3.3
  SNOW DEPTH       0

DEGREE DAYS
 HEATING
  YESTERDAY        0                         4     -4        0
  MONTH TO DATE   85                       191   -106      152
  SINCE MAR 1    468                       624   -156      383
  SINCE JUL 1   2366                      3323   -957     2525

 COOLING
  YESTERDAY       12                         2     10       10
  MONTH TO DATE   81                        32     49       49
  SINCE MAR 1     99                        37     62       86
  SINCE JAN 1    104                        37     67       86
..................................................................


WIND (MPH)
  HIGHEST WIND SPEED    17   HIGHEST WIND DIRECTION    SW (220)
  HIGHEST GUST SPEED    25   HIGHEST GUST DIRECTION     S (200)
  AVERAGE WIND SPEED     6.6


SKY COVER
  POSSIBLE SUNSHINE  MM
  AVERAGE SKY COVER 0.7


WEATHER CONDITIONS
 THE FOLLOWING WEATHER WAS RECORDED YESTERDAY.
  NO SIGNIFICANT WEATHER WAS OBSERVED.


RELATIVE HUMIDITY (PERCENT)
 HIGHEST    90          1200 AM
 LOWEST     51           300 PM
 AVERAGE    71

..........................................................


THE CHARLOTTE NC CLIMATE NORMALS FOR TODAY
                         NORMAL    RECORD    YEAR
 MAXIMUM TEMPERATURE (F)   75        91      1888
 MINIMUM TEMPERATURE (F)   51        33      1973


SUNRISE AND SUNSET
APRIL 29 2017.........SUNRISE   634 AM EDT   SUNSET   808 PM EDT
APRIL 30 2017.........SUNRISE   633 AM EDT   SUNSET   809 PM EDT


-  INDICATES NEGATIVE NUMBERS.
R  INDICATES RECORD WAS SET OR TIED.
MM INDICATES DATA IS MISSING.
T  INDICATES TRACE AMOUNT.




$$
