000
CDUS42 KGSP 220644
CLICLT

CLIMATE REPORT
NATIONAL WEATHER SERVICE GREENVILLE-SPARTANBURG SC
144 AM EST WED FEB 22 2017


...................................

...THE CHARLOTTE NC CLIMATE SUMMARY FOR FEBRUARY 21 2017...

CLIMATE NORMAL PERIOD 1981 TO 2010
CLIMATE RECORD PERIOD 1878 TO 2017


WEATHER ITEM   OBSERVED TIME   RECORD YEAR NORMAL DEPARTURE LAST
                VALUE   (LST)  VALUE       VALUE  FROM      YEAR
                                                  NORMAL
..................................................................
TEMPERATURE (F)
 YESTERDAY
  MAXIMUM         68    403 PM  75    2011  56     12       69
                                      1986
  MINIMUM         52    745 AM   6    1896  34     18       48
  AVERAGE         60                        45     15       59

PRECIPITATION (IN)
  YESTERDAY        0.03          1.44 1961   0.13  -0.10      T
  MONTH TO DATE    1.15                      2.42  -1.27     1.71
  SINCE DEC 1      9.78                      9.08   0.70    12.69
  SINCE JAN 1      6.87                      5.83   1.04     3.99

SNOWFALL (IN)
  YESTERDAY        0.0           4.0  1889   0.0    0.0      0.0
  MONTH TO DATE    0.0                       0.9   -0.9       T
  SINCE DEC 1      1.1                       3.3   -2.2      3.3
  SINCE JUL 1      1.1                       3.4   -2.3      3.3
  SNOW DEPTH       0

DEGREE DAYS
 HEATING
  YESTERDAY        5                        20    -15        6
  MONTH TO DATE  268                       460   -192      470
  SINCE DEC 1   1427                      1931   -504     1558
  SINCE JUL 1   1845                      2567   -722     2024

 COOLING
  YESTERDAY        0                         0      0        0
  MONTH TO DATE    5                         0      5        0
  SINCE DEC 1      5                         1      4       12
  SINCE JAN 1      5                         0      5        0
..................................................................


WIND (MPH)
  HIGHEST WIND SPEED    14   HIGHEST WIND DIRECTION    SE (130)
  HIGHEST GUST SPEED    17   HIGHEST GUST DIRECTION    SE (120)
  AVERAGE WIND SPEED     8.1


SKY COVER
  POSSIBLE SUNSHINE  MM
  AVERAGE SKY COVER 0.9


WEATHER CONDITIONS
 THE FOLLOWING WEATHER WAS RECORDED YESTERDAY.
  LIGHT RAIN


RELATIVE HUMIDITY (PERCENT)
 HIGHEST    77           600 AM
 LOWEST     39           300 PM
 AVERAGE    58

..........................................................


THE CHARLOTTE NC CLIMATE NORMALS FOR TODAY
                         NORMAL    RECORD    YEAR
 MAXIMUM TEMPERATURE (F)   57        74      1990
                                             1897
 MINIMUM TEMPERATURE (F)   34        12      1963


SUNRISE AND SUNSET
FEBRUARY 22 2017......SUNRISE   702 AM EST   SUNSET   613 PM EST
FEBRUARY 23 2017......SUNRISE   701 AM EST   SUNSET   614 PM EST


-  INDICATES NEGATIVE NUMBERS.
R  INDICATES RECORD WAS SET OR TIED.
MM INDICATES DATA IS MISSING.
T  INDICATES TRACE AMOUNT.

$$

OUTLAW
