000
CDUS46 KLOX 300905
CLICMA


CLIMATE REPORT
NATIONAL WEATHER SERVICE LOS ANGELES/OXNARD CA
205 AM PDT SAT AUG 30 2014


...................................

...THE CAMARILLO AIRPORT CA CLIMATE SUMMARY FOR AUGUST 29 2014...

CLIMATE NORMAL PERIOD 1981 TO 2010
CLIMATE RECORD PERIOD 1948 TO 2014


WEATHER ITEM   OBSERVED TIME   RECORD YEAR NORMAL DEPARTURE LAST
                VALUE   (LST)  VALUE       VALUE  FROM      YEAR
                                                  NORMAL
..................................................................
TEMPERATURE (F)
 YESTERDAY
  MAXIMUM         83    113 PM  90    2009  77      6       85
  MINIMUM         61    542 AM  51    1960  59      2       61
  AVERAGE         72                        68      4       73

PRECIPITATION (IN)
  YESTERDAY        0.00          T    1960   0.01  -0.01     0.00
  MONTH TO DATE    0.03                      0.04  -0.01     0.00
  SINCE JUL 1      0.03                      0.06  -0.03     0.04
  SINCE JAN 1      4.22                     11.04  -6.82     2.19

SNOWFALL (IN)
  YESTERDAY        0.0
  MONTH TO DATE    0.0
  SINCE JUN 1      0.0
  SINCE JUL 1      0.0

DEGREE DAYS
 HEATING
  YESTERDAY        0                         0      0        0
  MONTH TO DATE    0                         0      0        1
  SINCE JUN 1     12                        53    -41        3
  SINCE JUL 1      0                        10    -10        3

 COOLING
  YESTERDAY        7                         3      4        8
  MONTH TO DATE  199                        87    112       75
  SINCE JUN 1    469                       181    288      338
  SINCE JAN 1    617                       212    405      444
..................................................................


WIND (MPH)
  HIGHEST WIND SPEED    14   HIGHEST WIND DIRECTION     W (260)
  HIGHEST GUST SPEED    19   HIGHEST GUST DIRECTION     W (260)
  AVERAGE WIND SPEED     5.0


SKY COVER
  POSSIBLE SUNSHINE  MM
  AVERAGE SKY COVER 0.0


WEATHER CONDITIONS
 THE FOLLOWING WEATHER WAS RECORDED YESTERDAY.
  HAZE


RELATIVE HUMIDITY (PERCENT)
 HIGHEST    78           400 AM
 LOWEST     43          1200 PM
 AVERAGE    61

..........................................................


THE CAMARILLO AIRPORT CA CLIMATE NORMALS FOR TODAY
                         NORMAL    RECORD    YEAR
 MAXIMUM TEMPERATURE (F)   77        89      2009
 MINIMUM TEMPERATURE (F)   59        50      1970


SUNRISE AND SUNSET
AUGUST 30 2014........SUNRISE   628 AM PDT   SUNSET   725 PM PDT
AUGUST 31 2014........SUNRISE   629 AM PDT   SUNSET   724 PM PDT


-  INDICATES NEGATIVE NUMBERS.
R  INDICATES RECORD WAS SET OR TIED.
MM INDICATES DATA IS MISSING.
T  INDICATES TRACE AMOUNT.




$$
