000
CDUS46 KLOX 190948
CLICMA


CLIMATE REPORT
NATIONAL WEATHER SERVICE LOS ANGELES/OXNARD CA
147 AM PST SUN FEB 19 2017


...................................

...THE CAMARILLO AIRPORT CA CLIMATE SUMMARY FOR FEBRUARY 18 2017...

CLIMATE NORMAL PERIOD 1981 TO 2010
CLIMATE RECORD PERIOD 1948 TO 2017


WEATHER ITEM   OBSERVED TIME   RECORD YEAR NORMAL DEPARTURE LAST
                VALUE   (LST)  VALUE       VALUE  FROM      YEAR
                                                  NORMAL
..................................................................
TEMPERATURE (F)
 YESTERDAY
  MAXIMUM         60    335 PM  86    1981  65     -5       66
  MINIMUM         49   1151 PM  31    1952  42      7       50
  AVERAGE         55                        54      1       58

PRECIPITATION (IN)
  YESTERDAY        0.60          2.35 1980   0.16   0.44     0.10
  MONTH TO DATE    5.48                      2.25   3.23     0.31
  SINCE OCT 1     18.39                      9.72   8.67     3.50
  SINCE JAN 1     13.73                      5.72   8.01     2.94

SNOWFALL (IN)
  YESTERDAY       MM
  MONTH TO DATE    0.0
  SINCE DEC 1      0.0
  SINCE JUL 1      0.0

DEGREE DAYS
 HEATING
  YESTERDAY       10                        11     -1        7
  MONTH TO DATE  117                       208    -91       78
  SINCE DEC 1    703                       895   -192      626
  SINCE JUL 1    866                      1227   -361      771

 COOLING
  YESTERDAY        0                         0      0        0
  MONTH TO DATE    0                         0      0       53
  SINCE DEC 1      6                         9     -3       57
  SINCE JAN 1      1                         7     -6       53
..................................................................


WIND (MPH)
  HIGHEST WIND SPEED    20   HIGHEST WIND DIRECTION     W (270)
  HIGHEST GUST SPEED    25   HIGHEST GUST DIRECTION     W (260)
  AVERAGE WIND SPEED     8.4


SKY COVER
  POSSIBLE SUNSHINE  MM
  AVERAGE SKY COVER 0.6


WEATHER CONDITIONS
 THE FOLLOWING WEATHER WAS RECORDED YESTERDAY.
  RAIN
  LIGHT RAIN
  FOG


RELATIVE HUMIDITY (PERCENT)
 HIGHEST    93           100 AM
 LOWEST     75           300 PM
 AVERAGE    84

..........................................................


THE CAMARILLO AIRPORT CA CLIMATE NORMALS FOR TODAY
                         NORMAL    RECORD    YEAR
 MAXIMUM TEMPERATURE (F)   65        84      1965
 MINIMUM TEMPERATURE (F)   42        33      1956


SUNRISE AND SUNSET
FEBRUARY 19 2017......SUNRISE   637 AM PST   SUNSET   544 PM PST
FEBRUARY 20 2017......SUNRISE   635 AM PST   SUNSET   545 PM PST


-  INDICATES NEGATIVE NUMBERS.
R  INDICATES RECORD WAS SET OR TIED.
MM INDICATES DATA IS MISSING.
T  INDICATES TRACE AMOUNT.




$$
