000
CDUS46 KLOX 120124
CLICMA


CLIMATE REPORT
NATIONAL WEATHER SERVICE LOS ANGELES/OXNARD CA
523 PM PST THU FEB 11 2016


...................................

...THE CAMARILLO CLIMATE SUMMARY FOR FEBRUARY 11 2016...
VALID TODAY AS OF 0500 PM LOCAL TIME.

CLIMATE NORMAL PERIOD 1981 TO 2010
CLIMATE RECORD PERIOD 1948 TO 2016


WEATHER ITEM   OBSERVED TIME   RECORD YEAR NORMAL DEPARTURE LAST
                VALUE   (LST)  VALUE       VALUE  FROM      YEAR
                                                  NORMAL
..................................................................
TEMPERATURE (F)
 TODAY
  MAXIMUM         82   1129 AM  83    2015  65     17       83
                                      1971
  MINIMUM         49    315 AM  33    2009  42      7       52
  AVERAGE         66                        54     12       68

PRECIPITATION (IN)
  TODAY            0.00          1.89 1973   0.14  -0.14     0.00
  MONTH TO DATE    0.00                      1.20  -1.20     0.16
  SINCE OCT 1      3.19                      8.67  -5.48     7.16
  SINCE JAN 1      2.63                      4.67  -2.04     2.25

SNOWFALL (IN)
  TODAY            0.0
  MONTH TO DATE    0.0
  SINCE DEC 1      0.0
  SINCE JUL 1      0.0

DEGREE DAYS
 HEATING
  TODAY            0                        12    -12        0
  MONTH TO DATE   54                       126    -72       59
  SINCE DEC 1    602                       813   -211      474
  SINCE JUL 1    747                      1145   -398      561

 COOLING
  TODAY            1                         0      1        3
  MONTH TO DATE   36                         0     36        3
  SINCE DEC 1     40                         9     31       31
  SINCE JAN 1     36                         7     29       27
..................................................................


WIND (MPH)
  HIGHEST WIND SPEED    13   HIGHEST WIND DIRECTION     S (200)
  HIGHEST GUST SPEED    14   HIGHEST GUST DIRECTION    SW (220)
  AVERAGE WIND SPEED     3.9


SKY COVER
  POSSIBLE SUNSHINE  MM
  AVERAGE SKY COVER 0.0


WEATHER CONDITIONS
 THE FOLLOWING WEATHER WAS RECORDED TODAY.
  NO SIGNIFICANT WEATHER WAS OBSERVED.


RELATIVE HUMIDITY (PERCENT)
 HIGHEST    51           800 AM
 LOWEST     21          1100 AM
 AVERAGE    36

..........................................................


THE CAMARILLO CLIMATE NORMALS FOR TOMORROW
                         NORMAL    RECORD    YEAR
 MAXIMUM TEMPERATURE (F)   65        87      1971
 MINIMUM TEMPERATURE (F)   42        32      1966


SUNRISE AND SUNSET
FEBRUARY 11 2016......SUNRISE   646 AM PST   SUNSET   536 PM PST
FEBRUARY 12 2016......SUNRISE   645 AM PST   SUNSET   537 PM PST


-  INDICATES NEGATIVE NUMBERS.
R  INDICATES RECORD WAS SET OR TIED.
MM INDICATES DATA IS MISSING.
T  INDICATES TRACE AMOUNT.




$$
