000
CDUS46 KLOX 280118
CLICMA


CLIMATE REPORT
NATIONAL WEATHER SERVICE LOS ANGELES/OXNARD CA
518 PM PST THU NOV 27 2014


...................................

...THE CAMARILLO CLIMATE SUMMARY FOR NOVEMBER 27 2014...
VALID TODAY AS OF 0500 PM LOCAL TIME.

CLIMATE NORMAL PERIOD 1981 TO 2010
CLIMATE RECORD PERIOD 1948 TO 2014


WEATHER ITEM   OBSERVED TIME   RECORD YEAR NORMAL DEPARTURE LAST
                VALUE   (LST)  VALUE       VALUE  FROM      YEAR
                                                  NORMAL
..................................................................
TEMPERATURE (F)
 TODAY
  MAXIMUM         85   1209 PM  86    2011  68     17       77
  MINIMUM         51    659 AM  32    2010  44      7       50
  AVERAGE         68                        56     12       64

PRECIPITATION (IN)
  TODAY            0.00          0.67 1981   0.03  -0.03     0.00
  MONTH TO DATE    0.05                      1.23  -1.18     0.40
  SINCE JUL 1      0.79                      2.10  -1.31     0.44
  SINCE JAN 1      4.98                     13.08  -8.10     2.59

SNOWFALL (IN)
  TODAY            0.0
  MONTH TO DATE    0.0
  SINCE SEP 1      0.0
  SINCE JUL 1      0.0

DEGREE DAYS
 HEATING
  TODAY            0                         9     -9        1
  MONTH TO DATE   65                       182   -117      100
  SINCE SEP 1     72                       290   -218      207
  SINCE JUL 1     72                       305   -233      210

 COOLING
  TODAY            3                         0      3        0
  MONTH TO DATE   34                        13     21       11
  SINCE SEP 1    372                       117    255      165
  SINCE JAN 1   1009                       329    680      634
..................................................................


WIND (MPH)
  HIGHEST WIND SPEED    10   HIGHEST WIND DIRECTION     W (260)
  HIGHEST GUST SPEED    12   HIGHEST GUST DIRECTION     W (260)
  AVERAGE WIND SPEED     3.6


SKY COVER
  POSSIBLE SUNSHINE  MM
  AVERAGE SKY COVER 0.0


WEATHER CONDITIONS
 THE FOLLOWING WEATHER WAS RECORDED TODAY.
  NO SIGNIFICANT WEATHER WAS OBSERVED.


RELATIVE HUMIDITY (PERCENT)
 HIGHEST    51          1200 AM
 LOWEST     14          1100 AM
 AVERAGE    33

..........................................................


THE CAMARILLO CLIMATE NORMALS FOR TOMORROW
                         NORMAL    RECORD    YEAR
 MAXIMUM TEMPERATURE (F)   68        83      2011
                                             1956
 MINIMUM TEMPERATURE (F)   43        36      1968


SUNRISE AND SUNSET
NOVEMBER 27 2014......SUNRISE   641 AM PST   SUNSET   447 PM PST
NOVEMBER 28 2014......SUNRISE   641 AM PST   SUNSET   447 PM PST


-  INDICATES NEGATIVE NUMBERS.
R  INDICATES RECORD WAS SET OR TIED.
MM INDICATES DATA IS MISSING.
T  INDICATES TRACE AMOUNT.




$$
