000
CDUS46 KLOX 250903
CLICMA


CLIMATE REPORT
NATIONAL WEATHER SERVICE LOS ANGELES/OXNARD CA
203 AM PDT SAT OCT 25 2014


...................................

...THE CAMARILLO AIRPORT CA CLIMATE SUMMARY FOR OCTOBER 24 2014...

CLIMATE NORMAL PERIOD 1981 TO 2010
CLIMATE RECORD PERIOD 1948 TO 2014


WEATHER ITEM   OBSERVED TIME   RECORD YEAR NORMAL DEPARTURE LAST
                VALUE   (LST)  VALUE       VALUE  FROM      YEAR
                                                  NORMAL
..................................................................
TEMPERATURE (F)
 YESTERDAY
  MAXIMUM         79   1128 AM  99    2007  73      6       69
  MINIMUM         51    631 AM  39    1961  52     -1       59
  AVERAGE         65                        62      3       64

PRECIPITATION (IN)
  YESTERDAY        0.00          0.03 1973   0.02  -0.02     0.00
  MONTH TO DATE    0.00                      0.39  -0.39      T
  SINCE JUL 1      0.03                      0.63  -0.60     0.04
  SINCE JAN 1      4.22                     11.61  -7.39     2.19

SNOWFALL (IN)
  YESTERDAY        0.0
  MONTH TO DATE    0.0
  SINCE SEP 1      0.0
  SINCE JUL 1      0.0

DEGREE DAYS
 HEATING
  YESTERDAY        0                         4     -4        1
  MONTH TO DATE    0                        63    -63       65
  SINCE SEP 1      0                        80    -80       67
  SINCE JUL 1      0                        95    -95       70

 COOLING
  YESTERDAY        0                         1     -1        0
  MONTH TO DATE   83                        24     59       41
  SINCE SEP 1    336                        95    241      154
  SINCE JAN 1    973                       307    666      623
..................................................................


WIND (MPH)
  HIGHEST WIND SPEED    17   HIGHEST WIND DIRECTION     W (250)
  HIGHEST GUST SPEED    24   HIGHEST GUST DIRECTION     W (250)
  AVERAGE WIND SPEED     3.7


SKY COVER
  POSSIBLE SUNSHINE  MM
  AVERAGE SKY COVER 0.1


WEATHER CONDITIONS
 THE FOLLOWING WEATHER WAS RECORDED YESTERDAY.
  NO SIGNIFICANT WEATHER WAS OBSERVED.


RELATIVE HUMIDITY (PERCENT)
 HIGHEST    87           600 PM
 LOWEST     37           800 AM
 AVERAGE    62

..........................................................


THE CAMARILLO AIRPORT CA CLIMATE NORMALS FOR TODAY
                         NORMAL    RECORD    YEAR
 MAXIMUM TEMPERATURE (F)   73        88      1983
 MINIMUM TEMPERATURE (F)   52        40      1961


SUNRISE AND SUNSET
OCTOBER 25 2014.......SUNRISE   710 AM PDT   SUNSET   610 PM PDT
OCTOBER 26 2014.......SUNRISE   711 AM PDT   SUNSET   609 PM PDT


-  INDICATES NEGATIVE NUMBERS.
R  INDICATES RECORD WAS SET OR TIED.
MM INDICATES DATA IS MISSING.
T  INDICATES TRACE AMOUNT.




$$
