000
CDUS46 KLOX 281240
CLICMA


CLIMATE REPORT
NATIONAL WEATHER SERVICE LOS ANGELES/OXNARD CA
540 AM PDT FRI AUG 28 2015


...................................

...THE CAMARILLO AIRPORT CA CLIMATE SUMMARY FOR AUGUST 27 2015...

CLIMATE NORMAL PERIOD 1981 TO 2010
CLIMATE RECORD PERIOD 1948 TO 2015


WEATHER ITEM   OBSERVED TIME   RECORD YEAR NORMAL DEPARTURE LAST
                VALUE   (LST)  VALUE       VALUE  FROM      YEAR
                                                  NORMAL
..................................................................
TEMPERATURE (F)
 YESTERDAY
  MAXIMUM         90    159 PM  91    2014  77     13       91
                                      2009
  MINIMUM         67    554 AM  52    2012  59      8       63
  AVERAGE         79                        68     11       77

PRECIPITATION (IN)
  YESTERDAY        0.00          0.01 2006   0.00   0.00     0.00
  MONTH TO DATE    0.00                      0.03  -0.03     0.03
  SINCE OCT 1      8.96                     15.03  -6.07     5.00
  SINCE JAN 1      4.05                     11.03  -6.98     4.22

SNOWFALL (IN)
  YESTERDAY        0.0
  MONTH TO DATE    0.0
  SINCE JUN 1      0.0
  SINCE JUL 1      0.0

DEGREE DAYS
 HEATING
  YESTERDAY        0                         0      0        0
  MONTH TO DATE    0                         0      0        0
  SINCE JUN 1      4                        53    -49       12
  SINCE JUL 1      0                        10    -10        0

 COOLING
  YESTERDAY       14                         3     11       12
  MONTH TO DATE  210                        81    129      182
  SINCE JUN 1    449                       175    274      452
  SINCE JAN 1    558                       206    352      600
..................................................................


WIND (MPH)
  HIGHEST WIND SPEED    14   HIGHEST WIND DIRECTION    SW (230)
  HIGHEST GUST SPEED    20   HIGHEST GUST DIRECTION    SW (220)
  AVERAGE WIND SPEED     4.4


SKY COVER
  POSSIBLE SUNSHINE  MM
  AVERAGE SKY COVER 0.0


WEATHER CONDITIONS
 THE FOLLOWING WEATHER WAS RECORDED YESTERDAY.
  HAZE


RELATIVE HUMIDITY (PERCENT)
 HIGHEST    79           200 AM
 LOWEST     37           500 PM
 AVERAGE    58

..........................................................


THE CAMARILLO AIRPORT CA CLIMATE NORMALS FOR TODAY
                         NORMAL    RECORD    YEAR
 MAXIMUM TEMPERATURE (F)   77        86      2009
 MINIMUM TEMPERATURE (F)   59        51      1975


SUNRISE AND SUNSET
AUGUST 28 2015........SUNRISE   627 AM PDT   SUNSET   728 PM PDT
AUGUST 29 2015........SUNRISE   628 AM PDT   SUNSET   727 PM PDT


-  INDICATES NEGATIVE NUMBERS.
R  INDICATES RECORD WAS SET OR TIED.
MM INDICATES DATA IS MISSING.
T  INDICATES TRACE AMOUNT.




$$
