000
CDUS46 KLOX 010114
CLICMA


CLIMATE REPORT
NATIONAL WEATHER SERVICE LOS ANGELES/OXNARD CA
614 PM PDT FRI OCT 31 2014


...................................

...THE CAMARILLO CLIMATE SUMMARY FOR OCTOBER 31 2014...
VALID TODAY AS OF 0600 PM LOCAL TIME.

CLIMATE NORMAL PERIOD 1981 TO 2010
CLIMATE RECORD PERIOD 1948 TO 2014


WEATHER ITEM   OBSERVED TIME   RECORD YEAR NORMAL DEPARTURE LAST
                VALUE   (LST)  VALUE       VALUE  FROM      YEAR
                                                  NORMAL
..................................................................
TEMPERATURE (F)
 TODAY
  MAXIMUM         70   1220 PM  95    1967  72     -2       73
  MINIMUM         55    142 AM  35    1961  51      4       44
  AVERAGE         63                        61      2       59

PRECIPITATION (IN)
  TODAY            0.00          0.67 1987   0.04  -0.04     0.00
  MONTH TO DATE    0.00                      0.63  -0.63      T
  SINCE JUL 1      0.03                      0.87  -0.84     0.04
  SINCE JAN 1      4.22                     11.85  -7.63     2.19

SNOWFALL (IN)
  TODAY            0.0
  MONTH TO DATE    0.0
  SINCE SEP 1      0.0
  SINCE JUL 1      0.0

DEGREE DAYS
 HEATING
  TODAY            2                         5     -3        6
  MONTH TO DATE    7                        92    -85      105
  SINCE SEP 1      7                       108   -101      107
  SINCE JUL 1      7                       123   -116      110

 COOLING
  TODAY            0                         1     -1        0
  MONTH TO DATE   85                        33     52       41
  SINCE SEP 1    338                       104    234      154
  SINCE JAN 1    975                       316    659      623
..................................................................


WIND (MPH)
  HIGHEST WIND SPEED    13   HIGHEST WIND DIRECTION     S (200)
  HIGHEST GUST SPEED    15   HIGHEST GUST DIRECTION     S (200)
  AVERAGE WIND SPEED     5.6


SKY COVER
  POSSIBLE SUNSHINE  MM
  AVERAGE SKY COVER 0.8


WEATHER CONDITIONS
 THE FOLLOWING WEATHER WAS RECORDED TODAY.
  NO SIGNIFICANT WEATHER WAS OBSERVED.


RELATIVE HUMIDITY (PERCENT)
 HIGHEST    86           100 AM
 LOWEST     57          1200 PM
 AVERAGE    72

..........................................................


THE CAMARILLO CLIMATE NORMALS FOR TOMORROW
                         NORMAL    RECORD    YEAR
 MAXIMUM TEMPERATURE (F)   72        98      1997
 MINIMUM TEMPERATURE (F)   50        37      1956


SUNRISE AND SUNSET
OCTOBER 31 2014.......SUNRISE   715 AM PDT   SUNSET   604 PM PDT
NOVEMBER  1 2014......SUNRISE   716 AM PDT   SUNSET   603 PM PDT


-  INDICATES NEGATIVE NUMBERS.
R  INDICATES RECORD WAS SET OR TIED.
MM INDICATES DATA IS MISSING.
T  INDICATES TRACE AMOUNT.




$$
