000
CDUS46 KLOX 100908
CLICMA


CLIMATE REPORT
NATIONAL WEATHER SERVICE LOS ANGELES/OXNARD CA
108 AM PST SAT DEC 10 2016


...................................

...THE CAMARILLO AIRPORT CA CLIMATE SUMMARY FOR DECEMBER 9 2016...

CLIMATE NORMAL PERIOD 1981 TO 2010
CLIMATE RECORD PERIOD 1948 TO 2016


WEATHER ITEM   OBSERVED TIME   RECORD YEAR NORMAL DEPARTURE LAST
                VALUE   (LST)  VALUE       VALUE  FROM      YEAR
                                                  NORMAL
..................................................................
TEMPERATURE (F)
 YESTERDAY
  MAXIMUM         66   1145 AM  86    1975  66      0       76
  MINIMUM         54    731 AM  30    1972  42     12       50
  AVERAGE         60                        54      6       63

PRECIPITATION (IN)
  YESTERDAY        0.00          1.67 1996   0.04  -0.04     0.00
  MONTH TO DATE    0.00                      0.35  -0.35     0.00
  SINCE OCT 1      1.48                      2.29  -0.81     0.23
  SINCE JAN 1      6.90                     13.51  -6.61     4.64

SNOWFALL (IN)
  YESTERDAY        0.0
  MONTH TO DATE    0.0
  SINCE DEC 1      0.0
  SINCE JUL 1      0.0

DEGREE DAYS
 HEATING
  YESTERDAY        5                        11     -6        2
  MONTH TO DATE   84                        96    -12       22
  SINCE DEC 1     84                        96    -12       22
  SINCE JUL 1    247                       428   -181      167

 COOLING
  YESTERDAY        0                         0      0        0
  MONTH TO DATE    0                         0      0        4
  SINCE DEC 1      0                         0      0        4
  SINCE JAN 1    729                       330    399     1199
..................................................................


WIND (MPH)
  HIGHEST WIND SPEED    16   HIGHEST WIND DIRECTION     W (260)
  HIGHEST GUST SPEED    19   HIGHEST GUST DIRECTION     W (270)
  AVERAGE WIND SPEED     4.9


SKY COVER
  POSSIBLE SUNSHINE  MM
  AVERAGE SKY COVER 0.9


WEATHER CONDITIONS
 THE FOLLOWING WEATHER WAS RECORDED YESTERDAY.
  FOG


RELATIVE HUMIDITY (PERCENT)
 HIGHEST    97           400 PM
 LOWEST     67          1100 AM
 AVERAGE    82

..........................................................


THE CAMARILLO AIRPORT CA CLIMATE NORMALS FOR TODAY
                         NORMAL    RECORD    YEAR
 MAXIMUM TEMPERATURE (F)   66        85      1958
 MINIMUM TEMPERATURE (F)   42        31      1972


SUNRISE AND SUNSET
DECEMBER 10 2016......SUNRISE   652 AM PST   SUNSET   447 PM PST
DECEMBER 11 2016......SUNRISE   653 AM PST   SUNSET   447 PM PST


-  INDICATES NEGATIVE NUMBERS.
R  INDICATES RECORD WAS SET OR TIED.
MM INDICATES DATA IS MISSING.
T  INDICATES TRACE AMOUNT.




$$
