000
CDUS46 KLOX 211106
CLICMA


CLIMATE REPORT
NATIONAL WEATHER SERVICE LOS ANGELES/OXNARD CA
406 AM PDT TUE OCT 21 2014


...................................

...THE CAMARILLO AIRPORT CA CLIMATE SUMMARY FOR OCTOBER 20 2014...

CLIMATE NORMAL PERIOD 1981 TO 2010
CLIMATE RECORD PERIOD 1948 TO 2014


WEATHER ITEM   OBSERVED TIME   RECORD YEAR NORMAL DEPARTURE LAST
                VALUE   (LST)  VALUE       VALUE  FROM      YEAR
                                                  NORMAL
..................................................................
TEMPERATURE (F)
 YESTERDAY
  MAXIMUM         75    147 PM  96    1965  73      2       70
  MINIMUM         59   1110 PM  40    1949  52      7       48
  AVERAGE         67                        63      4       59

PRECIPITATION (IN)
  YESTERDAY        0.00          0.46 2004   0.02  -0.02     0.00
  MONTH TO DATE    0.00                      0.30  -0.30      T
  SINCE JUL 1      0.03                      0.54  -0.51     0.04
  SINCE JAN 1      4.22                     11.52  -7.30     2.19

SNOWFALL (IN)
  YESTERDAY        0.0
  MONTH TO DATE    0.0
  SINCE SEP 1      0.0
  SINCE JUL 1      0.0

DEGREE DAYS
 HEATING
  YESTERDAY        0                         3     -3        6
  MONTH TO DATE    0                        49    -49       52
  SINCE SEP 1      0                        66    -66       54
  SINCE JUL 1      0                        81    -81       57

 COOLING
  YESTERDAY        2                         1      1        0
  MONTH TO DATE   78                        20     58       41
  SINCE SEP 1    331                        91    240      154
  SINCE JAN 1    968                       303    665      623
..................................................................


WIND (MPH)
  HIGHEST WIND SPEED    14   HIGHEST WIND DIRECTION    SW (230)
  HIGHEST GUST SPEED    MM   HIGHEST GUST DIRECTION    MM
  AVERAGE WIND SPEED     5.8


SKY COVER
  POSSIBLE SUNSHINE  MM
  AVERAGE SKY COVER 0.3


WEATHER CONDITIONS
 THE FOLLOWING WEATHER WAS RECORDED YESTERDAY.
  FOG


RELATIVE HUMIDITY (PERCENT)
 HIGHEST    93           200 AM
 LOWEST     61           200 PM
 AVERAGE    77

..........................................................


THE CAMARILLO AIRPORT CA CLIMATE NORMALS FOR TODAY
                         NORMAL    RECORD    YEAR
 MAXIMUM TEMPERATURE (F)   73        98      1965
 MINIMUM TEMPERATURE (F)   52        43      1960


SUNRISE AND SUNSET
OCTOBER 21 2014.......SUNRISE   707 AM PDT   SUNSET   615 PM PDT
OCTOBER 22 2014.......SUNRISE   707 AM PDT   SUNSET   614 PM PDT


-  INDICATES NEGATIVE NUMBERS.
R  INDICATES RECORD WAS SET OR TIED.
MM INDICATES DATA IS MISSING.
T  INDICATES TRACE AMOUNT.




$$
