857
CDUS41 KILN 240537
CLICMH


CLIMATE REPORT
NATIONAL WEATHER SERVICE WILMINGTON OH
1236 AM EST SAT FEB 24 2018


...................................

...THE COLUMBUS OH CLIMATE SUMMARY FOR FEBRUARY 23 2018...

CLIMATE NORMAL PERIOD 1981 TO 2010
CLIMATE RECORD PERIOD 1869 TO 2018


WEATHER ITEM   OBSERVED TIME   RECORD YEAR NORMAL DEPARTURE LAST
                VALUE   (LST)  VALUE       VALUE  FROM      YEAR
                                                  NORMAL
..................................................................
TEMPERATURE (F)
 YESTERDAY
  MAXIMUM         63    342 PM  72    2017  43     20       72
  MINIMUM         43    459 AM  -4    1885  27     16       52
  AVERAGE         53                        35     18       62

PRECIPITATION (IN)
  YESTERDAY        0.30          2.15 1975   0.08   0.22     0.63
  MONTH TO DATE    3.84                      1.84   2.00     1.82
  SINCE DEC 1      7.99                      7.54   0.45     7.74
  SINCE JAN 1      6.23                      4.57   1.66     4.65

SNOWFALL (IN)
  YESTERDAY        0.0           5.2  1914   0.2   -0.2      0.0
  MONTH TO DATE    6.0                       5.0    1.0      0.6
  SINCE DEC 1     24.6                      19.2    5.4      7.6
  SINCE JUL 1     24.6                      20.3    4.3      7.6
  SNOW DEPTH       0

DEGREE DAYS
 HEATING
  YESTERDAY       12                        30    -18        3
  MONTH TO DATE  646                       756   -110      551
  SINCE DEC 1   2846                      2834     12     2419
  SINCE JUL 1   3765                      3848    -83     3185

 COOLING
  YESTERDAY        0                         0      0        0
  MONTH TO DATE    4                         0      4        0
  SINCE DEC 1      4                         0      4        0
  SINCE JAN 1      4                         0      4        0
..................................................................


WIND (MPH)
  RESULTANT WIND SPEED   5   RESULTANT WIND DIRECTION  SW (220)
  HIGHEST WIND SPEED    22   HIGHEST WIND DIRECTION     W (250)
  HIGHEST GUST SPEED    31   HIGHEST GUST DIRECTION    SW (240)
  AVERAGE WIND SPEED     9.0


SKY COVER
  POSSIBLE SUNSHINE  MM
  AVERAGE SKY COVER 1.0


WEATHER CONDITIONS
 THE FOLLOWING WEATHER WAS RECORDED YESTERDAY.
  RAIN
  LIGHT RAIN
  FOG


RELATIVE HUMIDITY (PERCENT)
 HIGHEST   100           100 AM
 LOWEST     86           900 PM
 AVERAGE    93

..........................................................


THE COLUMBUS OH CLIMATE NORMALS FOR TODAY
                         NORMAL    RECORD    YEAR
 MAXIMUM TEMPERATURE (F)   43        78      2017
 MINIMUM TEMPERATURE (F)   27       -11      2015


SUNRISE AND SUNSET
FEBRUARY 24 2018......SUNRISE   712 AM EST   SUNSET   618 PM EST
FEBRUARY 25 2018......SUNRISE   711 AM EST   SUNSET   619 PM EST


-  INDICATES NEGATIVE NUMBERS.
R  INDICATES RECORD WAS SET OR TIED.
MM INDICATES DATA IS MISSING.
T  INDICATES TRACE AMOUNT.




$$
