000
CDUS41 KILN 230545
CLICMH


CLIMATE REPORT
NATIONAL WEATHER SERVICE WILMINGTON OH
144 AM EDT SAT SEP 23 2017


...................................

...THE COLUMBUS OH CLIMATE SUMMARY FOR SEPTEMBER 22 2017...

CLIMATE NORMAL PERIOD 1981 TO 2010
CLIMATE RECORD PERIOD 1869 TO 2017


WEATHER ITEM   OBSERVED TIME   RECORD YEAR NORMAL DEPARTURE LAST
                VALUE   (LST)  VALUE       VALUE  FROM      YEAR
                                                  NORMAL
..................................................................
TEMPERATURE (F)
 YESTERDAY
  MAXIMUM         89    412 PM  95    1895  75     14       88
  MINIMUM         67    638 AM  37    1995  54     13       61
                                      1974
  AVERAGE         78                        64     14       75

PRECIPITATION (IN)
  YESTERDAY        0.00          1.74 2003   0.09  -0.09     0.00
  MONTH TO DATE    2.58                      2.12   0.46     2.11
  SINCE SEP 1      2.58                      2.12   0.46     2.11
  SINCE JAN 1     36.61                     29.81   6.80    29.37

SNOWFALL (IN)
  YESTERDAY        0.0          MM      MM   0.0    0.0      0.0
  MONTH TO DATE    0.0                       0.0    0.0      0.0
  SINCE SEP 1      0.0                       0.0    0.0      0.0
  SINCE JUL 1      0.0                       0.0    0.0      0.0
  SNOW DEPTH       0

DEGREE DAYS
 HEATING
  YESTERDAY        0                         3     -3        0
  MONTH TO DATE   42                        32     10        0
  SINCE SEP 1     42                        32     10        0
  SINCE JUL 1     42                        32     10        0

 COOLING
  YESTERDAY       13                         3     10       10
  MONTH TO DATE   80                       106    -26      166
  SINCE SEP 1     80                       106    -26      166
  SINCE JAN 1    989                       995     -6     1259
..................................................................


WIND (MPH)
  RESULTANT WIND SPEED   2   RESULTANT WIND DIRECTION   E (80)
  HIGHEST WIND SPEED     8   HIGHEST WIND DIRECTION     E (90)
  HIGHEST GUST SPEED    11   HIGHEST GUST DIRECTION     E (80)
  AVERAGE WIND SPEED     2.4


SKY COVER
  POSSIBLE SUNSHINE  MM
  AVERAGE SKY COVER 0.5


WEATHER CONDITIONS
 THE FOLLOWING WEATHER WAS RECORDED YESTERDAY.
  FOG


RELATIVE HUMIDITY (PERCENT)
 HIGHEST    97           200 AM
 LOWEST     46           200 PM
 AVERAGE    72

..........................................................


THE COLUMBUS OH CLIMATE NORMALS FOR TODAY
                         NORMAL    RECORD    YEAR
 MAXIMUM TEMPERATURE (F)   74        93      2010
 MINIMUM TEMPERATURE (F)   54        33      1995


SUNRISE AND SUNSET
SEPTEMBER 23 2017.....SUNRISE   720 AM EDT   SUNSET   727 PM EDT
SEPTEMBER 24 2017.....SUNRISE   721 AM EDT   SUNSET   725 PM EDT


-  INDICATES NEGATIVE NUMBERS.
R  INDICATES RECORD WAS SET OR TIED.
MM INDICATES DATA IS MISSING.
T  INDICATES TRACE AMOUNT.




$$
