000
CDUS41 KILN 010626
CLICMH


CLIMATE REPORT
NATIONAL WEATHER SERVICE WILMINGTON OH
223 AM EDT MON SEP 1 2014


...................................

...THE COLUMBUS OH CLIMATE SUMMARY FOR AUGUST 31 2014...

CLIMATE NORMAL PERIOD 1981 TO 2010
CLIMATE RECORD PERIOD 1869 TO 2014


WEATHER ITEM   OBSERVED TIME   RECORD YEAR NORMAL DEPARTURE LAST
                VALUE   (LST)  VALUE       VALUE  FROM      YEAR
                                                  NORMAL
..................................................................
TEMPERATURE (F)
 YESTERDAY
  MAXIMUM         82    431 PM  98    1953  82      0       87
                                      1951
  MINIMUM         73   1159 PM  43    1915  62     11       71
  AVERAGE         78                        72      6       79

PRECIPITATION (IN)
  YESTERDAY        1.83          2.35 2001   0.11   1.72     0.79
  MONTH TO DATE    4.90                      3.32   1.58     2.84
  SINCE JUN 1     13.66                     12.12   1.54    14.17
  SINCE JAN 1     30.51                     27.69   2.82    26.64

SNOWFALL (IN)
  YESTERDAY        0.0           0.0    MM   0.0    0.0      0.0
  MONTH TO DATE    0.0                       0.0    0.0      0.0
  SINCE JUN 1      0.0                       0.0    0.0      0.0
  SINCE JUL 1      0.0                       0.0    0.0      0.0
  SNOW DEPTH       0

DEGREE DAYS
 HEATING
  YESTERDAY        0                         0      0        0
  MONTH TO DATE    0                         0      0        4
  SINCE JUN 1      1                        19    -18       10
  SINCE JUL 1      0                         0      0        4

 COOLING
  YESTERDAY       13                         7      6       14
  MONTH TO DATE  327                       281     46      282
  SINCE JUN 1    867                       807     60      840
  SINCE JAN 1   1022                       889    133     1001
..................................................................


WIND (MPH)
  RESULTANT WIND SPEED   6   RESULTANT WIND DIRECTION   S (200)
  HIGHEST WIND SPEED    16   HIGHEST WIND DIRECTION    SW (230)
  HIGHEST GUST SPEED    21   HIGHEST GUST DIRECTION    SW (240)
  AVERAGE WIND SPEED     6.6


SKY COVER
  POSSIBLE SUNSHINE  MM
  AVERAGE SKY COVER 0.8


WEATHER CONDITIONS
 THE FOLLOWING WEATHER WAS RECORDED YESTERDAY.
  THUNDERSTORM
  HEAVY RAIN
  RAIN
  LIGHT RAIN
  FOG
  HAZE


RELATIVE HUMIDITY (PERCENT)
 HIGHEST    87           100 AM
 LOWEST     69           400 PM
 AVERAGE    78

..........................................................


THE COLUMBUS OH CLIMATE NORMALS FOR TODAY
                         NORMAL    RECORD    YEAR
 MAXIMUM TEMPERATURE (F)   82        99      1953
                                             1932
 MINIMUM TEMPERATURE (F)   62        42      1967


SUNRISE AND SUNSET
SEPTEMBER  1 2014.....SUNRISE   659 AM EDT   SUNSET   803 PM EDT
SEPTEMBER  2 2014.....SUNRISE   700 AM EDT   SUNSET   801 PM EDT


-  INDICATES NEGATIVE NUMBERS.
R  INDICATES RECORD WAS SET OR TIED.
MM INDICATES DATA IS MISSING.
T  INDICATES TRACE AMOUNT.




$$
