000
CDUS41 KILN 040614
CLICMH


CLIMATE REPORT
NATIONAL WEATHER SERVICE WILMINGTON OH
114 AM EST SUN DEC 4 2016


...................................

...THE COLUMBUS OH CLIMATE SUMMARY FOR DECEMBER 3 2016...

CLIMATE NORMAL PERIOD 1981 TO 2010
CLIMATE RECORD PERIOD 1869 TO 2016


WEATHER ITEM   OBSERVED TIME   RECORD YEAR NORMAL DEPARTURE LAST
                VALUE   (LST)  VALUE       VALUE  FROM      YEAR
                                                  NORMAL
..................................................................
TEMPERATURE (F)
 YESTERDAY
  MAXIMUM         40    327 PM  76    1982  44     -4       39
  MINIMUM         33    418 AM   0    1966  30      3       32
  AVERAGE         37                        37      0       36

PRECIPITATION (IN)
  YESTERDAY        0.00          1.41 1978   0.09  -0.09      T
  MONTH TO DATE    T                         0.28  -0.28     0.24
  SINCE DEC 1      T                         0.28  -0.28     0.24
  SINCE JAN 1     34.69                     36.62  -1.93    40.36

SNOWFALL (IN)
  YESTERDAY        0.0           7.9  1957   0.1   -0.1       T
  MONTH TO DATE    0.0                       0.3   -0.3       T
  SINCE DEC 1      0.0                       0.3   -0.3       T
  SINCE JUL 1      T                         1.4   -1.4       T
  SNOW DEPTH       0

DEGREE DAYS
 HEATING
  YESTERDAY       28                        28      0       29
  MONTH TO DATE   83                        82      1       66
  SINCE DEC 1     83                        82      1       66
  SINCE JUL 1    849                      1096   -247      871

 COOLING
  YESTERDAY        0                         0      0        0
  MONTH TO DATE    0                         0      0        0
  SINCE DEC 1      0                         0      0        0
  SINCE JAN 1   1327                      1024    303     1028
..................................................................


WIND (MPH)
  RESULTANT WIND SPEED   3   RESULTANT WIND DIRECTION  NW (310)
  HIGHEST WIND SPEED    10   HIGHEST WIND DIRECTION    NW (300)
  HIGHEST GUST SPEED    13   HIGHEST GUST DIRECTION    NW (300)
  AVERAGE WIND SPEED     4.4


SKY COVER
  POSSIBLE SUNSHINE  MM
  AVERAGE SKY COVER 1.0


WEATHER CONDITIONS
 THE FOLLOWING WEATHER WAS RECORDED YESTERDAY.
  NO SIGNIFICANT WEATHER WAS OBSERVED.


RELATIVE HUMIDITY (PERCENT)
 HIGHEST    92           600 AM
 LOWEST     59           200 PM
 AVERAGE    76

..........................................................


THE COLUMBUS OH CLIMATE NORMALS FOR TODAY
                         NORMAL    RECORD    YEAR
 MAXIMUM TEMPERATURE (F)   44        68      1982
 MINIMUM TEMPERATURE (F)   30         3      1966


SUNRISE AND SUNSET
DECEMBER  4 2016......SUNRISE   738 AM EST   SUNSET   506 PM EST
DECEMBER  5 2016......SUNRISE   738 AM EST   SUNSET   506 PM EST


-  INDICATES NEGATIVE NUMBERS.
R  INDICATES RECORD WAS SET OR TIED.
MM INDICATES DATA IS MISSING.
T  INDICATES TRACE AMOUNT.




$$
