000
CDUS41 KILN 240546
CLICMH


CLIMATE REPORT
NATIONAL WEATHER SERVICE WILMINGTON OH
146 AM EDT FRI OCT 24 2014


...................................

...THE COLUMBUS OH CLIMATE SUMMARY FOR OCTOBER 23 2014...

CLIMATE NORMAL PERIOD 1981 TO 2010
CLIMATE RECORD PERIOD 1869 TO 2014


WEATHER ITEM   OBSERVED TIME   RECORD YEAR NORMAL DEPARTURE LAST
                VALUE   (LST)  VALUE       VALUE  FROM      YEAR
                                                  NORMAL
..................................................................
TEMPERATURE (F)
 YESTERDAY
  MAXIMUM         59    407 PM  83    1947  63     -4       48
  MINIMUM         39    427 AM  23    1969  43     -4       35
  AVERAGE         49                        53     -4       42

PRECIPITATION (IN)
  YESTERDAY        0.00          2.31 2007   0.08  -0.08     0.49
  MONTH TO DATE    2.26                      1.93   0.33     4.93
  SINCE SEP 1      2.91                      4.77  -1.86     7.45
  SINCE JAN 1     33.42                     32.46   0.96    34.09

SNOWFALL (IN)
  YESTERDAY        0.0           0.6  1917   0.0    0.0       T
  MONTH TO DATE    T                         0.1   -0.1       T
  SINCE SEP 1      T                         0.1   -0.1       T
  SINCE JUL 1      T                         0.1   -0.1       T
  SNOW DEPTH       0

DEGREE DAYS
 HEATING
  YESTERDAY       16                        13      3       23
  MONTH TO DATE  232                       214     18      160
  SINCE SEP 1    280                       283     -3      209
  SINCE JUL 1    280                       283     -3      213

 COOLING
  YESTERDAY        0                         0      0        0
  MONTH TO DATE    8                        13     -5       42
  SINCE SEP 1    141                       135      6      178
  SINCE JAN 1   1163                      1024    139     1179
..................................................................


WIND (MPH)
  RESULTANT WIND SPEED   5   RESULTANT WIND DIRECTION   N (340)
  HIGHEST WIND SPEED    14   HIGHEST WIND DIRECTION    NW (310)
  HIGHEST GUST SPEED    18   HIGHEST GUST DIRECTION    NW (310)
  AVERAGE WIND SPEED     5.2


SKY COVER
  POSSIBLE SUNSHINE  MM
  AVERAGE SKY COVER 0.4


WEATHER CONDITIONS
 THE FOLLOWING WEATHER WAS RECORDED YESTERDAY.
  FOG
  HAZE


RELATIVE HUMIDITY (PERCENT)
 HIGHEST    93           500 AM
 LOWEST     55           400 PM
 AVERAGE    74

..........................................................


THE COLUMBUS OH CLIMATE NORMALS FOR TODAY
                         NORMAL    RECORD    YEAR
 MAXIMUM TEMPERATURE (F)   62        82      1963
 MINIMUM TEMPERATURE (F)   43        21      1981


SUNRISE AND SUNSET
OCTOBER 24 2014.......SUNRISE   752 AM EDT   SUNSET   639 PM EDT
OCTOBER 25 2014.......SUNRISE   753 AM EDT   SUNSET   638 PM EDT


-  INDICATES NEGATIVE NUMBERS.
R  INDICATES RECORD WAS SET OR TIED.
MM INDICATES DATA IS MISSING.
T  INDICATES TRACE AMOUNT.




$$
