000
CDUS41 KILN 300616
CLICMH


CLIMATE REPORT
NATIONAL WEATHER SERVICE WILMINGTON OH
214 AM EDT THU OCT 30 2014


...................................

...THE COLUMBUS OH CLIMATE SUMMARY FOR OCTOBER 29 2014...

CLIMATE NORMAL PERIOD 1981 TO 2010
CLIMATE RECORD PERIOD 1869 TO 2014


WEATHER ITEM   OBSERVED TIME   RECORD YEAR NORMAL DEPARTURE LAST
                VALUE   (LST)  VALUE       VALUE  FROM      YEAR
                                                  NORMAL
..................................................................
TEMPERATURE (F)
 YESTERDAY
  MAXIMUM         59    116 PM  80    1922  60     -1       60
                                      1900
  MINIMUM         45   1159 PM  21    1925  41      4       36
  AVERAGE         52                        51      1       48

PRECIPITATION (IN)
  YESTERDAY        0.00          2.17 1883   0.09  -0.09     0.00
  MONTH TO DATE    2.66                      2.43   0.23     4.93
  SINCE SEP 1      3.31                      5.27  -1.96     7.45
  SINCE JAN 1     33.82                     32.96   0.86    34.09

SNOWFALL (IN)
  YESTERDAY        0.0          MM      MM   0.0    0.0      0.0
  MONTH TO DATE    T                         0.2   -0.2       T
  SINCE SEP 1      T                         0.2   -0.2       T
  SINCE JUL 1      T                         0.2   -0.2       T
  SNOW DEPTH       0

DEGREE DAYS
 HEATING
  YESTERDAY       13                        14     -1       17
  MONTH TO DATE  288                       295     -7      290
  SINCE SEP 1    336                       364    -28      339
  SINCE JUL 1    336                       364    -28      343

 COOLING
  YESTERDAY        0                         0      0        0
  MONTH TO DATE    8                        13     -5       42
  SINCE SEP 1    141                       135      6      178
  SINCE JAN 1   1163                      1024    139     1179
..................................................................


WIND (MPH)
  RESULTANT WIND SPEED  10   RESULTANT WIND DIRECTION   W (280)
  HIGHEST WIND SPEED    23   HIGHEST WIND DIRECTION    NW (300)
  HIGHEST GUST SPEED    29   HIGHEST GUST DIRECTION    NW (300)
  AVERAGE WIND SPEED    10.8


SKY COVER
  POSSIBLE SUNSHINE  MM
  AVERAGE SKY COVER 0.7


WEATHER CONDITIONS
 THE FOLLOWING WEATHER WAS RECORDED YESTERDAY.
  NO SIGNIFICANT WEATHER WAS OBSERVED.


RELATIVE HUMIDITY (PERCENT)
 HIGHEST    80          1200 AM
 LOWEST     43           100 PM
 AVERAGE    62

..........................................................


THE COLUMBUS OH CLIMATE NORMALS FOR TODAY
                         NORMAL    RECORD    YEAR
 MAXIMUM TEMPERATURE (F)   60        80      1927
 MINIMUM TEMPERATURE (F)   41        20      1895


SUNRISE AND SUNSET
OCTOBER 30 2014.......SUNRISE   758 AM EDT   SUNSET   632 PM EDT
OCTOBER 31 2014.......SUNRISE   759 AM EDT   SUNSET   630 PM EDT


-  INDICATES NEGATIVE NUMBERS.
R  INDICATES RECORD WAS SET OR TIED.
MM INDICATES DATA IS MISSING.
T  INDICATES TRACE AMOUNT.




$$
