000
CDUS41 KILN 012053
CLICMH


CLIMATE REPORT
NATIONAL WEATHER SERVICE WILMINGTON OH
453 PM EDT SUN MAY 1 2016


...................................

...THE COLUMBUS OH CLIMATE SUMMARY FOR MAY 1 2016...
VALID TODAY AS OF 0400 PM LOCAL TIME.

CLIMATE NORMAL PERIOD 1981 TO 2010
CLIMATE RECORD PERIOD 1869 TO 2016


WEATHER ITEM   OBSERVED TIME   RECORD YEAR NORMAL DEPARTURE LAST
                VALUE   (LST)  VALUE       VALUE  FROM      YEAR
                                                  NORMAL
..................................................................
TEMPERATURE (F)
 TODAY
  MAXIMUM         75    337 PM  88    1942  69      6       71
  MINIMUM         55   1232 AM  30    1978  48      7       46
                                      1963
  AVERAGE         65                        58      7       59

PRECIPITATION (IN)
  TODAY            T             2.07 1893   0.12  -0.12      T
  MONTH TO DATE    T                         0.12  -0.12      T
  SINCE MAR 1      6.58                      6.54   0.04     8.01
  SINCE JAN 1     10.99                     11.52  -0.53    12.58

SNOWFALL (IN)
  TODAY            0.0           0.0    MM   0.0    0.0      0.0
  MONTH TO DATE    0.0                       0.0    0.0      0.0
  SINCE MAR 1      2.6                       5.3   -2.7      5.4
  SINCE JUL 1     17.1                      26.7   -9.6     33.4
  SNOW DEPTH       0

DEGREE DAYS
 HEATING
  TODAY            0                         8     -8        6
  MONTH TO DATE    0                         8     -8        6
  SINCE MAR 1    904                      1095   -191     1185
  SINCE JUL 1   4345                      5090   -745     5739

 COOLING
  TODAY            0                         1     -1        0
  MONTH TO DATE    0                         1     -1        0
  SINCE MAR 1      1                        13    -12        0
  SINCE JAN 1      1                        13    -12        0
..................................................................


WIND (MPH)
  HIGHEST WIND SPEED    14   HIGHEST WIND DIRECTION    SW (210)
  HIGHEST GUST SPEED     0   HIGHEST GUST DIRECTION     S (190)
  AVERAGE WIND SPEED     7.3


SKY COVER
  POSSIBLE SUNSHINE  MM
  AVERAGE SKY COVER 0.8


WEATHER CONDITIONS
 THE FOLLOWING WEATHER WAS RECORDED TODAY.
  LIGHT RAIN
  FOG


RELATIVE HUMIDITY (PERCENT)
 HIGHEST   100           100 AM
 LOWEST     57           200 PM
 AVERAGE    79

..........................................................


THE COLUMBUS OH CLIMATE NORMALS FOR TOMORROW
                         NORMAL    RECORD    YEAR
 MAXIMUM TEMPERATURE (F)   69        88      1959
 MINIMUM TEMPERATURE (F)   48        30      1994
                                             1963


SUNRISE AND SUNSET
MAY  1 2016...........SUNRISE   631 AM EDT   SUNSET   827 PM EDT
MAY  2 2016...........SUNRISE   630 AM EDT   SUNSET   828 PM EDT


-  INDICATES NEGATIVE NUMBERS.
R  INDICATES RECORD WAS SET OR TIED.
MM INDICATES DATA IS MISSING.
T  INDICATES TRACE AMOUNT.




$$
