000
CDUS41 KILN 200617
CLICMH


CLIMATE REPORT
NATIONAL WEATHER SERVICE WILMINGTON OH
214 AM EDT MON OCT 20 2014


...................................

...THE COLUMBUS OH CLIMATE SUMMARY FOR OCTOBER 19 2014...

CLIMATE NORMAL PERIOD 1981 TO 2010
CLIMATE RECORD PERIOD 1869 TO 2014


WEATHER ITEM   OBSERVED TIME   RECORD YEAR NORMAL DEPARTURE LAST
                VALUE   (LST)  VALUE       VALUE  FROM      YEAR
                                                  NORMAL
..................................................................
TEMPERATURE (F)
 YESTERDAY
  MAXIMUM         55    258 PM  85    1953  64     -9       51
  MINIMUM         40    715 AM  25    1896  44     -4       40
  AVERAGE         48                        54     -6       46

PRECIPITATION (IN)
  YESTERDAY        0.00          1.83 2011   0.08  -0.08     0.16
  MONTH TO DATE    1.90                      1.61   0.29     4.33
  SINCE SEP 1      2.55                      4.45  -1.90     6.85
  SINCE JAN 1     33.06                     32.14   0.92    33.49

SNOWFALL (IN)
  YESTERDAY        0.0           0.4  1989   0.0    0.0      0.0
  MONTH TO DATE    T                         0.0    0.0      0.0
  SINCE SEP 1      T                         0.0    0.0      0.0
  SINCE JUL 1      T                         0.0    0.0      0.0
  SNOW DEPTH       0

DEGREE DAYS
 HEATING
  YESTERDAY       17                        11      6       19
  MONTH TO DATE  171                       165      6       91
  SINCE SEP 1    219                       234    -15      140
  SINCE JUL 1    219                       234    -15      144

 COOLING
  YESTERDAY        0                         0      0        0
  MONTH TO DATE    8                        13     -5       42
  SINCE SEP 1    141                       135      6      178
  SINCE JAN 1   1163                      1024    139     1179
..................................................................


WIND (MPH)
  RESULTANT WIND SPEED   3   RESULTANT WIND DIRECTION   W (290)
  HIGHEST WIND SPEED    12   HIGHEST WIND DIRECTION     N (340)
  HIGHEST GUST SPEED    15   HIGHEST GUST DIRECTION    NW (330)
  AVERAGE WIND SPEED     4.5


SKY COVER
  POSSIBLE SUNSHINE  MM
  AVERAGE SKY COVER 0.7


WEATHER CONDITIONS
 THE FOLLOWING WEATHER WAS RECORDED YESTERDAY.
  NO SIGNIFICANT WEATHER WAS OBSERVED.


RELATIVE HUMIDITY (PERCENT)
 HIGHEST    86           700 AM
 LOWEST     46           300 PM
 AVERAGE    66

..........................................................


THE COLUMBUS OH CLIMATE NORMALS FOR TODAY
                         NORMAL    RECORD    YEAR
 MAXIMUM TEMPERATURE (F)   64        84      1953
 MINIMUM TEMPERATURE (F)   44        24      1972
                                             1952


SUNRISE AND SUNSET
OCTOBER 20 2014.......SUNRISE   747 AM EDT   SUNSET   645 PM EDT
OCTOBER 21 2014.......SUNRISE   748 AM EDT   SUNSET   643 PM EDT


-  INDICATES NEGATIVE NUMBERS.
R  INDICATES RECORD WAS SET OR TIED.
MM INDICATES DATA IS MISSING.
T  INDICATES TRACE AMOUNT.




$$
