000
CDUS43 KILX 210655
CLICMI


CLIMATE REPORT
NATIONAL WEATHER SERVICE LINCOLN IL
150 AM CDT FRI JUL 21 2017


...................................

...THE CHAMPAIGN IL AIRPORT CLIMATE SUMMARY FOR JULY 20 2017...

CLIMATE NORMAL PERIOD 1981 TO 2010
CLIMATE RECORD PERIOD 9999 TO 9999


WEATHER ITEM   OBSERVED TIME   RECORD YEAR NORMAL DEPARTURE LAST
                VALUE   (LST)  VALUE       VALUE  FROM      YEAR
                                                  NORMAL
..................................................................
TEMPERATURE (F)
 YESTERDAY
  MAXIMUM         90   1200 PM  MM      MM  84      6       87
  MINIMUM         70        MM  MM      MM  64      6       70
  AVERAGE         80                        74      6       79

PRECIPITATION (IN)
  YESTERDAY        0.04         MM      MM   0.16  -0.12     0.00
  MONTH TO DATE    2.30                      2.88  -0.58     2.33
  SINCE JUN 1      3.86                      7.05  -3.19     7.52
  SINCE JAN 1     19.98                     22.21  -2.23    18.03

DEGREE DAYS
 HEATING
  YESTERDAY        0                         0      0        0
  MONTH TO DATE    0                         0      0        8
  SINCE JUN 1      3                        17    -14       10
  SINCE JUL 1      0                         0      0        8

 COOLING
  YESTERDAY       15                         9      6       14
  MONTH TO DATE  225                       189     36      177
  SINCE JUN 1    497                       412     85      467
  SINCE JAN 1    596                       504     92      567
..................................................................


WIND (MPH)
  HIGHEST WIND SPEED    12   HIGHEST WIND DIRECTION     S (200)
  HIGHEST GUST SPEED    MM   HIGHEST GUST DIRECTION    MM
  AVERAGE WIND SPEED     5.6


SKY COVER
  POSSIBLE SUNSHINE  MM
  AVERAGE SKY COVER 0.1


WEATHER CONDITIONS
 THE FOLLOWING WEATHER WAS RECORDED YESTERDAY.
  LIGHT RAIN
  FOG
  HAZE


RELATIVE HUMIDITY (PERCENT)
 HIGHEST    94           700 AM
 LOWEST     74          1100 AM
 AVERAGE    84

..........................................................


THE CHAMPAIGN IL AIRPORT CLIMATE NORMALS FOR TODAY
                         NORMAL    RECORD    YEAR
 MAXIMUM TEMPERATURE (F)   84        MM        MM
 MINIMUM TEMPERATURE (F)   64        MM        MM


SUNRISE AND SUNSET
JULY 21 2017..........SUNRISE   542 AM CDT   SUNSET   817 PM CDT
JULY 22 2017..........SUNRISE   543 AM CDT   SUNSET   816 PM CDT


-  INDICATES NEGATIVE NUMBERS.
R  INDICATES RECORD WAS SET OR TIED.
MM INDICATES DATA IS MISSING.
T  INDICATES TRACE AMOUNT.




$$
