000
CDUS43 KILX 292132
CLICMI


CLIMATE REPORT
NATIONAL WEATHER SERVICE LINCOLN IL
431 PM CDT WED MAR 29 2017


...................................

...THE CHAMPAIGN IL AIRPORT CLIMATE SUMMARY FOR MARCH 29 2017...
VALID TODAY AS OF 0400 PM LOCAL TIME.

CLIMATE NORMAL PERIOD 1981 TO 2010
CLIMATE RECORD PERIOD 9999 TO 9999


WEATHER ITEM   OBSERVED TIME   RECORD YEAR NORMAL DEPARTURE LAST
                VALUE   (LST)  VALUE       VALUE  FROM      YEAR
                                                  NORMAL
..................................................................
TEMPERATURE (F)
 TODAY
  MAXIMUM         60   1147 AM  MM      MM  57      3       59
  MINIMUM         44   1222 AM  MM      MM  34     10       33
  AVERAGE         52                        46      6       46

PRECIPITATION (IN)
  TODAY            0.02         MM      MM   0.11  -0.09     0.00
  MONTH TO DATE    1.47                      2.53  -1.06     1.89
  SINCE MAR 1      1.47                      2.53  -1.06     1.89
  SINCE JAN 1      4.21                      6.60  -2.39     3.55

DEGREE DAYS
 HEATING
  TODAY           13                        20     -7       19
  MONTH TO DATE  641                       718    -77      511
  SINCE MAR 1    641                       718    -77      511
  SINCE JUL 1   4160                      5220  -1060     4198

 COOLING
  TODAY            0                         0      0        0
  MONTH TO DATE    0                         0      0        0
  SINCE MAR 1      0                         0      0        0
  SINCE JAN 1      0                         0      0        0
..................................................................


WIND (MPH)
  HIGHEST WIND SPEED    25   HIGHEST WIND DIRECTION     E (100)
  HIGHEST GUST SPEED    30   HIGHEST GUST DIRECTION     E (100)
  AVERAGE WIND SPEED    15.3


SKY COVER
  POSSIBLE SUNSHINE  MM
  AVERAGE SKY COVER 0.9


WEATHER CONDITIONS
 THE FOLLOWING WEATHER WAS RECORDED TODAY.
  LIGHT RAIN
  FOG
  HAZE


RELATIVE HUMIDITY (PERCENT)
 HIGHEST    89           200 AM
 LOWEST     51          1100 AM
 AVERAGE    70

..........................................................


THE CHAMPAIGN IL AIRPORT CLIMATE NORMALS FOR TOMORROW
                         NORMAL    RECORD    YEAR
 MAXIMUM TEMPERATURE (F)   57        MM        MM
 MINIMUM TEMPERATURE (F)   34        MM        MM


SUNRISE AND SUNSET
MARCH 29 2017.........SUNRISE   642 AM CDT   SUNSET   715 PM CDT
MARCH 30 2017.........SUNRISE   640 AM CDT   SUNSET   716 PM CDT


-  INDICATES NEGATIVE NUMBERS.
R  INDICATES RECORD WAS SET OR TIED.
MM INDICATES DATA IS MISSING.
T  INDICATES TRACE AMOUNT.




$$
