000
CDUS43 KILX 220650
CLICMI


CLIMATE REPORT
NATIONAL WEATHER SERVICE LINCOLN IL
1250 AM CST WED FEB 22 2017


...................................

...THE CHAMPAIGN IL AIRPORT CLIMATE SUMMARY FOR FEBRUARY 21 2017...

CLIMATE NORMAL PERIOD 1981 TO 2010
CLIMATE RECORD PERIOD 9999 TO 9999


WEATHER ITEM   OBSERVED TIME   RECORD YEAR NORMAL DEPARTURE LAST
                VALUE   (LST)  VALUE       VALUE  FROM      YEAR
                                                  NORMAL
..................................................................
TEMPERATURE (F)
 YESTERDAY
  MAXIMUM         62    420 PM  MM      MM  40     22       53
  MINIMUM         52   1153 PM  MM      MM  23     29       35
  AVERAGE         57                        32     25       44

PRECIPITATION (IN)
  YESTERDAY        0.03         MM      MM   0.07  -0.04     0.00
  MONTH TO DATE    0.22                      1.52  -1.30     0.45
  SINCE DEC 1      3.81                      6.09  -2.28     7.96
  SINCE JAN 1      2.66                      3.57  -0.91     1.29

DEGREE DAYS
 HEATING
  YESTERDAY        8                        34    -26       21
  MONTH TO DATE  545                       770   -225      710
  SINCE DEC 1   2657                      3116   -459     2613
  SINCE JUL 1   3390                      4280   -890     3480

 COOLING
  YESTERDAY        0                         0      0        0
  MONTH TO DATE    0                         0      0        0
  SINCE DEC 1      0                         0      0        0
  SINCE JAN 1      0                         0      0        0
..................................................................


WIND (MPH)
  HIGHEST WIND SPEED    13   HIGHEST WIND DIRECTION    SE (150)
  HIGHEST GUST SPEED    16   HIGHEST GUST DIRECTION    SE (150)
  AVERAGE WIND SPEED     4.2


SKY COVER
  POSSIBLE SUNSHINE  MM
  AVERAGE SKY COVER 0.7


WEATHER CONDITIONS
 THE FOLLOWING WEATHER WAS RECORDED YESTERDAY.
  LIGHT RAIN
  FOG


RELATIVE HUMIDITY (PERCENT)
 HIGHEST    93           900 PM
 LOWEST     67           100 AM
 AVERAGE    80

..........................................................


THE CHAMPAIGN IL AIRPORT CLIMATE NORMALS FOR TODAY
                         NORMAL    RECORD    YEAR
 MAXIMUM TEMPERATURE (F)   40        MM        MM
 MINIMUM TEMPERATURE (F)   24        MM        MM


SUNRISE AND SUNSET
FEBRUARY 22 2017......SUNRISE   636 AM CST   SUNSET   537 PM CST
FEBRUARY 23 2017......SUNRISE   635 AM CST   SUNSET   539 PM CST


-  INDICATES NEGATIVE NUMBERS.
R  INDICATES RECORD WAS SET OR TIED.
MM INDICATES DATA IS MISSING.
T  INDICATES TRACE AMOUNT.




$$
