691
CDUS43 KILX 260632
CLICMI


CLIMATE REPORT
NATIONAL WEATHER SERVICE LINCOLN IL
131 AM CDT TUE SEP 26 2017


...................................

...THE CHAMPAIGN IL AIRPORT CLIMATE SUMMARY FOR SEPTEMBER 25 2017...

CLIMATE NORMAL PERIOD 1981 TO 2010
CLIMATE RECORD PERIOD 9999 TO 9999


WEATHER ITEM   OBSERVED TIME   RECORD YEAR NORMAL DEPARTURE LAST
                VALUE   (LST)  VALUE       VALUE  FROM      YEAR
                                                  NORMAL
..................................................................
TEMPERATURE (F)
 YESTERDAY
  MAXIMUM         93    231 PM  MM      MM  75     18       92
  MINIMUM         62    610 AM  MM      MM  49     13       65
  AVERAGE         78                        62     16       79

PRECIPITATION (IN)
  YESTERDAY        0.00         MM      MM   0.10  -0.10     0.10
  MONTH TO DATE    0.70                      2.76  -2.06     5.23
  SINCE SEP 1      0.70                      2.76  -2.06     5.23
  SINCE JAN 1     22.80                     30.04  -7.24    29.73

DEGREE DAYS
 HEATING
  YESTERDAY        0                         5     -5        0
  MONTH TO DATE   33                        51    -18        1
  SINCE SEP 1     33                        51    -18        1
  SINCE JUL 1     37                        60    -23        9

 COOLING
  YESTERDAY       13                         2     11       14
  MONTH TO DATE  165                        90     75      198
  SINCE SEP 1    165                        90     75      198
  SINCE JAN 1   1053                       917    136     1219
..................................................................


WIND (MPH)
  HIGHEST WIND SPEED    10   HIGHEST WIND DIRECTION     S (160)
  HIGHEST GUST SPEED    15   HIGHEST GUST DIRECTION     E (110)
  AVERAGE WIND SPEED     4.6


SKY COVER
  POSSIBLE SUNSHINE  MM
  AVERAGE SKY COVER 0.1


WEATHER CONDITIONS
 THE FOLLOWING WEATHER WAS RECORDED YESTERDAY.
  NO SIGNIFICANT WEATHER WAS OBSERVED.


RELATIVE HUMIDITY (PERCENT)
 HIGHEST    84           500 AM
 LOWEST     30           200 PM
 AVERAGE    57

..........................................................


THE CHAMPAIGN IL AIRPORT CLIMATE NORMALS FOR TODAY
                         NORMAL    RECORD    YEAR
 MAXIMUM TEMPERATURE (F)   74        MM        MM
 MINIMUM TEMPERATURE (F)   49        MM        MM


SUNRISE AND SUNSET
SEPTEMBER 26 2017.....SUNRISE   645 AM CDT   SUNSET   643 PM CDT
SEPTEMBER 27 2017.....SUNRISE   646 AM CDT   SUNSET   642 PM CDT


-  INDICATES NEGATIVE NUMBERS.
R  INDICATES RECORD WAS SET OR TIED.
MM INDICATES DATA IS MISSING.
T  INDICATES TRACE AMOUNT.




$$
