000
CDUS43 KILX 170642
CLICMI


CLIMATE REPORT
NATIONAL WEATHER SERVICE LINCOLN IL
142 AM CDT WED SEP 17 2014


...................................

...THE CHAMPAIGN IL AIRPORT CLIMATE SUMMARY FOR SEPTEMBER 16 2014...

CLIMATE NORMAL PERIOD 1981 TO 2010
CLIMATE RECORD PERIOD 9999 TO 9999


WEATHER ITEM   OBSERVED TIME   RECORD YEAR NORMAL DEPARTURE LAST
                VALUE   (LST)  VALUE       VALUE  FROM      YEAR
                                                  NORMAL
..................................................................
TEMPERATURE (F)
 YESTERDAY
  MAXIMUM         69    420 PM  MM      MM  78     -9       69
  MINIMUM         47   1145 PM  MM      MM  53     -6       52
  AVERAGE         58                        66     -8       61

PRECIPITATION (IN)
  YESTERDAY        0.00         MM      MM   0.09  -0.09     0.00
  MONTH TO DATE    2.61                      1.92   0.69     0.07
  SINCE SEP 1      2.61                      1.92   0.69     0.07
  SINCE JAN 1     31.18                     29.20   1.98    24.28

DEGREE DAYS
 HEATING
  YESTERDAY        7                         2      5        4
  MONTH TO DATE   51                        17     34       12
  SINCE SEP 1     51                        17     34       12
  SINCE JUL 1     60                        26     34       27

 COOLING
  YESTERDAY        0                         3     -3        0
  MONTH TO DATE   68                        69     -1      125
  SINCE SEP 1     68                        69     -1      125
  SINCE JAN 1    924                       896     28      978
..................................................................


WIND (MPH)
  HIGHEST WIND SPEED    13   HIGHEST WIND DIRECTION     N (360)
  HIGHEST GUST SPEED    19   HIGHEST GUST DIRECTION    NE (30)
  AVERAGE WIND SPEED     3.5


SKY COVER
  POSSIBLE SUNSHINE  MM
  AVERAGE SKY COVER 0.4


WEATHER CONDITIONS
 THE FOLLOWING WEATHER WAS RECORDED YESTERDAY.
  FOG


RELATIVE HUMIDITY (PERCENT)
 HIGHEST    96           500 AM
 LOWEST     45           400 PM
 AVERAGE    71

..........................................................


THE CHAMPAIGN IL AIRPORT CLIMATE NORMALS FOR TODAY
                         NORMAL    RECORD    YEAR
 MAXIMUM TEMPERATURE (F)   78        MM        MM
 MINIMUM TEMPERATURE (F)   53        MM        MM


SUNRISE AND SUNSET
SEPTEMBER 17 2014.....SUNRISE   636 AM CDT   SUNSET   659 PM CDT
SEPTEMBER 18 2014.....SUNRISE   637 AM CDT   SUNSET   657 PM CDT


-  INDICATES NEGATIVE NUMBERS.
R  INDICATES RECORD WAS SET OR TIED.
MM INDICATES DATA IS MISSING.
T  INDICATES TRACE AMOUNT.




$$
