000
CDUS43 KILX 022140
CLICMI


CLIMATE REPORT
NATIONAL WEATHER SERVICE LINCOLN IL
440 PM CDT TUE SEP 2 2014


...................................

...THE CHAMPAIGN IL AIRPORT CLIMATE SUMMARY FOR SEPTEMBER 2 2014...
VALID TODAY AS OF 0400 PM LOCAL TIME.

CLIMATE NORMAL PERIOD 1981 TO 2010
CLIMATE RECORD PERIOD 9999 TO 9999


WEATHER ITEM   OBSERVED TIME   RECORD YEAR NORMAL DEPARTURE LAST
                VALUE   (LST)  VALUE       VALUE  FROM      YEAR
                                                  NORMAL
..................................................................
TEMPERATURE (F)
 TODAY
  MAXIMUM         80    255 PM  MM      MM  82     -2       84
  MINIMUM         68    645 AM  MM      MM  58     10       63
  AVERAGE         74                        70      4       74

PRECIPITATION (IN)
  TODAY            0.08         MM      MM   0.15  -0.07     0.00
  MONTH TO DATE    0.31                      0.30   0.01     0.00
  SINCE SEP 1      0.31                      0.30   0.01     0.00
  SINCE JAN 1     28.88                     27.58   1.30    24.21

DEGREE DAYS
 HEATING
  TODAY            0                         0      0        0
  MONTH TO DATE    0                         0      0        0
  SINCE SEP 1      0                         0      0        0
  SINCE JUL 1      9                         9      0       15

 COOLING
  TODAY            9                         6      3        9
  MONTH TO DATE   20                        12      8       18
  SINCE SEP 1     20                        12      8       18
  SINCE JAN 1    876                       839     37      871
..................................................................


WIND (MPH)
  HIGHEST WIND SPEED    14   HIGHEST WIND DIRECTION     W (250)
  HIGHEST GUST SPEED    19   HIGHEST GUST DIRECTION     E (110)
  AVERAGE WIND SPEED     8.4


SKY COVER
  POSSIBLE SUNSHINE  MM
  AVERAGE SKY COVER 0.9


WEATHER CONDITIONS
 THE FOLLOWING WEATHER WAS RECORDED TODAY.
  RAIN
  LIGHT RAIN
  FOG


RELATIVE HUMIDITY (PERCENT)
 HIGHEST   100          1200 AM
 LOWEST     67           300 PM
 AVERAGE    84

..........................................................


THE CHAMPAIGN IL AIRPORT CLIMATE NORMALS FOR TOMORROW
                         NORMAL    RECORD    YEAR
 MAXIMUM TEMPERATURE (F)   82        MM        MM
 MINIMUM TEMPERATURE (F)   58        MM        MM


SUNRISE AND SUNSET
SEPTEMBER  2 2014.....SUNRISE   622 AM CDT   SUNSET   723 PM CDT
SEPTEMBER  3 2014.....SUNRISE   623 AM CDT   SUNSET   721 PM CDT


-  INDICATES NEGATIVE NUMBERS.
R  INDICATES RECORD WAS SET OR TIED.
MM INDICATES DATA IS MISSING.
T  INDICATES TRACE AMOUNT.




$$
