000
CDUS43 KILX 170634
CLICMI


CLIMATE REPORT
NATIONAL WEATHER SERVICE LINCOLN IL
130 AM CDT THU APR 17 2014


...................................

...THE CHAMPAIGN IL AIRPORT CLIMATE SUMMARY FOR APRIL 16 2014...

CLIMATE NORMAL PERIOD 1981 TO 2010
CLIMATE RECORD PERIOD 9999 TO 9999


WEATHER ITEM   OBSERVED TIME   RECORD YEAR NORMAL DEPARTURE LAST
                VALUE   (LST)  VALUE       VALUE  FROM      YEAR
                                                  NORMAL
..................................................................
TEMPERATURE (F)
 YESTERDAY
  MAXIMUM         54    418 PM  MM      MM  64    -10       52
  MINIMUM         28    110 AM  MM      MM  40    -12       45
  AVERAGE         41                        52    -11       49

PRECIPITATION (IN)
  YESTERDAY        0.00         MM      MM   0.12  -0.12     0.99
  MONTH TO DATE    1.74                      1.93  -0.19     2.73
  SINCE MAR 1      3.13                      4.68  -1.55     3.50
  SINCE JAN 1      5.88                      8.75  -2.87     8.56

DEGREE DAYS
 HEATING
  YESTERDAY       24                        13     11       16
  MONTH TO DATE  252                       258     -6      233
  SINCE MAR 1   1175                      1014    161     1168
  SINCE JUL 1   6256                      5516    740     5329

 COOLING
  YESTERDAY        0                         0      0        0
  MONTH TO DATE    3                         0      3        3
  SINCE MAR 1      3                         1      2        3
  SINCE JAN 1      3                         1      2        3
..................................................................


WIND (MPH)
  HIGHEST WIND SPEED    25   HIGHEST WIND DIRECTION    SE (150)
  HIGHEST GUST SPEED    32   HIGHEST GUST DIRECTION    SE (150)
  AVERAGE WIND SPEED    14.0


SKY COVER
  POSSIBLE SUNSHINE  MM
  AVERAGE SKY COVER 0.0


WEATHER CONDITIONS
 THE FOLLOWING WEATHER WAS RECORDED YESTERDAY.
  NO SIGNIFICANT WEATHER WAS OBSERVED.


RELATIVE HUMIDITY (PERCENT)
 HIGHEST    85           400 AM
 LOWEST     35           200 PM
 AVERAGE    60

..........................................................


THE CHAMPAIGN IL AIRPORT CLIMATE NORMALS FOR TODAY
                         NORMAL    RECORD    YEAR
 MAXIMUM TEMPERATURE (F)   64        MM        MM
 MINIMUM TEMPERATURE (F)   40        MM        MM


SUNRISE AND SUNSET
APRIL 17 2014.........SUNRISE   612 AM CDT   SUNSET   734 PM CDT
APRIL 18 2014.........SUNRISE   611 AM CDT   SUNSET   735 PM CDT


-  INDICATES NEGATIVE NUMBERS.
R  INDICATES RECORD WAS SET OR TIED.
MM INDICATES DATA IS MISSING.
T  INDICATES TRACE AMOUNT.




$$
