000
CDUS43 KILX 190659
CLICMI


CLIMATE REPORT
NATIONAL WEATHER SERVICE LINCOLN IL
1258 AM CST THU JAN 19 2017


...................................

...THE CHAMPAIGN IL AIRPORT CLIMATE SUMMARY FOR JANUARY 18 2017...

CLIMATE NORMAL PERIOD 1981 TO 2010
CLIMATE RECORD PERIOD 9999 TO 9999


WEATHER ITEM   OBSERVED TIME   RECORD YEAR NORMAL DEPARTURE LAST
                VALUE   (LST)  VALUE       VALUE  FROM      YEAR
                                                  NORMAL
..................................................................
TEMPERATURE (F)
 YESTERDAY
  MAXIMUM         41    320 PM  MM      MM  33      8       10
  MINIMUM         33   1159 PM  MM      MM  17     16        0
  AVERAGE         37                        25     12        5

PRECIPITATION (IN)
  YESTERDAY        0.00         MM      MM   0.07  -0.07     0.00
  MONTH TO DATE    1.23                      1.37  -0.14     0.65
  SINCE DEC 1      2.38                      3.89  -1.51     7.32
  SINCE JAN 1      1.23                      1.37  -0.14     0.65

DEGREE DAYS
 HEATING
  YESTERDAY       28                        40    -12       60
  MONTH TO DATE  650                       716    -66      684
  SINCE DEC 1   1756                      1833    -77     1422
  SINCE JUL 1   2489                      2997   -508     2289

 COOLING
  YESTERDAY        0                         0      0        0
  MONTH TO DATE    0                         0      0        0
  SINCE DEC 1      0                         0      0        0
  SINCE JAN 1      0                         0      0        0
..................................................................


WIND (MPH)
  HIGHEST WIND SPEED    20   HIGHEST WIND DIRECTION    NW (300)
  HIGHEST GUST SPEED    24   HIGHEST GUST DIRECTION     W (260)
  AVERAGE WIND SPEED    11.2


SKY COVER
  POSSIBLE SUNSHINE  MM
  AVERAGE SKY COVER 0.7


WEATHER CONDITIONS
 THE FOLLOWING WEATHER WAS RECORDED YESTERDAY.
  FOG


RELATIVE HUMIDITY (PERCENT)
 HIGHEST    96          1000 PM
 LOWEST     79          1200 PM
 AVERAGE    88

..........................................................


THE CHAMPAIGN IL AIRPORT CLIMATE NORMALS FOR TODAY
                         NORMAL    RECORD    YEAR
 MAXIMUM TEMPERATURE (F)   34        MM        MM
 MINIMUM TEMPERATURE (F)   17        MM        MM


SUNRISE AND SUNSET
JANUARY 19 2017.......SUNRISE   711 AM CST   SUNSET   457 PM CST
JANUARY 20 2017.......SUNRISE   711 AM CST   SUNSET   458 PM CST


-  INDICATES NEGATIVE NUMBERS.
R  INDICATES RECORD WAS SET OR TIED.
MM INDICATES DATA IS MISSING.
T  INDICATES TRACE AMOUNT.




$$
