543
CDUS43 KILX 220629
CLICMI


CLIMATE REPORT
NATIONAL WEATHER SERVICE LINCOLN IL
129 AM CDT FRI MAY 22 2015


...................................

...THE CHAMPAIGN IL AIRPORT CLIMATE SUMMARY FOR MAY 21 2015...

CLIMATE NORMAL PERIOD 1981 TO 2010
CLIMATE RECORD PERIOD 9999 TO 9999


WEATHER ITEM   OBSERVED TIME   RECORD YEAR NORMAL DEPARTURE LAST
                VALUE   (LST)  VALUE       VALUE  FROM      YEAR
                                                  NORMAL
..................................................................
TEMPERATURE (F)
 YESTERDAY
  MAXIMUM         66    515 PM  MM      MM  77    -11       91
  MINIMUM         45    524 AM  MM      MM  53     -8       66
  AVERAGE         56                        65     -9       79

PRECIPITATION (IN)
  YESTERDAY        T            MM      MM   0.14  -0.14     3.76
  MONTH TO DATE    2.79                      3.16  -0.37     5.46
  SINCE MAR 1      6.94                      9.70  -2.76    10.61
  SINCE JAN 1      8.61                     13.77  -5.16    13.36

DEGREE DAYS
 HEATING
  YESTERDAY        9                         3      6        0
  MONTH TO DATE   76                       117    -41      134
  SINCE MAR 1   1277                      1279     -2     1405
  SINCE JUL 1   6153                      5781    372     6486

 COOLING
  YESTERDAY        0                         3     -3       14
  MONTH TO DATE   91                        41     50       71
  SINCE MAR 1     94                        52     42       74
  SINCE JAN 1     94                        52     42       74
..................................................................


WIND (MPH)
  HIGHEST WIND SPEED    18   HIGHEST WIND DIRECTION     W (260)
  HIGHEST GUST SPEED    26   HIGHEST GUST DIRECTION    NW (300)
  AVERAGE WIND SPEED    11.0


SKY COVER
  POSSIBLE SUNSHINE  MM
  AVERAGE SKY COVER 0.6


WEATHER CONDITIONS
 THE FOLLOWING WEATHER WAS RECORDED YESTERDAY.
  LIGHT RAIN
  FOG


RELATIVE HUMIDITY (PERCENT)
 HIGHEST    89          1200 AM
 LOWEST     34           300 PM
 AVERAGE    62

..........................................................


THE CHAMPAIGN IL AIRPORT CLIMATE NORMALS FOR TODAY
                         NORMAL    RECORD    YEAR
 MAXIMUM TEMPERATURE (F)   77        MM        MM
 MINIMUM TEMPERATURE (F)   53        MM        MM


SUNRISE AND SUNSET
MAY 22 2015...........SUNRISE   532 AM CDT   SUNSET   808 PM CDT
MAY 23 2015...........SUNRISE   532 AM CDT   SUNSET   809 PM CDT


-  INDICATES NEGATIVE NUMBERS.
R  INDICATES RECORD WAS SET OR TIED.
MM INDICATES DATA IS MISSING.
T  INDICATES TRACE AMOUNT.




$$
