000
CDUS43 KILX 100648
CLICMI


CLIMATE REPORT
NATIONAL WEATHER SERVICE LINCOLN IL
1246 AM CST SAT DEC 10 2016


...................................

...THE CHAMPAIGN IL AIRPORT CLIMATE SUMMARY FOR DECEMBER 9 2016...

CLIMATE NORMAL PERIOD 1981 TO 2010
CLIMATE RECORD PERIOD 9999 TO 9999


WEATHER ITEM   OBSERVED TIME   RECORD YEAR NORMAL DEPARTURE LAST
                VALUE   (LST)  VALUE       VALUE  FROM      YEAR
                                                  NORMAL
..................................................................
TEMPERATURE (F)
 YESTERDAY
  MAXIMUM         27   1226 PM  MM      MM  38    -11       55
  MINIMUM         21   1023 PM  MM      MM  23     -2       39
  AVERAGE         24                        31     -7       47

PRECIPITATION (IN)
  YESTERDAY        T            MM      MM   0.07  -0.07     0.00
  MONTH TO DATE    0.40                      0.76  -0.36     0.12
  SINCE DEC 1      0.40                      0.76  -0.36     0.12
  SINCE JAN 1     36.01                     37.96  -1.95    36.72

DEGREE DAYS
 HEATING
  YESTERDAY       41                        34      7       18
  MONTH TO DATE  293                       294     -1      242
  SINCE DEC 1    293                       294     -1      242
  SINCE JUL 1   1026                      1458   -432     1109

 COOLING
  YESTERDAY        0                         0      0        0
  MONTH TO DATE    0                         0      0        0
  SINCE DEC 1      0                         0      0        0
  SINCE JAN 1   1284                       945    339     1085
..................................................................


WIND (MPH)
  HIGHEST WIND SPEED    16   HIGHEST WIND DIRECTION     W (290)
  HIGHEST GUST SPEED    19   HIGHEST GUST DIRECTION     W (280)
  AVERAGE WIND SPEED     9.9


SKY COVER
  POSSIBLE SUNSHINE  MM
  AVERAGE SKY COVER 0.9


WEATHER CONDITIONS
 THE FOLLOWING WEATHER WAS RECORDED YESTERDAY.
  LIGHT SNOW


RELATIVE HUMIDITY (PERCENT)
 HIGHEST    77           100 AM
 LOWEST     55           900 AM
 AVERAGE    66

..........................................................


THE CHAMPAIGN IL AIRPORT CLIMATE NORMALS FOR TODAY
                         NORMAL    RECORD    YEAR
 MAXIMUM TEMPERATURE (F)   38        MM        MM
 MINIMUM TEMPERATURE (F)   23        MM        MM


SUNRISE AND SUNSET
DECEMBER 10 2016......SUNRISE   704 AM CST   SUNSET   428 PM CST
DECEMBER 11 2016......SUNRISE   705 AM CST   SUNSET   428 PM CST


-  INDICATES NEGATIVE NUMBERS.
R  INDICATES RECORD WAS SET OR TIED.
MM INDICATES DATA IS MISSING.
T  INDICATES TRACE AMOUNT.




$$
