000
CDUS43 KILX 010638
CLICMI


CLIMATE REPORT
NATIONAL WEATHER SERVICE LINCOLN IL
137 AM CDT SAT OCT 1 2016


...................................

...THE CHAMPAIGN IL AIRPORT CLIMATE SUMMARY FOR SEPTEMBER 30 2016...

CLIMATE NORMAL PERIOD 1981 TO 2010
CLIMATE RECORD PERIOD 9999 TO 9999


WEATHER ITEM   OBSERVED TIME   RECORD YEAR NORMAL DEPARTURE LAST
                VALUE   (LST)  VALUE       VALUE  FROM      YEAR
                                                  NORMAL
..................................................................
TEMPERATURE (F)
 YESTERDAY
  MAXIMUM         68    313 PM  MM      MM  72     -4       70
  MINIMUM         59    427 AM  MM      MM  47     12       51
  AVERAGE         64                        60      4       61

PRECIPITATION (IN)
  YESTERDAY        0.42         MM      MM   0.10   0.32     0.00
  MONTH TO DATE    6.09                      3.28   2.81     5.94
  SINCE SEP 1      6.09                      3.28   2.81     5.94
  SINCE JAN 1     30.59                     30.56   0.03    31.14

DEGREE DAYS
 HEATING
  YESTERDAY        1                         7     -6        4
  MONTH TO DATE   15                        83    -68       24
  SINCE SEP 1     15                        83    -68       24
  SINCE JUL 1     23                        92    -69       30

 COOLING
  YESTERDAY        0                         2     -2        0
  MONTH TO DATE  198                        98    100      209
  SINCE SEP 1    198                        98    100      209
  SINCE JAN 1   1219                       925    294     1073
..................................................................


WIND (MPH)
  HIGHEST WIND SPEED    15   HIGHEST WIND DIRECTION     N (360)
  HIGHEST GUST SPEED    20   HIGHEST GUST DIRECTION    NE (30)
  AVERAGE WIND SPEED     9.4


SKY COVER
  POSSIBLE SUNSHINE  MM
  AVERAGE SKY COVER 1.0


WEATHER CONDITIONS
 THE FOLLOWING WEATHER WAS RECORDED YESTERDAY.
  HEAVY RAIN
  RAIN
  LIGHT RAIN
  FOG


RELATIVE HUMIDITY (PERCENT)
 HIGHEST    97          1100 PM
 LOWEST     78          1200 PM
 AVERAGE    88

..........................................................


THE CHAMPAIGN IL AIRPORT CLIMATE NORMALS FOR TODAY
                         NORMAL    RECORD    YEAR
 MAXIMUM TEMPERATURE (F)   72        MM        MM
 MINIMUM TEMPERATURE (F)   47        MM        MM


SUNRISE AND SUNSET
OCTOBER  1 2016.......SUNRISE   650 AM CDT   SUNSET   635 PM CDT
OCTOBER  2 2016.......SUNRISE   651 AM CDT   SUNSET   633 PM CDT


-  INDICATES NEGATIVE NUMBERS.
R  INDICATES RECORD WAS SET OR TIED.
MM INDICATES DATA IS MISSING.
T  INDICATES TRACE AMOUNT.




$$
