000
CDUS43 KTOP 242133
CLICNK


CLIMATE REPORT
NATIONAL WEATHER SERVICE TOPEKA KS
431 PM CDT THU APR 24 2014


...................................

...THE CONCORDIA KS CLIMATE SUMMARY FOR APRIL 24 2014...
VALID TODAY AS OF 0400 PM LOCAL TIME.

CLIMATE NORMAL PERIOD 1981 TO 2010
CLIMATE RECORD PERIOD 1885 TO 2014


WEATHER ITEM   OBSERVED TIME   RECORD YEAR NORMAL DEPARTURE LAST
                VALUE   (LST)  VALUE       VALUE  FROM      YEAR
                                                  NORMAL
..................................................................
TEMPERATURE (F)
 TODAY
  MAXIMUM         68    259 PM  98    1989  68      0       59
  MINIMUM         52    716 AM  25    2013  44      8       25
                                      1967
  AVERAGE         60                        56      4       42

PRECIPITATION (IN)
  TODAY            0.37          2.94 1904   0.10   0.27      T
  MONTH TO DATE    0.95                      1.88  -0.93     3.48
  SINCE MAR 1      1.18                      3.89  -2.71     4.37
  SINCE JAN 1      2.37                      5.26  -2.89     5.85

SNOWFALL (IN)
  TODAY            0.0           T    1950   0.0    0.0      0.0
  MONTH TO DATE    T                         0.5   -0.5      2.4
  SINCE JAN 1     16.9                      13.7    3.2     20.3
  SINCE JUL 1     23.2                      20.2    3.0     28.8
  SNOW DEPTH       0

DEGREE DAYS
 HEATING
  TODAY            5                        10     -5       23
  MONTH TO DATE  293                       320    -27      479
  SINCE MAR 1   1089                      1004     85     1296
  SINCE JUL 1   5571                      5211    360     5315

 COOLING
  TODAY            0                         1     -1        0
  MONTH TO DATE   18                         9      9        0
  SINCE MAR 1     18                        10      8        0
  SINCE JAN 1     18                        10      8        0
..................................................................


WIND (MPH)
  HIGHEST WIND SPEED    24   HIGHEST WIND DIRECTION     N (350)
  HIGHEST GUST SPEED    34   HIGHEST GUST DIRECTION     N (350)
  AVERAGE WIND SPEED    14.9



WEATHER CONDITIONS
 THE FOLLOWING WEATHER WAS RECORDED TODAY.
  THUNDERSTORM
  HEAVY RAIN
  RAIN
  LIGHT RAIN
  FOG


RELATIVE HUMIDITY (PERCENT)
 HIGHEST   100           400 AM
 LOWEST     34           300 PM
 AVERAGE    67

..........................................................


THE CONCORDIA KS CLIMATE NORMALS FOR TOMORROW
                         NORMAL    RECORD    YEAR
 MAXIMUM TEMPERATURE (F)   68        94      2012
 MINIMUM TEMPERATURE (F)   45        32      2002
                                             1972
                                             1910


SUNRISE AND SUNSET
APRIL 24 2014.........SUNRISE   641 AM CDT   SUNSET   817 PM CDT
APRIL 25 2014.........SUNRISE   639 AM CDT   SUNSET   818 PM CDT


-  INDICATES NEGATIVE NUMBERS.
R  INDICATES RECORD WAS SET OR TIED.
MM INDICATES DATA IS MISSING.
T  INDICATES TRACE AMOUNT.




$$
