000
CDUS43 KTOP 210632
CLICNK


CLIMATE REPORT
NATIONAL WEATHER SERVICE TOPEKA KS
131 AM CDT SAT OCT 21 2017


...................................

...THE CONCORDIA KS CLIMATE SUMMARY FOR OCTOBER 20 2017...

CLIMATE NORMAL PERIOD 1981 TO 2010
CLIMATE RECORD PERIOD 1885 TO 2017


WEATHER ITEM   OBSERVED TIME   RECORD YEAR NORMAL DEPARTURE LAST
                VALUE   (LST)  VALUE       VALUE  FROM      YEAR
                                                  NORMAL
..................................................................
TEMPERATURE (F)
 YESTERDAY
  MAXIMUM         78    129 PM  93    1947  66     12       61
  MINIMUM         56    708 AM  21    1916  42     14       43
  AVERAGE         67                        54     13       52

PRECIPITATION (IN)
  YESTERDAY        0.00          0.93 1963   0.06  -0.06     0.04
  MONTH TO DATE    3.45                      1.33   2.12     1.00
  SINCE SEP 1      8.70                      4.24   4.46     3.00
  SINCE JAN 1     36.15                     25.34  10.81    28.52

SNOWFALL (IN)
  YESTERDAY        0.0           T    1930   0.0    0.0      0.0
  MONTH TO DATE    0.0                       0.0    0.0      0.0
  SINCE JAN 1      2.1                      13.7  -11.6     12.3
  SINCE JUL 1      0.0                       0.0    0.0      0.0
  SNOW DEPTH       0

DEGREE DAYS
 HEATING
  YESTERDAY        0                        11    -11       13
  MONTH TO DATE  107                       169    -62      114
  SINCE SEP 1    134                       239   -105      155
  SINCE JUL 1    134                       242   -108      156

 COOLING
  YESTERDAY        2                         0      2        0
  MONTH TO DATE   24                        20      4       26
  SINCE SEP 1    232                       180     52      246
  SINCE JAN 1   1370                      1346     24     1528
..................................................................


WIND (MPH)
  HIGHEST WIND SPEED    35   HIGHEST WIND DIRECTION     S (180)
  HIGHEST GUST SPEED    50   HIGHEST GUST DIRECTION     S (180)
  AVERAGE WIND SPEED    21.7


SKY COVER
  AVERAGE SKY COVER 0.1


WEATHER CONDITIONS
 THE FOLLOWING WEATHER WAS RECORDED YESTERDAY.
  NO SIGNIFICANT WEATHER WAS OBSERVED.


RELATIVE HUMIDITY (PERCENT)
 HIGHEST    86           700 AM
 LOWEST     54           300 PM
 AVERAGE    70

..........................................................


THE CONCORDIA KS CLIMATE NORMALS FOR TODAY
                         NORMAL    RECORD    YEAR
 MAXIMUM TEMPERATURE (F)   65        89      1899
 MINIMUM TEMPERATURE (F)   42        23      1987


SUNRISE AND SUNSET
OCTOBER 21 2017.......SUNRISE   747 AM CDT   SUNSET   643 PM CDT
OCTOBER 22 2017.......SUNRISE   748 AM CDT   SUNSET   641 PM CDT


-  INDICATES NEGATIVE NUMBERS.
R  INDICATES RECORD WAS SET OR TIED.
MM INDICATES DATA IS MISSING.
T  INDICATES TRACE AMOUNT.




$$
