000
CDUS43 KTOP 280653
CLICNK


CLIMATE REPORT
NATIONAL WEATHER SERVICE TOPEKA KS
1253 AM CST TUE FEB 28 2017


...................................

...THE CONCORDIA KS CLIMATE SUMMARY FOR FEBRUARY 27 2017...

CLIMATE NORMAL PERIOD 1981 TO 2010
CLIMATE RECORD PERIOD 1885 TO 2017


WEATHER ITEM   OBSERVED TIME   RECORD YEAR NORMAL DEPARTURE LAST
                VALUE   (LST)  VALUE       VALUE  FROM      YEAR
                                                  NORMAL
..................................................................
TEMPERATURE (F)
 YESTERDAY
  MAXIMUM         60    406 PM  77    2016  48     12       77
  MINIMUM         21    741 AM  -5    1890  26     -5       38
  AVERAGE         41                        37      4       58

PRECIPITATION (IN)
  YESTERDAY        0.00          1.82 1948   0.04  -0.04     0.00
  MONTH TO DATE    0.10                      0.76  -0.66     0.51
  SINCE DEC 1      2.78                      2.19   0.59     4.20
  SINCE JAN 1      1.85                      1.34   0.51     1.56

SNOWFALL (IN)
  YESTERDAY        0.0           2.3  2001   0.0    0.0      0.0
  MONTH TO DATE    0.3                       4.6   -4.3      4.7
  SINCE JAN 1      1.3                      10.3   -9.0     12.3
  SINCE JUL 1      3.5                      16.8  -13.3     13.6
  SNOW DEPTH       0

DEGREE DAYS
 HEATING
  YESTERDAY       24                        28     -4        7
  MONTH TO DATE  639                       873   -234      713
  SINCE DEC 1   2785                      3085   -300     2677
  SINCE JUL 1   3482                      4177   -695     3445

 COOLING
  YESTERDAY        0                         0      0        0
  MONTH TO DATE    0                         0      0        0
  SINCE DEC 1      0                         0      0        0
  SINCE JAN 1      0                         0      0        0
..................................................................


WIND (MPH)
  HIGHEST WIND SPEED    29   HIGHEST WIND DIRECTION     S (160)
  HIGHEST GUST SPEED    36   HIGHEST GUST DIRECTION    SE (140)
  AVERAGE WIND SPEED    11.4


SKY COVER
  AVERAGE SKY COVER 0.1


WEATHER CONDITIONS
 THE FOLLOWING WEATHER WAS RECORDED YESTERDAY.
  NO SIGNIFICANT WEATHER WAS OBSERVED.


RELATIVE HUMIDITY (PERCENT)
 HIGHEST    92          1100 PM
 LOWEST     42          1100 AM
 AVERAGE    67

..........................................................


THE CONCORDIA KS CLIMATE NORMALS FOR TODAY
                         NORMAL    RECORD    YEAR
 MAXIMUM TEMPERATURE (F)   48        81      1972
 MINIMUM TEMPERATURE (F)   26        -7      1890


SUNRISE AND SUNSET
FEBRUARY 28 2017......SUNRISE   705 AM CST   SUNSET   622 PM CST
MARCH  1 2017.........SUNRISE   703 AM CST   SUNSET   623 PM CST


-  INDICATES NEGATIVE NUMBERS.
R  INDICATES RECORD WAS SET OR TIED.
MM INDICATES DATA IS MISSING.
T  INDICATES TRACE AMOUNT.




$$
