048
CDUS43 KTOP 220637
CLICNK


CLIMATE REPORT
NATIONAL WEATHER SERVICE TOPEKA KS
135 AM CDT TUE AUG 22 2017


...................................

...THE CONCORDIA KS CLIMATE SUMMARY FOR AUGUST 21 2017...

CLIMATE NORMAL PERIOD 1981 TO 2010
CLIMATE RECORD PERIOD 1885 TO 2017


WEATHER ITEM   OBSERVED TIME   RECORD YEAR NORMAL DEPARTURE LAST
                VALUE   (LST)  VALUE       VALUE  FROM      YEAR
                                                  NORMAL
..................................................................
TEMPERATURE (F)
 YESTERDAY
  MAXIMUM         88   1045 AM 104    2001  88      0       82
  MINIMUM         73   1159 PM  51    2004  65      8       57
                                      1890
  AVERAGE         81                        77      4       70

PRECIPITATION (IN)
  YESTERDAY        T             1.44 1984   0.09  -0.09     0.00
  MONTH TO DATE    2.77                      2.19   0.58     2.45
  SINCE JUN 1      8.45                     10.16  -1.71     9.79
  SINCE JAN 1     26.83                     20.15   6.68    21.96

SNOWFALL (IN)
  YESTERDAY        0.0           0.0    MM   0.0    0.0      0.0
  MONTH TO DATE    0.0                       0.0    0.0      0.0
  SINCE JAN 1      2.1                      13.7  -11.6     12.3
  SINCE JUL 1      0.0                       0.0    0.0      0.0
  SNOW DEPTH       0

DEGREE DAYS
 HEATING
  YESTERDAY        0                         0      0        0
  MONTH TO DATE    0                         0      0        0
  SINCE JUN 1      2                        13    -11        1
  SINCE JUL 1      0                         0      0        1

 COOLING
  YESTERDAY       16                        12      4        5
  MONTH TO DATE  168                       272   -104      265
  SINCE JUN 1    998                       973     25     1132
  SINCE JAN 1   1076                      1062     14     1192
..................................................................


WIND (MPH)
  HIGHEST WIND SPEED    21   HIGHEST WIND DIRECTION     S (200)
  HIGHEST GUST SPEED    26   HIGHEST GUST DIRECTION     S (200)
  AVERAGE WIND SPEED    11.2


SKY COVER
  AVERAGE SKY COVER 0.3


WEATHER CONDITIONS
 THE FOLLOWING WEATHER WAS RECORDED YESTERDAY.
  THUNDERSTORM
  HAZE


RELATIVE HUMIDITY (PERCENT)
 HIGHEST   100           800 PM
 LOWEST     55          1000 AM
 AVERAGE    78

..........................................................


THE CONCORDIA KS CLIMATE NORMALS FOR TODAY
                         NORMAL    RECORD    YEAR
 MAXIMUM TEMPERATURE (F)   88       103      1921
 MINIMUM TEMPERATURE (F)   65        49      2009
                                             1891


SUNRISE AND SUNSET
AUGUST 22 2017........SUNRISE   650 AM CDT   SUNSET   816 PM CDT
AUGUST 23 2017........SUNRISE   651 AM CDT   SUNSET   815 PM CDT


-  INDICATES NEGATIVE NUMBERS.
R  INDICATES RECORD WAS SET OR TIED.
MM INDICATES DATA IS MISSING.
T  INDICATES TRACE AMOUNT.




$$
