000
CDUS43 KTOP 200638
CLICNK


CLIMATE REPORT
NATIONAL WEATHER SERVICE TOPEKA KS
1236 AM CST TUE FEB 20 2018


...................................

...THE CONCORDIA KS CLIMATE SUMMARY FOR FEBRUARY 19 2018...

CLIMATE NORMAL PERIOD 1981 TO 2010
CLIMATE RECORD PERIOD 1885 TO 2018


WEATHER ITEM   OBSERVED TIME   RECORD YEAR NORMAL DEPARTURE LAST
                VALUE   (LST)  VALUE       VALUE  FROM      YEAR
                                                  NORMAL
..................................................................
TEMPERATURE (F)
 YESTERDAY
  MAXIMUM         53   1229 AM  77    1930  45      8       63
  MINIMUM         19   1159 PM  -3    1978  23     -4       45
                                      1889
  AVERAGE         36                        34      2       54

PRECIPITATION (IN)
  YESTERDAY        0.03          0.60 2002   0.03   0.00     0.00
  MONTH TO DATE    0.30                      0.50  -0.20     0.02
  SINCE DEC 1      0.85                      1.93  -1.08     2.70
  SINCE JAN 1      0.72                      1.08  -0.36     1.77

SNOWFALL (IN)
  YESTERDAY        T             2.8  1959   0.1   -0.1      0.0
  MONTH TO DATE    4.5                       3.8    0.7      T
  SINCE JAN 1      8.1                       9.5   -1.4      1.0
  SINCE JUL 1      9.9                      16.0   -6.1      3.2
  SNOW DEPTH       0

DEGREE DAYS
 HEATING
  YESTERDAY       29                        31     -2       11
  MONTH TO DATE  708                       637     71      472
  SINCE DEC 1   2863                      2849     14     2618
  SINCE JUL 1   3800                      3941   -141     3315

 COOLING
  YESTERDAY        0                         0      0        0
  MONTH TO DATE    0                         0      0        0
  SINCE DEC 1      0                         0      0        0
  SINCE JAN 1      0                         0      0        0
..................................................................


WIND (MPH)
  HIGHEST WIND SPEED    26   HIGHEST WIND DIRECTION     N (340)
  HIGHEST GUST SPEED    34   HIGHEST GUST DIRECTION    NW (330)
  AVERAGE WIND SPEED    15.1


SKY COVER
  AVERAGE SKY COVER 1.0


WEATHER CONDITIONS
 THE FOLLOWING WEATHER WAS RECORDED YESTERDAY.
  THUNDERSTORM
  FREEZING RAIN
  LT FREEZING RAIN
  LIGHT SNOW
  FOG


RELATIVE HUMIDITY (PERCENT)
 HIGHEST    96           700 AM
 LOWEST     74           200 PM
 AVERAGE    85

..........................................................


THE CONCORDIA KS CLIMATE NORMALS FOR TODAY
                         NORMAL    RECORD    YEAR
 MAXIMUM TEMPERATURE (F)   45        73      1981
 MINIMUM TEMPERATURE (F)   24        -5      1918


SUNRISE AND SUNSET
FEBRUARY 20 2018......SUNRISE   716 AM CST   SUNSET   613 PM CST
FEBRUARY 21 2018......SUNRISE   715 AM CST   SUNSET   614 PM CST


-  INDICATES NEGATIVE NUMBERS.
R  INDICATES RECORD WAS SET OR TIED.
MM INDICATES DATA IS MISSING.
T  INDICATES TRACE AMOUNT.




$$
