000
CDUS43 KICT 100704
CLICNU

CLIMATE REPORT
NATIONAL WEATHER SERVICE WICHITA KS
103 AM CST WED FEB 10 2016

...................................

...THE CHANUTE KS CLIMATE SUMMARY FOR FEBRUARY 9 2016...

CLIMATE NORMAL PERIOD 1981 TO 2010
CLIMATE RECORD PERIOD 1894 TO 2016


WEATHER ITEM   OBSERVED TIME   RECORD YEAR NORMAL DEPARTURE LAST
                VALUE   (LST)  VALUE       VALUE  FROM      YEAR
                                                  NORMAL
..................................................................
TEMPERATURE (F)
 YESTERDAY
  MAXIMUM         39    311 PM  74    1932  46     -7       47
  MINIMUM         20   1132 PM -11    1979  25     -5       31
  AVERAGE         30                        36     -6       39

PRECIPITATION (IN)
  YESTERDAY        0.00          0.71 1959   0.06  -0.06     0.00
  MONTH TO DATE    0.29                      0.49  -0.20     0.23
  SINCE DEC 1      4.62                      3.50   1.12     3.23
  SINCE JAN 1      1.07                      1.75  -0.68     0.86

DEGREE DAYS
 HEATING
  YESTERDAY       35                        29      6       26
  MONTH TO DATE  242                       273    -31      259
  SINCE DEC 1   1928                      2220   -292     2051
  SINCE JUL 1   2571                      3072   -501     2993

 COOLING
  YESTERDAY        0                         0      0        0
  MONTH TO DATE    0                         0      0        0
  SINCE DEC 1      0                         0      0        0
  SINCE JAN 1      0                         0      0        0
..................................................................


WIND (MPH)
  HIGHEST WIND SPEED    28   HIGHEST WIND DIRECTION    NW (330)
  HIGHEST GUST SPEED    36   HIGHEST GUST DIRECTION    NW (330)
  AVERAGE WIND SPEED    13.7


SKY COVER
  POSSIBLE SUNSHINE  MM
  AVERAGE SKY COVER 0.1


WEATHER CONDITIONS
 THE FOLLOWING WEATHER WAS RECORDED YESTERDAY.
  NO SIGNIFICANT WEATHER WAS OBSERVED.


RELATIVE HUMIDITY (PERCENT)
 HIGHEST    75           500 AM
 LOWEST     23          1200 PM
 AVERAGE    49

..........................................................


THE CHANUTE KS CLIMATE NORMALS FOR TODAY
                         NORMAL    RECORD    YEAR
 MAXIMUM TEMPERATURE (F)   46        80      1922
 MINIMUM TEMPERATURE (F)   25       -16      2011


SUNRISE AND SUNSET
FEBRUARY 10 2016......SUNRISE   717 AM CST   SUNSET   555 PM CST
FEBRUARY 11 2016......SUNRISE   716 AM CST   SUNSET   556 PM CST


-  INDICATES NEGATIVE NUMBERS.
R  INDICATES RECORD WAS SET OR TIED.
MM INDICATES DATA IS MISSING.
T  INDICATES TRACE AMOUNT.

$$
