000
CDUS43 KICT 170626
CLICNU


CLIMATE REPORT
NATIONAL WEATHER SERVICE WICHITA KS
125 AM CDT THU APR 17 2014


...................................

...THE CHANUTE KS CLIMATE SUMMARY FOR APRIL 16 2014...

CLIMATE NORMAL PERIOD 1981 TO 2010
CLIMATE RECORD PERIOD 1894 TO 2014


WEATHER ITEM   OBSERVED TIME   RECORD YEAR NORMAL DEPARTURE LAST
                VALUE   (LST)  VALUE       VALUE  FROM      YEAR
                                                  NORMAL
..................................................................
TEMPERATURE (F)
 YESTERDAY
  MAXIMUM         65    408 PM  88    2006  68     -3       48
  MINIMUM         43    625 AM  24    1953  46     -3       42
  AVERAGE         54                        57     -3       45

PRECIPITATION (IN)
  YESTERDAY        0.00          1.20 1978   0.15  -0.15     0.03
  MONTH TO DATE    0.87                      2.13  -1.26     0.74
  SINCE MAR 1      1.84                      5.17  -3.33     2.73
  SINCE JAN 1      2.81                      8.33  -5.52     8.49

DEGREE DAYS
 HEATING
  YESTERDAY       11                         9      2       20
  MONTH TO DATE  188                       176     12      221
  SINCE MAR 1    874                       735    139      927
  SINCE JUL 1   4894                      4307    587     4019

 COOLING
  YESTERDAY        0                         1     -1        0
  MONTH TO DATE    4                        12     -8        3
  SINCE MAR 1      4                        16    -12        3
  SINCE JAN 1      4                        16    -12        4
..................................................................


WIND (MPH)
  HIGHEST WIND SPEED    36   HIGHEST WIND DIRECTION     S (180)
  HIGHEST GUST SPEED    46   HIGHEST GUST DIRECTION     S (180)
  AVERAGE WIND SPEED    18.7


SKY COVER
  POSSIBLE SUNSHINE  MM
  AVERAGE SKY COVER 0.0


WEATHER CONDITIONS
 THE FOLLOWING WEATHER WAS RECORDED YESTERDAY.
  NO SIGNIFICANT WEATHER WAS OBSERVED.


RELATIVE HUMIDITY (PERCENT)
 HIGHEST    58           700 AM
 LOWEST     30           400 PM
 AVERAGE    44

..........................................................


THE CHANUTE KS CLIMATE NORMALS FOR TODAY
                         NORMAL    RECORD    YEAR
 MAXIMUM TEMPERATURE (F)   68        89      1913
 MINIMUM TEMPERATURE (F)   46        27      1921


SUNRISE AND SUNSET
APRIL 17 2014.........SUNRISE   644 AM CDT   SUNSET   759 PM CDT
APRIL 18 2014.........SUNRISE   643 AM CDT   SUNSET   800 PM CDT


-  INDICATES NEGATIVE NUMBERS.
R  INDICATES RECORD WAS SET OR TIED.
MM INDICATES DATA IS MISSING.
T  INDICATES TRACE AMOUNT.




$$

JMBW
