000
CDUS43 KICT 040622
CLICNU

CLIMATE REPORT
NATIONAL WEATHER SERVICE WICHITA KS
122 AM CDT TUE AUG 4 2015


...................................

...THE CHANUTE KS CLIMATE SUMMARY FOR AUGUST 3 2015...

CLIMATE NORMAL PERIOD 1981 TO 2010
CLIMATE RECORD PERIOD 1894 TO 2015


WEATHER ITEM   OBSERVED TIME   RECORD YEAR NORMAL DEPARTURE LAST
                VALUE   (LST)  VALUE       VALUE  FROM      YEAR
                                                  NORMAL
..................................................................
TEMPERATURE (F)
 YESTERDAY
  MAXIMUM         94    349 PM 108    1964  91      3       89
  MINIMUM         67    512 AM  53    1974  69     -2       61
  AVERAGE         81                        80      1       75

PRECIPITATION (IN)
  YESTERDAY        0.00          2.19 1978   0.12  -0.12     0.00
  MONTH TO DATE    0.00                      0.36  -0.36     0.00
  SINCE JUN 1      7.17                     10.76  -3.59     9.66
  SINCE JAN 1     25.14                     27.16  -2.02    19.12

DEGREE DAYS
 HEATING
  YESTERDAY        0                         0      0        0
  MONTH TO DATE    0                         0      0        0
  SINCE JUN 1      0                         6     -6        1
  SINCE JUL 1      0                         0      0        1

 COOLING
  YESTERDAY       16                        15      1       10
  MONTH TO DATE   46                        45      1       28
  SINCE JUN 1    923                       786    137      636
  SINCE JAN 1   1032                       919    113      828
..................................................................


WIND (MPH)
  HIGHEST WIND SPEED    16   HIGHEST WIND DIRECTION    SW (210)
  HIGHEST GUST SPEED    20   HIGHEST GUST DIRECTION    SE (120)
  AVERAGE WIND SPEED     6.9


SKY COVER
  POSSIBLE SUNSHINE  MM
  AVERAGE SKY COVER 0.0


WEATHER CONDITIONS
 THE FOLLOWING WEATHER WAS RECORDED YESTERDAY.
  NO SIGNIFICANT WEATHER WAS OBSERVED.


RELATIVE HUMIDITY (PERCENT)
 HIGHEST    93           500 AM
 LOWEST     39           200 PM
 AVERAGE    66

..........................................................


THE CHANUTE KS CLIMATE NORMALS FOR TODAY
                         NORMAL    RECORD    YEAR
 MAXIMUM TEMPERATURE (F)   91       111      1923
 MINIMUM TEMPERATURE (F)   69        50      1974


SUNRISE AND SUNSET
AUGUST  4 2015........SUNRISE   628 AM CDT   SUNSET   827 PM CDT
AUGUST  5 2015........SUNRISE   629 AM CDT   SUNSET   826 PM CDT


-  INDICATES NEGATIVE NUMBERS.
R  INDICATES RECORD WAS SET OR TIED.
MM INDICATES DATA IS MISSING.
T  INDICATES TRACE AMOUNT.




$$
