000
CDUS45 KGJT 240809
CLICNY


CLIMATE REPORT
NATIONAL WEATHER SERVICE GRAND JUNCTION CO
208 AM MDT WED MAY 24 2017


...................................

...THE CANYONLANDS AIRPORT UT CLIMATE SUMMARY FOR MAY 23 2017...

CLIMATE NORMAL PERIOD 1981 TO 2010
CLIMATE RECORD PERIOD 9999 TO 9999


WEATHER ITEM   OBSERVED TIME   RECORD YEAR NORMAL DEPARTURE LAST
                VALUE   (LST)  VALUE       VALUE  FROM      YEAR
                                                  NORMAL
..................................................................
TEMPERATURE (F)
 YESTERDAY
  MAXIMUM         77    530 PM  MM      MM  81     -4       77
  MINIMUM         51    338 AM  MM      MM  49      2       48
  AVERAGE         64                        65     -1       63

PRECIPITATION (IN)
  YESTERDAY        0.00         MM      MM   0.02  -0.02     0.00
  MONTH TO DATE    0.45                      0.46  -0.01     0.48
  SINCE MAR 1      0.65                      1.92  -1.27     1.79
  SINCE JAN 1      1.29                      3.08  -1.79     2.79

SNOWFALL (IN)
  YESTERDAY       MM            MM      MM  MM     MM       MM
  MONTH TO DATE   MM                        MM     MM       MM
  SINCE MAR 1     MM                        MM     MM       MM
  SINCE JUL 1     MM                        MM     MM       MM
  SNOW DEPTH      MM

DEGREE DAYS
 HEATING
  YESTERDAY        1                         3     -2        2
  MONTH TO DATE  103                       118    -15       92
  SINCE MAR 1    870                      1134   -264      951
  SINCE JUL 1   4334                      5543  -1209     5126

 COOLING
  YESTERDAY        0                         3     -3        0
  MONTH TO DATE   21                        30     -9       35
  SINCE MAR 1     25                        33     -8       38
  SINCE JAN 1     25                        33     -8       38
..................................................................


WIND (MPH)
  HIGHEST WIND SPEED    30   HIGHEST WIND DIRECTION    NE (60)
  HIGHEST GUST SPEED    36   HIGHEST GUST DIRECTION    NE (50)
  AVERAGE WIND SPEED     6.9


SKY COVER
  POSSIBLE SUNSHINE  MM
  AVERAGE SKY COVER 0.0


WEATHER CONDITIONS
 THE FOLLOWING WEATHER WAS RECORDED YESTERDAY.
  NO SIGNIFICANT WEATHER WAS OBSERVED.


RELATIVE HUMIDITY (PERCENT)
 HIGHEST    47           200 AM
 LOWEST     15           300 PM
 AVERAGE    31

..........................................................


THE CANYONLANDS AIRPORT UT CLIMATE NORMALS FOR TODAY
                         NORMAL    RECORD    YEAR
 MAXIMUM TEMPERATURE (F)   82        MM        MM
 MINIMUM TEMPERATURE (F)   49        MM        MM


SUNRISE AND SUNSET
MAY 24 2017...........SUNRISE   600 AM MDT   SUNSET   832 PM MDT
MAY 25 2017...........SUNRISE   559 AM MDT   SUNSET   833 PM MDT


-  INDICATES NEGATIVE NUMBERS.
R  INDICATES RECORD WAS SET OR TIED.
MM INDICATES DATA IS MISSING.
T  INDICATES TRACE AMOUNT.




$$
