000
CDUS45 KGJT 220752
CLICNY


CLIMATE REPORT
NATIONAL WEATHER SERVICE GRAND JUNCTION CO
130 AM MDT MON SEP 22 2014


...................................

...THE CANYONLANDS AIRPORT UT CLIMATE SUMMARY FOR SEPTEMBER 21 2014...

CLIMATE NORMAL PERIOD 1981 TO 2010
CLIMATE RECORD PERIOD 9999 TO 9999


WEATHER ITEM   OBSERVED TIME   RECORD YEAR NORMAL DEPARTURE LAST
                VALUE   (LST)  VALUE       VALUE  FROM      YEAR
                                                  NORMAL
..................................................................
TEMPERATURE (F)
 YESTERDAY
  MAXIMUM         83   1205 PM  MM      MM  80      3       88
  MINIMUM         62   1020 PM  MM      MM  50     12       52
  AVERAGE         73                        65      8       70

PRECIPITATION (IN)
  YESTERDAY        0.31         MM      MM   0.04   0.27      T
  MONTH TO DATE    0.91                      0.67   0.24     0.77
  SINCE SEP 1      0.91                      0.67   0.24     0.77
  SINCE JAN 1      6.22                      6.05   0.17     4.67

SNOWFALL (IN)
  YESTERDAY       MM            MM      MM  MM     MM       MM
  MONTH TO DATE   MM                        MM     MM       MM
  SINCE SEP 1     MM                        MM     MM       MM
  SINCE JUL 1     MM                        MM     MM       MM
  SNOW DEPTH      MM

DEGREE DAYS
 HEATING
  YESTERDAY        0                         3     -3        0
  MONTH TO DATE    0                        22    -22        1
  SINCE SEP 1      0                        22    -22        1
  SINCE JUL 1      0                        23    -23        1

 COOLING
  YESTERDAY        8                         3      5        5
  MONTH TO DATE  171                       105     66      170
  SINCE SEP 1    171                       105     66      170
  SINCE JAN 1   1404                      1271    133     1637
..................................................................


WIND (MPH)
  HIGHEST WIND SPEED    39   HIGHEST WIND DIRECTION     W (260)
  HIGHEST GUST SPEED    48   HIGHEST GUST DIRECTION     W (250)
  AVERAGE WIND SPEED     8.2


SKY COVER
  POSSIBLE SUNSHINE  MM
  AVERAGE SKY COVER 0.2


WEATHER CONDITIONS
 THE FOLLOWING WEATHER WAS RECORDED YESTERDAY.
  THUNDERSTORM
  HEAVY RAIN
  RAIN
  LIGHT RAIN
  FOG


RELATIVE HUMIDITY (PERCENT)
 HIGHEST    87           700 PM
 LOWEST     20          1200 AM
 AVERAGE    54

..........................................................


THE CANYONLANDS AIRPORT UT CLIMATE NORMALS FOR TODAY
                         NORMAL    RECORD    YEAR
 MAXIMUM TEMPERATURE (F)   80        MM        MM
 MINIMUM TEMPERATURE (F)   49        MM        MM


SUNRISE AND SUNSET
SEPTEMBER 22 2014.....SUNRISE   707 AM MDT   SUNSET   716 PM MDT
SEPTEMBER 23 2014.....SUNRISE   708 AM MDT   SUNSET   714 PM MDT


-  INDICATES NEGATIVE NUMBERS.
R  INDICATES RECORD WAS SET OR TIED.
MM INDICATES DATA IS MISSING.
T  INDICATES TRACE AMOUNT.




$$
