000
CDUS41 KGYX 192047
CLICON


CLIMATE REPORT
NATIONAL WEATHER SERVICE GRAY ME
447 PM EDT FRI SEP 19 2014


...................................

...THE CONCORD NH CLIMATE SUMMARY FOR SEPTEMBER 19 2014...
VALID TODAY AS OF 0400 PM LOCAL TIME.

CLIMATE NORMAL PERIOD 1981 TO 2010
CLIMATE RECORD PERIOD 1868 TO 2014


WEATHER ITEM   OBSERVED TIME   RECORD YEAR NORMAL DEPARTURE LAST
                VALUE   (LST)  VALUE       VALUE  FROM      YEAR
                                                  NORMAL
..................................................................
TEMPERATURE (F)
 TODAY
  MAXIMUM         59    209 PM  91    1983  71    -12       78
  MINIMUM         31    520 AM  30    1990  46    -15       39
                                      1959
                                      1956
  AVERAGE         45                        59    -14       59

PRECIPITATION (IN)
  TODAY            0.00          1.45 1938   0.11  -0.11     0.00
  MONTH TO DATE    0.39                      2.02  -1.63     4.16
  SINCE SEP 1      0.39                      2.02  -1.63     4.16
  SINCE JAN 1     33.27                     28.29   4.98    32.45

SNOWFALL (IN)
  TODAY            0.0           0.0  2002   0.0    0.0      0.0
                                      2001
                                      2000
  MONTH TO DATE    0.0                       0.0    0.0      0.0
  SINCE SEP 1      0.0                       0.0    0.0      0.0
  SINCE JUL 1      0.0                       0.0    0.0      0.0
  SNOW DEPTH       0

DEGREE DAYS
 HEATING
  TODAY           20                         7     13        6
  MONTH TO DATE  117                        84     33      111
  SINCE SEP 1    117                        84     33      111
  SINCE JUL 1    149                       132     17      141

 COOLING
  TODAY            0                         1     -1        0
  MONTH TO DATE   46                        32     14       46
  SINCE SEP 1     46                        32     14       46
  SINCE JAN 1    377                       445    -68      537
..................................................................


WIND (MPH)
  HIGHEST WIND SPEED    10   HIGHEST WIND DIRECTION     S (200)
  HIGHEST GUST SPEED    15   HIGHEST GUST DIRECTION    NE (60)
  AVERAGE WIND SPEED     2.5


SKY COVER
  POSSIBLE SUNSHINE  MM
  AVERAGE SKY COVER 0.0


WEATHER CONDITIONS
 THE FOLLOWING WEATHER WAS RECORDED TODAY.
  FOG


RELATIVE HUMIDITY (PERCENT)
 HIGHEST   100           300 AM
 LOWEST     28           100 PM
 AVERAGE    64

..........................................................


THE CONCORD NH CLIMATE NORMALS FOR TOMORROW
                         NORMAL    RECORD    YEAR
 MAXIMUM TEMPERATURE (F)   71        92      1983
 MINIMUM TEMPERATURE (F)   46        28      1993
                                             1979


SUNRISE AND SUNSET
SEPTEMBER 19 2014.....SUNRISE   630 AM EDT   SUNSET   649 PM EDT
SEPTEMBER 20 2014.....SUNRISE   631 AM EDT   SUNSET   647 PM EDT


-  INDICATES NEGATIVE NUMBERS.
R  INDICATES RECORD WAS SET OR TIED.
MM INDICATES DATA IS MISSING.
T  INDICATES TRACE AMOUNT.




$$
