000
CDUS41 KGYX 230825
CLICON


CLIMATE REPORT
NATIONAL WEATHER SERVICE GRAY ME
425 AM EDT SUN JUL 23 2017


...................................

...THE CONCORD NH CLIMATE SUMMARY FOR JULY 22 2017...

CLIMATE NORMAL PERIOD 1981 TO 2010
CLIMATE RECORD PERIOD 1868 TO 2017


WEATHER ITEM   OBSERVED TIME   RECORD YEAR NORMAL DEPARTURE LAST
                VALUE   (LST)  VALUE       VALUE  FROM      YEAR
                                                  NORMAL
..................................................................
TEMPERATURE (F)
 YESTERDAY
  MAXIMUM         86    323 PM 100    2011  83      3       97
                                      1926
  MINIMUM         62    514 AM  42    1974  58      4       61
  AVERAGE         74                        70      4       79

PRECIPITATION (IN)
  YESTERDAY        0.00          1.27 1938   0.12  -0.12     0.00
  MONTH TO DATE    0.71                      2.62  -1.91     1.52
  SINCE JUN 1      5.86                      6.31  -0.45     2.93
  SINCE JAN 1     24.93                     21.97   2.96    15.63

SNOWFALL (IN)
  YESTERDAY        0.0           0.0  2002   0.0    0.0      0.0
                                      2001
                                      2000
  MONTH TO DATE    0.0                       0.0    0.0      0.0
  SINCE JUN 1      0.0                       0.0    0.0      0.0
  SINCE JUL 1      0.0                       0.0    0.0      0.0
  SNOW DEPTH       0

DEGREE DAYS
 HEATING
  YESTERDAY        0                         0      0        0
  MONTH TO DATE    4                        13     -9       11
  SINCE JUN 1     83                        98    -15       53
  SINCE JUL 1      4                        13     -9       11

 COOLING
  YESTERDAY        9                         6      3       14
  MONTH TO DATE  159                       122     37      153
  SINCE JUN 1    279                       206     73      235
  SINCE JAN 1    311                       224     87      275
..................................................................


WIND (MPH)
  RESULTANT WIND SPEED   1   RESULTANT WIND DIRECTION  SW (230)
  HIGHEST WIND SPEED    14   HIGHEST WIND DIRECTION    SW (240)
  HIGHEST GUST SPEED    17   HIGHEST GUST DIRECTION    SW (230)
  AVERAGE WIND SPEED     3.4


SKY COVER
  AVERAGE SKY COVER 0.1


WEATHER CONDITIONS
 THE FOLLOWING WEATHER WAS RECORDED YESTERDAY.
  HAZE


RELATIVE HUMIDITY (PERCENT)
 HIGHEST    93           500 AM
 LOWEST     43           300 PM
 AVERAGE    68

..........................................................


THE CONCORD NH CLIMATE NORMALS FOR TODAY
                         NORMAL    RECORD    YEAR
 MAXIMUM TEMPERATURE (F)   83       100      1978
 MINIMUM TEMPERATURE (F)   58        41      1871


SUNRISE AND SUNSET
JULY 23 2017..........SUNRISE   527 AM EDT   SUNSET   817 PM EDT
JULY 24 2017..........SUNRISE   528 AM EDT   SUNSET   816 PM EDT


-  INDICATES NEGATIVE NUMBERS.
R  INDICATES RECORD WAS SET OR TIED.
MM INDICATES DATA IS MISSING.
T  INDICATES TRACE AMOUNT.




$$
