000
CDUS41 KGYX 302047
CLICON


CLIMATE REPORT
NATIONAL WEATHER SERVICE GRAY ME
447 PM EDT SUN APR 30 2017


...................................

...THE CONCORD NH CLIMATE SUMMARY FOR APRIL 30 2017...
VALID TODAY AS OF 0400 PM LOCAL TIME.

CLIMATE NORMAL PERIOD 1981 TO 2010
CLIMATE RECORD PERIOD 1868 TO 2017


WEATHER ITEM   OBSERVED TIME   RECORD YEAR NORMAL DEPARTURE LAST
                VALUE   (LST)  VALUE       VALUE  FROM      YEAR
                                                  NORMAL
..................................................................
TEMPERATURE (F)
 TODAY
  MAXIMUM         59        MM  86    2004  64     -5       69
                                      1899
  MINIMUM         42        MM  22    1975  37      5       32
  AVERAGE         51                        51      0       51

PRECIPITATION (IN)
  TODAY            T             1.40 1915   0.12  -0.12     0.00
  MONTH TO DATE    4.23                      3.41   0.82     1.65
  SINCE MAR 1      8.21                      6.68   1.53     4.32
  SINCE JAN 1     13.16                     12.00   1.16    10.07

SNOWFALL (IN)
  TODAY            0.0           T    1874   0.0    0.0      0.0
  MONTH TO DATE    6.9                       2.8    4.1      2.7
  SINCE MAR 1     29.3                      13.9   15.4      5.0
  SINCE JUL 1     86.3                      61.4   24.9     29.7
  SNOW DEPTH       0

DEGREE DAYS
 HEATING
  TODAY           14                        15     -1       14
  MONTH TO DATE  470                       601   -131      626
  SINCE MAR 1   1574                      1587    -13     1408
  SINCE JUL 1   6072                      6847   -775     5757

 COOLING
  TODAY            0                         0      0        0
  MONTH TO DATE    8                         2      6        0
  SINCE MAR 1      8                         2      6        0
  SINCE JAN 1      8                         2      6        0
..................................................................


WIND (MPH)
  HIGHEST WIND SPEED    15   HIGHEST WIND DIRECTION     N (340)
  HIGHEST GUST SPEED    21   HIGHEST GUST DIRECTION     N (340)
  AVERAGE WIND SPEED     7.6


SKY COVER
  POSSIBLE SUNSHINE  MM
  AVERAGE SKY COVER 0.3


WEATHER CONDITIONS
 THE FOLLOWING WEATHER WAS RECORDED TODAY.
  NO SIGNIFICANT WEATHER WAS OBSERVED.


RELATIVE HUMIDITY (PERCENT)
 HIGHEST    53           300 AM
 LOWEST     33           100 PM
 AVERAGE    43

..........................................................


THE CONCORD NH CLIMATE NORMALS FOR TOMORROW
                         NORMAL    RECORD    YEAR
 MAXIMUM TEMPERATURE (F)   64        88      1970
 MINIMUM TEMPERATURE (F)   38        24      2008


SUNRISE AND SUNSET
APRIL 30 2017.........SUNRISE   541 AM EDT   SUNSET   747 PM EDT
MAY  1 2017...........SUNRISE   539 AM EDT   SUNSET   748 PM EDT


-  INDICATES NEGATIVE NUMBERS.
R  INDICATES RECORD WAS SET OR TIED.
MM INDICATES DATA IS MISSING.
T  INDICATES TRACE AMOUNT.




$$
