573
CDUS41 KGYX 240808
CLICON


CLIMATE REPORT
NATIONAL WEATHER SERVICE GRAY ME
408 AM EDT FRI MAR 24 2017


...................................

...THE CONCORD NH CLIMATE SUMMARY FOR MARCH 23 2017...

CLIMATE NORMAL PERIOD 1981 TO 2010
CLIMATE RECORD PERIOD 1868 TO 2017


WEATHER ITEM   OBSERVED TIME   RECORD YEAR NORMAL DEPARTURE LAST
                VALUE   (LST)  VALUE       VALUE  FROM      YEAR
                                                  NORMAL
..................................................................
TEMPERATURE (F)
 YESTERDAY
  MAXIMUM         35    459 PM  80    1938  46    -11       61
  MINIMUM         14    556 AM -10    1875  25    -11       39
  AVERAGE         25                        36    -11       50

PRECIPITATION (IN)
  YESTERDAY        0.00          1.37 2010   0.12  -0.12     0.00
  MONTH TO DATE    1.66                      2.38  -0.72     1.86
  SINCE MAR 1      1.66                      2.38  -0.72     1.86
  SINCE JAN 1      6.61                      7.70  -1.09     7.61

SNOWFALL (IN)
  YESTERDAY        0.0          10.0  1869   0.4   -0.4      0.0
  MONTH TO DATE   15.9                       9.0    6.9      2.3
  SINCE MAR 1     15.9                       9.0    6.9      2.3
  SINCE JUL 1     72.9                      56.5   16.4     27.0
  SNOW DEPTH       9

DEGREE DAYS
 HEATING
  YESTERDAY       40                        29     11       15
  MONTH TO DATE  861                       766     95      593
  SINCE MAR 1    861                       766     95      593
  SINCE JUL 1   5359                      6026   -667     4942

 COOLING
  YESTERDAY        0                         0      0        0
  MONTH TO DATE    0                         0      0        0
  SINCE MAR 1      0                         0      0        0
  SINCE JAN 1      0                         0      0        0
..................................................................


WIND (MPH)
  RESULTANT WIND SPEED  12   RESULTANT WIND DIRECTION  NW (310)
  HIGHEST WIND SPEED    25   HIGHEST WIND DIRECTION    NW (300)
  HIGHEST GUST SPEED    35   HIGHEST GUST DIRECTION    NW (310)
  AVERAGE WIND SPEED    13.0


SKY COVER
  AVERAGE SKY COVER 0.0


WEATHER CONDITIONS
 THE FOLLOWING WEATHER WAS RECORDED YESTERDAY.
  NO SIGNIFICANT WEATHER WAS OBSERVED.


RELATIVE HUMIDITY (PERCENT)
 HIGHEST    54          1100 PM
 LOWEST     23           500 PM
 AVERAGE    39

..........................................................


THE CONCORD NH CLIMATE NORMALS FOR TODAY
                         NORMAL    RECORD    YEAR
 MAXIMUM TEMPERATURE (F)   47        69      1928
                                             1913
 MINIMUM TEMPERATURE (F)   25       -16      1875


SUNRISE AND SUNSET
MARCH 24 2017.........SUNRISE   642 AM EDT   SUNSET   703 PM EDT
MARCH 25 2017.........SUNRISE   640 AM EDT   SUNSET   705 PM EDT


-  INDICATES NEGATIVE NUMBERS.
R  INDICATES RECORD WAS SET OR TIED.
MM INDICATES DATA IS MISSING.
T  INDICATES TRACE AMOUNT.




$$
