000
CDUS41 KGYX 260904
CLICON


CLIMATE REPORT
NATIONAL WEATHER SERVICE GRAY ME
404 AM EST FRI DEC 26 2014


...................................

...THE CONCORD NH CLIMATE SUMMARY FOR DECEMBER 25 2014...

CLIMATE NORMAL PERIOD 1981 TO 2010
CLIMATE RECORD PERIOD 1868 TO 2014


WEATHER ITEM   OBSERVED TIME   RECORD YEAR NORMAL DEPARTURE LAST
                VALUE   (LST)  VALUE       VALUE  FROM      YEAR
                                                  NORMAL
..................................................................
TEMPERATURE (F)
 YESTERDAY
  MAXIMUM         51   1233 PM  56    1889  33     18       20
  MINIMUM         36    256 AM -20    1914  14     22        6
  AVERAGE         44                        24     20       13

PRECIPITATION (IN)
  YESTERDAY        0.07          1.05 2002   0.10  -0.03     0.00
  MONTH TO DATE    4.99                      2.63   2.36     2.27
  SINCE DEC 1      4.99                      2.63   2.36     2.27
  SINCE JAN 1     45.86                     40.04   5.82    39.67

SNOWFALL (IN)
  YESTERDAY        0.0           9.2  2002   0.5   -0.5      0.0
  MONTH TO DATE    3.0                      11.3   -8.3     17.2
  SINCE DEC 1      3.0                      11.3   -8.3     17.2
  SINCE JUL 1     15.9                      13.9    2.0     17.4
  SNOW DEPTH       2

DEGREE DAYS
 HEATING
  YESTERDAY       21                        42    -21       52
  MONTH TO DATE  831                       932   -101     1006
  SINCE DEC 1    831                       932   -101     1006
  SINCE JUL 1   2335                      2492   -157     2523

 COOLING
  YESTERDAY        0                         0      0        0
  MONTH TO DATE    0                         0      0        0
  SINCE DEC 1      0                         0      0        0
  SINCE JAN 1    387                       452    -65      537
..................................................................


WIND (MPH)
  RESULTANT WIND SPEED   8   RESULTANT WIND DIRECTION   W (270)
  HIGHEST WIND SPEED    28   HIGHEST WIND DIRECTION     W (280)
  HIGHEST GUST SPEED    37   HIGHEST GUST DIRECTION     W (270)
  AVERAGE WIND SPEED     9.1


SKY COVER
  AVERAGE SKY COVER 0.7


WEATHER CONDITIONS
 THE FOLLOWING WEATHER WAS RECORDED YESTERDAY.
  LIGHT RAIN
  FOG
  FOG W/VISIBILITY <= 1/4 MILE


RELATIVE HUMIDITY (PERCENT)
 HIGHEST   100          1200 AM
 LOWEST     46           300 PM
 AVERAGE    73

..........................................................


THE CONCORD NH CLIMATE NORMALS FOR TODAY
                         NORMAL    RECORD    YEAR
 MAXIMUM TEMPERATURE (F)   33        60      1982
 MINIMUM TEMPERATURE (F)   13       -19      1983
                                             1980


SUNRISE AND SUNSET
DECEMBER 26 2014......SUNRISE   717 AM EST   SUNSET   417 PM EST
DECEMBER 27 2014......SUNRISE   717 AM EST   SUNSET   417 PM EST


-  INDICATES NEGATIVE NUMBERS.
R  INDICATES RECORD WAS SET OR TIED.
MM INDICATES DATA IS MISSING.
T  INDICATES TRACE AMOUNT.




$$
