000
CDUS41 KGYX 050814
CLICON


CLIMATE REPORT
NATIONAL WEATHER SERVICE GRAY ME
414 AM EDT SAT SEP 5 2015


...................................

...THE CONCORD NH CLIMATE SUMMARY FOR SEPTEMBER 4 2015...

CLIMATE NORMAL PERIOD 1981 TO 2010
CLIMATE RECORD PERIOD 1868 TO 2015


WEATHER ITEM   OBSERVED TIME   RECORD YEAR NORMAL DEPARTURE LAST
                VALUE   (LST)  VALUE       VALUE  FROM      YEAR
                                                  NORMAL
..................................................................
TEMPERATURE (F)
 YESTERDAY
  MAXIMUM         78    314 PM  93    1880  77      1       83
  MINIMUM         52   1158 PM  34    1987  52      0       51
                                      1883
  AVERAGE         65                        64      1       67

PRECIPITATION (IN)
  YESTERDAY        0.00          2.06 1966   0.11  -0.11     0.00
  MONTH TO DATE    0.39                      0.40  -0.01     0.05
  SINCE SEP 1      0.39                      0.40  -0.01     0.05
  SINCE JAN 1     23.73                     26.67  -2.94    32.93

SNOWFALL (IN)
  YESTERDAY        0.0           0.0  2002   0.0    0.0      0.0
                                      2001
                                      2000
  MONTH TO DATE    0.0                       0.0    0.0      0.0
  SINCE SEP 1      0.0                       0.0    0.0      0.0
  SINCE JUL 1      0.0                       0.0    0.0      0.0
  SNOW DEPTH       0

DEGREE DAYS
 HEATING
  YESTERDAY        0                         3     -3        0
  MONTH TO DATE    0                        11    -11        0
  SINCE SEP 1      0                        11    -11        0
  SINCE JUL 1      8                        59    -51       32

 COOLING
  YESTERDAY        0                         2     -2        2
  MONTH TO DATE   25                        11     14       27
  SINCE SEP 1     25                        11     14       27
  SINCE JAN 1    525                       424    101      358
..................................................................


WIND (MPH)
  RESULTANT WIND SPEED   3   RESULTANT WIND DIRECTION   E (70)
  HIGHEST WIND SPEED    13   HIGHEST WIND DIRECTION    NE (50)
  HIGHEST GUST SPEED    19   HIGHEST GUST DIRECTION    NE (50)
  AVERAGE WIND SPEED     4.9


SKY COVER
  AVERAGE SKY COVER 0.4


WEATHER CONDITIONS
 THE FOLLOWING WEATHER WAS RECORDED YESTERDAY.
  FOG


RELATIVE HUMIDITY (PERCENT)
 HIGHEST    93          1200 AM
 LOWEST     46          1100 AM
 AVERAGE    70

..........................................................


THE CONCORD NH CLIMATE NORMALS FOR TODAY
                         NORMAL    RECORD    YEAR
 MAXIMUM TEMPERATURE (F)   77        91      1961
                                             1953
 MINIMUM TEMPERATURE (F)   52        33      1896


SUNRISE AND SUNSET
SEPTEMBER  5 2015.....SUNRISE   614 AM EDT   SUNSET   714 PM EDT
SEPTEMBER  6 2015.....SUNRISE   615 AM EDT   SUNSET   713 PM EDT


-  INDICATES NEGATIVE NUMBERS.
R  INDICATES RECORD WAS SET OR TIED.
MM INDICATES DATA IS MISSING.
T  INDICATES TRACE AMOUNT.




$$
