000
CDUS41 KGYX 110935
CLICON


CLIMATE REPORT
NATIONAL WEATHER SERVICE GRAY ME
434 AM EST THU FEB 11 2016


...................................

...THE CONCORD NH CLIMATE SUMMARY FOR FEBRUARY 10 2016...

CLIMATE NORMAL PERIOD 1981 TO 2010
CLIMATE RECORD PERIOD 1868 TO 2016


WEATHER ITEM   OBSERVED TIME   RECORD YEAR NORMAL DEPARTURE LAST
                VALUE   (LST)  VALUE       VALUE  FROM      YEAR
                                                  NORMAL
..................................................................
TEMPERATURE (F)
 YESTERDAY
  MAXIMUM         34    300 PM  55    1955  34      0       36
  MINIMUM         13    511 AM -26    1948  13      0       15
  AVERAGE         24                        23      1       26

PRECIPITATION (IN)
  YESTERDAY        0.01          1.00 2005   0.09  -0.08      T
                                      1909
  MONTH TO DATE    1.59                      0.91   0.68     1.82
  SINCE DEC 1      7.73                      6.81   0.92    10.25
  SINCE JAN 1      2.95                      3.61  -0.66     5.09

SNOWFALL (IN)
  YESTERDAY        T             7.0  1878   0.4   -0.4      0.4
  MONTH TO DATE    8.3                       4.7    3.6     23.5
  SINCE DEC 1     20.3                      37.3  -17.0     52.3
  SINCE JUL 1     20.3                      39.9  -19.6     65.2
  SNOW DEPTH       6

DEGREE DAYS
 HEATING
  YESTERDAY       41                        42     -1       39
  MONTH TO DATE  336                       427    -91      510
  SINCE DEC 1   2344                      2989   -645     2987
  SINCE JUL 1   3624                      4549   -925     4491

 COOLING
  YESTERDAY        0                         0      0        0
  MONTH TO DATE    0                         0      0        0
  SINCE DEC 1      0                         0      0        0
  SINCE JAN 1      0                         0      0        0
..................................................................


WIND (MPH)
  RESULTANT WIND SPEED   1   RESULTANT WIND DIRECTION   S (180)
  HIGHEST WIND SPEED    10   HIGHEST WIND DIRECTION     W (280)
  HIGHEST GUST SPEED    13   HIGHEST GUST DIRECTION     W (290)
  AVERAGE WIND SPEED     2.0


SKY COVER
  AVERAGE SKY COVER 0.8


WEATHER CONDITIONS
 THE FOLLOWING WEATHER WAS RECORDED YESTERDAY.
  LIGHT SNOW
  FOG
  HAZE


RELATIVE HUMIDITY (PERCENT)
 HIGHEST    92           700 PM
 LOWEST     74          1100 PM
 AVERAGE    83

..........................................................


THE CONCORD NH CLIMATE NORMALS FOR TODAY
                         NORMAL    RECORD    YEAR
 MAXIMUM TEMPERATURE (F)   34        60      1981
 MINIMUM TEMPERATURE (F)   13       -23      1948


SUNRISE AND SUNSET
FEBRUARY 11 2016......SUNRISE   650 AM EST   SUNSET   511 PM EST
FEBRUARY 12 2016......SUNRISE   649 AM EST   SUNSET   512 PM EST


-  INDICATES NEGATIVE NUMBERS.
R  INDICATES RECORD WAS SET OR TIED.
MM INDICATES DATA IS MISSING.
T  INDICATES TRACE AMOUNT.




$$
