000
CDUS41 KGYX 240802
CLICON


CLIMATE REPORT
NATIONAL WEATHER SERVICE GRAY ME
402 AM EDT SUN MAY 24 2015


...................................

...THE CONCORD NH CLIMATE SUMMARY FOR MAY 23 2015...

CLIMATE NORMAL PERIOD 1981 TO 2010
CLIMATE RECORD PERIOD 1868 TO 2015


WEATHER ITEM   OBSERVED TIME   RECORD YEAR NORMAL DEPARTURE LAST
                VALUE   (LST)  VALUE       VALUE  FROM      YEAR
                                                  NORMAL
..................................................................
TEMPERATURE (F)
 YESTERDAY
  MAXIMUM         64    527 PM  95    1975  71     -7       55
  MINIMUM         39    441 AM  31    2002  45     -6       50
                                      1907
  AVERAGE         52                        58     -6       53

PRECIPITATION (IN)
  YESTERDAY        0.00          0.96 2014   0.12  -0.12     0.96
  MONTH TO DATE    0.04                      2.64  -2.60     2.98
  SINCE MAR 1      3.78                      9.32  -5.54     9.83
  SINCE JAN 1      9.84                     14.64  -4.80    17.15

SNOWFALL (IN)
  YESTERDAY        0.0           0.0  2002   0.0    0.0      0.0
                                      2001
                                      2000
  MONTH TO DATE    0.0                       0.2   -0.2      0.0
  SINCE MAR 1      7.9                      14.1   -6.2     10.6
  SINCE JUL 1     92.1                      61.6   30.5     80.4
  SNOW DEPTH       0

DEGREE DAYS
 HEATING
  YESTERDAY       13                         8      5       12
  MONTH TO DATE  150                       250   -100      205
  SINCE MAR 1   1907                      1837     70     2038
  SINCE JUL 1   7361                      7097    264     7507

 COOLING
  YESTERDAY        0                         1     -1        0
  MONTH TO DATE   18                         6     12        2
  SINCE MAR 1     18                         8     10        2
  SINCE JAN 1     18                         8     10        2
..................................................................


WIND (MPH)
  RESULTANT WIND SPEED  11   RESULTANT WIND DIRECTION  NW (300)
  HIGHEST WIND SPEED    23   HIGHEST WIND DIRECTION    NW (320)
  HIGHEST GUST SPEED    30   HIGHEST GUST DIRECTION    NW (320)
  AVERAGE WIND SPEED    11.8


SKY COVER
  AVERAGE SKY COVER 0.1


WEATHER CONDITIONS
 THE FOLLOWING WEATHER WAS RECORDED YESTERDAY.
  NO SIGNIFICANT WEATHER WAS OBSERVED.


RELATIVE HUMIDITY (PERCENT)
 HIGHEST    53          1200 AM
 LOWEST     17           200 PM
 AVERAGE    35

..........................................................


THE CONCORD NH CLIMATE NORMALS FOR TODAY
                         NORMAL    RECORD    YEAR
 MAXIMUM TEMPERATURE (F)   71        91      2007
                                             1991
                                             1977
 MINIMUM TEMPERATURE (F)   45        29      1971
                                             1965


SUNRISE AND SUNSET
MAY 24 2015...........SUNRISE   514 AM EDT   SUNSET   812 PM EDT
MAY 25 2015...........SUNRISE   514 AM EDT   SUNSET   813 PM EDT


-  INDICATES NEGATIVE NUMBERS.
R  INDICATES RECORD WAS SET OR TIED.
MM INDICATES DATA IS MISSING.
T  INDICATES TRACE AMOUNT.




$$
