000
CDUS41 KGYX 012044
CLICON


CLIMATE REPORT
NATIONAL WEATHER SERVICE GRAY ME
444 PM EDT SAT OCT 1 2016


...................................

...THE CONCORD NH CLIMATE SUMMARY FOR OCTOBER 1 2016...
VALID TODAY AS OF 0400 PM LOCAL TIME.

CLIMATE NORMAL PERIOD 1981 TO 2010
CLIMATE RECORD PERIOD 1868 TO 2016


WEATHER ITEM   OBSERVED TIME   RECORD YEAR NORMAL DEPARTURE LAST
                VALUE   (LST)  VALUE       VALUE  FROM      YEAR
                                                  NORMAL
..................................................................
TEMPERATURE (F)
 TODAY
  MAXIMUM         58   1132 AM  87    1922  66     -8       66
  MINIMUM         49    553 AM  24    1925  41      8       48
  AVERAGE         54                        54      0       57

PRECIPITATION (IN)
  TODAY            0.09          1.36 2010   0.13  -0.04     0.00
  MONTH TO DATE    0.09                      0.13  -0.04     0.00
  SINCE SEP 1      3.03                      3.51  -0.48     5.37
  SINCE JAN 1     21.21                     29.78  -8.57    28.71

SNOWFALL (IN)
  TODAY            0.0           T    1992   0.0    0.0      0.0
  MONTH TO DATE    0.0                       0.0    0.0      0.0
  SINCE SEP 1      0.0                       0.0    0.0      0.0
  SINCE JUL 1      0.0                       0.0    0.0      0.0
  SNOW DEPTH       0

DEGREE DAYS
 HEATING
  TODAY           11                        12     -1        8
  MONTH TO DATE   11                        12     -1        8
  SINCE SEP 1    113                       199    -86       88
  SINCE JUL 1    125                       247   -122       96

 COOLING
  TODAY            0                         0      0        0
  MONTH TO DATE    0                         0      0        0
  SINCE SEP 1     91                        37     54       95
  SINCE JAN 1    715                       450    265      595
..................................................................


WIND (MPH)
  HIGHEST WIND SPEED    14   HIGHEST WIND DIRECTION    NE (50)
  HIGHEST GUST SPEED    19   HIGHEST GUST DIRECTION    NE (30)
  AVERAGE WIND SPEED     4.2


SKY COVER
  POSSIBLE SUNSHINE  MM
  AVERAGE SKY COVER 0.5


WEATHER CONDITIONS
 THE FOLLOWING WEATHER WAS RECORDED TODAY.
  RAIN
  LIGHT RAIN
  FOG
  HAZE


RELATIVE HUMIDITY (PERCENT)
 HIGHEST    83           800 AM
 LOWEST     72          1000 AM
 AVERAGE    78

..........................................................


THE CONCORD NH CLIMATE NORMALS FOR TOMORROW
                         NORMAL    RECORD    YEAR
 MAXIMUM TEMPERATURE (F)   66        88      1922
 MINIMUM TEMPERATURE (F)   40        24      1992


SUNRISE AND SUNSET
OCTOBER  1 2016.......SUNRISE   644 AM EDT   SUNSET   626 PM EDT
OCTOBER  2 2016.......SUNRISE   645 AM EDT   SUNSET   625 PM EDT


-  INDICATES NEGATIVE NUMBERS.
R  INDICATES RECORD WAS SET OR TIED.
MM INDICATES DATA IS MISSING.
T  INDICATES TRACE AMOUNT.




$$
