000
CDUS41 KGYX 030905
CLICON


CLIMATE REPORT
NATIONAL WEATHER SERVICE GRAY ME
405 AM EST TUE MAR 3 2015


...................................

...THE CONCORD NH CLIMATE SUMMARY FOR MARCH 2 2015...

CLIMATE NORMAL PERIOD 1981 TO 2010
CLIMATE RECORD PERIOD 1868 TO 2015


WEATHER ITEM   OBSERVED TIME   RECORD YEAR NORMAL DEPARTURE LAST
                VALUE   (LST)  VALUE       VALUE  FROM      YEAR
                                                  NORMAL
..................................................................
TEMPERATURE (F)
 YESTERDAY
  MAXIMUM         32    319 PM  64    1874  39     -7       33
  MINIMUM          8    344 AM -18    1869  18    -10       19
  AVERAGE         20                        28     -8       26

PRECIPITATION (IN)
  YESTERDAY        T             1.37 1983   0.10  -0.10     0.00
  MONTH TO DATE    0.12                      0.20  -0.08     0.00
  SINCE MAR 1      0.12                      0.20  -0.08     0.00
  SINCE JAN 1      6.18                      5.52   0.66     7.32

SNOWFALL (IN)
  YESTERDAY        T            11.0  2009   0.4   -0.4      0.0
  MONTH TO DATE    3.0                       0.9    2.1      0.0
  SINCE MAR 1      3.0                       0.9    2.1      0.0
  SINCE JUL 1     87.3                      48.4   38.9     69.8
  SNOW DEPTH      25

DEGREE DAYS
 HEATING
  YESTERDAY       45                        37      8       39
  MONTH TO DATE  100                        74     26       91
  SINCE MAR 1    100                        74     26       91
  SINCE JUL 1   5554                      5334    220     5560

 COOLING
  YESTERDAY        0                         0      0        0
  MONTH TO DATE    0                         0      0        0
  SINCE MAR 1      0                         0      0        0
  SINCE JAN 1      0                         0      0        0
..................................................................


WIND (MPH)
  RESULTANT WIND SPEED  10   RESULTANT WIND DIRECTION  NW (310)
  HIGHEST WIND SPEED    28   HIGHEST WIND DIRECTION     W (290)
  HIGHEST GUST SPEED    37   HIGHEST GUST DIRECTION    NW (300)
  AVERAGE WIND SPEED    11.0


SKY COVER
  AVERAGE SKY COVER 0.6


WEATHER CONDITIONS
 THE FOLLOWING WEATHER WAS RECORDED YESTERDAY.
  SNOW
  LIGHT SNOW
  FOG
  FOG W/VISIBILITY <= 1/4 MILE
  HAZE


RELATIVE HUMIDITY (PERCENT)
 HIGHEST   100           400 AM
 LOWEST     45          1100 PM
 AVERAGE    73

..........................................................


THE CONCORD NH CLIMATE NORMALS FOR TODAY
                         NORMAL    RECORD    YEAR
 MAXIMUM TEMPERATURE (F)   39        62      1874
 MINIMUM TEMPERATURE (F)   18       -13      1884


SUNRISE AND SUNSET
MARCH  3 2015.........SUNRISE   619 AM EST   SUNSET   537 PM EST
MARCH  4 2015.........SUNRISE   618 AM EST   SUNSET   539 PM EST


-  INDICATES NEGATIVE NUMBERS.
R  INDICATES RECORD WAS SET OR TIED.
MM INDICATES DATA IS MISSING.
T  INDICATES TRACE AMOUNT.




$$
