000
CDUS41 KGYX 310802
CLICON


CLIMATE REPORT
NATIONAL WEATHER SERVICE GRAY ME
402 AM EDT WED AUG 31 2016


...................................

...THE CONCORD NH CLIMATE SUMMARY FOR AUGUST 30 2016...

CLIMATE NORMAL PERIOD 1981 TO 2010
CLIMATE RECORD PERIOD 1868 TO 2016


WEATHER ITEM   OBSERVED TIME   RECORD YEAR NORMAL DEPARTURE LAST
                VALUE   (LST)  VALUE       VALUE  FROM      YEAR
                                                  NORMAL
..................................................................
TEMPERATURE (F)
 YESTERDAY
  MAXIMUM         84    254 PM  96    1953  78      6       85
  MINIMUM         49    521 AM  32    1965  54     -5       57
  AVERAGE         67                        66      1       71

PRECIPITATION (IN)
  YESTERDAY        0.00          1.54 1975   0.10  -0.10     0.00
  MONTH TO DATE    1.89                      3.09  -1.20     5.56
  SINCE JUN 1      5.48                     10.52  -5.04    12.89
  SINCE JAN 1     18.18                     26.18  -8.00    23.34

SNOWFALL (IN)
  YESTERDAY        0.0           0.0  2002   0.0    0.0      0.0
                                      2001
                                      2000
  MONTH TO DATE    0.0                       0.0    0.0      0.0
  SINCE JUN 1      0.0                       0.0    0.0      0.0
  SINCE JUL 1      0.0                       0.0    0.0      0.0
  SNOW DEPTH       0

DEGREE DAYS
 HEATING
  YESTERDAY        0                         2     -2        0
  MONTH TO DATE    1                        30    -29        0
  SINCE JUN 1     54                       132    -78      103
  SINCE JUL 1     12                        47    -35        8

 COOLING
  YESTERDAY        2                         3     -1        6
  MONTH TO DATE  246                       136    110      167
  SINCE JUN 1    578                       392    186      426
  SINCE JAN 1    618                       410    208      492
..................................................................


WIND (MPH)
  RESULTANT WIND SPEED   2   RESULTANT WIND DIRECTION   W (250)
  HIGHEST WIND SPEED    12   HIGHEST WIND DIRECTION    SW (240)
  HIGHEST GUST SPEED    17   HIGHEST GUST DIRECTION    SE (150)
  AVERAGE WIND SPEED     2.7


SKY COVER
  AVERAGE SKY COVER 0.0


WEATHER CONDITIONS
 THE FOLLOWING WEATHER WAS RECORDED YESTERDAY.
  NO SIGNIFICANT WEATHER WAS OBSERVED.


RELATIVE HUMIDITY (PERCENT)
 HIGHEST    93           100 AM
 LOWEST     33          1200 PM
 AVERAGE    63

..........................................................


THE CONCORD NH CLIMATE NORMALS FOR TODAY
                         NORMAL    RECORD    YEAR
 MAXIMUM TEMPERATURE (F)   78        95      2010
 MINIMUM TEMPERATURE (F)   53        29      1965


SUNRISE AND SUNSET
AUGUST 31 2016........SUNRISE   610 AM EDT   SUNSET   722 PM EDT
SEPTEMBER  1 2016.....SUNRISE   611 AM EDT   SUNSET   720 PM EDT


-  INDICATES NEGATIVE NUMBERS.
R  INDICATES RECORD WAS SET OR TIED.
MM INDICATES DATA IS MISSING.
T  INDICATES TRACE AMOUNT.




$$
