000
CDUS45 KPUB 080053
CLICOS


CLIMATE REPORT
NATIONAL WEATHER SERVICE PUEBLO
553 PM MST WED DEC 7 2016


...................................

...THE COLORADO SPRINGS CO CLIMATE SUMMARY FOR DECEMBER 7 2016...
VALID TODAY AS OF 0500 PM LOCAL TIME.

CLIMATE NORMAL PERIOD 1981 TO 2010
CLIMATE RECORD PERIOD 1872 TO 2016


WEATHER ITEM   OBSERVED TIME   RECORD YEAR NORMAL DEPARTURE LAST
                VALUE   (LST)  VALUE       VALUE  FROM      YEAR
                                                  NORMAL
..................................................................
TEMPERATURE (F)
 TODAY
  MAXIMUM         21   1031 AM  68    1906  42    -21       57
  MINIMUM         10    638 AM -15    2005  18     -8       31
  AVERAGE         16                        30    -14       44

PRECIPITATION (IN)
  TODAY            0.03          0.35 1988   0.01   0.02     0.00
  MONTH TO DATE    0.07                      0.08  -0.01     0.02
  SINCE DEC 1      0.07                      0.08  -0.01     0.02
  SINCE JAN 1     13.74                     16.28  -2.54    25.02

SNOWFALL (IN)
  TODAY            0.5           4.7  1988   0.2    0.3      0.0
  MONTH TO DATE    0.8                       1.3   -0.5       T
  SINCE DEC 1      0.8                       1.3   -0.5       T
  SINCE JUL 1      0.8                       9.1   -8.3      5.8
  SNOW DEPTH       T

DEGREE DAYS
 HEATING
  TODAY           49                        35     14       21
  MONTH TO DATE  276                       238     38      197
  SINCE DEC 1    276                       238     38      197
  SINCE JUL 1   1179                      1719   -540     1300

 COOLING
  TODAY            0                         0      0        0
  MONTH TO DATE    0                         0      0        0
  SINCE DEC 1      0                         0      0        0
  SINCE JAN 1    710                       455    255      617
..................................................................


WIND (MPH)
  HIGHEST WIND SPEED    21   HIGHEST WIND DIRECTION     N (360)
  HIGHEST GUST SPEED    23   HIGHEST GUST DIRECTION     N (10)
  AVERAGE WIND SPEED     8.4


SKY COVER
  POSSIBLE SUNSHINE  MM
  AVERAGE SKY COVER 0.8


WEATHER CONDITIONS
 THE FOLLOWING WEATHER WAS RECORDED TODAY.
  LIGHT SNOW
  FOG
  HAZE


RELATIVE HUMIDITY (PERCENT)
 HIGHEST    80           200 AM
 LOWEST     56          1000 AM
 AVERAGE    68

..........................................................


THE COLORADO SPRINGS CO CLIMATE NORMALS FOR TOMORROW
                         NORMAL    RECORD    YEAR
 MAXIMUM TEMPERATURE (F)   42        65      1970
 MINIMUM TEMPERATURE (F)   18       -14      1978


SUNRISE AND SUNSET
DECEMBER  7 2016......SUNRISE   704 AM MST   SUNSET   437 PM MST
DECEMBER  8 2016......SUNRISE   705 AM MST   SUNSET   437 PM MST


-  INDICATES NEGATIVE NUMBERS.
R  INDICATES RECORD WAS SET OR TIED.
MM INDICATES DATA IS MISSING.
T  INDICATES TRACE AMOUNT.




$$
