000
CDUS45 KPUB 250031
CLICOS


CLIMATE REPORT
NATIONAL WEATHER SERVICE PUEBLO
631 PM MDT TUE MAY 24 2016


...................................

...THE COLORADO SPRINGS CO CLIMATE SUMMARY FOR MAY 24 2016...
VALID TODAY AS OF 0500 PM LOCAL TIME.

CLIMATE NORMAL PERIOD 1981 TO 2010
CLIMATE RECORD PERIOD 1872 TO 2016


WEATHER ITEM   OBSERVED TIME   RECORD YEAR NORMAL DEPARTURE LAST
                VALUE   (LST)  VALUE       VALUE  FROM      YEAR
                                                  NORMAL
..................................................................
TEMPERATURE (F)
 TODAY
  MAXIMUM         75    403 PM  93    1984  71      4       59
  MINIMUM         47    429 AM  31    1943  45      2       42
  AVERAGE         61                        58      3       51

PRECIPITATION (IN)
  TODAY            0.00          1.76 1908   0.08  -0.08     0.02
  MONTH TO DATE    1.03                      1.48  -0.45     7.36
  SINCE MAR 1      4.04                      3.90   0.14     9.14
  SINCE JAN 1      5.58                      4.56   1.02    11.46

SNOWFALL (IN)
  TODAY            0.0           T    2012   0.0    0.0      0.0
                                      2002
                                      1950
  MONTH TO DATE    T                         0.7   -0.7       T
  SINCE MAR 1     23.6                      13.7    9.9      5.6
  SINCE JUL 1     50.7                      37.7   13.0     46.5
  SNOW DEPTH       0

DEGREE DAYS
 HEATING
  TODAY            4                         7     -3       14
  MONTH TO DATE  267                       247     20      338
  SINCE MAR 1   1520                      1606    -86     1496
  SINCE JUL 1   5423                      6169   -746     5717

 COOLING
  TODAY            0                         0      0        0
  MONTH TO DATE    2                         0      2        0
  SINCE MAR 1      2                         1      1        0
  SINCE JAN 1      2                         1      1        0
..................................................................


WIND (MPH)
  HIGHEST WIND SPEED    23   HIGHEST WIND DIRECTION     S (170)
  HIGHEST GUST SPEED    32   HIGHEST GUST DIRECTION    SE (120)
  AVERAGE WIND SPEED    10.6


SKY COVER
  POSSIBLE SUNSHINE  MM
  AVERAGE SKY COVER 0.5


WEATHER CONDITIONS
 THE FOLLOWING WEATHER WAS RECORDED TODAY.
  THUNDERSTORM


RELATIVE HUMIDITY (PERCENT)
 HIGHEST    71           500 AM
 LOWEST     27           300 PM
 AVERAGE    49

..........................................................


THE COLORADO SPRINGS CO CLIMATE NORMALS FOR TOMORROW
                         NORMAL    RECORD    YEAR
 MAXIMUM TEMPERATURE (F)   72        92      1964
 MINIMUM TEMPERATURE (F)   45        30      1950


SUNRISE AND SUNSET
MAY 24 2016...........SUNRISE   539 AM MDT   SUNSET   813 PM MDT
MAY 25 2016...........SUNRISE   539 AM MDT   SUNSET   813 PM MDT


-  INDICATES NEGATIVE NUMBERS.
R  INDICATES RECORD WAS SET OR TIED.
MM INDICATES DATA IS MISSING.
T  INDICATES TRACE AMOUNT.




$$
