000
CDUS45 KPUB 130020
CLICOS


CLIMATE REPORT
NATIONAL WEATHER SERVICE PUEBLO
520 PM MST TUE DEC 12 2017


...................................

...THE COLORADO SPRINGS CO CLIMATE SUMMARY FOR DECEMBER 12 2017...
VALID TODAY AS OF 0500 PM LOCAL TIME.

CLIMATE NORMAL PERIOD 1981 TO 2010
CLIMATE RECORD PERIOD 1872 TO 2017


WEATHER ITEM   OBSERVED TIME   RECORD YEAR NORMAL DEPARTURE LAST
                VALUE   (LST)  VALUE       VALUE  FROM      YEAR
                                                  NORMAL
..................................................................
TEMPERATURE (F)
 TODAY
  MAXIMUM         61    218 PM  67    1934  42     19       54
  MINIMUM         21    513 AM -24    1932  17      4       19
  AVERAGE         41                        30     11       37

PRECIPITATION (IN)
  TODAY            0.00          0.20 1926   0.01  -0.01     0.00
  MONTH TO DATE    0.00                      0.14  -0.14     0.13
  SINCE DEC 1      0.00                      0.14  -0.14     0.13
  SINCE JAN 1     18.43                     16.34   2.09    13.80

SNOWFALL (IN)
  TODAY            0.0           3.0  1926   0.2   -0.2      0.0
  MONTH TO DATE    0.0                       2.3   -2.3      2.4
  SINCE DEC 1      0.0                       2.3   -2.3      2.4
  SINCE JUL 1      1.6                      10.1   -8.5      2.4
  SNOW DEPTH       0

DEGREE DAYS
 HEATING
  TODAY           24                        36    -12       28
  MONTH TO DATE  312                       414   -102      450
  SINCE DEC 1    312                       414   -102      450
  SINCE JUL 1   1480                      1895   -415     1353

 COOLING
  TODAY            0                         0      0        0
  MONTH TO DATE    0                         0      0        0
  SINCE DEC 1      0                         0      0        0
  SINCE JAN 1    639                       455    184      710
..................................................................


WIND (MPH)
  HIGHEST WIND SPEED    12   HIGHEST WIND DIRECTION     N (10)
  HIGHEST GUST SPEED    12   HIGHEST GUST DIRECTION     S (160)
  AVERAGE WIND SPEED     6.1


SKY COVER
  POSSIBLE SUNSHINE  MM
  AVERAGE SKY COVER 0.1


WEATHER CONDITIONS
 THE FOLLOWING WEATHER WAS RECORDED TODAY.
  NO SIGNIFICANT WEATHER WAS OBSERVED.


RELATIVE HUMIDITY (PERCENT)
 HIGHEST    50           600 AM
 LOWEST     14          1100 AM
 AVERAGE    32

..........................................................


THE COLORADO SPRINGS CO CLIMATE NORMALS FOR TOMORROW
                         NORMAL    RECORD    YEAR
 MAXIMUM TEMPERATURE (F)   42        69      1988
 MINIMUM TEMPERATURE (F)   17       -12      1919


SUNRISE AND SUNSET
DECEMBER 12 2017......SUNRISE   708 AM MST   SUNSET   437 PM MST
DECEMBER 13 2017......SUNRISE   709 AM MST   SUNSET   438 PM MST


-  INDICATES NEGATIVE NUMBERS.
R  INDICATES RECORD WAS SET OR TIED.
MM INDICATES DATA IS MISSING.
T  INDICATES TRACE AMOUNT.




$$
