000
CDUS43 KLSX 252248
CLICOU


CLIMATE REPORT
NATIONAL WEATHER SERVICE ST LOUIS MO
447 PM CST SAT FEB 25 2017


...................................

...THE COLUMBIA ASOS CLIMATE SUMMARY FOR FEBRUARY 25 2017...
VALID TODAY AS OF 0400 PM LOCAL TIME.

CLIMATE NORMAL PERIOD 1981 TO 2010
CLIMATE RECORD PERIOD 1890 TO 2017


WEATHER ITEM   OBSERVED TIME   RECORD YEAR NORMAL DEPARTURE LAST
                VALUE   (LST)  VALUE       VALUE  FROM      YEAR
                                                  NORMAL
..................................................................
TEMPERATURE (F)
 TODAY
  MAXIMUM         41    359 PM  74    1981  48     -7       44
                                      1946
  MINIMUM         23    708 AM  -1    2003  28     -5       30
  AVERAGE         32                        38     -6       37

PRECIPITATION (IN)
  TODAY            T             1.45 1899   0.09  -0.09      T
  MONTH TO DATE    0.06                      1.99  -1.93     0.75
  SINCE DEC 1      2.08                      6.35  -4.27     8.69
  SINCE JAN 1      1.07                      3.91  -2.84     1.65

SNOWFALL (IN)
  TODAY            T             9.8  1993   0.1   -0.1       T
  MONTH TO DATE    T                         4.3   -4.3      2.1
  SINCE DEC 1      1.6                      14.8  -13.2      9.0
  SINCE JUL 1      1.6                      15.7  -14.1      9.0
  SNOW DEPTH       0

DEGREE DAYS
 HEATING
  TODAY           33                        27      6       28
  MONTH TO DATE  490                       777   -287      684
  SINCE DEC 1   2414                      2881   -467     2413
  SINCE JUL 1   2997                      3866   -869     3109

 COOLING
  TODAY            0                         0      0        0
  MONTH TO DATE    3                         0      3        0
  SINCE DEC 1      3                         0      3        0
  SINCE JAN 1      3                         0      3        0
..................................................................


WIND (MPH)
  HIGHEST WIND SPEED    25   HIGHEST WIND DIRECTION    NW (300)
  HIGHEST GUST SPEED    31   HIGHEST GUST DIRECTION     W (290)
  AVERAGE WIND SPEED    15.2


SKY COVER
  AVERAGE SKY COVER 0.4



RELATIVE HUMIDITY (PERCENT)
 HIGHEST    69          1200 AM
 LOWEST     28           300 PM
 AVERAGE    49

..........................................................


THE COLUMBIA ASOS CLIMATE NORMALS FOR TOMORROW
                         NORMAL    RECORD    YEAR
 MAXIMUM TEMPERATURE (F)   48        77      1996
 MINIMUM TEMPERATURE (F)   28        -1      1934


SUNRISE AND SUNSET
FEBRUARY 25 2017......SUNRISE   646 AM CST   SUNSET   558 PM CST
FEBRUARY 26 2017......SUNRISE   645 AM CST   SUNSET   559 PM CST


-  INDICATES NEGATIVE NUMBERS.
R  INDICATES RECORD WAS SET OR TIED.
MM INDICATES DATA IS MISSING.
T  INDICATES TRACE AMOUNT.




$$
