000
CDUS43 KLSX 222231
CLICOU


CLIMATE REPORT
NATIONAL WEATHER SERVICE ST LOUIS MO
531 PM CDT WED OCT 22 2014


...................................

...THE COLUMBIA ASOS CLIMATE SUMMARY FOR OCTOBER 22 2014...
VALID TODAY AS OF 0500 PM LOCAL TIME.

CLIMATE NORMAL PERIOD 1981 TO 2010
CLIMATE RECORD PERIOD 1890 TO 2014


WEATHER ITEM   OBSERVED TIME   RECORD YEAR NORMAL DEPARTURE LAST
                VALUE   (LST)  VALUE       VALUE  FROM      YEAR
                                                  NORMAL
..................................................................
TEMPERATURE (F)
 TODAY
  MAXIMUM         66    259 PM  88    1899  65      1       65
  MINIMUM         42    640 AM  24    1976  43     -1       35
  AVERAGE         54                        54      0       50

PRECIPITATION (IN)
  TODAY            0.00          1.49 2009   0.10  -0.10     0.08
  MONTH TO DATE    9.86                      2.45   7.41     1.20
  SINCE SEP 1     16.01                      6.32   9.69     3.62
  SINCE JAN 1     40.30                     36.07   4.23    36.71

SNOWFALL (IN)
  TODAY            0.0           T    1996   0.0    0.0      0.0
                                      1917
  MONTH TO DATE    0.0                       0.0    0.0      0.0
  SINCE SEP 1      0.0                       0.0    0.0      0.0
  SINCE JUL 1      0.0                       0.0    0.0      0.0
  SNOW DEPTH       0

DEGREE DAYS
 HEATING
  TODAY           11                        11      0       15
  MONTH TO DATE  166                       184    -18      163
  SINCE SEP 1    213                       250    -37      179
  SINCE JUL 1    213                       252    -39      179

 COOLING
  TODAY            0                         0      0        0
  MONTH TO DATE    6                        15     -9       47
  SINCE SEP 1    144                       159    -15      254
  SINCE JAN 1   1254                      1242     12     1321
..................................................................


WIND (MPH)
  HIGHEST WIND SPEED    14   HIGHEST WIND DIRECTION    SE (150)
  HIGHEST GUST SPEED    17   HIGHEST GUST DIRECTION    SE (130)
  AVERAGE WIND SPEED     8.1


SKY COVER
  AVERAGE SKY COVER 0.0



RELATIVE HUMIDITY (PERCENT)
 HIGHEST    96           700 AM
 LOWEST     44           400 PM
 AVERAGE    70

..........................................................


THE COLUMBIA ASOS CLIMATE NORMALS FOR TOMORROW
                         NORMAL    RECORD    YEAR
 MAXIMUM TEMPERATURE (F)   65        91      1939
 MINIMUM TEMPERATURE (F)   43        21      1895


SUNRISE AND SUNSET
OCTOBER 22 2014.......SUNRISE   725 AM CDT   SUNSET   621 PM CDT
OCTOBER 23 2014.......SUNRISE   726 AM CDT   SUNSET   619 PM CDT


-  INDICATES NEGATIVE NUMBERS.
R  INDICATES RECORD WAS SET OR TIED.
MM INDICATES DATA IS MISSING.
T  INDICATES TRACE AMOUNT.




$$
