000
CDUS45 KRIW 040138
CLICPR


CLIMATE REPORT
NATIONAL WEATHER SERVICE RIVERTON WY
638 PM MST TUE MAR 3 2015


...................................

...THE CASPER WY CLIMATE SUMMARY FOR MARCH 3 2015...
VALID TODAY AS OF 0500 PM LOCAL TIME.

CLIMATE NORMAL PERIOD 1981 TO 2010
CLIMATE RECORD PERIOD 1939 TO 2015


WEATHER ITEM   OBSERVED TIME   RECORD YEAR NORMAL DEPARTURE LAST
                VALUE   (LST)  VALUE       VALUE  FROM      YEAR
                                                  NORMAL
..................................................................
TEMPERATURE (F)
 TODAY
  MAXIMUM         21        MM  65    1992  43    -22       48
  MINIMUM          6        MM -19    1960  19    -13       32
  AVERAGE         14                        31    -17       40

PRECIPITATION (IN)
  TODAY            0.13          0.42 1980   0.02   0.11     0.00
  MONTH TO DATE    0.61                      0.06   0.55     0.20
  SINCE MAR 1      0.61                      0.06   0.55     0.20
  SINCE JAN 1      1.92                      1.14   0.78     1.68

SNOWFALL (IN)
  TODAY            3.6                       0.3    3.3      0.0
  MONTH TO DATE    8.7                       0.9    7.8      3.0
  SINCE MAR 1      8.7                       0.9    7.8      3.0
  SINCE JUL 1     60.1                      50.3    9.8     69.2
  SNOW DEPTH       7

DEGREE DAYS
 HEATING
  TODAY           51                        34     17       25
  MONTH TO DATE  134                       102     32      140
  SINCE MAR 1    134                       102     32      140
  SINCE JUL 1   5185                      5550   -365     5904

 COOLING
  TODAY            0                         0      0        0
  MONTH TO DATE    0                         0      0        0
  SINCE MAR 1      0                         0      0        0
  SINCE JAN 1      0                         0      0        0
..................................................................


WIND (MPH)
  HIGHEST WIND SPEED    23   HIGHEST WIND DIRECTION     N (10)
  HIGHEST GUST SPEED    33   HIGHEST GUST DIRECTION     N (10)
  AVERAGE WIND SPEED    12.0


SKY COVER
  POSSIBLE SUNSHINE  MM
  AVERAGE SKY COVER 1.0


WEATHER CONDITIONS
 THE FOLLOWING WEATHER WAS RECORDED TODAY.
  SNOW
  LIGHT SNOW
  FOG
  HAZE


RELATIVE HUMIDITY (PERCENT)
 HIGHEST    96          1200 AM
 LOWEST     73          1000 AM
 AVERAGE    85

..........................................................


THE CASPER WY CLIMATE NORMALS FOR TOMORROW
                         NORMAL    RECORD    YEAR
 MAXIMUM TEMPERATURE (F)   44        65      2000
 MINIMUM TEMPERATURE (F)   20       -15      1989


SUNRISE AND SUNSET
MARCH  3 2015.........SUNRISE   639 AM MST   SUNSET   558 PM MST
MARCH  4 2015.........SUNRISE   637 AM MST   SUNSET   559 PM MST


-  INDICATES NEGATIVE NUMBERS.
R  INDICATES RECORD WAS SET OR TIED.
MM INDICATES DATA IS MISSING.
T  INDICATES TRACE AMOUNT.




$$
