000
CDUS45 KRIW 280733
CLICPR


CLIMATE REPORT
NATIONAL WEATHER SERVICE RIVERTON WY
133 AM MDT SUN AUG 28 2016


...................................

...THE CASPER WY CLIMATE SUMMARY FOR AUGUST 27 2016...

CLIMATE NORMAL PERIOD 1981 TO 2010
CLIMATE RECORD PERIOD 1939 TO 2016


WEATHER ITEM   OBSERVED TIME   RECORD YEAR NORMAL DEPARTURE LAST
                VALUE   (LST)  VALUE       VALUE  FROM      YEAR
                                                  NORMAL
..................................................................
TEMPERATURE (F)
 YESTERDAY
  MAXIMUM         82    343 PM  96    2012  84     -2       79
                                      2011
                                      1995
  MINIMUM         44    155 AM  37    1976  49     -5       62
  AVERAGE         63                        66     -3       71

PRECIPITATION (IN)
  YESTERDAY        0.00          0.24 1978   0.03  -0.03      T
  MONTH TO DATE    1.30                      0.76   0.54     0.83
  SINCE JUN 1      2.71                      3.78  -1.07     2.90
  SINCE JAN 1     12.17                      8.99   3.18    10.40

SNOWFALL (IN)
  YESTERDAY        0.0                       0.0    0.0      0.0
  MONTH TO DATE    0.0                       0.0    0.0      0.0
  SINCE JUN 1      0.0                       0.1   -0.1      0.0
  SINCE JUL 1      0.0                       0.0    0.0      0.0
  SNOW DEPTH       0

DEGREE DAYS
 HEATING
  YESTERDAY        2                         2      0        0
  MONTH TO DATE   55                        20     35       44
  SINCE JUN 1     97                       172    -75       86
  SINCE JUL 1     60                        36     24       60

 COOLING
  YESTERDAY        0                         3     -3        6
  MONTH TO DATE  103                       141    -38      122
  SINCE JUN 1    412                       382     30      328
  SINCE JAN 1    412                       386     26      328
..................................................................


WIND (MPH)
  HIGHEST WIND SPEED    28   HIGHEST WIND DIRECTION    SW (220)
  HIGHEST GUST SPEED    33   HIGHEST GUST DIRECTION    SW (210)
  AVERAGE WIND SPEED    11.2


SKY COVER
  POSSIBLE SUNSHINE  MM
  AVERAGE SKY COVER 0.0


WEATHER CONDITIONS
 THE FOLLOWING WEATHER WAS RECORDED YESTERDAY.
  NO SIGNIFICANT WEATHER WAS OBSERVED.


RELATIVE HUMIDITY (PERCENT)
 HIGHEST    93          1200 AM
 LOWEST     10           300 PM
 AVERAGE    52

..........................................................


THE CASPER WY CLIMATE NORMALS FOR TODAY
                         NORMAL    RECORD    YEAR
 MAXIMUM TEMPERATURE (F)   83        95      2012
                                             1995
 MINIMUM TEMPERATURE (F)   49        34      2004


SUNRISE AND SUNSET
AUGUST 28 2016........SUNRISE   627 AM MDT   SUNSET   746 PM MDT
AUGUST 29 2016........SUNRISE   628 AM MDT   SUNSET   745 PM MDT


-  INDICATES NEGATIVE NUMBERS.
R  INDICATES RECORD WAS SET OR TIED.
MM INDICATES DATA IS MISSING.
T  INDICATES TRACE AMOUNT.




$$
