000
CDUS45 KRIW 010736
CLICPR


CLIMATE REPORT
NATIONAL WEATHER SERVICE RIVERTON WY
134 AM MDT FRI AUG 1 2014


...................................

...THE CASPER WY CLIMATE SUMMARY FOR JULY 31 2014...

CLIMATE NORMAL PERIOD 1981 TO 2010
CLIMATE RECORD PERIOD 1939 TO 2014


WEATHER ITEM   OBSERVED TIME   RECORD YEAR NORMAL DEPARTURE LAST
                VALUE   (LST)  VALUE       VALUE  FROM      YEAR
                                                  NORMAL
..................................................................
TEMPERATURE (F)
 YESTERDAY
  MAXIMUM         86    329 PM  99    1988  89     -3       87
  MINIMUM         45    506 AM  42    1968  54     -9       48
  AVERAGE         66                        72     -6       68

PRECIPITATION (IN)
  YESTERDAY        0.00          0.57 1996   0.04  -0.04      T
  MONTH TO DATE    1.17                      1.41  -0.24     1.66
  SINCE JUN 1      2.52                      3.02  -0.50     2.53
  SINCE JAN 1      7.28                      8.23  -0.95     8.50

SNOWFALL (IN)
  YESTERDAY        0.0                       0.0    0.0      0.0
  MONTH TO DATE    T                         0.0    0.0      0.0
  SINCE JUN 1      T                         0.1   -0.1      0.0
  SINCE JUL 1      T                         0.0    0.0      0.0
  SNOW DEPTH       0

DEGREE DAYS
 HEATING
  YESTERDAY        0                         0      0        0
  MONTH TO DATE   16                        11      5        0
  SINCE JUN 1    174                       152     22       72
  SINCE JUL 1     16                        16      0        0

 COOLING
  YESTERDAY        1                         7     -6        3
  MONTH TO DATE  188                       188      0      230
  SINCE JUN 1    205                       241    -36      313
  SINCE JAN 1    211                       245    -34      323
..................................................................


WIND (MPH)
  HIGHEST WIND SPEED    13   HIGHEST WIND DIRECTION     E (110)
  HIGHEST GUST SPEED    17   HIGHEST GUST DIRECTION    SE (120)
  AVERAGE WIND SPEED     5.3


SKY COVER
  POSSIBLE SUNSHINE  MM
  AVERAGE SKY COVER 0.0


WEATHER CONDITIONS
 THE FOLLOWING WEATHER WAS RECORDED YESTERDAY.
  NO SIGNIFICANT WEATHER WAS OBSERVED.


RELATIVE HUMIDITY (PERCENT)
 HIGHEST    92           500 AM
 LOWEST      8           500 PM
 AVERAGE    50

..........................................................


THE CASPER WY CLIMATE NORMALS FOR TODAY
                         NORMAL    RECORD    YEAR
 MAXIMUM TEMPERATURE (F)   89        99      2008
 MINIMUM TEMPERATURE (F)   54        42      1968


SUNRISE AND SUNSET
AUGUST  1 2014........SUNRISE   557 AM MDT   SUNSET   827 PM MDT
AUGUST  2 2014........SUNRISE   558 AM MDT   SUNSET   825 PM MDT


-  INDICATES NEGATIVE NUMBERS.
R  INDICATES RECORD WAS SET OR TIED.
MM INDICATES DATA IS MISSING.
T  INDICATES TRACE AMOUNT.




$$
