449
CDUS45 KRIW 300740
CLICPR


CLIMATE REPORT
NATIONAL WEATHER SERVICE RIVERTON WY
128 AM MDT SAT JUL 30 2016


...................................

...THE CASPER WY CLIMATE SUMMARY FOR JULY 29 2016...

CLIMATE NORMAL PERIOD 1981 TO 2010
CLIMATE RECORD PERIOD 1939 TO 2016


WEATHER ITEM   OBSERVED TIME   RECORD YEAR NORMAL DEPARTURE LAST
                VALUE   (LST)  VALUE       VALUE  FROM      YEAR
                                                  NORMAL
..................................................................
TEMPERATURE (F)
 YESTERDAY
  MAXIMUM         90    138 PM 104    2006  89      1       83
  MINIMUM         49    451 AM  36    2015  54     -5       36
  AVERAGE         70                        72     -2       60

PRECIPITATION (IN)
  YESTERDAY        0.08          1.10 1998   0.04   0.04     0.00
  MONTH TO DATE    0.24                      1.32  -1.08     0.57
  SINCE JUN 1      1.41                      2.93  -1.52     2.07
  SINCE JAN 1     10.87                      8.14   2.73     9.57

SNOWFALL (IN)
  YESTERDAY        0.0                       0.0    0.0      0.0
  MONTH TO DATE    0.0                       0.0    0.0      0.0
  SINCE JUN 1      0.0                       0.1   -0.1      0.0
  SINCE JUL 1      0.0                       0.0    0.0      0.0
  SNOW DEPTH       0

DEGREE DAYS
 HEATING
  YESTERDAY        0                         0      0        5
  MONTH TO DATE    5                        11     -6       16
  SINCE JUN 1     42                       147   -105       42
  SINCE JUL 1      5                        11     -6       16

 COOLING
  YESTERDAY        5                         7     -2        0
  MONTH TO DATE  185                       176      9      126
  SINCE JUN 1    288                       229     59      202
  SINCE JAN 1    288                       233     55      202
..................................................................


WIND (MPH)
  HIGHEST WIND SPEED    25   HIGHEST WIND DIRECTION    NE (50)
  HIGHEST GUST SPEED    31   HIGHEST GUST DIRECTION    NE (50)
  AVERAGE WIND SPEED     7.7


SKY COVER
  POSSIBLE SUNSHINE  MM
  AVERAGE SKY COVER 0.1


WEATHER CONDITIONS
 THE FOLLOWING WEATHER WAS RECORDED YESTERDAY.
  THUNDERSTORM
  LIGHT RAIN
  HAZE


RELATIVE HUMIDITY (PERCENT)
 HIGHEST    93           500 AM
 LOWEST     21           200 PM
 AVERAGE    57

..........................................................


THE CASPER WY CLIMATE NORMALS FOR TODAY
                         NORMAL    RECORD    YEAR
 MAXIMUM TEMPERATURE (F)   89       101      2006
 MINIMUM TEMPERATURE (F)   54        38      1971


SUNRISE AND SUNSET
JULY 30 2016..........SUNRISE   555 AM MDT   SUNSET   828 PM MDT
JULY 31 2016..........SUNRISE   557 AM MDT   SUNSET   827 PM MDT


-  INDICATES NEGATIVE NUMBERS.
R  INDICATES RECORD WAS SET OR TIED.
MM INDICATES DATA IS MISSING.
T  INDICATES TRACE AMOUNT.




$$
