000
CDUS45 KRIW 300742
CLICPR


CLIMATE REPORT
NATIONAL WEATHER SERVICE RIVERTON WY
131 AM MDT SAT APR 30 2016


...................................

...THE CASPER WY CLIMATE SUMMARY FOR APRIL 29 2016...

CLIMATE NORMAL PERIOD 1981 TO 2010
CLIMATE RECORD PERIOD 1939 TO 2016


WEATHER ITEM   OBSERVED TIME   RECORD YEAR NORMAL DEPARTURE LAST
                VALUE   (LST)  VALUE       VALUE  FROM      YEAR
                                                  NORMAL
..................................................................
TEMPERATURE (F)
 YESTERDAY
  MAXIMUM         42   1251 PM  83    1992  61    -19       77
  MINIMUM         32   1159 PM  16    1990  32      0       35
  AVERAGE         37                        47    -10       56

PRECIPITATION (IN)
  YESTERDAY        0.09          0.62 1997   0.05   0.04     0.00
  MONTH TO DATE    3.32                      1.23   2.09     1.66
  SINCE MAR 1      4.68                      2.05   2.63     2.30
  SINCE JAN 1      6.14                      3.13   3.01     3.61

SNOWFALL (IN)
  YESTERDAY        T                         0.3   -0.3      0.0
  MONTH TO DATE   13.3                      11.3    2.0      4.7
  SINCE MAR 1     26.7                      22.2    4.5     14.0
  SINCE JUL 1     85.4                      71.6   13.8     65.4
  SNOW DEPTH      MM

DEGREE DAYS
 HEATING
  YESTERDAY       28                        18     10        9
  MONTH TO DATE  624                       651    -27      615
  SINCE MAR 1   1478                      1576    -98     1384
  SINCE JUL 1   6413                      7024   -611     6435

 COOLING
  YESTERDAY        0                         0      0        0
  MONTH TO DATE    0                         0      0        0
  SINCE MAR 1      0                         0      0        0
  SINCE JAN 1      0                         0      0        0
..................................................................


WIND (MPH)
  HIGHEST WIND SPEED    23   HIGHEST WIND DIRECTION     E (90)
  HIGHEST GUST SPEED    28   HIGHEST GUST DIRECTION     E (80)
  AVERAGE WIND SPEED    12.5


SKY COVER
  POSSIBLE SUNSHINE  MM
  AVERAGE SKY COVER 1.0


WEATHER CONDITIONS
 THE FOLLOWING WEATHER WAS RECORDED YESTERDAY.
  LIGHT RAIN
  LIGHT SNOW
  FOG


RELATIVE HUMIDITY (PERCENT)
 HIGHEST    92           500 PM
 LOWEST     65          1100 AM
 AVERAGE    79

..........................................................


THE CASPER WY CLIMATE NORMALS FOR TODAY
                         NORMAL    RECORD    YEAR
 MAXIMUM TEMPERATURE (F)   62        84      1992
 MINIMUM TEMPERATURE (F)   32        18      1967


SUNRISE AND SUNSET
APRIL 30 2016.........SUNRISE   600 AM MDT   SUNSET   806 PM MDT
MAY  1 2016...........SUNRISE   559 AM MDT   SUNSET   807 PM MDT


-  INDICATES NEGATIVE NUMBERS.
R  INDICATES RECORD WAS SET OR TIED.
MM INDICATES DATA IS MISSING.
T  INDICATES TRACE AMOUNT.




$$
