000
CDUS45 KRIW 010736
CLICPR


CLIMATE REPORT
NATIONAL WEATHER SERVICE RIVERTON WY
136 AM MDT SAT AUG 1 2015


...................................

...THE CASPER WY CLIMATE SUMMARY FOR JULY 31 2015...

CLIMATE NORMAL PERIOD 1981 TO 2010
CLIMATE RECORD PERIOD 1939 TO 2015


WEATHER ITEM   OBSERVED TIME   RECORD YEAR NORMAL DEPARTURE LAST
                VALUE   (LST)  VALUE       VALUE  FROM      YEAR
                                                  NORMAL
..................................................................
TEMPERATURE (F)
 YESTERDAY
  MAXIMUM         93    329 PM  99    1988  89      4       86
  MINIMUM         44    428 AM  42    1968  54    -10       45
  AVERAGE         69                        72     -3       66

PRECIPITATION (IN)
  YESTERDAY        0.00          0.57 1996   0.04  -0.04     0.00
  MONTH TO DATE    0.57                      1.41  -0.84     1.17
  SINCE JUN 1      2.07                      3.02  -0.95     2.52
  SINCE JAN 1      9.57                      8.23   1.34     7.28

SNOWFALL (IN)
  YESTERDAY        0.0                       0.0    0.0      0.0
  MONTH TO DATE    0.0                       0.0    0.0       T
  SINCE JUN 1      0.0                       0.1   -0.1       T
  SINCE JUL 1      0.0                       0.0    0.0       T
  SNOW DEPTH       0

DEGREE DAYS
 HEATING
  YESTERDAY        0                         0      0        0
  MONTH TO DATE   16                        11      5       16
  SINCE JUN 1     42                       152   -110      174
  SINCE JUL 1     16                        16      0       16

 COOLING
  YESTERDAY        4                         7     -3        1
  MONTH TO DATE  130                       188    -58      188
  SINCE JUN 1    206                       241    -35      205
  SINCE JAN 1    206                       245    -39      211
..................................................................


WIND (MPH)
  HIGHEST WIND SPEED    15   HIGHEST WIND DIRECTION     W (290)
  HIGHEST GUST SPEED    19   HIGHEST GUST DIRECTION     W (270)
  AVERAGE WIND SPEED     5.6


SKY COVER
  POSSIBLE SUNSHINE  MM
  AVERAGE SKY COVER 0.0


WEATHER CONDITIONS
 THE FOLLOWING WEATHER WAS RECORDED YESTERDAY.
  NO SIGNIFICANT WEATHER WAS OBSERVED.


RELATIVE HUMIDITY (PERCENT)
 HIGHEST    61           400 AM
 LOWEST      9           100 PM
 AVERAGE    35

..........................................................


THE CASPER WY CLIMATE NORMALS FOR TODAY
                         NORMAL    RECORD    YEAR
 MAXIMUM TEMPERATURE (F)   89        99      2008
 MINIMUM TEMPERATURE (F)   54        42      1968


SUNRISE AND SUNSET
AUGUST  1 2015........SUNRISE   557 AM MDT   SUNSET   827 PM MDT
AUGUST  2 2015........SUNRISE   558 AM MDT   SUNSET   826 PM MDT


-  INDICATES NEGATIVE NUMBERS.
R  INDICATES RECORD WAS SET OR TIED.
MM INDICATES DATA IS MISSING.
T  INDICATES TRACE AMOUNT.




$$
