000
CDUS45 KRIW 220739
CLICPR


CLIMATE REPORT
NATIONAL WEATHER SERVICE RIVERTON WY
129 AM MDT FRI AUG 22 2014


...................................

...THE CASPER WY CLIMATE SUMMARY FOR AUGUST 21 2014...

CLIMATE NORMAL PERIOD 1981 TO 2010
CLIMATE RECORD PERIOD 1939 TO 2014


WEATHER ITEM   OBSERVED TIME   RECORD YEAR NORMAL DEPARTURE LAST
                VALUE   (LST)  VALUE       VALUE  FROM      YEAR
                                                  NORMAL
..................................................................
TEMPERATURE (F)
 YESTERDAY
  MAXIMUM         84    214 PM  95    1960  86     -2       86
                                      1949
  MINIMUM         51    352 AM  40    1966  51      0       60
  AVERAGE         68                        68      0       73

PRECIPITATION (IN)
  YESTERDAY        0.00          0.28 1987   0.02  -0.02      T
  MONTH TO DATE    0.55                      0.62  -0.07     0.68
  SINCE JUN 1      3.07                      3.64  -0.57     3.21
  SINCE JAN 1      7.83                      8.85  -1.02     9.18

SNOWFALL (IN)
  YESTERDAY        0.0                       0.0    0.0      0.0
  MONTH TO DATE    0.0                       0.0    0.0      0.0
  SINCE JUN 1      T                         0.1   -0.1      0.0
  SINCE JUL 1      T                         0.0    0.0      0.0
  SNOW DEPTH       0

DEGREE DAYS
 HEATING
  YESTERDAY        0                         1     -1        0
  MONTH TO DATE    0                        12    -12        0
  SINCE JUN 1    174                       164     10       72
  SINCE JUL 1     16                        28    -12        0

 COOLING
  YESTERDAY        3                         4     -1        8
  MONTH TO DATE  111                       120     -9      123
  SINCE JUN 1    316                       361    -45      436
  SINCE JAN 1    322                       365    -43      446
..................................................................


WIND (MPH)
  HIGHEST WIND SPEED    38   HIGHEST WIND DIRECTION    SW (210)
  HIGHEST GUST SPEED    48   HIGHEST GUST DIRECTION     S (200)
  AVERAGE WIND SPEED    13.8


SKY COVER
  POSSIBLE SUNSHINE  MM
  AVERAGE SKY COVER 0.2


WEATHER CONDITIONS
 THE FOLLOWING WEATHER WAS RECORDED YESTERDAY.
  THUNDERSTORM


RELATIVE HUMIDITY (PERCENT)
 HIGHEST    71           400 AM
 LOWEST     22           200 PM
 AVERAGE    47

..........................................................


THE CASPER WY CLIMATE NORMALS FOR TODAY
                         NORMAL    RECORD    YEAR
 MAXIMUM TEMPERATURE (F)   85        97      2010
                                             2009
 MINIMUM TEMPERATURE (F)   50        36      1966


SUNRISE AND SUNSET
AUGUST 22 2014........SUNRISE   620 AM MDT   SUNSET   757 PM MDT
AUGUST 23 2014........SUNRISE   621 AM MDT   SUNSET   755 PM MDT


-  INDICATES NEGATIVE NUMBERS.
R  INDICATES RECORD WAS SET OR TIED.
MM INDICATES DATA IS MISSING.
T  INDICATES TRACE AMOUNT.




$$
