000
CDUS45 KRIW 210034
CLICPR


CLIMATE REPORT
NATIONAL WEATHER SERVICE RIVERTON WY
633 PM MDT THU JUL 20 2017


...................................

...THE CASPER WY CLIMATE SUMMARY FOR JULY 20 2017...
VALID TODAY AS OF 0500 PM LOCAL TIME.

CLIMATE NORMAL PERIOD 1981 TO 2010
CLIMATE RECORD PERIOD 1939 TO 2017


WEATHER ITEM   OBSERVED TIME   RECORD YEAR NORMAL DEPARTURE LAST
                VALUE   (LST)  VALUE       VALUE  FROM      YEAR
                                                  NORMAL
..................................................................
TEMPERATURE (F)
 TODAY
  MAXIMUM         95        MM  99    2012  89      6       96
                                      2005
  MINIMUM         60        MM  43    2015  54      6       63
                                      1972
  AVERAGE         78                        72      6       80

PRECIPITATION (IN)
  TODAY            T             0.80 1990   0.05  -0.05     0.00
  MONTH TO DATE    0.06                      0.90  -0.84     0.01
  SINCE JUN 1      1.07                      2.51  -1.44     1.18
  SINCE JAN 1      8.67                      7.72   0.95    10.64

SNOWFALL (IN)
  TODAY            0.0                       0.0    0.0      0.0
  MONTH TO DATE    0.0                       0.0    0.0      0.0
  SINCE JUN 1      0.0                       0.1   -0.1      0.0
  SINCE JUL 1      0.0                       0.0    0.0      0.0
  SNOW DEPTH       0

DEGREE DAYS
 HEATING
  TODAY            0                         0      0        0
  MONTH TO DATE    1                        11    -10        5
  SINCE JUN 1     92                       147    -55       42
  SINCE JUL 1      1                        11    -10        5

 COOLING
  TODAY           13                         7      6       15
  MONTH TO DATE  175                       113     62      106
  SINCE JUN 1    211                       166     45      209
  SINCE JAN 1    211                       170     41      209
..................................................................


WIND (MPH)
  HIGHEST WIND SPEED    20   HIGHEST WIND DIRECTION     S (200)
  HIGHEST GUST SPEED    27   HIGHEST GUST DIRECTION     S (180)
  AVERAGE WIND SPEED     9.7


SKY COVER
  POSSIBLE SUNSHINE  MM
  AVERAGE SKY COVER 0.0


WEATHER CONDITIONS
 THE FOLLOWING WEATHER WAS RECORDED TODAY.
  NO SIGNIFICANT WEATHER WAS OBSERVED.


RELATIVE HUMIDITY (PERCENT)
 HIGHEST    78           500 AM
 LOWEST     17           400 PM
 AVERAGE    48

..........................................................


THE CASPER WY CLIMATE NORMALS FOR TOMORROW
                         NORMAL    RECORD    YEAR
 MAXIMUM TEMPERATURE (F)   89       100      1982
 MINIMUM TEMPERATURE (F)   54        39      1949


SUNRISE AND SUNSET
JULY 20 2017..........SUNRISE   545 AM MDT   SUNSET   839 PM MDT
JULY 21 2017..........SUNRISE   546 AM MDT   SUNSET   838 PM MDT


-  INDICATES NEGATIVE NUMBERS.
R  INDICATES RECORD WAS SET OR TIED.
MM INDICATES DATA IS MISSING.
T  INDICATES TRACE AMOUNT.




$$
