820
CDUS46 KLOX 140926
CLICQT


CLIMATE REPORT
NATIONAL WEATHER SERVICE LOS ANGELES/OXNARD CA
126 AM PST SUN FEB 14 2016


...................................

...THE DOWNTOWN LOS ANGELES (USC) CA CLIMATE SUMMARY FOR FEBRUARY 13 2016...

CLIMATE NORMAL PERIOD 1981 TO 2010
CLIMATE RECORD PERIOD 1877 TO 2016


WEATHER ITEM   OBSERVED TIME   RECORD YEAR NORMAL DEPARTURE LAST
                VALUE   (LST)  VALUE       VALUE  FROM      YEAR
                                                  NORMAL
..................................................................
TEMPERATURE (F)
 YESTERDAY
  MAXIMUM         75   1237 PM  90    1985  69      6       88
  MINIMUM         51    624 AM  35    1903  49      2       57
  AVERAGE         63                        59      4       73

PRECIPITATION (IN)
  YESTERDAY        0.00          2.71 1954   0.14  -0.14     0.00
  MONTH TO DATE    0.00                      1.67  -1.67     0.02
  SINCE OCT 1      4.20                      8.82  -4.62     5.72
  SINCE JAN 1      3.17                      4.79  -1.62     1.11

SNOWFALL (IN)
  YESTERDAY        0.0
  MONTH TO DATE    0.0
  SINCE DEC 1      0.0
  SINCE JUL 1      0.0

DEGREE DAYS
 HEATING
  YESTERDAY        2                         7     -5        0
  MONTH TO DATE   52                        91    -39        9
  SINCE DEC 1    519                       551    -32      298
  SINCE JUL 1    623                       682    -59      321

 COOLING
  YESTERDAY        0                         0      0        8
  MONTH TO DATE   41                         0     41       27
  SINCE DEC 1     51                        13     38       53
  SINCE JAN 1     41                         9     32       49
..................................................................


WIND (MPH)
  HIGHEST WIND SPEED     8   HIGHEST WIND DIRECTION     W (270)
  HIGHEST GUST SPEED    11   HIGHEST GUST DIRECTION     W (260)
  AVERAGE WIND SPEED     1.0


SKY COVER
  POSSIBLE SUNSHINE  MM
  AVERAGE SKY COVER 0.1


WEATHER CONDITIONS
 THE FOLLOWING WEATHER WAS RECORDED YESTERDAY.
  FOG
  FOG W/VISIBILITY <= 1/4 MILE
  HAZE


RELATIVE HUMIDITY (PERCENT)
 HIGHEST   100          1000 PM
 LOWEST     35          1100 AM
 AVERAGE    68

..........................................................


THE DOWNTOWN LOS ANGELES (USC) CA CLIMATE NORMALS FOR TODAY
                         NORMAL    RECORD    YEAR
 MAXIMUM TEMPERATURE (F)   69        90      1985
 MINIMUM TEMPERATURE (F)   49        32      1903


SUNRISE AND SUNSET
FEBRUARY 14 2016......SUNRISE   639 AM PST   SUNSET   536 PM PST
FEBRUARY 15 2016......SUNRISE   638 AM PST   SUNSET   537 PM PST


-  INDICATES NEGATIVE NUMBERS.
R  INDICATES RECORD WAS SET OR TIED.
MM INDICATES DATA IS MISSING.
T  INDICATES TRACE AMOUNT.




$$
