000
CDUS46 KLOX 230900
CLICQT


CLIMATE REPORT
NATIONAL WEATHER SERVICE LOS ANGELES/OXNARD CA
159 AM PDT WED APR 23 2014


...................................

...THE DOWNTOWN LOS ANGELES (USC) CA CLIMATE SUMMARY FOR APRIL 22 2014...

CLIMATE NORMAL PERIOD 1981 TO 2010
CLIMATE RECORD PERIOD 1877 TO 2014


WEATHER ITEM   OBSERVED TIME   RECORD YEAR NORMAL DEPARTURE LAST
                VALUE   (LST)  VALUE       VALUE  FROM      YEAR
                                                  NORMAL
..................................................................
TEMPERATURE (F)
 YESTERDAY
  MAXIMUM         69    103 PM  99    1910  73     -4       72
  MINIMUM         58   1101 PM  44    1882  54      4       57
  AVERAGE         64                        64      0       65

PRECIPITATION (IN)
  YESTERDAY        0.00          0.96 1880   0.02  -0.02     0.00
  MONTH TO DATE    0.29                      0.73  -0.44      T
  SINCE JUL 1      6.02                     14.40  -8.38     5.14
  SINCE JAN 1      5.05                     10.08  -5.03     1.92

SNOWFALL (IN)
  YESTERDAY        0.0
  MONTH TO DATE    0.0
  SINCE MAR 1      0.0
  SINCE JUL 1      0.0

DEGREE DAYS
 HEATING
  YESTERDAY        1                         3     -2        0
  MONTH TO DATE   41                        78    -37       36
  SINCE MAR 1    104                       235   -131      131
  SINCE JUL 1    581                      1010   -429      906

 COOLING
  YESTERDAY        0                         2     -2        0
  MONTH TO DATE   30                        27      3       16
  SINCE MAR 1     59                        47     12       29
  SINCE JAN 1     82                        70     12       37
..................................................................


WIND (MPH)
  HIGHEST WIND SPEED    13   HIGHEST WIND DIRECTION     W (280)
  HIGHEST GUST SPEED    17   HIGHEST GUST DIRECTION     W (270)
  AVERAGE WIND SPEED     2.5


SKY COVER
  POSSIBLE SUNSHINE  MM
  AVERAGE SKY COVER 0.5


WEATHER CONDITIONS
 THE FOLLOWING WEATHER WAS RECORDED YESTERDAY.
  HAZE


RELATIVE HUMIDITY (PERCENT)
 HIGHEST    80          1200 AM
 LOWEST     49           100 PM
 AVERAGE    65

..........................................................


THE DOWNTOWN LOS ANGELES (USC) CA CLIMATE NORMALS FOR TODAY
                         NORMAL    RECORD    YEAR
 MAXIMUM TEMPERATURE (F)   74       100      1910
 MINIMUM TEMPERATURE (F)   55        42      1896


SUNRISE AND SUNSET
APRIL 23 2014.........SUNRISE   613 AM PDT   SUNSET   731 PM PDT
APRIL 24 2014.........SUNRISE   611 AM PDT   SUNSET   732 PM PDT


-  INDICATES NEGATIVE NUMBERS.
R  INDICATES RECORD WAS SET OR TIED.
MM INDICATES DATA IS MISSING.
T  INDICATES TRACE AMOUNT.




$$
