000
CDUS46 KLOX 220908
CLICQT


CLIMATE REPORT
NATIONAL WEATHER SERVICE LOS ANGELES/OXNARD CA
107 AM PST MON JAN 22 2018


...................................

...THE DOWNTOWN LOS ANGELES (USC) CA CLIMATE SUMMARY FOR JANUARY 21 2018...

CLIMATE NORMAL PERIOD 1981 TO 2010
CLIMATE RECORD PERIOD 1877 TO 2018


WEATHER ITEM   OBSERVED TIME   RECORD YEAR NORMAL DEPARTURE LAST
                VALUE   (LST)  VALUE       VALUE  FROM      YEAR
                                                  NORMAL
..................................................................
TEMPERATURE (F)
 YESTERDAY
  MAXIMUM         64    317 PM  81    2013  68     -4       63
                                      1912
  MINIMUM         42    642 AM  32    1937  48     -6       46
  AVERAGE         53                        58     -5       55

PRECIPITATION (IN)
  YESTERDAY        0.00          2.98 1909   0.09  -0.09     0.00
  MONTH TO DATE    1.77                      2.14  -0.37     5.38
  SINCE OCT 1      1.89                      6.17  -4.28    11.33
  SINCE JAN 1      1.77                      2.14  -0.37     5.38

SNOWFALL (IN)
  YESTERDAY        0.0
  MONTH TO DATE    0.0
  SINCE DEC 1      0.0
  SINCE JUL 1      0.0

DEGREE DAYS
 HEATING
  YESTERDAY       12                         7      5       10
  MONTH TO DATE   68                       153    -85      155
  SINCE DEC 1    198                       387   -189      352
  SINCE JUL 1    216                       518   -302      423

 COOLING
  YESTERDAY        0                         0      0        0
  MONTH TO DATE   10                         0     10        1
  SINCE DEC 1     22                         4     18        7
  SINCE JAN 1     10                         0     10        1
..................................................................


WIND (MPH)
  HIGHEST WIND SPEED     8   HIGHEST WIND DIRECTION     W (260)
  HIGHEST GUST SPEED    13   HIGHEST GUST DIRECTION     W (270)
  AVERAGE WIND SPEED     1.6


SKY COVER
  POSSIBLE SUNSHINE  MM
  AVERAGE SKY COVER 0.0


WEATHER CONDITIONS
 THE FOLLOWING WEATHER WAS RECORDED YESTERDAY.
  NO SIGNIFICANT WEATHER WAS OBSERVED.


RELATIVE HUMIDITY (PERCENT)
 HIGHEST    59           900 PM
 LOWEST     20           200 PM
 AVERAGE    40

..........................................................


THE DOWNTOWN LOS ANGELES (USC) CA CLIMATE NORMALS FOR TODAY
                         NORMAL    RECORD    YEAR
 MAXIMUM TEMPERATURE (F)   68        84      1994
 MINIMUM TEMPERATURE (F)   48        34      1937


SUNRISE AND SUNSET
JANUARY 22 2018.......SUNRISE   656 AM PST   SUNSET   514 PM PST
JANUARY 23 2018.......SUNRISE   655 AM PST   SUNSET   515 PM PST


-  INDICATES NEGATIVE NUMBERS.
R  INDICATES RECORD WAS SET OR TIED.
MM INDICATES DATA IS MISSING.
T  INDICATES TRACE AMOUNT.




$$
