000
CDUS46 KLOX 100116
CLICQT


CLIMATE REPORT
NATIONAL WEATHER SERVICE LOS ANGELES/OXNARD CA
515 PM PST FRI DEC 9 2016


...................................

...THE DOWNTOWN LOS ANGELES (USC) CA CLIMATE SUMMARY FOR DECEMBER 9 2016...
VALID TODAY AS OF 0500 PM LOCAL TIME.

CLIMATE NORMAL PERIOD 1981 TO 2010
CLIMATE RECORD PERIOD 1877 TO 2016


WEATHER ITEM   OBSERVED TIME   RECORD YEAR NORMAL DEPARTURE LAST
                VALUE   (LST)  VALUE       VALUE  FROM      YEAR
                                                  NORMAL
..................................................................
TEMPERATURE (F)
 TODAY
  MAXIMUM         65    214 PM  85    1973  68     -3       75
                                      1950
  MINIMUM         51    655 AM  32    1951  48      3       55
  AVERAGE         58                        58      0       65

PRECIPITATION (IN)
  TODAY            0.00          1.70 1996   0.06  -0.06     0.00
  MONTH TO DATE    0.00                      0.51  -0.51     0.00
  SINCE OCT 1      1.40                      2.21  -0.81     0.46
  SINCE JAN 1      7.25                     13.11  -5.86     7.09

SNOWFALL (IN)
  TODAY            0.0
  MONTH TO DATE    0.0
  SINCE DEC 1      0.0
  SINCE JUL 1      0.0

DEGREE DAYS
 HEATING
  TODAY            7                         7      0        0
  MONTH TO DATE   66                        61      5       14
  SINCE DEC 1     66                        61      5       14
  SINCE JUL 1    137                       192    -55      118

 COOLING
  TODAY            0                         0      0        0
  MONTH TO DATE    0                         0      0       10
  SINCE DEC 1      0                         0      0       10
  SINCE JAN 1   1522                      1240    282     1918
..................................................................


WIND (MPH)
  HIGHEST WIND SPEED     6   HIGHEST WIND DIRECTION     E (100)
  HIGHEST GUST SPEED     8   HIGHEST GUST DIRECTION     E (110)
  AVERAGE WIND SPEED     0.4


SKY COVER
  POSSIBLE SUNSHINE  MM
  AVERAGE SKY COVER 0.2


WEATHER CONDITIONS
 THE FOLLOWING WEATHER WAS RECORDED TODAY.
  HAZE


RELATIVE HUMIDITY (PERCENT)
 HIGHEST    96           300 AM
 LOWEST     62          1100 AM
 AVERAGE    79

..........................................................


THE DOWNTOWN LOS ANGELES (USC) CA CLIMATE NORMALS FOR TOMORROW
                         NORMAL    RECORD    YEAR
 MAXIMUM TEMPERATURE (F)   68        87      1950
 MINIMUM TEMPERATURE (F)   48        36      1951


SUNRISE AND SUNSET
DECEMBER  9 2016......SUNRISE   647 AM PST   SUNSET   444 PM PST
DECEMBER 10 2016......SUNRISE   648 AM PST   SUNSET   444 PM PST


-  INDICATES NEGATIVE NUMBERS.
R  INDICATES RECORD WAS SET OR TIED.
MM INDICATES DATA IS MISSING.
T  INDICATES TRACE AMOUNT.




$$
