000
CDUS46 KLOX 210903
CLICQT


CLIMATE REPORT
NATIONAL WEATHER SERVICE LOS ANGELES/OXNARD CA
202 AM PDT MON APR 21 2014


...................................

...THE DOWNTOWN LOS ANGELES (USC) CA CLIMATE SUMMARY FOR APRIL 20 2014...

CLIMATE NORMAL PERIOD 1981 TO 2010
CLIMATE RECORD PERIOD 1877 TO 2014


WEATHER ITEM   OBSERVED TIME   RECORD YEAR NORMAL DEPARTURE LAST
                VALUE   (LST)  VALUE       VALUE  FROM      YEAR
                                                  NORMAL
..................................................................
TEMPERATURE (F)
 YESTERDAY
  MAXIMUM         75   1216 PM 100    2009  73      2       84
  MINIMUM         59    600 AM  38    1896  54      5       56
  AVERAGE         67                        64      3       70

PRECIPITATION (IN)
  YESTERDAY        0.00          1.28 1983   0.03  -0.03     0.00
  MONTH TO DATE    0.29                      0.68  -0.39      T
  SINCE JUL 1      6.02                     14.35  -8.33     5.14
  SINCE JAN 1      5.05                     10.03  -4.98     1.92

SNOWFALL (IN)
  YESTERDAY        0.0
  MONTH TO DATE    0.0
  SINCE MAR 1      0.0
  SINCE JUL 1      0.0

DEGREE DAYS
 HEATING
  YESTERDAY        0                         3     -3        0
  MONTH TO DATE   40                        72    -32       36
  SINCE MAR 1    103                       229   -126      131
  SINCE JUL 1    580                      1004   -424      906

 COOLING
  YESTERDAY        2                         2      0        5
  MONTH TO DATE   28                        23      5       12
  SINCE MAR 1     57                        43     14       25
  SINCE JAN 1     80                        66     14       33
..................................................................


WIND (MPH)
  HIGHEST WIND SPEED     9   HIGHEST WIND DIRECTION     W (280)
  HIGHEST GUST SPEED    14   HIGHEST GUST DIRECTION     W (260)
  AVERAGE WIND SPEED     1.0


SKY COVER
  POSSIBLE SUNSHINE  MM
  AVERAGE SKY COVER 0.0


WEATHER CONDITIONS
 THE FOLLOWING WEATHER WAS RECORDED YESTERDAY.
  FOG
  HAZE


RELATIVE HUMIDITY (PERCENT)
 HIGHEST    87           100 AM
 LOWEST     53          1100 AM
 AVERAGE    70

..........................................................


THE DOWNTOWN LOS ANGELES (USC) CA CLIMATE NORMALS FOR TODAY
                         NORMAL    RECORD    YEAR
 MAXIMUM TEMPERATURE (F)   73        95      2009
 MINIMUM TEMPERATURE (F)   54        38      1896


SUNRISE AND SUNSET
APRIL 21 2014.........SUNRISE   615 AM PDT   SUNSET   729 PM PDT
APRIL 22 2014.........SUNRISE   614 AM PDT   SUNSET   730 PM PDT


-  INDICATES NEGATIVE NUMBERS.
R  INDICATES RECORD WAS SET OR TIED.
MM INDICATES DATA IS MISSING.
T  INDICATES TRACE AMOUNT.




$$
