000
CDUS46 KLOX 280912
CLICQT


CLIMATE REPORT
NATIONAL WEATHER SERVICE LOS ANGELES/OXNARD CA
212 AM PDT TUE JUL 28 2015


...................................

...THE DOWNTOWN LOS ANGELES (USC) CA CLIMATE SUMMARY FOR JULY 27 2015...

CLIMATE NORMAL PERIOD 1981 TO 2010
CLIMATE RECORD PERIOD 1877 TO 2015


WEATHER ITEM   OBSERVED TIME   RECORD YEAR NORMAL DEPARTURE LAST
                VALUE   (LST)  VALUE       VALUE  FROM      YEAR
                                                  NORMAL
..................................................................
TEMPERATURE (F)
 YESTERDAY
  MAXIMUM         82   1122 AM 102    1972  84     -2       84
  MINIMUM         67   1159 PM  52    1903  64      3       67
  AVERAGE         75                        74      1       76

PRECIPITATION (IN)
  YESTERDAY        0.00          T    2014   0.00   0.00      T
                                      1955
                                      1933
  MONTH TO DATE    0.38                      0.01   0.37      T
  SINCE OCT 1      8.85                     14.65  -5.80     5.99
  SINCE JAN 1      4.24                     10.62  -6.38     5.11

SNOWFALL (IN)
  YESTERDAY        0.0
  MONTH TO DATE    0.0
  SINCE JUN 1      0.0
  SINCE JUL 1      0.0

DEGREE DAYS
 HEATING
  YESTERDAY        0                         0      0        0
  MONTH TO DATE    0                         0      0        0
  SINCE JUN 1      0                         8     -8        0
  SINCE JUL 1      0                         0      0        0

 COOLING
  YESTERDAY       10                         9      1       11
  MONTH TO DATE  233                       225      8      274
  SINCE JUN 1    408                       359     49      402
  SINCE JAN 1    696                       513    183      696
..................................................................


WIND (MPH)
  HIGHEST WIND SPEED     8   HIGHEST WIND DIRECTION     W (270)
  HIGHEST GUST SPEED    15   HIGHEST GUST DIRECTION     W (270)
  AVERAGE WIND SPEED     2.2


SKY COVER
  POSSIBLE SUNSHINE  MM
  AVERAGE SKY COVER 0.4


WEATHER CONDITIONS
 THE FOLLOWING WEATHER WAS RECORDED YESTERDAY.
  NO SIGNIFICANT WEATHER WAS OBSERVED.


RELATIVE HUMIDITY (PERCENT)
 HIGHEST    87          1200 AM
 LOWEST     45          1100 AM
 AVERAGE    66

..........................................................


THE DOWNTOWN LOS ANGELES (USC) CA CLIMATE NORMALS FOR TODAY
                         NORMAL    RECORD    YEAR
 MAXIMUM TEMPERATURE (F)   84       101      1995
                                             1972
 MINIMUM TEMPERATURE (F)   64        52      1883


SUNRISE AND SUNSET
JULY 28 2015..........SUNRISE   602 AM PDT   SUNSET   757 PM PDT
JULY 29 2015..........SUNRISE   602 AM PDT   SUNSET   757 PM PDT


-  INDICATES NEGATIVE NUMBERS.
R  INDICATES RECORD WAS SET OR TIED.
MM INDICATES DATA IS MISSING.
T  INDICATES TRACE AMOUNT.




$$
