000
CDUS46 KLOX 310905
CLICQT


CLIMATE REPORT
NATIONAL WEATHER SERVICE LOS ANGELES/OXNARD CA
105 AM PST SAT JAN 31 2015


...................................

...THE DOWNTOWN LOS ANGELES (USC) CA CLIMATE SUMMARY FOR JANUARY 30 2015...

CLIMATE NORMAL PERIOD 1981 TO 2010
CLIMATE RECORD PERIOD 1877 TO 2015


WEATHER ITEM   OBSERVED TIME   RECORD YEAR NORMAL DEPARTURE LAST
                VALUE   (LST)  VALUE       VALUE  FROM      YEAR
                                                  NORMAL
..................................................................
TEMPERATURE (F)
 YESTERDAY
  MAXIMUM         70    234 PM  85    1992  68      2       63
  MINIMUM         59   1156 PM  35    1880  48     11       57
  AVERAGE         65                        58      7       60

PRECIPITATION (IN)
  YESTERDAY        0.03          2.19 1893   0.11  -0.08      T
  MONTH TO DATE    1.09                      3.01  -1.92      T
  SINCE OCT 1      5.70                      7.04  -1.34     0.88
  SINCE JAN 1      1.09                      3.01  -1.92      T

SNOWFALL (IN)
  YESTERDAY        0.0
  MONTH TO DATE    0.0
  SINCE DEC 1      0.0
  SINCE JUL 1      0.0

DEGREE DAYS
 HEATING
  YESTERDAY        0                         7     -7        5
  MONTH TO DATE  106                       216   -110       87
  SINCE DEC 1    288                       450   -162      286
  SINCE JUL 1    311                       581   -270      367

 COOLING
  YESTERDAY        0                         0      0        0
  MONTH TO DATE   22                         0     22       17
  SINCE DEC 1     26                         4     22       33
  SINCE JAN 1     22                         0     22       17
..................................................................


WIND (MPH)
  HIGHEST WIND SPEED    10   HIGHEST WIND DIRECTION    NW (310)
  HIGHEST GUST SPEED    16   HIGHEST GUST DIRECTION    NW (320)
  AVERAGE WIND SPEED     1.1


SKY COVER
  POSSIBLE SUNSHINE  MM
  AVERAGE SKY COVER 0.5


WEATHER CONDITIONS
 THE FOLLOWING WEATHER WAS RECORDED YESTERDAY.
  RAIN
  LIGHT RAIN


RELATIVE HUMIDITY (PERCENT)
 HIGHEST    87          1100 PM
 LOWEST     44           200 PM
 AVERAGE    66

..........................................................


THE DOWNTOWN LOS ANGELES (USC) CA CLIMATE NORMALS FOR TODAY
                         NORMAL    RECORD    YEAR
 MAXIMUM TEMPERATURE (F)   68        91      2003
 MINIMUM TEMPERATURE (F)   48        32      1880


SUNRISE AND SUNSET
JANUARY 31 2015.......SUNRISE   651 AM PST   SUNSET   523 PM PST
FEBRUARY  1 2015......SUNRISE   650 AM PST   SUNSET   524 PM PST


-  INDICATES NEGATIVE NUMBERS.
R  INDICATES RECORD WAS SET OR TIED.
MM INDICATES DATA IS MISSING.
T  INDICATES TRACE AMOUNT.




$$
