000
CDUS42 KILM 210841
CLICRE


CLIMATE REPORT
NATIONAL WEATHER SERVICE WILMINGTON NC
441 AM EDT THU SEP 21 2017


...................................

...THE N.MYRTLE BEACH SOUTH CAROLINA CLIMATE SUMMARY FOR SEPTEMBER 20 2017...

CLIMATE NORMAL PERIOD 1981 TO 2010
CLIMATE RECORD PERIOD 1949 TO 2017


WEATHER ITEM   OBSERVED TIME   RECORD YEAR NORMAL DEPARTURE LAST
                VALUE   (LST)  VALUE       VALUE  FROM      YEAR
                                                  NORMAL
..................................................................
TEMPERATURE (F)
 YESTERDAY
  MAXIMUM         89    101 PM  90    2015  83      6       79
  MINIMUM         69    616 AM  55    1951  66      3       71
  AVERAGE         79                        74      5       75

PRECIPITATION (IN)
  YESTERDAY        0.00          0.67 1999   0.15  -0.15      T
  MONTH TO DATE    4.26                      4.43  -0.17    15.19
  SINCE SEP 1      4.26                      4.43  -0.17    15.19
  SINCE JAN 1     39.87                     39.78   0.09    40.83

DEGREE DAYS
 HEATING
  YESTERDAY        0                         0      0        0
  MONTH TO DATE    0                         0      0        0
  SINCE SEP 1      0                         0      0        0
  SINCE JUL 1      0                         0      0        0

 COOLING
  YESTERDAY       14                         9      5       10
  MONTH TO DATE  219                       229    -10      256
  SINCE SEP 1    219                       229    -10      256
  SINCE JAN 1   1884                      1705    179     2112
..................................................................


WIND (MPH)
  HIGHEST WIND SPEED    14   HIGHEST WIND DIRECTION    SW (210)
  HIGHEST GUST SPEED    17   HIGHEST GUST DIRECTION    SW (210)
  AVERAGE WIND SPEED     6.7


SKY COVER
  POSSIBLE SUNSHINE  MM
  AVERAGE SKY COVER 0.0


WEATHER CONDITIONS
 THE FOLLOWING WEATHER WAS RECORDED YESTERDAY.
  NO SIGNIFICANT WEATHER WAS OBSERVED.


RELATIVE HUMIDITY (PERCENT)
 HIGHEST    97          1200 AM
 LOWEST     50           100 PM
 AVERAGE    74

..........................................................


THE N.MYRTLE BEACH SOUTH CAROLINA CLIMATE NORMALS FOR TODAY
                         NORMAL    RECORD    YEAR
 MAXIMUM TEMPERATURE (F)   83        92      1954
 MINIMUM TEMPERATURE (F)   66        54      1991


SUNRISE AND SUNSET
SEPTEMBER 21 2017.....SUNRISE   702 AM EDT   SUNSET   713 PM EDT
SEPTEMBER 22 2017.....SUNRISE   703 AM EDT   SUNSET   711 PM EDT


-  INDICATES NEGATIVE NUMBERS.
R  INDICATES RECORD WAS SET OR TIED.
MM INDICATES DATA IS MISSING.
T  INDICATES TRACE AMOUNT.




$$
