000
CDUS42 KILM 180941
CLICRE


CLIMATE REPORT
NATIONAL WEATHER SERVICE WILMINGTON NC
441 AM EST SAT NOV 18 2017


...................................

...THE N.MYRTLE BEACH SOUTH CAROLINA CLIMATE SUMMARY FOR NOVEMBER 17 2017...

CLIMATE NORMAL PERIOD 1981 TO 2010
CLIMATE RECORD PERIOD 1949 TO 2017


WEATHER ITEM   OBSERVED TIME   RECORD YEAR NORMAL DEPARTURE LAST
                VALUE   (LST)  VALUE       VALUE  FROM      YEAR
                                                  NORMAL
..................................................................
TEMPERATURE (F)
 YESTERDAY
  MAXIMUM         60    226 PM  82    1988  66     -6       71
  MINIMUM         38   1159 PM  29    2007  46     -8       44
  AVERAGE         49                        56     -7       58

PRECIPITATION (IN)
  YESTERDAY        0.00          0.26 2002   0.09  -0.09     0.00
  MONTH TO DATE    1.31                      1.70  -0.39     0.17
  SINCE SEP 1      9.86                     11.86  -2.00    27.92
  SINCE JAN 1     45.47                     47.21  -1.74    53.56

SNOWFALL (IN)
  YESTERDAY       MM
  MONTH TO DATE   MM
  SINCE SEP 1     MM
  SINCE JUL 1     MM
  SNOW DEPTH      MM

DEGREE DAYS
 HEATING
  YESTERDAY       16                         9      7        7
  MONTH TO DATE  123                       126     -3      145
  SINCE SEP 1    185                       216    -31      173
  SINCE JUL 1    185                       216    -31      173

 COOLING
  YESTERDAY        0                         0      0        0
  MONTH TO DATE   17                        12      5        7
  SINCE SEP 1    532                       419    113      509
  SINCE JAN 1   2197                      1895    302     2365
..................................................................


WIND (MPH)
  HIGHEST WIND SPEED    17   HIGHEST WIND DIRECTION    NE (30)
  HIGHEST GUST SPEED    23   HIGHEST GUST DIRECTION    NE (30)
  AVERAGE WIND SPEED     5.3


SKY COVER
  POSSIBLE SUNSHINE  MM
  AVERAGE SKY COVER 0.0


WEATHER CONDITIONS
 THE FOLLOWING WEATHER WAS RECORDED YESTERDAY.
  FOG


RELATIVE HUMIDITY (PERCENT)
 HIGHEST   100           100 AM
 LOWEST     40           200 PM
 AVERAGE    70

..........................................................


THE N.MYRTLE BEACH SOUTH CAROLINA CLIMATE NORMALS FOR TODAY
                         NORMAL    RECORD    YEAR
 MAXIMUM TEMPERATURE (F)   66        82      2013
 MINIMUM TEMPERATURE (F)   46        25      2014
                                             1997


SUNRISE AND SUNSET
NOVEMBER 18 2017......SUNRISE   650 AM EST   SUNSET   510 PM EST
NOVEMBER 19 2017......SUNRISE   651 AM EST   SUNSET   509 PM EST


-  INDICATES NEGATIVE NUMBERS.
R  INDICATES RECORD WAS SET OR TIED.
MM INDICATES DATA IS MISSING.
T  INDICATES TRACE AMOUNT.




$$
