000
CDUS42 KILM 260941
CLICRE


CLIMATE REPORT
NATIONAL WEATHER SERVICE WILMINGTON NC
441 AM EST WED NOV 26 2014


...................................

...THE NORTH MYRTLE BEACH SC CLIMATE SUMMARY FOR NOVEMBER 25 2014...

CLIMATE NORMAL PERIOD 1981 TO 2010
CLIMATE RECORD PERIOD 1949 TO 2014


WEATHER ITEM   OBSERVED TIME   RECORD YEAR NORMAL DEPARTURE LAST
                VALUE   (LST)  VALUE       VALUE  FROM      YEAR
                                                  NORMAL
..................................................................
TEMPERATURE (F)
 YESTERDAY
  MAXIMUM         67    125 AM  76    1993  64      3       49
  MINIMUM         62   1038 AM  17    1950  44     18       24
  AVERAGE         65                        54     11       37

PRECIPITATION (IN)
  YESTERDAY        0.37                      0.10   0.27     0.00
  MONTH TO DATE    3.69                      2.53   1.16     1.70
  SINCE SEP 1      8.97                     12.69  -3.72     4.43
  SINCE JAN 1     37.62                     48.04 -10.42    45.19

SNOWFALL (IN)
  YESTERDAY       MM
  MONTH TO DATE   MM
  SINCE SEP 1     MM
  SINCE JUL 1     MM
  SNOW DEPTH      MM

DEGREE DAYS
 HEATING
  YESTERDAY        0                        11    -11       28
  MONTH TO DATE  301                       210     91      245
  SINCE SEP 1    361                       300     61      322
  SINCE JUL 1    361                       300     61      322

 COOLING
  YESTERDAY        0                         0      0        0
  MONTH TO DATE    4                        12     -8       23
  SINCE SEP 1    441                       419     22      389
  SINCE JAN 1   2029                      1895    134     1840
..................................................................


WIND (MPH)
  HIGHEST WIND SPEED    16   HIGHEST WIND DIRECTION     E (70)
  HIGHEST GUST SPEED    25   HIGHEST GUST DIRECTION     E (70)
  AVERAGE WIND SPEED     5.2


SKY COVER
  POSSIBLE SUNSHINE  MM
  AVERAGE SKY COVER 0.9


WEATHER CONDITIONS
 THE FOLLOWING WEATHER WAS RECORDED YESTERDAY.
  HEAVY RAIN
  RAIN
  LIGHT RAIN
  FOG


RELATIVE HUMIDITY (PERCENT)
 HIGHEST    93          1200 AM
 LOWEST     87           100 AM
 AVERAGE    90

..........................................................


THE NORTH MYRTLE BEACH SC CLIMATE NORMALS FOR TODAY
                         NORMAL    RECORD    YEAR
 MAXIMUM TEMPERATURE (F)   64        84      2007
 MINIMUM TEMPERATURE (F)   44        16      1950


SUNRISE AND SUNSET
NOVEMBER 26 2014......SUNRISE   657 AM EST   SUNSET   507 PM EST
NOVEMBER 27 2014......SUNRISE   658 AM EST   SUNSET   507 PM EST


-  INDICATES NEGATIVE NUMBERS.
R  INDICATES RECORD WAS SET OR TIED.
MM INDICATES DATA IS MISSING.
T  INDICATES TRACE AMOUNT.




$$
