000
CDUS42 KILM 230945
CLICRE


CLIMATE REPORT
NATIONAL WEATHER SERVICE WILMINGTON NC
445 AM EST TUE JAN 23 2018


...................................

...THE N.MYRTLE BEACH SOUTH CAROLINA CLIMATE SUMMARY FOR JANUARY 22 2018...

CLIMATE NORMAL PERIOD 1981 TO 2010
CLIMATE RECORD PERIOD 1949 TO 2018


WEATHER ITEM   OBSERVED TIME   RECORD YEAR NORMAL DEPARTURE LAST
                VALUE   (LST)  VALUE       VALUE  FROM      YEAR
                                                  NORMAL
..................................................................
TEMPERATURE (F)
 YESTERDAY
  MAXIMUM         61   1135 PM  73    1999  55      6       62
  MINIMUM         36    651 AM  19    1994  36      0       58
  AVERAGE         49                        46      3       60

PRECIPITATION (IN)
  YESTERDAY        0.14          1.06 2017   0.12   0.02     1.06
  MONTH TO DATE    2.06                      2.44  -0.38     1.92
  SINCE DEC 1      5.50                      5.90  -0.40     4.54
  SINCE JAN 1      2.06                      2.44  -0.38     1.92

SNOWFALL (IN)
  YESTERDAY       MM
  MONTH TO DATE   MM
  SINCE DEC 1     MM
  SINCE JUL 1     MM
  SNOW DEPTH      MM

DEGREE DAYS
 HEATING
  YESTERDAY       16                        19     -3        5
  MONTH TO DATE  549                       429    120      262
  SINCE DEC 1   1030                       936     94      698
  SINCE JUL 1   1371                      1297     74     1001

 COOLING
  YESTERDAY        0                         0      0        0
  MONTH TO DATE    0                         0      0        0
  SINCE DEC 1      0                         3     -3        0
  SINCE JAN 1      0                         0      0        0
..................................................................


WIND (MPH)
  HIGHEST WIND SPEED    20   HIGHEST WIND DIRECTION     S (180)
  HIGHEST GUST SPEED    24   HIGHEST GUST DIRECTION     S (200)
  AVERAGE WIND SPEED     4.1


SKY COVER
  POSSIBLE SUNSHINE  MM
  AVERAGE SKY COVER 0.3


WEATHER CONDITIONS
 THE FOLLOWING WEATHER WAS RECORDED YESTERDAY.
  RAIN
  LIGHT RAIN
  FOG


RELATIVE HUMIDITY (PERCENT)
 HIGHEST   100           100 AM
 LOWEST     60          1200 PM
 AVERAGE    80

..........................................................


THE N.MYRTLE BEACH SOUTH CAROLINA CLIMATE NORMALS FOR TODAY
                         NORMAL    RECORD    YEAR
 MAXIMUM TEMPERATURE (F)   55        73      1950
 MINIMUM TEMPERATURE (F)   36        17      2011


SUNRISE AND SUNSET
JANUARY 23 2018.......SUNRISE   717 AM EST   SUNSET   537 PM EST
JANUARY 24 2018.......SUNRISE   716 AM EST   SUNSET   538 PM EST


-  INDICATES NEGATIVE NUMBERS.
R  INDICATES RECORD WAS SET OR TIED.
MM INDICATES DATA IS MISSING.
T  INDICATES TRACE AMOUNT.




$$
