000
CDUS42 KILM 250951
CLICRE


CLIMATE REPORT
NATIONAL WEATHER SERVICE WILMINGTON NC
451 AM EST SUN JAN 25 2015


...................................

...THE NORTH MYRTLE BEACH SC CLIMATE SUMMARY FOR JANUARY 24 2015...

CLIMATE NORMAL PERIOD 1981 TO 2010
CLIMATE RECORD PERIOD 1949 TO 2015


WEATHER ITEM   OBSERVED TIME   RECORD YEAR NORMAL DEPARTURE LAST
                VALUE   (LST)  VALUE       VALUE  FROM      YEAR
                                                  NORMAL
..................................................................
TEMPERATURE (F)
 YESTERDAY
  MAXIMUM         67    235 AM  72    1950  55     12       32
  MINIMUM         41    755 PM  14    2014  36      5       14
  AVERAGE         54                        46      8       23

PRECIPITATION (IN)
  YESTERDAY        1.36                      0.14   1.22     0.00
  MONTH TO DATE    4.06                      2.70   1.36     1.52
  SINCE DEC 1      7.26                      6.16   1.10     3.10
  SINCE JAN 1      4.06                      2.70   1.36     1.52

SNOWFALL (IN)
  YESTERDAY       MM
  MONTH TO DATE   MM
  SINCE DEC 1     MM
  SINCE JUL 1     MM
  SNOW DEPTH      MM

DEGREE DAYS
 HEATING
  YESTERDAY       11                        19     -8       42
  MONTH TO DATE  358                       467   -109      500
  SINCE DEC 1    806                       974   -168      913
  SINCE JUL 1   1256                      1335    -79     1326

 COOLING
  YESTERDAY        0                         0      0        0
  MONTH TO DATE    1                         0      1        0
  SINCE DEC 1      3                         3      0        8
  SINCE JAN 1      1                         0      1        0
..................................................................


WIND (MPH)
  HIGHEST WIND SPEED    33   HIGHEST WIND DIRECTION     W (270)
  HIGHEST GUST SPEED    47   HIGHEST GUST DIRECTION     W (250)
  AVERAGE WIND SPEED    12.4


SKY COVER
  POSSIBLE SUNSHINE  MM
  AVERAGE SKY COVER 0.7


WEATHER CONDITIONS
 THE FOLLOWING WEATHER WAS RECORDED YESTERDAY.
  THUNDERSTORM
  HEAVY RAIN
  RAIN
  LIGHT RAIN
  FOG


RELATIVE HUMIDITY (PERCENT)
 HIGHEST    97           100 AM
 LOWEST     77           300 PM
 AVERAGE    87

..........................................................


THE NORTH MYRTLE BEACH SC CLIMATE NORMALS FOR TODAY
                         NORMAL    RECORD    YEAR
 MAXIMUM TEMPERATURE (F)   55        80      1949
 MINIMUM TEMPERATURE (F)   36        13      2014


SUNRISE AND SUNSET
JANUARY 25 2015.......SUNRISE   716 AM EST   SUNSET   539 PM EST
JANUARY 26 2015.......SUNRISE   715 AM EST   SUNSET   540 PM EST


-  INDICATES NEGATIVE NUMBERS.
R  INDICATES RECORD WAS SET OR TIED.
MM INDICATES DATA IS MISSING.
T  INDICATES TRACE AMOUNT.




$$
