000
CDUS42 KILM 260843
CLICRE


CLIMATE REPORT
NATIONAL WEATHER SERVICE WILMINGTON NC
443 AM EDT TUE JUL 26 2016


...................................

...THE NORTH MYRTLE BEACH SC CLIMATE SUMMARY FOR JULY 25 2016...

CLIMATE NORMAL PERIOD 1981 TO 2010
CLIMATE RECORD PERIOD 1949 TO 2016


WEATHER ITEM   OBSERVED TIME   RECORD YEAR NORMAL DEPARTURE LAST
                VALUE   (LST)  VALUE       VALUE  FROM      YEAR
                                                  NORMAL
..................................................................
TEMPERATURE (F)
 YESTERDAY
  MAXIMUM         89    238 PM  94    1992  87      2       89
  MINIMUM         78    947 PM  68    2007  73      5       69
  AVERAGE         84                        80      4       79

PRECIPITATION (IN)
  YESTERDAY        0.00                      0.19  -0.19     0.00
  MONTH TO DATE    2.68                      4.80  -2.12     3.73
  SINCE JUN 1      5.92                      9.44  -3.52     6.89
  SINCE JAN 1     21.66                     26.84  -5.18    26.95

DEGREE DAYS
 HEATING
  YESTERDAY        0                         0      0        0
  MONTH TO DATE    0                         0      0        0
  SINCE JUN 1      0                         0      0        0
  SINCE JUL 1      0                         0      0        0

 COOLING
  YESTERDAY       19                        15      4       14
  MONTH TO DATE  443                       387     56      430
  SINCE JUN 1    885                       744    141      905
  SINCE JAN 1   1181                       956    225     1164
..................................................................


WIND (MPH)
  HIGHEST WIND SPEED    20   HIGHEST WIND DIRECTION    SW (210)
  HIGHEST GUST SPEED    24   HIGHEST GUST DIRECTION    SW (220)
  AVERAGE WIND SPEED    11.8


SKY COVER
  POSSIBLE SUNSHINE  MM
  AVERAGE SKY COVER 0.2


WEATHER CONDITIONS
 THE FOLLOWING WEATHER WAS RECORDED YESTERDAY.
  NO SIGNIFICANT WEATHER WAS OBSERVED.


RELATIVE HUMIDITY (PERCENT)
 HIGHEST    91           400 AM
 LOWEST     63           400 PM
 AVERAGE    77

..........................................................


THE NORTH MYRTLE BEACH SC CLIMATE NORMALS FOR TODAY
                         NORMAL    RECORD    YEAR
 MAXIMUM TEMPERATURE (F)   87        96      1949
 MINIMUM TEMPERATURE (F)   73        68      1954


SUNRISE AND SUNSET
JULY 26 2016..........SUNRISE   623 AM EDT   SUNSET   820 PM EDT
JULY 27 2016..........SUNRISE   624 AM EDT   SUNSET   819 PM EDT


-  INDICATES NEGATIVE NUMBERS.
R  INDICATES RECORD WAS SET OR TIED.
MM INDICATES DATA IS MISSING.
T  INDICATES TRACE AMOUNT.




$$
