000
CDUS42 KILM 120944
CLICRE


CLIMATE REPORT
NATIONAL WEATHER SERVICE WILMINGTON NC
443 AM EST FRI FEB 12 2016


...................................

...THE NORTH MYRTLE BEACH SC CLIMATE SUMMARY FOR FEBRUARY 11 2016...

CLIMATE NORMAL PERIOD 1981 TO 2010
CLIMATE RECORD PERIOD 1949 TO 2016


WEATHER ITEM   OBSERVED TIME   RECORD YEAR NORMAL DEPARTURE LAST
                VALUE   (LST)  VALUE       VALUE  FROM      YEAR
                                                  NORMAL
..................................................................
TEMPERATURE (F)
 YESTERDAY
  MAXIMUM         50    348 PM  76    1952  57     -7       53
  MINIMUM         28    713 AM  20    1989  38    -10       35
  AVERAGE         39                        47     -8       44

PRECIPITATION (IN)
  YESTERDAY        0.00                      0.11  -0.11     0.00
  MONTH TO DATE    4.30                      1.22   3.08     0.43
  SINCE DEC 1      9.32                      8.37   0.95     7.75
  SINCE JAN 1      6.20                      4.91   1.29     4.55

SNOWFALL (IN)
  YESTERDAY       MM
  MONTH TO DATE   MM
  SINCE DEC 1     MM
  SINCE JUL 1     MM
  SNOW DEPTH      MM

DEGREE DAYS
 HEATING
  YESTERDAY       26                        18      8       21
  MONTH TO DATE  189                       203    -14      212
  SINCE DEC 1    994                      1310   -316     1204
  SINCE JUL 1   1191                      1671   -480     1654

 COOLING
  YESTERDAY        0                         0      0        0
  MONTH TO DATE    0                         0      0        0
  SINCE DEC 1     51                         3     48        3
  SINCE JAN 1      0                         0      0        1
..................................................................


WIND (MPH)
  HIGHEST WIND SPEED    15   HIGHEST WIND DIRECTION     S (200)
  HIGHEST GUST SPEED    17   HIGHEST GUST DIRECTION     S (200)
  AVERAGE WIND SPEED     5.4


SKY COVER
  POSSIBLE SUNSHINE  MM
  AVERAGE SKY COVER 0.0


WEATHER CONDITIONS
 THE FOLLOWING WEATHER WAS RECORDED YESTERDAY.
  NO SIGNIFICANT WEATHER WAS OBSERVED.


RELATIVE HUMIDITY (PERCENT)
 HIGHEST    89           900 PM
 LOWEST     31           100 PM
 AVERAGE    60

..........................................................


THE NORTH MYRTLE BEACH SC CLIMATE NORMALS FOR TODAY
                         NORMAL    RECORD    YEAR
 MAXIMUM TEMPERATURE (F)   57        73      2009
 MINIMUM TEMPERATURE (F)   38        22      1955


SUNRISE AND SUNSET
FEBRUARY 12 2016......SUNRISE   703 AM EST   SUNSET   556 PM EST
FEBRUARY 13 2016......SUNRISE   702 AM EST   SUNSET   557 PM EST


-  INDICATES NEGATIVE NUMBERS.
R  INDICATES RECORD WAS SET OR TIED.
MM INDICATES DATA IS MISSING.
T  INDICATES TRACE AMOUNT.




$$
