000
CDUS42 KILM 192147
CLICRE


CLIMATE REPORT
NATIONAL WEATHER SERVICE WILMINGTON NC
447 PM EST SUN FEB 19 2017


...................................

...THE NORTH MYRTLE BEACH SC CLIMATE SUMMARY FOR FEBRUARY 19 2017...
VALID TODAY AS OF 0400 PM LOCAL TIME.

CLIMATE NORMAL PERIOD 1981 TO 2010
CLIMATE RECORD PERIOD 1949 TO 2017


WEATHER ITEM   OBSERVED TIME   RECORD YEAR NORMAL DEPARTURE LAST
                VALUE   (LST)  VALUE       VALUE  FROM      YEAR
                                                  NORMAL
..................................................................
TEMPERATURE (F)
 TODAY
  MAXIMUM         73R   343 PM  73    2011  58     15       51
  MINIMUM         47    527 AM  19    2015  39      8       33
  AVERAGE         60                        49     11       42

PRECIPITATION (IN)
  TODAY            0.00                      0.14  -0.14     0.00
  MONTH TO DATE    1.31                      2.29  -0.98     5.41
  SINCE DEC 1      5.96                      9.44  -3.48    10.43
  SINCE JAN 1      3.34                      5.98  -2.64     7.31

SNOWFALL (IN)
  TODAY           MM
  MONTH TO DATE   MM
  SINCE DEC 1     MM
  SINCE JUL 1     MM
  SNOW DEPTH      MM

DEGREE DAYS
 HEATING
  TODAY            5                        16    -11       23
  MONTH TO DATE  229                       339   -110      364
  SINCE DEC 1   1055                      1446   -391     1169
  SINCE JUL 1   1358                      1807   -449     1366

 COOLING
  TODAY            0                         0      0        0
  MONTH TO DATE    0                         0      0        0
  SINCE DEC 1      0                         3     -3       51
  SINCE JAN 1      0                         0      0        0
..................................................................


WIND (MPH)
  HIGHEST WIND SPEED    13   HIGHEST WIND DIRECTION    NW (330)
  HIGHEST GUST SPEED    20   HIGHEST GUST DIRECTION     W (290)
  AVERAGE WIND SPEED     4.7


SKY COVER
  POSSIBLE SUNSHINE  MM
  AVERAGE SKY COVER 0.0


WEATHER CONDITIONS
 THE FOLLOWING WEATHER WAS RECORDED TODAY.
  FOG


RELATIVE HUMIDITY (PERCENT)
 HIGHEST    93          1200 AM
 LOWEST     41           300 PM
 AVERAGE    67

..........................................................


THE NORTH MYRTLE BEACH SC CLIMATE NORMALS FOR TOMORROW
                         NORMAL    RECORD    YEAR
 MAXIMUM TEMPERATURE (F)   58        77      1949
 MINIMUM TEMPERATURE (F)   39        15      2015


SUNRISE AND SUNSET
FEBRUARY 19 2017......SUNRISE   655 AM EST   SUNSET   603 PM EST
FEBRUARY 20 2017......SUNRISE   654 AM EST   SUNSET   604 PM EST


-  INDICATES NEGATIVE NUMBERS.
R  INDICATES RECORD WAS SET OR TIED.
MM INDICATES DATA IS MISSING.
T  INDICATES TRACE AMOUNT.




$$
