000
CDUS42 KILM 270840
CLICRE


CLIMATE REPORT
NATIONAL WEATHER SERVICE WILMINGTON NC
440 AM EDT TUE SEP 27 2016


...................................

...THE NORTH MYRTLE BEACH SC CLIMATE SUMMARY FOR SEPTEMBER 26 2016...

CLIMATE NORMAL PERIOD 1981 TO 2010
CLIMATE RECORD PERIOD 1949 TO 2016


WEATHER ITEM   OBSERVED TIME   RECORD YEAR NORMAL DEPARTURE LAST
                VALUE   (LST)  VALUE       VALUE  FROM      YEAR
                                                  NORMAL
..................................................................
TEMPERATURE (F)
 YESTERDAY
  MAXIMUM         83    217 PM  88    1993  81      2       78
  MINIMUM         67    643 AM  46    1950  64      3       69
  AVERAGE         75                        72      3       74

PRECIPITATION (IN)
  YESTERDAY        0.07                      0.20  -0.13      T
  MONTH TO DATE   17.72                      5.53  12.19     5.27
  SINCE SEP 1     17.72                      5.53  12.19     5.27
  SINCE JAN 1     43.36                     40.88   2.48    38.03

DEGREE DAYS
 HEATING
  YESTERDAY        0                         0      0        0
  MONTH TO DATE    0                         0      0        0
  SINCE SEP 1      0                         0      0        0
  SINCE JUL 1      0                         0      0        0

 COOLING
  YESTERDAY       10                         8      2        9
  MONTH TO DATE  326                       280     46      306
  SINCE SEP 1    326                       280     46      306
  SINCE JAN 1   2182                      1756    426     2015
..................................................................


WIND (MPH)
  HIGHEST WIND SPEED    15   HIGHEST WIND DIRECTION     E (100)
  HIGHEST GUST SPEED    21   HIGHEST GUST DIRECTION    SE (140)
  AVERAGE WIND SPEED     8.1


SKY COVER
  POSSIBLE SUNSHINE  MM
  AVERAGE SKY COVER 0.2


WEATHER CONDITIONS
 THE FOLLOWING WEATHER WAS RECORDED YESTERDAY.
  LIGHT RAIN
  FOG


RELATIVE HUMIDITY (PERCENT)
 HIGHEST    93           600 AM
 LOWEST     69          1200 PM
 AVERAGE    81

..........................................................


THE NORTH MYRTLE BEACH SC CLIMATE NORMALS FOR TODAY
                         NORMAL    RECORD    YEAR
 MAXIMUM TEMPERATURE (F)   81        88      1993
 MINIMUM TEMPERATURE (F)   63        52      2001
                                             1956


SUNRISE AND SUNSET
SEPTEMBER 27 2016.....SUNRISE   707 AM EDT   SUNSET   704 PM EDT
SEPTEMBER 28 2016.....SUNRISE   707 AM EDT   SUNSET   703 PM EDT


-  INDICATES NEGATIVE NUMBERS.
R  INDICATES RECORD WAS SET OR TIED.
MM INDICATES DATA IS MISSING.
T  INDICATES TRACE AMOUNT.




$$
