000
CDUS42 KILM 230844
CLICRE


CLIMATE REPORT
NATIONAL WEATHER SERVICE WILMINGTON NC
444 AM EDT FRI JUN 23 2017


...................................

...THE NORTH MYRTLE BEACH SC CLIMATE SUMMARY FOR JUNE 22 2017...

CLIMATE NORMAL PERIOD 1981 TO 2010
CLIMATE RECORD PERIOD 1949 TO 2017


WEATHER ITEM   OBSERVED TIME   RECORD YEAR NORMAL DEPARTURE LAST
                VALUE   (LST)  VALUE       VALUE  FROM      YEAR
                                                  NORMAL
..................................................................
TEMPERATURE (F)
 YESTERDAY
  MAXIMUM         83   1018 AM  98    1994  86     -3       89
  MINIMUM         76   1236 PM  61    2003  71      5       76
  AVERAGE         80                        78      2       83

PRECIPITATION (IN)
  YESTERDAY        0.61                      0.16   0.45     0.00
  MONTH TO DATE    2.84                      3.36  -0.52     1.09
  SINCE JUN 1      2.84                      3.36  -0.52     1.09
  SINCE JAN 1     16.05                     20.76  -4.71    16.83

DEGREE DAYS
 HEATING
  YESTERDAY        0                         0      0        0
  MONTH TO DATE    3                         0      3        0
  SINCE JUN 1      3                         0      3        0
  SINCE JUL 1   1809                      2447   -638     1781

 COOLING
  YESTERDAY       15                        13      2       18
  MONTH TO DATE  248                       244      4      317
  SINCE JUN 1    248                       244      4      317
  SINCE JAN 1    611                       456    155      613
..................................................................


WIND (MPH)
  HIGHEST WIND SPEED    22   HIGHEST WIND DIRECTION    SW (230)
  HIGHEST GUST SPEED    24   HIGHEST GUST DIRECTION    SW (220)
  AVERAGE WIND SPEED     6.2


SKY COVER
  POSSIBLE SUNSHINE  MM
  AVERAGE SKY COVER 0.3


WEATHER CONDITIONS
 THE FOLLOWING WEATHER WAS RECORDED YESTERDAY.
  THUNDERSTORM
  HEAVY RAIN
  LIGHT RAIN
  FOG


RELATIVE HUMIDITY (PERCENT)
 HIGHEST   100           500 AM
 LOWEST     85          1000 AM
 AVERAGE    93

..........................................................


THE NORTH MYRTLE BEACH SC CLIMATE NORMALS FOR TODAY
                         NORMAL    RECORD    YEAR
 MAXIMUM TEMPERATURE (F)   86        97      1991
 MINIMUM TEMPERATURE (F)   71        60      1992


SUNRISE AND SUNSET
JUNE 23 2017..........SUNRISE   605 AM EDT   SUNSET   829 PM EDT
JUNE 24 2017..........SUNRISE   605 AM EDT   SUNSET   829 PM EDT


-  INDICATES NEGATIVE NUMBERS.
R  INDICATES RECORD WAS SET OR TIED.
MM INDICATES DATA IS MISSING.
T  INDICATES TRACE AMOUNT.




$$
