000
CDUS44 KCRP 210920
CLICRP

CLIMATE REPORT
NATIONAL WEATHER SERVICE CORPUS CHRISTI TX
320 AM CST SUN DEC 21 2014

...................................

...THE CORPUS CHRISTI CLIMATE SUMMARY FOR DECEMBER 20 2014...

CLIMATE NORMAL PERIOD 1981 TO 2010
CLIMATE RECORD PERIOD 1887 TO 2014


WEATHER ITEM   OBSERVED TIME   RECORD YEAR NORMAL DEPARTURE LAST
                VALUE   (LST)  VALUE       VALUE  FROM      YEAR
                                                  NORMAL
..................................................................
TEMPERATURE (F)
 YESTERDAY
  MAXIMUM         57    442 PM  89    1978  68    -11       81
  MINIMUM         51    842 AM  23    1924  48      3       67
  AVERAGE         54                        58     -4       74

PRECIPITATION (IN)
  YESTERDAY        T             2.63 1958   0.06  -0.06     0.00
  MONTH TO DATE    0.43                      1.12  -0.69     0.02
  SINCE DEC 1      0.43                      1.12  -0.69     0.02
  SINCE JAN 1     28.75                     31.05  -2.30    23.18

SNOWFALL (IN)
  YESTERDAY        0.0
  MONTH TO DATE    0.0
  SINCE DEC 1      0.0
  SINCE JUL 1      0.0
  SNOW DEPTH       0

DEGREE DAYS
 HEATING
  YESTERDAY       11                         9      2        0
  MONTH TO DATE   47                       150   -103      186
  SINCE DEC 1     47                       150   -103      186
  SINCE JUL 1    208                       251    -43      343

 COOLING
  YESTERDAY        0                         1     -1        9
  MONTH TO DATE   50                        38     12       32
  SINCE DEC 1     50                        38     12       32
  SINCE JAN 1   3691                      3513    178     4144
..................................................................


WIND (MPH)
  HIGHEST WIND SPEED    24   HIGHEST WIND DIRECTION     N (10)
  HIGHEST GUST SPEED    28   HIGHEST GUST DIRECTION     N (20)
  AVERAGE WIND SPEED    10.1


SKY COVER
  POSSIBLE SUNSHINE  MM
  AVERAGE SKY COVER 1.0


WEATHER CONDITIONS
 THE FOLLOWING WEATHER WAS RECORDED YESTERDAY.
  LIGHT RAIN


RELATIVE HUMIDITY (PERCENT)
 HIGHEST    89           600 AM
 LOWEST     77          1100 AM
 AVERAGE    83

..........................................................


THE CORPUS CHRISTI CLIMATE NORMALS FOR TODAY
                         NORMAL    RECORD    YEAR
 MAXIMUM TEMPERATURE (F)   67        87      1990
 MINIMUM TEMPERATURE (F)   48        18      1973


SUNRISE AND SUNSET
DECEMBER 21 2014......SUNRISE   717 AM CST   SUNSET   540 PM CST
DECEMBER 22 2014......SUNRISE   717 AM CST   SUNSET   540 PM CST


-  INDICATES NEGATIVE NUMBERS.
R  INDICATES RECORD WAS SET OR TIED.
MM INDICATES DATA IS MISSING.
T  INDICATES TRACE AMOUNT.

$$
