000
CDUS44 KCRP 192137
CLICRP

CLIMATE REPORT
NATIONAL WEATHER SERVICE CORPUS CHRISTI TX
435 PM CDT THU OCT 19 2017

...THE CORPUS CHRISTI CLIMATE SUMMARY FOR OCTOBER 19 2017...
VALID AS OF 0400 PM LOCAL TIME.

CLIMATE NORMAL PERIOD 1981 TO 2010
CLIMATE RECORD PERIOD 1887 TO 2017


WEATHER ITEM   OBSERVED TIME   RECORD YEAR NORMAL DEPARTURE LAST
                VALUE   (LST)  VALUE       VALUE  FROM      YEAR
                                                  NORMAL
..................................................................
TEMPERATURE (F)
 TODAY
  MAXIMUM         84    150 PM  94    2016  84      0       94
                                      2004
  MINIMUM         62    349 AM  47    1989  64     -2       74
                                      1948
  AVERAGE         73                        74     -1       84

PRECIPITATION (IN)
  TODAY            0.00          1.79 1998   0.13  -0.13      T
  MONTH TO DATE    2.29                      2.29   0.00     0.12
  SINCE SEP 1      3.75                      7.27  -3.52     3.17
  SINCE JAN 1     26.11                     26.61  -0.50    28.46

SNOWFALL (IN)
  TODAY            0.0
  MONTH TO DATE    0.0
  SINCE SEP 1      0.0
  SINCE JUL 1      0.0
  SNOW DEPTH       0

DEGREE DAYS
 HEATING
  TODAY            0                         0      0        0
  MONTH TO DATE    0                         0      0        0
  SINCE SEP 1      0                         0      0        0
  SINCE JUL 1      0                         0      0        0

 COOLING
  TODAY            8                         9     -1       19
  MONTH TO DATE  241                       213     28      299
  SINCE SEP 1    742                       695     47      898
  SINCE JAN 1   3723                      3256    467     3815
..................................................................


WIND (MPH)
  HIGHEST WIND SPEED    22   HIGHEST WIND DIRECTION     E (90)
  HIGHEST GUST SPEED    27   HIGHEST GUST DIRECTION     E (70)


SKY COVER
  POSSIBLE SUNSHINE  MM
  AVERAGE SKY COVER 0.7


WEATHER CONDITIONS
 THE FOLLOWING WEATHER WAS RECORDED TODAY.
  NO SIGNIFICANT WEATHER WAS OBSERVED.


RELATIVE HUMIDITY (PERCENT)
 HIGHEST   100           400 AM
 LOWEST     55           200 PM
 AVERAGE    78

..........................................................


THE CORPUS CHRISTI CLIMATE NORMALS FOR TOMORROW
                         NORMAL    RECORD    YEAR
 MAXIMUM TEMPERATURE (F)   84        96      2016
 MINIMUM TEMPERATURE (F)   64        39      1989


SUNRISE AND SUNSET
OCTOBER 19 2017.......SUNRISE   733 AM CDT   SUNSET   657 PM CDT
OCTOBER 20 2017.......SUNRISE   733 AM CDT   SUNSET   656 PM CDT


-  INDICATES NEGATIVE NUMBERS.
R  INDICATES RECORD WAS SET OR TIED.
MM INDICATES DATA IS MISSING.
T  INDICATES TRACE AMOUNT.

$$

87
