000
CDUS44 KCRP 270650
CLICRP

CLIMATE REPORT
NATIONAL WEATHER SERVICE CORPUS CHRISTI TX
150 AM CDT SAT AUG 27 2016


...THE CORPUS CHRISTI CLIMATE SUMMARY FOR AUGUST 26 2016...

CLIMATE NORMAL PERIOD 1981 TO 2010
CLIMATE RECORD PERIOD 1887 TO 2016


WEATHER ITEM   OBSERVED TIME   RECORD YEAR NORMAL DEPARTURE LAST
                VALUE   (LST)  VALUE       VALUE  FROM      YEAR
                                                  NORMAL
..................................................................
TEMPERATURE (F)
 YESTERDAY
  MAXIMUM         94    325 PM 101    1990  94      0       95
  MINIMUM         75    619 AM  68    1961  75      0       76
  AVERAGE         85                        84      1       86

PRECIPITATION (IN)
  YESTERDAY        0.00          4.14 1945   0.13  -0.13      T
  MONTH TO DATE    2.62                      2.19   0.43     2.34
  SINCE JUN 1      5.57                      8.34  -2.77     5.16
  SINCE JAN 1     23.79                     18.61   5.18    35.42

SNOWFALL (IN)
  YESTERDAY        0.0
  MONTH TO DATE    0.0
  SINCE JUN 1      0.0
  SINCE JUL 1      0.0
  SNOW DEPTH       0

DEGREE DAYS
 HEATING
  YESTERDAY        0                         0      0        0
  MONTH TO DATE    0                         0      0        0
  SINCE JUN 1      0                         0      0        0
  SINCE JUL 1      0                         0      0        0

 COOLING
  YESTERDAY       20                        19      1       21
  MONTH TO DATE  556                       518     38      560
  SINCE JUN 1   1785                      1627    158     1744
  SINCE JAN 1   2821                      2468    353     2574
..................................................................


WIND (MPH)
  HIGHEST WIND SPEED    18   HIGHEST WIND DIRECTION     E (100)
  HIGHEST GUST SPEED    24   HIGHEST GUST DIRECTION     E (80)
  AVERAGE WIND SPEED     6.7


SKY COVER
  POSSIBLE SUNSHINE  MM
  AVERAGE SKY COVER 0.5


WEATHER CONDITIONS
 THE FOLLOWING WEATHER WAS RECORDED YESTERDAY.
  THUNDERSTORM
  HAZE


RELATIVE HUMIDITY (PERCENT)
 HIGHEST    97           700 AM
 LOWEST     49           200 PM
 AVERAGE    73

..........................................................


THE CORPUS CHRISTI CLIMATE NORMALS FOR TODAY
                         NORMAL    RECORD    YEAR
 MAXIMUM TEMPERATURE (F)   94       102      2011
                                             1990
 MINIMUM TEMPERATURE (F)   75        69      1958
                                             1949
                                             1891


SUNRISE AND SUNSET
AUGUST 27 2016........SUNRISE   707 AM CDT   SUNSET   756 PM CDT
AUGUST 28 2016........SUNRISE   707 AM CDT   SUNSET   754 PM CDT


-  INDICATES NEGATIVE NUMBERS.
R  INDICATES RECORD WAS SET OR TIED.
MM INDICATES DATA IS MISSING.
T  INDICATES TRACE AMOUNT.

$$

TMT
