000
CDUS44 KCRP 300651
CLICRP

CLIMATE REPORT
NATIONAL WEATHER SERVICE CORPUS CHRISTI TX
149 AM CDT THU OCT 30 2014


...................................

...THE CORPUS CHRISTI CLIMATE SUMMARY FOR OCTOBER 29 2014...

CLIMATE NORMAL PERIOD 1981 TO 2010
CLIMATE RECORD PERIOD 1887 TO 2014


WEATHER ITEM   OBSERVED TIME   RECORD YEAR NORMAL DEPARTURE LAST
                VALUE   (LST)  VALUE       VALUE  FROM      YEAR
                                                  NORMAL
..................................................................
TEMPERATURE (F)
 YESTERDAY
  MAXIMUM         88   1155 AM  92    2004  82      6       87
                                      1996
                                      1972
  MINIMUM         68    703 AM  42    2011  62      6       75
  AVERAGE         78                        72      6       81

PRECIPITATION (IN)
  YESTERDAY        0.00          7.92 1995   0.10  -0.10      T
  MONTH TO DATE    2.94                      3.44  -0.50     2.45
  SINCE SEP 1      8.95                      8.42   0.53     8.76
  SINCE JAN 1     22.79                     27.76  -4.97    19.77

SNOWFALL (IN)
  YESTERDAY        0.0
  MONTH TO DATE    0.0
  SINCE SEP 1      0.0
  SINCE JUL 1      0.0
  SNOW DEPTH       0

DEGREE DAYS
 HEATING
  YESTERDAY        0                         1     -1        0
  MONTH TO DATE    0                         6     -6        0
  SINCE SEP 1      0                         6     -6        0
  SINCE JUL 1      0                         6     -6        0

 COOLING
  YESTERDAY       13                         7      6       16
  MONTH TO DATE  354                       296     58      350
  SINCE SEP 1    858                       778     80      932
  SINCE JAN 1   3561                      3339    222     3945
..................................................................


WIND (MPH)
  HIGHEST WIND SPEED    13   HIGHEST WIND DIRECTION     E (80)
  HIGHEST GUST SPEED    16   HIGHEST GUST DIRECTION     E (100)
  AVERAGE WIND SPEED     4.7


SKY COVER
  POSSIBLE SUNSHINE  MM
  AVERAGE SKY COVER 0.5


WEATHER CONDITIONS
 THE FOLLOWING WEATHER WAS RECORDED YESTERDAY.
  NO SIGNIFICANT WEATHER WAS OBSERVED.


RELATIVE HUMIDITY (PERCENT)
 HIGHEST    97           500 AM
 LOWEST     40           100 PM
 AVERAGE    69

..........................................................


THE CORPUS CHRISTI CLIMATE NORMALS FOR TODAY
                         NORMAL    RECORD    YEAR
 MAXIMUM TEMPERATURE (F)   81        91      2004
 MINIMUM TEMPERATURE (F)   61        41      1993
                                             1925
                                             1917


SUNRISE AND SUNSET
OCTOBER 30 2014.......SUNRISE   740 AM CDT   SUNSET   647 PM CDT
OCTOBER 31 2014.......SUNRISE   740 AM CDT   SUNSET   647 PM CDT


-  INDICATES NEGATIVE NUMBERS.
R  INDICATES RECORD WAS SET OR TIED.
MM INDICATES DATA IS MISSING.
T  INDICATES TRACE AMOUNT.

$$

GW
