000
CDUS44 KCRP 030031
CLICRP

CLIMATE REPORT
NATIONAL WEATHER SERVICE CORPUS CHRISTI TX
727 PM CDT SUN AUG 2 2015


...................................

...THE CORPUS CHRISTI CLIMATE SUMMARY FOR AUGUST 2 2015...
VALID TODAY AS OF 700 PM LOCAL TIME.

CLIMATE NORMAL PERIOD 1981 TO 2010
CLIMATE RECORD PERIOD 1887 TO 2015


WEATHER ITEM   OBSERVED TIME   RECORD YEAR NORMAL DEPARTURE LAST
                VALUE   (LST)  VALUE       VALUE  FROM      YEAR
                                                  NORMAL
..................................................................
TEMPERATURE (F)
 TODAY
  MAXIMUM         96    123 PM 100    1977  95      1       88
  MINIMUM         74    544 AM  69    1994  75     -1       75
  AVERAGE         85                        85      0       82

PRECIPITATION (IN)
  TODAY            0.00          3.00 1971   0.05  -0.05     0.74
  MONTH TO DATE    0.00                      0.11  -0.11     0.74
  SINCE JUN 1      2.82                      6.26  -3.44     2.89
  SINCE JAN 1     33.08                     16.53  16.55     9.99

SNOWFALL (IN)
  TODAY            0.0
  MONTH TO DATE    0.0
  SINCE JUN 1      0.0
  SINCE JUL 1      0.0
  SNOW DEPTH       0

DEGREE DAYS
 HEATING
  TODAY            0                         0      0        0
  MONTH TO DATE    0                         0      0        0
  SINCE JUN 1      0                         0      0        0
  SINCE JUL 1      0                         0      0        0

 COOLING
  TODAY           20                        20      0       17
  MONTH TO DATE   41                        40      1       39
  SINCE JUN 1   1225                      1149     76     1266
  SINCE JAN 1   2055                      1990     65     2072
..................................................................


WIND (MPH)
  HIGHEST WIND SPEED    16   HIGHEST WIND DIRECTION    SE (120)
  HIGHEST GUST SPEED    23   HIGHEST GUST DIRECTION     E (100)


SKY COVER
  POSSIBLE SUNSHINE  MM
  AVERAGE SKY COVER 0.6


WEATHER CONDITIONS
 THE FOLLOWING WEATHER WAS RECORDED TODAY.
  NO SIGNIFICANT WEATHER WAS OBSERVED.


RELATIVE HUMIDITY (PERCENT)
 HIGHEST    94           200 AM
 LOWEST     46          1200 PM
 AVERAGE    70

..........................................................


THE CORPUS CHRISTI CLIMATE NORMALS FOR TOMORROW
                         NORMAL    RECORD    YEAR
 MAXIMUM TEMPERATURE (F)   95        99      2011
                                             1998
 MINIMUM TEMPERATURE (F)   75        67      1949


SUNRISE AND SUNSET
AUGUST  2 2015........SUNRISE   653 AM CDT   SUNSET   819 PM CDT
AUGUST  3 2015........SUNRISE   654 AM CDT   SUNSET   818 PM CDT


-  INDICATES NEGATIVE NUMBERS.
R  INDICATES RECORD WAS SET OR TIED.
MM INDICATES DATA IS MISSING.
T  INDICATES TRACE AMOUNT.




$$
