000
CDUS44 KCRP 280944
CLICRP

CLIMATE REPORT
NATIONAL WEATHER SERVICE CORPUS CHRISTI TX
342 AM CST TUE FEB 28 2017


...................................

...THE CORPUS CHRISTI CLIMATE SUMMARY FOR FEBRUARY 27 2017...

CLIMATE NORMAL PERIOD 1981 TO 2010
CLIMATE RECORD PERIOD 1887 TO 2017


WEATHER ITEM   OBSERVED TIME   RECORD YEAR NORMAL DEPARTURE LAST
                VALUE   (LST)  VALUE       VALUE  FROM      YEAR
                                                  NORMAL
..................................................................
TEMPERATURE (F)
 YESTERDAY
  MAXIMUM         84    340 PM  96    1954  73     11       77
  MINIMUM         65    724 AM  24    2002  53     12       47
  AVERAGE         75                        63     12       62

PRECIPITATION (IN)
  YESTERDAY        0.00          1.26 1985   0.08  -0.08     0.00
  MONTH TO DATE    2.57                      1.84   0.73     0.21
  SINCE DEC 1      5.04                      5.21  -0.17     3.18
  SINCE JAN 1      2.84                      3.38  -0.54     2.29

SNOWFALL (IN)
  YESTERDAY        0.0
  MONTH TO DATE    0.0
  SINCE DEC 1      0.0
  SINCE JUL 1      0.0
  SNOW DEPTH       0

DEGREE DAYS
 HEATING
  YESTERDAY        0                         5     -5        3
  MONTH TO DATE   30                       170   -140      113
  SINCE DEC 1    334                       696   -362      545
  SINCE JUL 1    352                       797   -445      619

 COOLING
  YESTERDAY       10                         2      8        0
  MONTH TO DATE  163                        47    116       50
  SINCE DEC 1    343                       126    217      141
  SINCE JAN 1    255                        77    178       63
..................................................................


WIND (MPH)
  HIGHEST WIND SPEED    22   HIGHEST WIND DIRECTION    SE (140)
  HIGHEST GUST SPEED    30   HIGHEST GUST DIRECTION    SE (150)
  AVERAGE WIND SPEED    14.6


SKY COVER
  POSSIBLE SUNSHINE  MM
  AVERAGE SKY COVER 0.6


WEATHER CONDITIONS
 THE FOLLOWING WEATHER WAS RECORDED YESTERDAY.
  FOG


RELATIVE HUMIDITY (PERCENT)
 HIGHEST   100           300 AM
 LOWEST     59           200 PM
 AVERAGE    80

..........................................................


THE CORPUS CHRISTI CLIMATE NORMALS FOR TODAY
                         NORMAL    RECORD    YEAR
 MAXIMUM TEMPERATURE (F)   73        94      1940
 MINIMUM TEMPERATURE (F)   53        30      1890


SUNRISE AND SUNSET
FEBRUARY 28 2017......SUNRISE   655 AM CST   SUNSET   630 PM CST
MARCH  1 2017.........SUNRISE   654 AM CST   SUNSET   631 PM CST


-  INDICATES NEGATIVE NUMBERS.
R  INDICATES RECORD WAS SET OR TIED.
MM INDICATES DATA IS MISSING.
T  INDICATES TRACE AMOUNT.

$$
