000
CDUS44 KCRP 020045
CLICRP

CLIMATE REPORT
NATIONAL WEATHER SERVICE CORPUS CHRISTI TX
644 PM CST SUN MAR 1 2015


...................................

...THE CORPUS CHRISTI CLIMATE SUMMARY FOR MARCH 1 2015...
VALID TODAY AS OF 0500 PM LOCAL TIME.

CLIMATE NORMAL PERIOD 1981 TO 2010
CLIMATE RECORD PERIOD 1887 TO 2015


WEATHER ITEM   OBSERVED TIME   RECORD YEAR NORMAL DEPARTURE LAST
                VALUE   (LST)  VALUE       VALUE  FROM      YEAR
                                                  NORMAL
..................................................................
TEMPERATURE (F)
 TODAY
  MAXIMUM         52    505 PM  92    1975  73    -21       78
  MINIMUM         47    746 AM  28    1890  53     -6       59
  AVERAGE         50                        63    -13       69

PRECIPITATION (IN)
  TODAY            0.02          1.02 1889   0.07  -0.05     0.00
  MONTH TO DATE    0.02                      0.07  -0.05     0.00
  SINCE MAR 1      0.02                      0.07  -0.05     0.00
  SINCE JAN 1      3.47                      3.54  -0.07     0.91

SNOWFALL (IN)
  TODAY           MM
  MONTH TO DATE   MM
  SINCE MAR 1     MM
  SINCE JUL 1      0.0
  SNOW DEPTH       0

DEGREE DAYS
 HEATING
  TODAY           15                         4     11        0
  MONTH TO DATE   15                         4     11        0
  SINCE MAR 1     15                         4     11        0
  SINCE JUL 1    952                       804    148      999

 COOLING
  TODAY            0                         2     -2        4
  MONTH TO DATE    0                         2     -2        4
  SINCE MAR 1      0                         2     -2        4
  SINCE JAN 1     28                        78    -50       81
..................................................................


WIND (MPH)
  HIGHEST WIND SPEED    15   HIGHEST WIND DIRECTION     N (360)
  HIGHEST GUST SPEED    16   HIGHEST GUST DIRECTION     N (350)


SKY COVER
  POSSIBLE SUNSHINE  MM
  AVERAGE SKY COVER 1.0


WEATHER CONDITIONS
 THE FOLLOWING WEATHER WAS RECORDED TODAY.
  LIGHT RAIN
  FOG
  FOG W/VISIBILITY <= 1/4 MILE


RELATIVE HUMIDITY (PERCENT)
 HIGHEST   100           500 AM
 LOWEST     89          1200 AM
 AVERAGE    95

..........................................................


THE CORPUS CHRISTI CLIMATE NORMALS FOR TOMORROW
                         NORMAL    RECORD    YEAR
 MAXIMUM TEMPERATURE (F)   73        98      1999
 MINIMUM TEMPERATURE (F)   54        24      1980


SUNRISE AND SUNSET
MARCH  1 2015.........SUNRISE   655 AM CST   SUNSET   630 PM CST
MARCH  2 2015.........SUNRISE   654 AM CST   SUNSET   631 PM CST


-  INDICATES NEGATIVE NUMBERS.
R  INDICATES RECORD WAS SET OR TIED.
MM INDICATES DATA IS MISSING.
T  INDICATES TRACE AMOUNT.




$$
