000
CDUS44 KCRP 182157
CLICRP

CLIMATE REPORT
NATIONAL WEATHER SERVICE CORPUS CHRISTI TX
456 PM CDT FRI APR 18 2014


...................................

...THE CORPUS CHRISTI CLIMATE SUMMARY FOR APRIL 18 2014...
VALID TODAY AS OF 0400 PM LOCAL TIME.

CLIMATE NORMAL PERIOD 1981 TO 2010
CLIMATE RECORD PERIOD 1887 TO 2014


WEATHER ITEM   OBSERVED TIME   RECORD YEAR NORMAL DEPARTURE LAST
                VALUE   (LST)  VALUE       VALUE  FROM      YEAR
                                                  NORMAL
..................................................................
TEMPERATURE (F)
 TODAY
  MAXIMUM         80    244 PM  96    1975  82     -2       84
  MINIMUM         64    610 AM  49    1921  64      0       60
  AVERAGE         72                        73     -1       72

PRECIPITATION (IN)
  TODAY            0.00          1.04 1938   0.07  -0.07      T
  MONTH TO DATE    0.43                      1.03  -0.60     0.17
  SINCE MAR 1      2.08                      2.92  -0.84     0.23
  SINCE JAN 1      2.99                      6.39  -3.40     1.92

SNOWFALL (IN)
  TODAY            0.0
  MONTH TO DATE    0.0
  SINCE MAR 1      0.0
  SINCE JUL 1      T
  SNOW DEPTH       0

DEGREE DAYS
 HEATING
  TODAY            0                         0      0        0
  MONTH TO DATE   14                        15     -1        6
  SINCE MAR 1    146                        96     50       70
  SINCE JUL 1   1145                       896    249      522

 COOLING
  TODAY            7                         8     -1        7
  MONTH TO DATE  116                       125     -9      158
  SINCE MAR 1    200                       240    -40      315
  SINCE JAN 1    277                       316    -39      459
..................................................................


WIND (MPH)
  HIGHEST WIND SPEED    17   HIGHEST WIND DIRECTION    SE (120)
  HIGHEST GUST SPEED    22   HIGHEST GUST DIRECTION     E (80)


SKY COVER
  POSSIBLE SUNSHINE  MM
  AVERAGE SKY COVER 0.7


WEATHER CONDITIONS
 THE FOLLOWING WEATHER WAS RECORDED TODAY.
  NO SIGNIFICANT WEATHER WAS OBSERVED.


RELATIVE HUMIDITY (PERCENT)
 HIGHEST    87           100 AM
 LOWEST     45           300 PM
 AVERAGE    66

..........................................................


THE CORPUS CHRISTI CLIMATE NORMALS FOR TOMORROW
                         NORMAL    RECORD    YEAR
 MAXIMUM TEMPERATURE (F)   82        94      1984
 MINIMUM TEMPERATURE (F)   64        46      2008


SUNRISE AND SUNSET
APRIL 18 2014.........SUNRISE   702 AM CDT   SUNSET   757 PM CDT
APRIL 19 2014.........SUNRISE   701 AM CDT   SUNSET   757 PM CDT


-  INDICATES NEGATIVE NUMBERS.
R  INDICATES RECORD WAS SET OR TIED.
MM INDICATES DATA IS MISSING.
T  INDICATES TRACE AMOUNT.




$$
