663
CDUS44 KCRP 240747
CLICRP

CLIMATE REPORT
NATIONAL WEATHER SERVICE CORPUS CHRISTI TX
245 AM CDT TUE MAY 24 2016


...................................

...THE CORPUS CHRISTI CLIMATE SUMMARY FOR MAY 23 2016...

CLIMATE NORMAL PERIOD 1981 TO 2010
CLIMATE RECORD PERIOD 1887 TO 2016


WEATHER ITEM   OBSERVED TIME   RECORD YEAR NORMAL DEPARTURE LAST
                VALUE   (LST)  VALUE       VALUE  FROM      YEAR
                                                  NORMAL
..................................................................
TEMPERATURE (F)
 YESTERDAY
  MAXIMUM         86    341 PM  96    1988  88     -2       86
  MINIMUM         77    217 AM  56    1967  71      6       78
  AVERAGE         82                        80      2       82

PRECIPITATION (IN)
  YESTERDAY        0.01          3.42 1993   0.11  -0.10      T
  MONTH TO DATE    5.81                      2.19   3.62    12.68
  SINCE MAR 1     15.75                      5.92   9.83    25.17
  SINCE JAN 1     18.04                      9.39   8.65    28.62

SNOWFALL (IN)
  YESTERDAY        0.0
  MONTH TO DATE    0.0
  SINCE MAR 1      0.0
  SINCE JUL 1      0.0
  SNOW DEPTH       0

DEGREE DAYS
 HEATING
  YESTERDAY        0                         0      0        0
  MONTH TO DATE    0                         0      0        0
  SINCE MAR 1     21                        98    -77      116
  SINCE JUL 1    640                       898   -258     1053

 COOLING
  YESTERDAY       17                        15      2       17
  MONTH TO DATE  318                       291     27      320
  SINCE MAR 1    816                       643    173      676
  SINCE JAN 1    893                       719    174      704
..................................................................


WIND (MPH)
  HIGHEST WIND SPEED    26   HIGHEST WIND DIRECTION    SE (130)
  HIGHEST GUST SPEED    30   HIGHEST GUST DIRECTION    SE (130)
  AVERAGE WIND SPEED    12.8


SKY COVER
  POSSIBLE SUNSHINE  MM
  AVERAGE SKY COVER 0.8


WEATHER CONDITIONS
 THE FOLLOWING WEATHER WAS RECORDED YESTERDAY.
  LIGHT RAIN
  FOG


RELATIVE HUMIDITY (PERCENT)
 HIGHEST    97           700 AM
 LOWEST     74           500 PM
 AVERAGE    86

..........................................................


THE CORPUS CHRISTI CLIMATE NORMALS FOR TODAY
                         NORMAL    RECORD    YEAR
 MAXIMUM TEMPERATURE (F)   88        94      1974
 MINIMUM TEMPERATURE (F)   72        58      1967


SUNRISE AND SUNSET
MAY 24 2016...........SUNRISE   636 AM CDT   SUNSET   818 PM CDT
MAY 25 2016...........SUNRISE   636 AM CDT   SUNSET   818 PM CDT


-  INDICATES NEGATIVE NUMBERS.
R  INDICATES RECORD WAS SET OR TIED.
MM INDICATES DATA IS MISSING.
T  INDICATES TRACE AMOUNT.




$$
