000
CDUS41 KRLX 210909
CLICRW


CLIMATE REPORT
NATIONAL WEATHER SERVICE CHARLESTON WV
506 AM EDT TUE OCT 21 2014


...................................

...THE CHARLESTON WV CLIMATE SUMMARY FOR OCTOBER 20 2014...

CLIMATE NORMAL PERIOD 1981 TO 2010
CLIMATE RECORD PERIOD 1901 TO 2014


WEATHER ITEM   OBSERVED TIME   RECORD YEAR NORMAL DEPARTURE LAST
                VALUE   (LST)  VALUE       VALUE  FROM      YEAR
                                                  NORMAL
..................................................................
TEMPERATURE (F)
 YESTERDAY
  MAXIMUM         60    432 PM  87    1920  67     -7       61
  MINIMUM         35    702 AM  23    1992  44     -9       38
  AVERAGE         48                        55     -7       50

PRECIPITATION (IN)
  YESTERDAY        0.03          1.55 1983   0.08  -0.05     0.00
  MONTH TO DATE    2.95                      1.66   1.29     0.59
  SINCE JAN 1     39.59                     36.02   3.57    37.12

SNOWFALL (IN)
  YESTERDAY        0.0
  MONTH TO DATE    0.0
  SINCE SEP 1      0.0
  SNOW DEPTH       0

DEGREE DAYS
 HEATING
  YESTERDAY       17                        10      7       15
  MONTH TO DATE  147                       153     -6       84
  SINCE SEP 1    192                       209    -17      123
  SINCE JUL 1    192                       211    -19      126

 COOLING
  YESTERDAY        0                         0      0        0
  MONTH TO DATE   14                        16     -2       39
  SINCE SEP 1    141                       143     -2      154
  SINCE JAN 1   1048                      1089    -41     1120
..................................................................


WIND (MPH)
  HIGHEST WIND SPEED     9   HIGHEST WIND DIRECTION    SW (220)
  HIGHEST GUST SPEED    16   HIGHEST GUST DIRECTION     S (160)
  AVERAGE WIND SPEED     2.4


SKY COVER
  POSSIBLE SUNSHINE  MM
  AVERAGE SKY COVER 0.7


WEATHER CONDITIONS
 THE FOLLOWING WEATHER WAS RECORDED YESTERDAY.
  LIGHT RAIN
  FOG
  FOG W/VISIBILITY <= 1/4 MILE


RELATIVE HUMIDITY (PERCENT)
 HIGHEST   100           300 AM
 LOWEST     61          1200 PM
 AVERAGE    81

..........................................................


THE CHARLESTON WV CLIMATE NORMALS FOR TODAY
                         NORMAL    RECORD    YEAR
 MAXIMUM TEMPERATURE (F)   66        89      1920
 MINIMUM TEMPERATURE (F)   44        18      1952


SUNRISE AND SUNSET
OCTOBER 21 2014.......SUNRISE   741 AM EDT   SUNSET   640 PM EDT
OCTOBER 22 2014.......SUNRISE   742 AM EDT   SUNSET   639 PM EDT


-  INDICATES NEGATIVE NUMBERS.
R  INDICATES RECORD WAS SET OR TIED.
MM INDICATES DATA IS MISSING.
T  INDICATES TRACE AMOUNT.




$$
