000
CDUS41 KRLX 220720
CLICRW


CLIMATE REPORT
NATIONAL WEATHER SERVICE CHARLESTON WV
316 AM EDT FRI AUG 22 2014


...................................

...THE CHARLESTON WV CLIMATE SUMMARY FOR AUGUST 21 2014...

CLIMATE NORMAL PERIOD 1981 TO 2010
CLIMATE RECORD PERIOD 1901 TO 2014


WEATHER ITEM   OBSERVED TIME   RECORD YEAR NORMAL DEPARTURE LAST
                VALUE   (LST)  VALUE       VALUE  FROM      YEAR
                                                  NORMAL
..................................................................
TEMPERATURE (F)
 YESTERDAY
  MAXIMUM         82   1253 PM 102    1936  84     -2       83
  MINIMUM         67    652 AM  50    1953  64      3       63
  AVERAGE         75                        74      1       73

PRECIPITATION (IN)
  YESTERDAY        1.00          2.60 1980   0.11   0.89     1.19
  MONTH TO DATE    2.33                      2.64  -0.31     3.49
  SINCE JAN 1     30.43                     30.01   0.42    33.41

SNOWFALL (IN)
  YESTERDAY        0.0
  MONTH TO DATE    0.0
  SINCE SEP 1     51.7
  SNOW DEPTH       0

DEGREE DAYS
 HEATING
  YESTERDAY        0                         0      0        0
  MONTH TO DATE    0                         0      0        3
  SINCE JUN 1      0                        13    -13        3
  SINCE JUL 1      0                         0      0        3

 COOLING
  YESTERDAY       10                         9      1        8
  MONTH TO DATE  158                       206    -48      158
  SINCE JUN 1    680                       750    -70      716
  SINCE JAN 1    801                       860    -59      863
..................................................................


WIND (MPH)
  HIGHEST WIND SPEED    20   HIGHEST WIND DIRECTION     N (340)
  HIGHEST GUST SPEED    29   HIGHEST GUST DIRECTION     N (350)
  AVERAGE WIND SPEED     3.9


SKY COVER
  POSSIBLE SUNSHINE  MM
  AVERAGE SKY COVER 0.6


WEATHER CONDITIONS
 THE FOLLOWING WEATHER WAS RECORDED YESTERDAY.
  THUNDERSTORM
  HEAVY RAIN
  RAIN
  LIGHT RAIN
  FOG


RELATIVE HUMIDITY (PERCENT)
 HIGHEST   100          1200 AM
 LOWEST     69          1200 PM
 AVERAGE    85

..........................................................


THE CHARLESTON WV CLIMATE NORMALS FOR TODAY
                         NORMAL    RECORD    YEAR
 MAXIMUM TEMPERATURE (F)   84       100      1936
 MINIMUM TEMPERATURE (F)   64        49      1982
                                             1925


SUNRISE AND SUNSET
AUGUST 22 2014........SUNRISE   647 AM EDT   SUNSET   811 PM EDT
AUGUST 23 2014........SUNRISE   648 AM EDT   SUNSET   809 PM EDT


-  INDICATES NEGATIVE NUMBERS.
R  INDICATES RECORD WAS SET OR TIED.
MM INDICATES DATA IS MISSING.
T  INDICATES TRACE AMOUNT.




$$
