000
CDUS41 KRLX 290716
CLICRW


CLIMATE REPORT
NATIONAL WEATHER SERVICE CHARLESTON WV
316 AM EDT MON MAY 29 2017


...................................

...THE CHARLESTON WV CLIMATE SUMMARY FOR MAY 28 2017...

CLIMATE NORMAL PERIOD 1981 TO 2010
CLIMATE RECORD PERIOD 1901 TO 2017


WEATHER ITEM   OBSERVED TIME   RECORD YEAR NORMAL DEPARTURE LAST
                VALUE   (LST)  VALUE       VALUE  FROM      YEAR
                                                  NORMAL
..................................................................
TEMPERATURE (F)
 YESTERDAY
  MAXIMUM         76    249 PM  94    1929  77     -1       88
                                      1911
  MINIMUM         65    947 PM  38    1907  56      9       63
  AVERAGE         71                        67      4       76

PRECIPITATION (IN)
  YESTERDAY        0.03          1.10 1917   0.17  -0.14     0.00
  MONTH TO DATE    5.39                      4.30   1.09     5.09
  SINCE JAN 1     19.66                     17.64   2.02    16.86

SNOWFALL (IN)
  YESTERDAY        0.0
  MONTH TO DATE    0.0
  SINCE SEP 1      7.5
  SNOW DEPTH       0

DEGREE DAYS
 HEATING
  YESTERDAY        0                         2     -2        0
  MONTH TO DATE  104                       111     -7      138
  SINCE MAR 1    821                      1005   -184      781
  SINCE JUL 1   3528                      4459   -931     3716

 COOLING
  YESTERDAY        6                         4      2       11
  MONTH TO DATE   78                        64     14       57
  SINCE MAR 1    131                        96     35      103
  SINCE JAN 1    131                        96     35      103
..................................................................


WIND (MPH)
  HIGHEST WIND SPEED    24   HIGHEST WIND DIRECTION     W (250)
  HIGHEST GUST SPEED    30   HIGHEST GUST DIRECTION    SW (240)
  AVERAGE WIND SPEED     7.1


SKY COVER
  POSSIBLE SUNSHINE  MM
  AVERAGE SKY COVER 0.8


WEATHER CONDITIONS
 THE FOLLOWING WEATHER WAS RECORDED YESTERDAY.
  THUNDERSTORM
  RAIN
  FOG


RELATIVE HUMIDITY (PERCENT)
 HIGHEST    93           100 AM
 LOWEST     60           100 PM
 AVERAGE    77

..........................................................


THE CHARLESTON WV CLIMATE NORMALS FOR TODAY
                         NORMAL    RECORD    YEAR
 MAXIMUM TEMPERATURE (F)   78        96      1931
                                             1914
 MINIMUM TEMPERATURE (F)   57        38      1949


SUNRISE AND SUNSET
MAY 29 2017...........SUNRISE   606 AM EDT   SUNSET   842 PM EDT
MAY 30 2017...........SUNRISE   605 AM EDT   SUNSET   843 PM EDT


-  INDICATES NEGATIVE NUMBERS.
R  INDICATES RECORD WAS SET OR TIED.
MM INDICATES DATA IS MISSING.
T  INDICATES TRACE AMOUNT.




$$
