000
CDUS41 KRLX 210816
CLICRW


CLIMATE REPORT
NATIONAL WEATHER SERVICE CHARLESTON WV
316 AM EST WED FEB 21 2018


...................................

...THE CHARLESTON WV CLIMATE SUMMARY FOR FEBRUARY 20 2018...

CLIMATE NORMAL PERIOD 1981 TO 2010
CLIMATE RECORD PERIOD 1901 TO 2018


WEATHER ITEM   OBSERVED TIME   RECORD YEAR NORMAL DEPARTURE LAST
                VALUE   (LST)  VALUE       VALUE  FROM      YEAR
                                                  NORMAL
..................................................................
TEMPERATURE (F)
 YESTERDAY
  MAXIMUM         81R   426 PM  77    1939  48     33       66
  MINIMUM         61   1051 PM -11    2015  29     32       37
  AVERAGE         71                        39     32       52

PRECIPITATION (IN)
  YESTERDAY        0.00          1.50 1918   0.12  -0.12     0.00
  MONTH TO DATE    6.05                      2.22   3.83     1.00
  SINCE JAN 1      9.42                      5.22   4.20     5.77

SNOWFALL (IN)
  YESTERDAY        0.0           9.0  1921   0.3   -0.3      0.0
                                      2009
                                      2006
  MONTH TO DATE    0.7                       7.2   -6.5       T
  SINCE SEP 1     10.3                      26.6  -16.3      7.5
  SNOW DEPTH       0

DEGREE DAYS
 HEATING
  YESTERDAY        0                        26    -26       13
  MONTH TO DATE  468                       564    -96      427
  SINCE DEC 1   2401                      2368     33     1948
  SINCE JUL 1   3187                      3252    -65     2602

 COOLING
  YESTERDAY        6                         0      6        0
  MONTH TO DATE    8                         0      8        0
  SINCE DEC 1      8                         1      7        0
  SINCE JAN 1      8                         0      8        0
..................................................................


WIND (MPH)
  HIGHEST WIND SPEED    21   HIGHEST WIND DIRECTION     S (200)
  HIGHEST GUST SPEED    27   HIGHEST GUST DIRECTION     S (200)
  AVERAGE WIND SPEED    10.0


SKY COVER
  POSSIBLE SUNSHINE  MM
  AVERAGE SKY COVER 0.3


WEATHER CONDITIONS
 THE FOLLOWING WEATHER WAS RECORDED YESTERDAY.
  NO SIGNIFICANT WEATHER WAS OBSERVED.


RELATIVE HUMIDITY (PERCENT)
 HIGHEST    67          1200 AM
 LOWEST     35           200 PM
 AVERAGE    51

..........................................................


THE CHARLESTON WV CLIMATE NORMALS FOR TODAY
                         NORMAL    RECORD    YEAR
 MAXIMUM TEMPERATURE (F)   48        80      1913
 MINIMUM TEMPERATURE (F)   30         2      1968


SUNRISE AND SUNSET
FEBRUARY 21 2018......SUNRISE   709 AM EST   SUNSET   611 PM EST
FEBRUARY 22 2018......SUNRISE   708 AM EST   SUNSET   612 PM EST


-  INDICATES NEGATIVE NUMBERS.
R  INDICATES RECORD WAS SET OR TIED.
MM INDICATES DATA IS MISSING.
T  INDICATES TRACE AMOUNT.




$$
