000
CDUS41 KRLX 240720
CLICRW


CLIMATE REPORT
NATIONAL WEATHER SERVICE CHARLESTON WV
320 AM EDT SUN SEP 24 2017


...................................

...THE CHARLESTON WV CLIMATE SUMMARY FOR SEPTEMBER 23 2017...

CLIMATE NORMAL PERIOD 1981 TO 2010
CLIMATE RECORD PERIOD 1901 TO 2017


WEATHER ITEM   OBSERVED TIME   RECORD YEAR NORMAL DEPARTURE LAST
                VALUE   (LST)  VALUE       VALUE  FROM      YEAR
                                                  NORMAL
..................................................................
TEMPERATURE (F)
 YESTERDAY
  MAXIMUM         90    401 PM 102    1931  75     15       92
  MINIMUM         60    633 AM  35    1947  54      6       60
  AVERAGE         75                        65     10       76

PRECIPITATION (IN)
  YESTERDAY        0.00          0.85 1975   0.10  -0.10     0.00
  MONTH TO DATE    2.39                      2.53  -0.14     0.38
  SINCE JAN 1     37.83                     33.64   4.19    29.88

SNOWFALL (IN)
  YESTERDAY        0.0           0.0  2016   0.0    0.0      0.0
                                      2001
  MONTH TO DATE    0.0                       0.0    0.0      0.0
  SINCE SEP 1      0.0                       0.0    0.0      0.0
  SNOW DEPTH       0

DEGREE DAYS
 HEATING
  YESTERDAY        0                         3     -3        0
  MONTH TO DATE   28                        27      1        0
  SINCE SEP 1     28                        27      1        0
  SINCE JUL 1     28                        29     -1        0

 COOLING
  YESTERDAY       10                         3      7       11
  MONTH TO DATE   88                       111    -23      220
  SINCE SEP 1     88                       111    -23      220
  SINCE JAN 1   1026                      1057    -31     1401
..................................................................


WIND (MPH)
  HIGHEST WIND SPEED    12   HIGHEST WIND DIRECTION     E (70)
  HIGHEST GUST SPEED    15   HIGHEST GUST DIRECTION    NE (50)
  AVERAGE WIND SPEED     2.0


SKY COVER
  POSSIBLE SUNSHINE  MM
  AVERAGE SKY COVER 0.3


WEATHER CONDITIONS
 THE FOLLOWING WEATHER WAS RECORDED YESTERDAY.
  FOG
  FOG W/VISIBILITY <= 1/4 MILE


RELATIVE HUMIDITY (PERCENT)
 HIGHEST   100           400 AM
 LOWEST     29           400 PM
 AVERAGE    65

..........................................................


THE CHARLESTON WV CLIMATE NORMALS FOR TODAY
                         NORMAL    RECORD    YEAR
 MAXIMUM TEMPERATURE (F)   75        98      1930
 MINIMUM TEMPERATURE (F)   54        34      1983
                                             1974
                                             1963


SUNRISE AND SUNSET
SEPTEMBER 24 2017.....SUNRISE   716 AM EDT   SUNSET   720 PM EDT
SEPTEMBER 25 2017.....SUNRISE   717 AM EDT   SUNSET   718 PM EDT


-  INDICATES NEGATIVE NUMBERS.
R  INDICATES RECORD WAS SET OR TIED.
MM INDICATES DATA IS MISSING.
T  INDICATES TRACE AMOUNT.




$$
