000
CDUS41 KRLX 232219
CLICRW


CLIMATE REPORT
NATIONAL WEATHER SERVICE CHARLESTON WV
519 PM EST THU NOV 23 2017


...................................

...THE CHARLESTON WV CLIMATE SUMMARY FOR NOVEMBER 23 2017...
VALID TODAY AS OF 0500 PM LOCAL TIME.

CLIMATE NORMAL PERIOD 1981 TO 2010
CLIMATE RECORD PERIOD 1901 TO 2017


WEATHER ITEM   OBSERVED TIME   RECORD YEAR NORMAL DEPARTURE LAST
                VALUE   (LST)  VALUE       VALUE  FROM      YEAR
                                                  NORMAL
..................................................................
TEMPERATURE (F)
 TODAY
  MAXIMUM         47    322 PM  86    1931  54     -7       54
  MINIMUM         22    736 AM  14    1970  35    -13       25
                                      1964
  AVERAGE         35                        44     -9       40

PRECIPITATION (IN)
  TODAY            0.00          1.75 1941   0.13  -0.13     0.01
  MONTH TO DATE    1.56                      2.86  -1.30     1.17
  SINCE SEP 1      8.71                      8.78  -0.07     7.12
  SINCE JAN 1     44.15                     39.89   4.26    36.62

DEGREE DAYS
 HEATING
  TODAY           30                        21      9       25
  MONTH TO DATE  406                       390     16      368
  SINCE SEP 1    655                       728    -73      535
  SINCE JUL 1    655                       730    -75      535

 COOLING
  TODAY            0                         0      0        0
  MONTH TO DATE    1                         0      1        5
  SINCE SEP 1    200                       148     52      292
  SINCE JAN 1   1138                      1094     44     1473
..................................................................


WIND (MPH)
  HIGHEST WIND SPEED     6   HIGHEST WIND DIRECTION     S (200)
  HIGHEST GUST SPEED    10   HIGHEST GUST DIRECTION    SW (210)
  AVERAGE WIND SPEED     0.9


SKY COVER
  POSSIBLE SUNSHINE  MM
  AVERAGE SKY COVER 0.2


WEATHER CONDITIONS
 THE FOLLOWING WEATHER WAS RECORDED TODAY.
  FOG


RELATIVE HUMIDITY (PERCENT)
 HIGHEST    96           800 AM
 LOWEST     34           400 PM
 AVERAGE    65

..........................................................


THE CHARLESTON WV CLIMATE NORMALS FOR TOMORROW
                         NORMAL    RECORD    YEAR
 MAXIMUM TEMPERATURE (F)   53        87      1931
 MINIMUM TEMPERATURE (F)   35         9      1950


SUNRISE AND SUNSET
NOVEMBER 23 2017......SUNRISE   717 AM EST   SUNSET   509 PM EST
NOVEMBER 24 2017......SUNRISE   718 AM EST   SUNSET   508 PM EST


-  INDICATES NEGATIVE NUMBERS.
R  INDICATES RECORD WAS SET OR TIED.
MM INDICATES DATA IS MISSING.
T  INDICATES TRACE AMOUNT.




$$
