000
CDUS41 KRLX 300719
CLICRW


CLIMATE REPORT
NATIONAL WEATHER SERVICE CHARLESTON WV
319 AM EDT MON MAY 30 2016


...................................

...THE CHARLESTON WV CLIMATE SUMMARY FOR MAY 29 2016...

CLIMATE NORMAL PERIOD 1981 TO 2010
CLIMATE RECORD PERIOD 1901 TO 2016


WEATHER ITEM   OBSERVED TIME   RECORD YEAR NORMAL DEPARTURE LAST
                VALUE   (LST)  VALUE       VALUE  FROM      YEAR
                                                  NORMAL
..................................................................
TEMPERATURE (F)
 YESTERDAY
  MAXIMUM         82    158 PM  96    1931  78      4       86
                                      1914
  MINIMUM         63    509 AM  38    1949  57      6       63
  AVERAGE         73                        67      6       75

PRECIPITATION (IN)
  YESTERDAY        0.00          2.02 1982   0.17  -0.17     0.09
  MONTH TO DATE    5.09                      4.47   0.62     1.94
  SINCE JAN 1     16.86                     17.81  -0.95    19.20

SNOWFALL (IN)
  YESTERDAY        0.0
  MONTH TO DATE    0.0
  SINCE SEP 1     33.5
  SNOW DEPTH       0

DEGREE DAYS
 HEATING
  YESTERDAY        0                         2     -2        0
  MONTH TO DATE  138                       113     25       54
  SINCE MAR 1    781                      1007   -226      930
  SINCE JUL 1   3716                      4461   -745     4835

 COOLING
  YESTERDAY        8                         4      4       10
  MONTH TO DATE   65                        68     -3      153
  SINCE MAR 1    111                       100     11      168
  SINCE JAN 1    111                       100     11      168
..................................................................


WIND (MPH)
  HIGHEST WIND SPEED     9   HIGHEST WIND DIRECTION     W (270)
  HIGHEST GUST SPEED    15   HIGHEST GUST DIRECTION     W (290)
  AVERAGE WIND SPEED     1.4


SKY COVER
  POSSIBLE SUNSHINE  MM
  AVERAGE SKY COVER 0.7


WEATHER CONDITIONS
 THE FOLLOWING WEATHER WAS RECORDED YESTERDAY.
  FOG W/VISIBILITY <= 1/4 MILE


RELATIVE HUMIDITY (PERCENT)
 HIGHEST    93          1200 AM
 LOWEST     54           100 PM
 AVERAGE    74

..........................................................


THE CHARLESTON WV CLIMATE NORMALS FOR TODAY
                         NORMAL    RECORD    YEAR
 MAXIMUM TEMPERATURE (F)   78        96      1931
 MINIMUM TEMPERATURE (F)   57        38      1949


SUNRISE AND SUNSET
MAY 30 2016...........SUNRISE   605 AM EDT   SUNSET   843 PM EDT
MAY 31 2016...........SUNRISE   605 AM EDT   SUNSET   844 PM EDT


-  INDICATES NEGATIVE NUMBERS.
R  INDICATES RECORD WAS SET OR TIED.
MM INDICATES DATA IS MISSING.
T  INDICATES TRACE AMOUNT.




$$
