000
CDUS42 KFFC 240819
CLICSG


CLIMATE REPORT
NATIONAL WEATHER SERVICE PEACHTREE CITY GA
419 AM EDT WED AUG 24 2016


...................................

...THE COLUMBUS CLIMATE SUMMARY FOR AUGUST 23 2016...

CLIMATE NORMAL PERIOD 1981 TO 2010
CLIMATE RECORD PERIOD 1948 TO 2016


WEATHER ITEM   OBSERVED TIME   RECORD YEAR NORMAL DEPARTURE LAST
                VALUE   (LST)  VALUE       VALUE  FROM      YEAR
                                                  NORMAL
..................................................................
TEMPERATURE (F)
 YESTERDAY
  MAXIMUM         96    430 PM 101    1968  91      5       92
  MINIMUM         75   1159 PM  61    1930  72      3       74
  AVERAGE         86                        82      4       83

PRECIPITATION (IN)
  YESTERDAY        0.87          2.18 2008   0.12   0.75     0.03
  MONTH TO DATE    4.37                      2.86   1.51     6.99
  SINCE JUN 1      7.48                     11.34  -3.86    13.30
  SINCE JAN 1     26.92                     31.83  -4.91    32.78

DEGREE DAYS
 HEATING
  YESTERDAY        0                         0      0        0
  MONTH TO DATE    0                         0      0        0
  SINCE JUN 1      0                         0      0        0
  SINCE JUL 1      0                         0      0        0

 COOLING
  YESTERDAY       21                        17      4       18
  MONTH TO DATE  423                       395     28      405
  SINCE JUN 1   1526                      1385    141     1466
  SINCE JAN 1   1912                      1743    169     1912
..................................................................


WIND (MPH)
  HIGHEST WIND SPEED    13   HIGHEST WIND DIRECTION    SE (140)
  HIGHEST GUST SPEED    16   HIGHEST GUST DIRECTION    SE (150)
  AVERAGE WIND SPEED     3.5


SKY COVER
  AVERAGE SKY COVER 0.3


WEATHER CONDITIONS
 THE FOLLOWING WEATHER WAS RECORDED YESTERDAY.
  THUNDERSTORM
  HEAVY RAIN
  RAIN
  LIGHT RAIN
  FOG


RELATIVE HUMIDITY (PERCENT)
 HIGHEST    94           900 PM
 LOWEST     39           400 PM
 AVERAGE    67

..........................................................


THE COLUMBUS CLIMATE NORMALS FOR TODAY
                         NORMAL    RECORD    YEAR
 MAXIMUM TEMPERATURE (F)   91       101      1938
 MINIMUM TEMPERATURE (F)   72        58      1953


SUNRISE AND SUNSET
AUGUST 24 2016........SUNRISE   710 AM EDT   SUNSET   813 PM EDT
AUGUST 25 2016........SUNRISE   710 AM EDT   SUNSET   812 PM EDT


-  INDICATES NEGATIVE NUMBERS.
R  INDICATES RECORD WAS SET OR TIED.
MM INDICATES DATA IS MISSING.
T  INDICATES TRACE AMOUNT.




$$
