000
CDUS42 KFFC 290816
CLICSG


CLIMATE REPORT
NATIONAL WEATHER SERVICE PEACHTREE CITY GA
416 AM EDT SUN MAR 29 2015


...................................

...THE COLUMBUS CLIMATE SUMMARY FOR MARCH 28 2015...

CLIMATE NORMAL PERIOD 1981 TO 2010
CLIMATE RECORD PERIOD 1948 TO 2015


WEATHER ITEM   OBSERVED TIME   RECORD YEAR NORMAL DEPARTURE LAST
                VALUE   (LST)  VALUE       VALUE  FROM      YEAR
                                                  NORMAL
..................................................................
TEMPERATURE (F)
 YESTERDAY
  MAXIMUM         58    326 PM  86    1989  73    -15       62
  MINIMUM         37    707 AM  33    1978  48    -11       55
  AVERAGE         48                        60    -12       59

PRECIPITATION (IN)
  YESTERDAY        0.00          3.79 2009   0.17  -0.17     1.78
  MONTH TO DATE    2.05                      4.97  -2.92     5.32
  SINCE MAR 1      2.05                      4.97  -2.92     5.32
  SINCE JAN 1      9.42                     13.26  -3.84    13.64

SNOWFALL (IN)
  YESTERDAY        0.0           0.0  2002   0.0    0.0      0.0
                                      2001
                                      2000
  MONTH TO DATE    0.0                       0.1   -0.1      0.0
  SINCE MAR 1      0.0                       0.1   -0.1      0.0
  SINCE JUL 1      0.0                       0.4   -0.4      1.2
  SNOW DEPTH       0

DEGREE DAYS
 HEATING
  YESTERDAY       17                         6     11        6
  MONTH TO DATE  157                       230    -73      295
  SINCE MAR 1    157                       230    -73      295
  SINCE JUL 1   2167                      2007    160     2238

 COOLING
  YESTERDAY        0                         1     -1        0
  MONTH TO DATE   29                        21      8        0
  SINCE MAR 1     29                        21      8        0
  SINCE JAN 1     29                        25      4        3
..................................................................


WIND (MPH)
  HIGHEST WIND SPEED    22   HIGHEST WIND DIRECTION    NW (320)
  HIGHEST GUST SPEED    30   HIGHEST GUST DIRECTION     N (340)
  AVERAGE WIND SPEED     9.2


SKY COVER
  AVERAGE SKY COVER 0.3


WEATHER CONDITIONS
 THE FOLLOWING WEATHER WAS RECORDED YESTERDAY.
  NO SIGNIFICANT WEATHER WAS OBSERVED.


RELATIVE HUMIDITY (PERCENT)
 HIGHEST    85           600 AM
 LOWEST     17           400 PM
 AVERAGE    51

..........................................................


THE COLUMBUS CLIMATE NORMALS FOR TODAY
                         NORMAL    RECORD    YEAR
 MAXIMUM TEMPERATURE (F)   73        89      2007
 MINIMUM TEMPERATURE (F)   49        32      1955
                                             1953
                                             1948


SUNRISE AND SUNSET
MARCH 29 2015.........SUNRISE   732 AM EDT   SUNSET   757 PM EDT
MARCH 30 2015.........SUNRISE   731 AM EDT   SUNSET   758 PM EDT


-  INDICATES NEGATIVE NUMBERS.
R  INDICATES RECORD WAS SET OR TIED.
MM INDICATES DATA IS MISSING.
T  INDICATES TRACE AMOUNT.




$$
