000
CDUS42 KFFC 250022
CLICSG


CLIMATE REPORT
NATIONAL WEATHER SERVICE PEACHTREE CITY GA
822 PM EDT SAT SEP 24 2016


...................................

...THE COLUMBUS CLIMATE SUMMARY FOR SEPTEMBER 24 2016...
VALID AS OF 0800 PM LOCAL TIME.

CLIMATE NORMAL PERIOD 1981 TO 2010
CLIMATE RECORD PERIOD 1948 TO 2016


WEATHER ITEM   OBSERVED TIME   RECORD YEAR NORMAL DEPARTURE LAST
                VALUE   (LST)  VALUE       VALUE  FROM      YEAR
                                                  NORMAL
..................................................................
TEMPERATURE (F)
 TODAY
  MAXIMUM         96    320 PM 100    1921  84     12       76
  MINIMUM         69    622 AM  47    1982  64      5       62
  AVERAGE         83                        74      9       69

PRECIPITATION (IN)
  TODAY            T             2.45 1956   0.10  -0.10     0.24
  MONTH TO DATE    0.34                      2.47  -2.13     0.92
  SINCE SEP 1      0.34                      2.47  -2.13     0.92
  SINCE JAN 1     27.26                     35.21  -7.95    34.21

DEGREE DAYS
 HEATING
  TODAY            0                         0      0        0
  MONTH TO DATE    0                         0      0        0
  SINCE SEP 1      0                         0      0        0
  SINCE JUL 1      0                         0      0        0

 COOLING
  TODAY           18                         9      9        4
  MONTH TO DATE  396                       300     96      276
  SINCE SEP 1    396                       300     96      276
  SINCE JAN 1   2453                      2172    281     2303
..................................................................


WIND (MPH)
  HIGHEST WIND SPEED    13   HIGHEST WIND DIRECTION     E (110)
  HIGHEST GUST SPEED    18   HIGHEST GUST DIRECTION     E (90)
  AVERAGE WIND SPEED     2.2


SKY COVER
  AVERAGE SKY COVER 0.2


WEATHER CONDITIONS
 THE FOLLOWING WEATHER WAS RECORDED TODAY.
  THUNDERSTORM


RELATIVE HUMIDITY (PERCENT)
 HIGHEST    90           600 AM
 LOWEST     32           300 PM

..........................................................


THE COLUMBUS CLIMATE NORMALS FOR TOMORROW
                         NORMAL    RECORD
 MAXIMUM TEMPERATURE (F)   84       101
 MINIMUM TEMPERATURE (F)   64        48


SUNRISE AND SUNSET
SEPTEMBER 24 2016.....SUNRISE   729 AM EDT   SUNSET   733 PM EDT
SEPTEMBER 25 2016.....SUNRISE   730 AM EDT   SUNSET   732 PM EDT


-  INDICATES NEGATIVE NUMBERS.
R  INDICATES RECORD WAS SET OR TIED.
MM INDICATES DATA IS MISSING.
T  INDICATES TRACE AMOUNT.




$$
