000
CDUS42 KFFC 160819
CLICSG


CLIMATE REPORT
NATIONAL WEATHER SERVICE PEACHTREE CITY GA
419 AM EDT TUE SEP 16 2014


...................................

...THE COLUMBUS CLIMATE SUMMARY FOR SEPTEMBER 15 2014...

CLIMATE NORMAL PERIOD 1981 TO 2010
CLIMATE RECORD PERIOD 1948 TO 2014


WEATHER ITEM   OBSERVED TIME   RECORD YEAR NORMAL DEPARTURE LAST
                VALUE   (LST)  VALUE       VALUE  FROM      YEAR
                                                  NORMAL
..................................................................
TEMPERATURE (F)
 YESTERDAY
  MAXIMUM         87    343 PM  99    1991  87      0       90
  MINIMUM         71    857 AM  56    1985  67      4       67
  AVERAGE         79                        77      2       79

PRECIPITATION (IN)
  YESTERDAY        0.00          1.63 1952   0.10  -0.10     0.00
  MONTH TO DATE    3.88                      1.60   2.28      T
  SINCE SEP 1      3.88                      1.60   2.28      T
  SINCE JAN 1     40.06                     34.34   5.72    50.37

DEGREE DAYS
 HEATING
  YESTERDAY        0                         0      0        0
  MONTH TO DATE    0                         0      0        0
  SINCE SEP 1      0                         0      0        0
  SINCE JUL 1      0                         0      0        0

 COOLING
  YESTERDAY       14                        12      2       14
  MONTH TO DATE  251                       207     44      255
  SINCE SEP 1    251                       207     44      255
  SINCE JAN 1   2046                      2079    -33     2039
..................................................................


WIND (MPH)
  HIGHEST WIND SPEED     9   HIGHEST WIND DIRECTION     E (80)
  HIGHEST GUST SPEED    12   HIGHEST GUST DIRECTION     E (90)
  AVERAGE WIND SPEED     4.1


SKY COVER
  AVERAGE SKY COVER 0.6


WEATHER CONDITIONS
 THE FOLLOWING WEATHER WAS RECORDED YESTERDAY.
  FOG


RELATIVE HUMIDITY (PERCENT)
 HIGHEST    93          1200 AM
 LOWEST     61           400 PM
 AVERAGE    77

..........................................................


THE COLUMBUS CLIMATE NORMALS FOR TODAY
                         NORMAL    RECORD    YEAR
 MAXIMUM TEMPERATURE (F)   87        98      1991
                                             1980
 MINIMUM TEMPERATURE (F)   67        53      1961


SUNRISE AND SUNSET
SEPTEMBER 16 2014.....SUNRISE   724 AM EDT   SUNSET   744 PM EDT
SEPTEMBER 17 2014.....SUNRISE   725 AM EDT   SUNSET   743 PM EDT


-  INDICATES NEGATIVE NUMBERS.
R  INDICATES RECORD WAS SET OR TIED.
MM INDICATES DATA IS MISSING.
T  INDICATES TRACE AMOUNT.




$$
