000
CDUS44 KOHX 311239 AAA
CLICSV

MEMCLICSV 000
TTAA00 KOHX 310721


CLIMATE REPORT
NATIONAL WEATHER SERVICE NASHVILLE TN
738 AM CDT FRI OCT 31 2014


...................................

...THE CROSSVILLE CLIMATE SUMMARY FOR OCTOBER 30 2014...

CLIMATE NORMAL PERIOD 1981 TO 2010
CLIMATE RECORD PERIOD 1954 TO 2014


WEATHER ITEM   OBSERVED TIME   RECORD YEAR NORMAL DEPARTURE
                VALUE   (LST)  VALUE       VALUE  FROM
                                                  NORMAL
...............................................................
TEMPERATURE (F)
 YESTERDAY
  MAXIMUM         61    238 PM  78    1954  64     -3
  MINIMUM         36    630 AM  26    1954  42     -6
  AVERAGE         49                        53     -4

PRECIPITATION (IN)
  YESTERDAY        0.00          0.97 1976   0.10  -0.10
  MONTH TO DATE    8.82                      2.93   5.89
  SINCE SEP 1     10.92                      6.81   4.11
  SINCE JAN 1     42.65                     44.93  -2.28

DEGREE DAYS
 HEATING
  YESTERDAY       16                                4
  MONTH TO DATE  196                              -59
  SINCE SEP 1    208                             -100
  SINCE JUL 1    209                             -101

 COOLING
  YESTERDAY        0                                0
  MONTH TO DATE   22                                9
  SINCE SEP 1    189                               57
  SINCE JAN 1   1023                               39
...............................................................


WIND (MPH)
  HIGHEST WIND SPEED    10   HIGHEST WIND DIRECTION    NW (320)
  HIGHEST GUST SPEED    19   HIGHEST GUST DIRECTION     N (10)
  AVERAGE WIND SPEED     3.2




RELATIVE HUMIDITY (PERCENT)
 HIGHEST    85
 LOWEST     36
 AVERAGE    61

..........................................................


THE CROSSVILLE CLIMATE NORMALS FOR TODAY
                         NORMAL    RECORD    YEAR
 MAXIMUM TEMPERATURE (F)   63        80      1984
 MINIMUM TEMPERATURE (F)   42        19      1954


SUNRISE AND SUNSET
OCTOBER 31 2014.......SUNRISE   702 AM CDT   SUNSET   546 PM CDT
NOVEMBER  1 2014......SUNRISE   703 AM CDT   SUNSET   545 PM CDT


-  INDICATES NEGATIVE NUMBERS.
R  INDICATES RECORD WAS SET OR TIED.
MM INDICATES DATA IS MISSING.
T  INDICATES TRACE AMOUNT.

&&

THE LOW SINCE MIDNIGHT HAS BEEN 39 DEGREES.
THERE HAS BEEN 0.01 INCHES OF RAIN SINCE MIDNIGHT.

$$
