000
CDUS45 KTFX 291015
CLICTB


CLIMATE REPORT
NATIONAL WEATHER SERVICE GREAT FALLS MT
413 AM MDT FRI AUG 29 2014


...................................

...THE CUT BANK MT CLIMATE SUMMARY FOR AUGUST 28 2014...

CLIMATE NORMAL PERIOD 1981 TO 2010
CLIMATE RECORD PERIOD 1903 TO 2014


WEATHER ITEM   OBSERVED TIME   RECORD YEAR NORMAL DEPARTURE LAST
                VALUE   (LST)  VALUE       VALUE  FROM      YEAR
                                                  NORMAL
..................................................................
TEMPERATURE (F)
 YESTERDAY
  MAXIMUM         80    458 PM  95    2012  75      5       83
  MINIMUM         48   1150 PM  30    1918  45      3       50
  AVERAGE         64                        60      4       67

PRECIPITATION (IN)
  YESTERDAY        0.14          0.94 1951   0.04   0.10     0.01
  MONTH TO DATE    2.69                      1.07   1.62     1.42
  SINCE OCT 1     15.04                      9.56   5.48    13.09
  SINCE JAN 1     13.84                      8.54   5.30    10.92

SNOWFALL (IN)
  YESTERDAY       MM
  SNOW DEPTH      MM

DEGREE DAYS
 HEATING
  YESTERDAY        1                         6     -5        0
  MONTH TO DATE   71                        90    -19       27
  SINCE JUN 1    361                       409    -48      277
  SINCE JUL 1     88                       176    -88       68

 COOLING
  YESTERDAY        0                         1     -1        2
  MONTH TO DATE   92                        62     30       88
  SINCE JUN 1    197                       149     48      185
  SINCE JAN 1    197                       151     46      187
..................................................................


WIND (MPH)
  HIGHEST WIND SPEED    38   HIGHEST WIND DIRECTION     N (350)
  HIGHEST GUST SPEED    50   HIGHEST GUST DIRECTION     N (360)
  AVERAGE WIND SPEED    11.0


SKY COVER
  AVERAGE SKY COVER 0.2


WEATHER CONDITIONS
 THE FOLLOWING WEATHER WAS RECORDED YESTERDAY.
  FOG


RELATIVE HUMIDITY (PERCENT)
 HIGHEST    89          1100 PM
 LOWEST     28           500 PM
 AVERAGE    59

..........................................................


THE CUT BANK MT CLIMATE NORMALS FOR TODAY
                         NORMAL    RECORD    YEAR
 MAXIMUM TEMPERATURE (F)   75        93      2013
 MINIMUM TEMPERATURE (F)   45        31      1937


SUNRISE AND SUNSET
AUGUST 29 2014........SUNRISE   643 AM MDT   SUNSET   817 PM MDT
AUGUST 30 2014........SUNRISE   644 AM MDT   SUNSET   815 PM MDT


-  INDICATES NEGATIVE NUMBERS.
R  INDICATES RECORD WAS SET OR TIED.
MM INDICATES DATA IS MISSING.
T  INDICATES TRACE AMOUNT.




$$
