000
CDUS45 KTFX 222228
CLICTB


CLIMATE REPORT
NATIONAL WEATHER SERVICE GREAT FALLS MT
427 PM MDT FRI MAY 22 2015


...................................

...THE CUT BANK MT CLIMATE SUMMARY FOR MAY 22 2015...
VALID TODAY AS OF 0400 PM LOCAL TIME.

CLIMATE NORMAL PERIOD 1981 TO 2010
CLIMATE RECORD PERIOD 1903 TO 2015


WEATHER ITEM   OBSERVED TIME   RECORD YEAR NORMAL DEPARTURE LAST
                VALUE   (LST)  VALUE       VALUE  FROM      YEAR
                                                  NORMAL
..................................................................
TEMPERATURE (F)
 TODAY
  MAXIMUM         70    251 PM  83    2006  64      6       77
                                      1988
  MINIMUM         39    429 AM  25    1995  39      0       44
  AVERAGE         55                        52      3       61

PRECIPITATION (IN)
  TODAY            0.00          0.95 1968   0.07  -0.07     0.00
  MONTH TO DATE    1.09                      1.18  -0.09     0.86
  SINCE OCT 1      4.97                      3.89   1.08     5.56
  SINCE JAN 1      2.44                      2.87  -0.43     4.36

SNOWFALL (IN)
  TODAY           MM
  SNOW DEPTH       0

DEGREE DAYS
 HEATING
  TODAY           10                        13     -3        4
  MONTH TO DATE  413                       361     52      394
  SINCE MAR 1   1889                      2121   -232     2323
  SINCE JUL 1   7551                      8181   -630     8529

 COOLING
  TODAY            0                         0      0        0
  MONTH TO DATE    0                         0      0        0
  SINCE MAR 1      0                         0      0        0
  SINCE JAN 1      0                         0      0        0
..................................................................


WIND (MPH)
  HIGHEST WIND SPEED    16   HIGHEST WIND DIRECTION     E (90)
  HIGHEST GUST SPEED    23   HIGHEST GUST DIRECTION     E (90)
  AVERAGE WIND SPEED     7.0


SKY COVER
  AVERAGE SKY COVER 0.2


WEATHER CONDITIONS
 THE FOLLOWING WEATHER WAS RECORDED TODAY.
  NO SIGNIFICANT WEATHER WAS OBSERVED.


RELATIVE HUMIDITY (PERCENT)
 HIGHEST    64           500 AM
 LOWEST     30           100 PM
 AVERAGE    47

..........................................................


THE CUT BANK MT CLIMATE NORMALS FOR TOMORROW
                         NORMAL    RECORD    YEAR
 MAXIMUM TEMPERATURE (F)   65        86      2001
                                             1941
 MINIMUM TEMPERATURE (F)   40        25      1960


SUNRISE AND SUNSET
MAY 22 2015...........SUNRISE   541 AM MDT   SUNSET   913 PM MDT
MAY 23 2015...........SUNRISE   539 AM MDT   SUNSET   914 PM MDT


-  INDICATES NEGATIVE NUMBERS.
R  INDICATES RECORD WAS SET OR TIED.
MM INDICATES DATA IS MISSING.
T  INDICATES TRACE AMOUNT.




$$
