744
CDUS45 KTFX 222230
CLICTB


CLIMATE REPORT
NATIONAL WEATHER SERVICE GREAT FALLS MT
430 PM MDT WED MAR 22 2017


...................................

...THE CUT BANK MT CLIMATE SUMMARY FOR MARCH 22 2017...
VALID TODAY AS OF 0400 PM LOCAL TIME.

CLIMATE NORMAL PERIOD 1981 TO 2010
CLIMATE RECORD PERIOD 1903 TO 2017


WEATHER ITEM   OBSERVED TIME   RECORD YEAR NORMAL DEPARTURE LAST
                VALUE   (LST)  VALUE       VALUE  FROM      YEAR
                                                  NORMAL
..................................................................
TEMPERATURE (F)
 TODAY
  MAXIMUM         57    207 PM  71    1939  45     12       35
  MINIMUM         31    411 AM -10    1965  22      9       20
  AVERAGE         44                        34     10       28

PRECIPITATION (IN)
  TODAY            0.00          0.21 1998   0.02  -0.02     0.00
  MONTH TO DATE    0.06                      0.33  -0.27     0.01
  SINCE OCT 1      2.91                      1.76   1.15     2.41
  SINCE JAN 1      1.48                      0.74   0.74     0.49

DEGREE DAYS
 HEATING
  TODAY           21                        32    -11       37
  MONTH TO DATE  817                       772     45      590
  SINCE MAR 1    817                       772     45      590
  SINCE JUL 1   7168                      6832    336     6055

 COOLING
  TODAY            0                         0      0        0
  MONTH TO DATE    0                         0      0        0
  SINCE MAR 1      0                         0      0        0
  SINCE JAN 1      0                         0      0        0
..................................................................


WIND (MPH)
  HIGHEST WIND SPEED    39   HIGHEST WIND DIRECTION     W (250)
  HIGHEST GUST SPEED    46   HIGHEST GUST DIRECTION     W (260)
  AVERAGE WIND SPEED    19.2


SKY COVER
  AVERAGE SKY COVER 0.1


WEATHER CONDITIONS
 THE FOLLOWING WEATHER WAS RECORDED TODAY.
  FOG


RELATIVE HUMIDITY (PERCENT)
 HIGHEST   100           100 AM
 LOWEST     35          1100 AM
 AVERAGE    68

..........................................................


THE CUT BANK MT CLIMATE NORMALS FOR TOMORROW
                         NORMAL    RECORD    YEAR
 MAXIMUM TEMPERATURE (F)   45        72      1939
 MINIMUM TEMPERATURE (F)   23       -20      1904


SUNRISE AND SUNSET
MARCH 22 2017.........SUNRISE   727 AM MDT   SUNSET   746 PM MDT
MARCH 23 2017.........SUNRISE   725 AM MDT   SUNSET   747 PM MDT


-  INDICATES NEGATIVE NUMBERS.
R  INDICATES RECORD WAS SET OR TIED.
MM INDICATES DATA IS MISSING.
T  INDICATES TRACE AMOUNT.




$$
