166
CDUS45 KTFX 261146
CLICTB


CLIMATE REPORT
NATIONAL WEATHER SERVICE GREAT FALLS MT
546 AM MDT TUE SEP 26 2017


...................................

...THE CUT BANK MT CLIMATE SUMMARY FOR SEPTEMBER 25 2017...

CLIMATE NORMAL PERIOD 1981 TO 2010
CLIMATE RECORD PERIOD 1903 TO 2017


WEATHER ITEM   OBSERVED TIME   RECORD YEAR NORMAL DEPARTURE LAST
                VALUE   (LST)  VALUE       VALUE  FROM      YEAR
                                                  NORMAL
..................................................................
TEMPERATURE (F)
 YESTERDAY
  MAXIMUM         62    314 PM  90    2014  64     -2       68
  MINIMUM         28    550 AM  -4    1934  37     -9       36
  AVERAGE         45                        50     -5       52

PRECIPITATION (IN)
  YESTERDAY        0.00          0.50 1917   0.03  -0.03     0.00
  MONTH TO DATE    0.53                      1.06  -0.53     1.26
  SINCE OCT 1      9.47                     10.74  -1.27    11.82
  SINCE JAN 1      8.04                      9.72  -1.68     9.90

SNOWFALL (IN)
  YESTERDAY       MM
  SNOW DEPTH       0

DEGREE DAYS
 HEATING
  YESTERDAY       20                        15      5       13
  MONTH TO DATE  284                       267     17      307
  SINCE SEP 1    284                       267     17      307
  SINCE JUL 1    367                       461    -94      480

 COOLING
  YESTERDAY        0                         0      0        0
  MONTH TO DATE   24                         6     18        5
  SINCE SEP 1     24                         6     18        5
  SINCE JAN 1    250                       159     91      108
..................................................................


WIND (MPH)
  HIGHEST WIND SPEED    14   HIGHEST WIND DIRECTION    SW (240)
  HIGHEST GUST SPEED    16   HIGHEST GUST DIRECTION    SW (240)
  AVERAGE WIND SPEED     5.1


SKY COVER
  AVERAGE SKY COVER 0.4


WEATHER CONDITIONS
 THE FOLLOWING WEATHER WAS RECORDED YESTERDAY.
  NO SIGNIFICANT WEATHER WAS OBSERVED.


RELATIVE HUMIDITY (PERCENT)
 HIGHEST    92           500 AM
 LOWEST     34           200 PM
 AVERAGE    63

..........................................................


THE CUT BANK MT CLIMATE NORMALS FOR TODAY
                         NORMAL    RECORD    YEAR
 MAXIMUM TEMPERATURE (F)   64        89      1963
 MINIMUM TEMPERATURE (F)   37         4      1908


SUNRISE AND SUNSET
SEPTEMBER 26 2017.....SUNRISE   722 AM MDT   SUNSET   718 PM MDT
SEPTEMBER 27 2017.....SUNRISE   724 AM MDT   SUNSET   716 PM MDT


-  INDICATES NEGATIVE NUMBERS.
R  INDICATES RECORD WAS SET OR TIED.
MM INDICATES DATA IS MISSING.
T  INDICATES TRACE AMOUNT.




$$
