000
CDUS45 KTFX 292218
CLICTB


CLIMATE REPORT
NATIONAL WEATHER SERVICE GREAT FALLS MT
417 PM MDT SUN MAR 29 2015


...................................

...THE CUT BANK MT CLIMATE SUMMARY FOR MARCH 29 2015...
VALID TODAY AS OF 0400 PM LOCAL TIME.

CLIMATE NORMAL PERIOD 1981 TO 2010
CLIMATE RECORD PERIOD 1903 TO 2015


WEATHER ITEM   OBSERVED TIME   RECORD YEAR NORMAL DEPARTURE LAST
                VALUE   (LST)  VALUE       VALUE  FROM      YEAR
                                                  NORMAL
..................................................................
TEMPERATURE (F)
 TODAY
  MAXIMUM         57    204 PM  67    1966  47     10       51
  MINIMUM         37    159 AM -11    1936  24     13       25
  AVERAGE         47                        36     11       38

PRECIPITATION (IN)
  TODAY            0.00          0.30 1935   0.02  -0.02     0.00
  MONTH TO DATE    0.25                      0.46  -0.21     0.58
  SINCE OCT 1      3.67                      1.89   1.78     3.11
  SINCE JAN 1      1.14                      0.87   0.27     1.91

SNOWFALL (IN)
  TODAY           MM
  SNOW DEPTH       0

DEGREE DAYS
 HEATING
  TODAY           18                        29    -11       27
  MONTH TO DATE  746                       984   -238     1146
  SINCE MAR 1    746                       984   -238     1146
  SINCE JUL 1   6408                      7044   -636     7352

 COOLING
  TODAY            0                         0      0        0
  MONTH TO DATE    0                         0      0        0
  SINCE MAR 1      0                         0      0        0
  SINCE JAN 1      0                         0      0        0
..................................................................


WIND (MPH)
  HIGHEST WIND SPEED    46   HIGHEST WIND DIRECTION     W (250)
  HIGHEST GUST SPEED    54   HIGHEST GUST DIRECTION     W (250)
  AVERAGE WIND SPEED    25.0


SKY COVER
  AVERAGE SKY COVER 0.0


WEATHER CONDITIONS
 THE FOLLOWING WEATHER WAS RECORDED TODAY.
  NO SIGNIFICANT WEATHER WAS OBSERVED.


RELATIVE HUMIDITY (PERCENT)
 HIGHEST    70          1200 AM
 LOWEST     33           200 PM
 AVERAGE    52

..........................................................


THE CUT BANK MT CLIMATE NORMALS FOR TOMORROW
                         NORMAL    RECORD    YEAR
 MAXIMUM TEMPERATURE (F)   48        77      2004
 MINIMUM TEMPERATURE (F)   25       -22      1936


SUNRISE AND SUNSET
MARCH 29 2015.........SUNRISE   714 AM MDT   SUNSET   756 PM MDT
MARCH 30 2015.........SUNRISE   712 AM MDT   SUNSET   757 PM MDT


-  INDICATES NEGATIVE NUMBERS.
R  INDICATES RECORD WAS SET OR TIED.
MM INDICATES DATA IS MISSING.
T  INDICATES TRACE AMOUNT.




$$
