000
CDUS45 KTFX 260946
CLICTB


CLIMATE REPORT
NATIONAL WEATHER SERVICE GREAT FALLS MT
346 AM MDT FRI MAY 26 2017


...................................

...THE CUT BANK MT CLIMATE SUMMARY FOR MAY 25 2017...

CLIMATE NORMAL PERIOD 1981 TO 2010
CLIMATE RECORD PERIOD 1903 TO 2017


WEATHER ITEM   OBSERVED TIME   RECORD YEAR NORMAL DEPARTURE LAST
                VALUE   (LST)  VALUE       VALUE  FROM      YEAR
                                                  NORMAL
..................................................................
TEMPERATURE (F)
 YESTERDAY
  MAXIMUM         59    350 PM  90    1928  65     -6       68
  MINIMUM         40   1157 PM  25    1904  40      0       36
  AVERAGE         50                        53     -3       52

PRECIPITATION (IN)
  YESTERDAY        0.15          1.54 1997   0.08   0.07     0.00
  MONTH TO DATE    0.96                      1.42  -0.46     1.96
  SINCE OCT 1      6.45                      4.13   2.32     6.54
  SINCE JAN 1      5.02                      3.11   1.91     4.62

SNOWFALL (IN)
  YESTERDAY       MM
  SNOW DEPTH       0

DEGREE DAYS
 HEATING
  YESTERDAY       15                        13      2       13
  MONTH TO DATE  342                       400    -58      401
  SINCE MAR 1   2050                      2160   -110     1816
  SINCE JUL 1   8401                      8220    181     7281

 COOLING
  YESTERDAY        0                         0      0        0
  MONTH TO DATE    0                         0      0        0
  SINCE MAR 1      0                         0      0        0
  SINCE JAN 1      0                         0      0        0
..................................................................


WIND (MPH)
  HIGHEST WIND SPEED    43   HIGHEST WIND DIRECTION    NW (330)
  HIGHEST GUST SPEED    52   HIGHEST GUST DIRECTION    NW (330)
  AVERAGE WIND SPEED    23.3


SKY COVER
  AVERAGE SKY COVER 0.6


WEATHER CONDITIONS
 THE FOLLOWING WEATHER WAS RECORDED YESTERDAY.
  LIGHT RAIN


RELATIVE HUMIDITY (PERCENT)
 HIGHEST    89          1000 PM
 LOWEST     41          1100 AM
 AVERAGE    65

..........................................................


THE CUT BANK MT CLIMATE NORMALS FOR TODAY
                         NORMAL    RECORD    YEAR
 MAXIMUM TEMPERATURE (F)   65        88      1928
 MINIMUM TEMPERATURE (F)   41        17      1918


SUNRISE AND SUNSET
MAY 26 2017...........SUNRISE   536 AM MDT   SUNSET   918 PM MDT
MAY 27 2017...........SUNRISE   535 AM MDT   SUNSET   919 PM MDT


-  INDICATES NEGATIVE NUMBERS.
R  INDICATES RECORD WAS SET OR TIED.
MM INDICATES DATA IS MISSING.
T  INDICATES TRACE AMOUNT.




$$
