000
CDUS45 KTFX 272230
CLICTB


CLIMATE REPORT
NATIONAL WEATHER SERVICE GREAT FALLS MT
430 PM MDT FRI MAY 27 2016


...................................

...THE CUT BANK MT CLIMATE SUMMARY FOR MAY 27 2016...
VALID TODAY AS OF 0400 PM LOCAL TIME.

CLIMATE NORMAL PERIOD 1981 TO 2010
CLIMATE RECORD PERIOD 1903 TO 2016


WEATHER ITEM   OBSERVED TIME   RECORD YEAR NORMAL DEPARTURE LAST
                VALUE   (LST)  VALUE       VALUE  FROM      YEAR
                                                  NORMAL
..................................................................
TEMPERATURE (F)
 TODAY
  MAXIMUM         63   1106 AM  91    1936  66     -3       66
  MINIMUM         42   1232 AM  27    1911  41      1       46
  AVERAGE         53                        53      0       56

PRECIPITATION (IN)
  TODAY            0.00          1.04 2010   0.09  -0.09     0.17
  MONTH TO DATE    2.15                      1.59   0.56     1.54
  SINCE OCT 1      6.73                      4.30   2.43     5.42
  SINCE JAN 1      4.81                      3.28   1.53     2.89

DEGREE DAYS
 HEATING
  TODAY           12                        12      0        9
  MONTH TO DATE  426                       424      2      464
  SINCE MAR 1   1841                      2184   -343     1940
  SINCE JUL 1   7306                      8244   -938     7602

 COOLING
  TODAY            0                         0      0        0
  MONTH TO DATE    0                         0      0        0
  SINCE MAR 1      0                         0      0        0
  SINCE JAN 1      0                         0      0        0
..................................................................


WIND (MPH)
  HIGHEST WIND SPEED    29   HIGHEST WIND DIRECTION     W (260)
  HIGHEST GUST SPEED    35   HIGHEST GUST DIRECTION     W (260)
  AVERAGE WIND SPEED    13.9


SKY COVER
  AVERAGE SKY COVER 0.8


WEATHER CONDITIONS
 THE FOLLOWING WEATHER WAS RECORDED TODAY.
  NO SIGNIFICANT WEATHER WAS OBSERVED.


RELATIVE HUMIDITY (PERCENT)
 HIGHEST   100           100 AM
 LOWEST     42          1200 PM
 AVERAGE    71

..........................................................


THE CUT BANK MT CLIMATE NORMALS FOR TOMORROW
                         NORMAL    RECORD    YEAR
 MAXIMUM TEMPERATURE (F)   66        90      1934
 MINIMUM TEMPERATURE (F)   41        25      1947


SUNRISE AND SUNSET
MAY 27 2016...........SUNRISE   535 AM MDT   SUNSET   919 PM MDT
MAY 28 2016...........SUNRISE   534 AM MDT   SUNSET   920 PM MDT


-  INDICATES NEGATIVE NUMBERS.
R  INDICATES RECORD WAS SET OR TIED.
MM INDICATES DATA IS MISSING.
T  INDICATES TRACE AMOUNT.




$$
