000
CDUS45 KTFX 270936
CLICTB


CLIMATE REPORT
NATIONAL WEATHER SERVICE GREAT FALLS MT
232 AM MST SAT DEC 27 2014


...................................

...THE CUT BANK MT CLIMATE SUMMARY FOR DECEMBER 26 2014...

CLIMATE NORMAL PERIOD 1981 TO 2010
CLIMATE RECORD PERIOD 1903 TO 2014


WEATHER ITEM   OBSERVED TIME   RECORD YEAR NORMAL DEPARTURE LAST
                VALUE   (LST)  VALUE       VALUE  FROM      YEAR
                                                  NORMAL
..................................................................
TEMPERATURE (F)
 YESTERDAY
  MAXIMUM         26   1244 AM  58    1980  32     -6       49
  MINIMUM          1   1111 PM -27    1934  11    -10       35
  AVERAGE         14                        21     -7       42

PRECIPITATION (IN)
  YESTERDAY        T             0.16 1925   0.01  -0.01     0.00
  MONTH TO DATE    0.25                      0.18   0.07     0.43
  SINCE OCT 1      2.05                      0.98   1.07     1.20
  SINCE JAN 1     16.96                     10.86   6.10    14.90

SNOWFALL (IN)
  YESTERDAY       MM
  SNOW DEPTH       4

DEGREE DAYS
 HEATING
  YESTERDAY       51                        44      7       23
  MONTH TO DATE 1000                      1110   -110     1245
  SINCE DEC 1   1000                      1110   -110     1245
  SINCE JUL 1   3098                      3373   -275     3334

 COOLING
  YESTERDAY        0                         0      0        0
  MONTH TO DATE    0                         0      0        0
  SINCE DEC 1      0                         0      0        0
  SINCE JAN 1    208                       162     46      226
..................................................................


WIND (MPH)
  HIGHEST WIND SPEED    29   HIGHEST WIND DIRECTION     N (340)
  HIGHEST GUST SPEED    32   HIGHEST GUST DIRECTION    NW (330)
  AVERAGE WIND SPEED    10.6


SKY COVER
  AVERAGE SKY COVER 0.5


WEATHER CONDITIONS
 THE FOLLOWING WEATHER WAS RECORDED YESTERDAY.
  LIGHT SNOW
  FOG


RELATIVE HUMIDITY (PERCENT)
 HIGHEST    92           400 AM
 LOWEST     68           100 AM
 AVERAGE    80

..........................................................


THE CUT BANK MT CLIMATE NORMALS FOR TODAY
                         NORMAL    RECORD    YEAR
 MAXIMUM TEMPERATURE (F)   32        61      1999
 MINIMUM TEMPERATURE (F)   11       -25      1968


SUNRISE AND SUNSET
DECEMBER 27 2014......SUNRISE   821 AM MST   SUNSET   440 PM MST
DECEMBER 28 2014......SUNRISE   822 AM MST   SUNSET   441 PM MST


-  INDICATES NEGATIVE NUMBERS.
R  INDICATES RECORD WAS SET OR TIED.
MM INDICATES DATA IS MISSING.
T  INDICATES TRACE AMOUNT.




$$
