000
CDUS45 KTFX 242330
CLICTB


CLIMATE REPORT
NATIONAL WEATHER SERVICE GREAT FALLS MT
430 PM MST TUE JAN 24 2017


...................................

...THE CUT BANK MT CLIMATE SUMMARY FOR JANUARY 24 2017...
VALID TODAY AS OF 0400 PM LOCAL TIME.

CLIMATE NORMAL PERIOD 1981 TO 2010
CLIMATE RECORD PERIOD 1903 TO 2017


WEATHER ITEM   OBSERVED TIME   RECORD YEAR NORMAL DEPARTURE LAST
                VALUE   (LST)  VALUE       VALUE  FROM      YEAR
                                                  NORMAL
..................................................................
TEMPERATURE (F)
 TODAY
  MAXIMUM         29    208 PM  60    2005  33     -4       32
  MINIMUM          1    301 AM -41    1943  12    -11       20
  AVERAGE         15                        23     -8       26

PRECIPITATION (IN)
  TODAY            0.00          0.35 1970   0.01  -0.01      T
  MONTH TO DATE    0.05                      0.16  -0.11     0.44
  SINCE OCT 1      1.48                      1.18   0.30     2.36
  SINCE JAN 1      0.05                      0.16  -0.11     0.44

DEGREE DAYS
 HEATING
  TODAY           50                        42      8       39
  MONTH TO DATE 1222                      1033    189     1100
  SINCE DEC 1   2867                      2360    507     2407
  SINCE JUL 1   4845                      4623    222     4445

 COOLING
  TODAY            0                         0      0        0
  MONTH TO DATE    0                         0      0        0
  SINCE DEC 1      0                         0      0        0
  SINCE JAN 1      0                         0      0        0
..................................................................


WIND (MPH)
  HIGHEST WIND SPEED     9   HIGHEST WIND DIRECTION    NW (300)
  HIGHEST GUST SPEED    10   HIGHEST GUST DIRECTION    NW (310)
  AVERAGE WIND SPEED     4.7


SKY COVER
  AVERAGE SKY COVER 0.9


WEATHER CONDITIONS
 THE FOLLOWING WEATHER WAS RECORDED TODAY.
  NO SIGNIFICANT WEATHER WAS OBSERVED.


RELATIVE HUMIDITY (PERCENT)
 HIGHEST    96          1200 AM
 LOWEST     63           100 PM
 AVERAGE    80

..........................................................


THE CUT BANK MT CLIMATE NORMALS FOR TOMORROW
                         NORMAL    RECORD    YEAR
 MAXIMUM TEMPERATURE (F)   33        62      2006
 MINIMUM TEMPERATURE (F)   12       -39      1957


SUNRISE AND SUNSET
JANUARY 24 2017.......SUNRISE   808 AM MST   SUNSET   516 PM MST
JANUARY 25 2017.......SUNRISE   807 AM MST   SUNSET   517 PM MST


-  INDICATES NEGATIVE NUMBERS.
R  INDICATES RECORD WAS SET OR TIED.
MM INDICATES DATA IS MISSING.
T  INDICATES TRACE AMOUNT.




$$
