000
CDUS45 KTFX 241010
CLICTB


CLIMATE REPORT
NATIONAL WEATHER SERVICE GREAT FALLS MT
409 AM MDT THU APR 24 2014


...................................

...THE CUT BANK MT CLIMATE SUMMARY FOR APRIL 23 2014...

CLIMATE NORMAL PERIOD 1981 TO 2010
CLIMATE RECORD PERIOD 1903 TO 2014


WEATHER ITEM   OBSERVED TIME   RECORD YEAR NORMAL DEPARTURE LAST
                VALUE   (LST)  VALUE       VALUE  FROM      YEAR
                                                  NORMAL
..................................................................
TEMPERATURE (F)
 YESTERDAY
  MAXIMUM         52    202 PM  82    2012  56     -4       49
  MINIMUM         35   1135 PM   8    2009  31      4       24
  AVERAGE         44                        43      1       37

PRECIPITATION (IN)
  YESTERDAY        0.00          0.59 1960   0.03  -0.03     0.02
  MONTH TO DATE    0.71                      0.54   0.17     0.78
  SINCE OCT 1      3.83                      2.47   1.36     4.25
  SINCE JAN 1      2.63                      1.45   1.18     2.08

SNOWFALL (IN)
  YESTERDAY       MM
  SNOW DEPTH       0

DEGREE DAYS
 HEATING
  YESTERDAY       21                        22     -1       28
  MONTH TO DATE  539                       575    -36      705
  SINCE MAR 1   1761                      1613    148     1760
  SINCE JUL 1   7967                      7673    294     7499

 COOLING
  YESTERDAY        0                         0      0        0
  MONTH TO DATE    0                         0      0        0
  SINCE MAR 1      0                         0      0        0
  SINCE JAN 1      0                         0      0        0
..................................................................


WIND (MPH)
  HIGHEST WIND SPEED    43   HIGHEST WIND DIRECTION     W (250)
  HIGHEST GUST SPEED    51   HIGHEST GUST DIRECTION     W (250)
  AVERAGE WIND SPEED    26.6


SKY COVER
  AVERAGE SKY COVER 0.3


WEATHER CONDITIONS
 THE FOLLOWING WEATHER WAS RECORDED YESTERDAY.
  NO SIGNIFICANT WEATHER WAS OBSERVED.


RELATIVE HUMIDITY (PERCENT)
 HIGHEST    79          1200 AM
 LOWEST     29          1100 AM
 AVERAGE    54

..........................................................


THE CUT BANK MT CLIMATE NORMALS FOR TODAY
                         NORMAL    RECORD    YEAR
 MAXIMUM TEMPERATURE (F)   56        84      1910
 MINIMUM TEMPERATURE (F)   31         5      2009


SUNRISE AND SUNSET
APRIL 24 2014.........SUNRISE   622 AM MDT   SUNSET   834 PM MDT
APRIL 25 2014.........SUNRISE   620 AM MDT   SUNSET   836 PM MDT


-  INDICATES NEGATIVE NUMBERS.
R  INDICATES RECORD WAS SET OR TIED.
MM INDICATES DATA IS MISSING.
T  INDICATES TRACE AMOUNT.




$$
