000
CDUS45 KTFX 042330
CLICTB


CLIMATE REPORT
NATIONAL WEATHER SERVICE GREAT FALLS MT
429 PM MST WED MAR 4 2015


...................................

...THE CUT BANK MT CLIMATE SUMMARY FOR MARCH 4 2015...
VALID TODAY AS OF 0400 PM LOCAL TIME.

CLIMATE NORMAL PERIOD 1981 TO 2010
CLIMATE RECORD PERIOD 1903 TO 2015


WEATHER ITEM   OBSERVED TIME   RECORD YEAR NORMAL DEPARTURE LAST
                VALUE   (LST)  VALUE       VALUE  FROM      YEAR
                                                  NORMAL
..................................................................
TEMPERATURE (F)
 TODAY
  MAXIMUM         37    305 PM  64    1987  39     -2       39
  MINIMUM         -2    706 AM -25    1962  16    -18       -4
  AVERAGE         18                        28    -10       18

PRECIPITATION (IN)
  TODAY            0.00          0.33 1921   0.01  -0.01     0.00
  MONTH TO DATE    T                         0.05  -0.05     0.07
  SINCE OCT 1      3.32                      1.48   1.84     2.60
  SINCE JAN 1      0.79                      0.46   0.33     1.40

SNOWFALL (IN)
  TODAY            0.0
  SNOW DEPTH       T

DEGREE DAYS
 HEATING
  TODAY           47                        37     10       47
  MONTH TO DATE  196                       151     45      268
  SINCE MAR 1    196                       151     45      268
  SINCE JUL 1   5858                      6211   -353     6474

 COOLING
  TODAY            0                         0      0        0
  MONTH TO DATE    0                         0      0        0
  SINCE MAR 1      0                         0      0        0
  SINCE JAN 1      0                         0      0        0
..................................................................


WIND (MPH)
  HIGHEST WIND SPEED    29   HIGHEST WIND DIRECTION     W (260)
  HIGHEST GUST SPEED    32   HIGHEST GUST DIRECTION     W (260)
  AVERAGE WIND SPEED     7.6


SKY COVER
  AVERAGE SKY COVER 0.1


WEATHER CONDITIONS
 THE FOLLOWING WEATHER WAS RECORDED TODAY.
  NO SIGNIFICANT WEATHER WAS OBSERVED.


RELATIVE HUMIDITY (PERCENT)
 HIGHEST    79           700 AM
 LOWEST     29           200 PM
 AVERAGE    54

..........................................................


THE CUT BANK MT CLIMATE NORMALS FOR TOMORROW
                         NORMAL    RECORD    YEAR
 MAXIMUM TEMPERATURE (F)   39        67      1987
 MINIMUM TEMPERATURE (F)   17       -27      1951


SUNRISE AND SUNSET
MARCH  4 2015.........SUNRISE   706 AM MST   SUNSET   618 PM MST
MARCH  5 2015.........SUNRISE   704 AM MST   SUNSET   619 PM MST


-  INDICATES NEGATIVE NUMBERS.
R  INDICATES RECORD WAS SET OR TIED.
MM INDICATES DATA IS MISSING.
T  INDICATES TRACE AMOUNT.




$$
