946
CDUS45 KTFX 092330
CLICTB


CLIMATE REPORT
NATIONAL WEATHER SERVICE GREAT FALLS MT
430 PM MST FRI DEC 9 2016


...................................

...THE CUT BANK MT CLIMATE SUMMARY FOR DECEMBER 9 2016...
VALID TODAY AS OF 0400 PM LOCAL TIME.

CLIMATE NORMAL PERIOD 1981 TO 2010
CLIMATE RECORD PERIOD 1903 TO 2016


WEATHER ITEM   OBSERVED TIME   RECORD YEAR NORMAL DEPARTURE LAST
                VALUE   (LST)  VALUE       VALUE  FROM      YEAR
                                                  NORMAL
..................................................................
TEMPERATURE (F)
 TODAY
  MAXIMUM          1    138 PM  64    1925  33    -32       50
  MINIMUM         -5    917 AM -32    1977  13    -18       31
  AVERAGE         -2                        23    -25       41

PRECIPITATION (IN)
  TODAY            T             0.32 1936   0.01  -0.01     0.01
  MONTH TO DATE    0.01                      0.07  -0.06     0.01
  SINCE OCT 1      1.34                      0.87   0.47     1.37
  SINCE JAN 1     11.24                     10.75   0.49     9.67

DEGREE DAYS
 HEATING
  TODAY           67                        42     25       24
  MONTH TO DATE  481                       372    109      239
  SINCE DEC 1    481                       372    109      239
  SINCE JUL 1   2459                      2635   -176     2277

 COOLING
  TODAY            0                         0      0        0
  MONTH TO DATE    0                         0      0        0
  SINCE DEC 1      0                         0      0        0
  SINCE JAN 1    108                       162    -54      234
..................................................................


WIND (MPH)
  HIGHEST WIND SPEED    10   HIGHEST WIND DIRECTION    SE (140)
  HIGHEST GUST SPEED    14   HIGHEST GUST DIRECTION    SE (130)
  AVERAGE WIND SPEED     5.9


SKY COVER
  AVERAGE SKY COVER 0.9


WEATHER CONDITIONS
 THE FOLLOWING WEATHER WAS RECORDED TODAY.
  LIGHT SNOW
  FOG
  HAZE


RELATIVE HUMIDITY (PERCENT)
 HIGHEST    91           100 AM
 LOWEST     72           100 PM
 AVERAGE    82

..........................................................


THE CUT BANK MT CLIMATE NORMALS FOR TOMORROW
                         NORMAL    RECORD    YEAR
 MAXIMUM TEMPERATURE (F)   33        62      1939
 MINIMUM TEMPERATURE (F)   13       -23      2000


SUNRISE AND SUNSET
DECEMBER  9 2016......SUNRISE   810 AM MST   SUNSET   434 PM MST
DECEMBER 10 2016......SUNRISE   811 AM MST   SUNSET   434 PM MST


-  INDICATES NEGATIVE NUMBERS.
R  INDICATES RECORD WAS SET OR TIED.
MM INDICATES DATA IS MISSING.
T  INDICATES TRACE AMOUNT.




$$
