000
CDUS45 KTFX 260822
CLICTB


CLIMATE REPORT
NATIONAL WEATHER SERVICE GREAT FALLS MT
222 AM MDT WED JUL 26 2017


...................................

...THE CUT BANK MT CLIMATE SUMMARY FOR JULY 25 2017...

CLIMATE NORMAL PERIOD 1981 TO 2010
CLIMATE RECORD PERIOD 1903 TO 2017


WEATHER ITEM   OBSERVED TIME   RECORD YEAR NORMAL DEPARTURE LAST
                VALUE   (LST)  VALUE       VALUE  FROM      YEAR
                                                  NORMAL
..................................................................
TEMPERATURE (F)
 YESTERDAY
  MAXIMUM         81    410 PM 100    1933  82     -1       84
  MINIMUM         43    530 AM  40    2001  51     -8       50
  AVERAGE         62                        66     -4       67

PRECIPITATION (IN)
  YESTERDAY        0.00          2.33 1913   0.03  -0.03     0.00
  MONTH TO DATE    0.01                      1.07  -1.06     0.89
  SINCE OCT 1      8.94                      8.28   0.66     8.82
  SINCE JAN 1      7.51                      7.26   0.25     6.90

SNOWFALL (IN)
  YESTERDAY       MM
  SNOW DEPTH       0

DEGREE DAYS
 HEATING
  YESTERDAY        3                         2      1        0
  MONTH TO DATE   15                        76    -61       72
  SINCE JUN 1    186                       309   -123      236
  SINCE JUL 1     15                        76    -61       72

 COOLING
  YESTERDAY        0                         3     -3        2
  MONTH TO DATE  109                        54     55       31
  SINCE JUN 1    121                        69     52       53
  SINCE JAN 1    123                        71     52       53
..................................................................


WIND (MPH)
  HIGHEST WIND SPEED    16   HIGHEST WIND DIRECTION    SE (140)
  HIGHEST GUST SPEED    20   HIGHEST GUST DIRECTION    SE (130)
  AVERAGE WIND SPEED     6.9


SKY COVER
  AVERAGE SKY COVER 0.0


WEATHER CONDITIONS
 THE FOLLOWING WEATHER WAS RECORDED YESTERDAY.
  NO SIGNIFICANT WEATHER WAS OBSERVED.


RELATIVE HUMIDITY (PERCENT)
 HIGHEST    83           300 AM
 LOWEST     21           300 PM
 AVERAGE    52

..........................................................


THE CUT BANK MT CLIMATE NORMALS FOR TODAY
                         NORMAL    RECORD    YEAR
 MAXIMUM TEMPERATURE (F)   82        97      1984
 MINIMUM TEMPERATURE (F)   51        36      2005


SUNRISE AND SUNSET
JULY 26 2017..........SUNRISE   556 AM MDT   SUNSET   915 PM MDT
JULY 27 2017..........SUNRISE   558 AM MDT   SUNSET   914 PM MDT


-  INDICATES NEGATIVE NUMBERS.
R  INDICATES RECORD WAS SET OR TIED.
MM INDICATES DATA IS MISSING.
T  INDICATES TRACE AMOUNT.




$$
