000
CDUS45 KTFX 030811
CLICTB


CLIMATE REPORT
NATIONAL WEATHER SERVICE GREAT FALLS MT
210 AM MDT TUE MAY 3 2016


...................................

...THE CUT BANK MT CLIMATE SUMMARY FOR MAY 2 2016...

CLIMATE NORMAL PERIOD 1981 TO 2010
CLIMATE RECORD PERIOD 1903 TO 2016


WEATHER ITEM   OBSERVED TIME   RECORD YEAR NORMAL DEPARTURE LAST
                VALUE   (LST)  VALUE       VALUE  FROM      YEAR
                                                  NORMAL
..................................................................
TEMPERATURE (F)
 YESTERDAY
  MAXIMUM         73    601 PM  83    1985  59     14       56
  MINIMUM         31    503 AM   9    1954  33     -2       31
  AVERAGE         52                        46      6       44

PRECIPITATION (IN)
  YESTERDAY        0.00          1.91 1964   0.03  -0.03     0.00
  MONTH TO DATE    0.00                      0.07  -0.07     0.00
  SINCE OCT 1      4.31                      2.78   1.53     3.88
  SINCE JAN 1      2.39                      1.76   0.63     1.35

SNOWFALL (IN)
  YESTERDAY       MM
  SNOW DEPTH       0

DEGREE DAYS
 HEATING
  YESTERDAY       13                        19     -6       21
  MONTH TO DATE   32                        39     -7       27
  SINCE MAR 1   1447                      1799   -352     1503
  SINCE JUL 1   6912                      7859   -947     7165

 COOLING
  YESTERDAY        0                         0      0        0
  MONTH TO DATE    0                         0      0        0
  SINCE MAR 1      0                         0      0        0
  SINCE JAN 1      0                         0      0        0
..................................................................


WIND (MPH)
  HIGHEST WIND SPEED    10   HIGHEST WIND DIRECTION    SE (150)
  HIGHEST GUST SPEED    13   HIGHEST GUST DIRECTION     S (160)
  AVERAGE WIND SPEED     5.0


SKY COVER
  AVERAGE SKY COVER 0.0


WEATHER CONDITIONS
 THE FOLLOWING WEATHER WAS RECORDED YESTERDAY.
  NO SIGNIFICANT WEATHER WAS OBSERVED.


RELATIVE HUMIDITY (PERCENT)
 HIGHEST    89           200 AM
 LOWEST     16           500 PM
 AVERAGE    53

..........................................................


THE CUT BANK MT CLIMATE NORMALS FOR TODAY
                         NORMAL    RECORD    YEAR
 MAXIMUM TEMPERATURE (F)   59        80      1966
 MINIMUM TEMPERATURE (F)   33        10      1967


SUNRISE AND SUNSET
MAY  3 2016...........SUNRISE   605 AM MDT   SUNSET   848 PM MDT
MAY  4 2016...........SUNRISE   604 AM MDT   SUNSET   850 PM MDT


-  INDICATES NEGATIVE NUMBERS.
R  INDICATES RECORD WAS SET OR TIED.
MM INDICATES DATA IS MISSING.
T  INDICATES TRACE AMOUNT.




$$
