000
CDUS45 KTFX 250727
CLICTB


CLIMATE REPORT
NATIONAL WEATHER SERVICE GREAT FALLS MT
1226 AM MST SUN FEB 25 2018


...................................

...THE CUT BANK MT CLIMATE SUMMARY FOR FEBRUARY 24 2018...

CLIMATE NORMAL PERIOD 1981 TO 2010
CLIMATE RECORD PERIOD 1903 TO 2018


WEATHER ITEM   OBSERVED TIME   RECORD YEAR NORMAL DEPARTURE LAST
                VALUE   (LST)  VALUE       VALUE  FROM      YEAR
                                                  NORMAL
..................................................................
TEMPERATURE (F)
 YESTERDAY
  MAXIMUM         29    306 PM  66    1995  37     -8       29
  MINIMUM         13    718 AM -27    1922  14     -1       11
  AVERAGE         21                        26     -5       20

PRECIPITATION (IN)
  YESTERDAY        0.00          0.32 1919   0.01  -0.01     0.00
  MONTH TO DATE    T                         0.17  -0.17     0.77
  SINCE OCT 1      2.21                      1.39   0.82     2.80
  SINCE JAN 1      0.10                      0.37  -0.27     1.37

SNOWFALL (IN)
  YESTERDAY       MM
  SNOW DEPTH       4

DEGREE DAYS
 HEATING
  YESTERDAY       44                        39      5       45
  MONTH TO DATE 1407                       987    420     1045
  SINCE DEC 1   4130                      3642    488     4174
  SINCE JUL 1   6354                      5905    449     6152

 COOLING
  YESTERDAY        0                         0      0        0
  MONTH TO DATE    0                         0      0        0
  SINCE DEC 1      0                         0      0        0
  SINCE JAN 1      0                         0      0        0
..................................................................


WIND (MPH)
  HIGHEST WIND SPEED    35   HIGHEST WIND DIRECTION     W (260)
  HIGHEST GUST SPEED    43   HIGHEST GUST DIRECTION     W (260)
  AVERAGE WIND SPEED    19.9


SKY COVER
  AVERAGE SKY COVER 0.1


WEATHER CONDITIONS
 THE FOLLOWING WEATHER WAS RECORDED YESTERDAY.
  BLOWING SNOW


RELATIVE HUMIDITY (PERCENT)
 HIGHEST    80          1200 AM
 LOWEST     46           400 PM
 AVERAGE    63

..........................................................


THE CUT BANK MT CLIMATE NORMALS FOR TODAY
                         NORMAL    RECORD    YEAR
 MAXIMUM TEMPERATURE (F)   37        60      2005
                                             1992
 MINIMUM TEMPERATURE (F)   15       -35      2011


SUNRISE AND SUNSET
FEBRUARY 25 2018......SUNRISE   719 AM MST   SUNSET   607 PM MST
FEBRUARY 26 2018......SUNRISE   717 AM MST   SUNSET   609 PM MST


-  INDICATES NEGATIVE NUMBERS.
R  INDICATES RECORD WAS SET OR TIED.
MM INDICATES DATA IS MISSING.
T  INDICATES TRACE AMOUNT.




$$
