000
CDUS42 KTAE 290631
CLICTY


CLIMATE REPORT
NATIONAL WEATHER SERVICE TALLAHASSEE FL
231 AM EDT FRI JUL 29 2016


...................................

...THE CROSS CITY  CLIMATE SUMMARY FOR JULY 28 2016...

CLIMATE NORMAL PERIOD 1981 TO 2010
CLIMATE RECORD PERIOD 1948 TO 2016


WEATHER ITEM   OBSERVED TIME   NORMAL DEPARTURE LAST
                VALUE   (LST)  VALUE  FROM      YEAR
                                      NORMAL
......................................................
TEMPERATURE (F)
 YESTERDAY
  MAXIMUM         97    155 PM  91      6       94
  MINIMUM         74    603 AM  72      2       75
  AVERAGE         86            82      4

PRECIPITATION (IN)
  YESTERDAY        0.16          0.20  -0.04     0.08
  MONTH TO DATE    6.28          5.05   1.23    17.00
  SINCE JUN 1     11.36         10.14   1.22    24.37
  SINCE JAN 1     28.11         27.31   0.80    37.51

DEGREE DAYS
 HEATING
  YESTERDAY        0             0      0
  MONTH TO DATE    0             0      0
  SINCE JUN 1      0             0      0
  SINCE JUL 1      0             0      0

 COOLING
  YESTERDAY       21            17      4
  MONTH TO DATE  542           460     82
  SINCE JUN 1   1077           907    170
  SINCE JAN 1   1752          1386    366
......................................................


WIND (MPH)
  RESULTANT WIND SPEED   1   RESULTANT WIND DIRECTION   W (270)
  HIGHEST WIND SPEED    16   HIGHEST WIND DIRECTION    NW (320)
  HIGHEST GUST SPEED    22   HIGHEST GUST DIRECTION    NW (310)
  AVERAGE WIND SPEED     2.6



WEATHER CONDITIONS
 THE FOLLOWING WEATHER WAS RECORDED YESTERDAY.
  NO SIGNIFICANT WEATHER WAS OBSERVED.


RELATIVE HUMIDITY (PERCENT)
 HIGHEST    88
 LOWEST     48

..........................................................




SUNRISE AND SUNSET
JULY 29 2016..........SUNRISE   651 AM EDT   SUNSET   827 PM EDT
JULY 30 2016..........SUNRISE   651 AM EDT   SUNSET   826 PM EDT


-  INDICATES NEGATIVE NUMBERS.
R  INDICATES RECORD WAS SET OR TIED.
MM INDICATES DATA IS MISSING.
T  INDICATES TRACE AMOUNT.




$$
