000
CDUS42 KTAE 230632
CLICTY


CLIMATE REPORT
NATIONAL WEATHER SERVICE TALLAHASSEE FL
232 AM EDT WED APR 23 2014


...................................

...THE CROSS CITY (AWOS) CLIMATE SUMMARY FOR APRIL 22 2014...

CLIMATE NORMAL PERIOD 1981 TO 2010
CLIMATE RECORD PERIOD 1948 TO 2014


WEATHER ITEM   OBSERVED TIME   NORMAL DEPARTURE LAST
                VALUE   (LST)  VALUE  FROM      YEAR
                                      NORMAL
......................................................
TEMPERATURE (F)
 YESTERDAY
  MAXIMUM         78    218 PM  81     -3
  MINIMUM         55    545 AM  55      0
  AVERAGE         67            68     -1

PRECIPITATION (IN)
  YESTERDAY        0.00          0.07  -0.07     0.00
  MONTH TO DATE    3.83          2.50   1.33     2.78
  SINCE MAR 1      8.79          6.71   2.08     3.99
  SINCE JAN 1     18.94         14.02   4.92     7.50

DEGREE DAYS
 HEATING
  YESTERDAY        0             1     -1
  MONTH TO DATE   20            43    -23
  SINCE MAR 1    185           178      7
  SINCE JUL 1   1180          1298   -118

 COOLING
  YESTERDAY        2             4     -2
  MONTH TO DATE   60            70    -10
  SINCE MAR 1     77           117    -40
  SINCE JAN 1    112           144    -32
......................................................


WIND (MPH)
  RESULTANT WIND SPEED   5   RESULTANT WIND DIRECTION   W (260)
  HIGHEST WIND SPEED    15   HIGHEST WIND DIRECTION     W (280)
  HIGHEST GUST SPEED    20   HIGHEST GUST DIRECTION     W (250)
  AVERAGE WIND SPEED     5.8



WEATHER CONDITIONS
 THE FOLLOWING WEATHER WAS RECORDED YESTERDAY.
  NO SIGNIFICANT WEATHER WAS OBSERVED.


RELATIVE HUMIDITY (PERCENT)
 HIGHEST    97
 LOWEST     50

..........................................................




SUNRISE AND SUNSET
APRIL 23 2014.........SUNRISE   658 AM EDT   SUNSET   804 PM EDT
APRIL 24 2014.........SUNRISE   657 AM EDT   SUNSET   805 PM EDT


-  INDICATES NEGATIVE NUMBERS.
R  INDICATES RECORD WAS SET OR TIED.
MM INDICATES DATA IS MISSING.
T  INDICATES TRACE AMOUNT.




$$
