000
CDUS42 KTAE 230634
CLICTY


CLIMATE REPORT
NATIONAL WEATHER SERVICE TALLAHASSEE FL
133 AM EST SUN NOV 23 2014


...................................

...THE CROSS CITY (AWOS) CLIMATE SUMMARY FOR NOVEMBER 22 2014...

CLIMATE NORMAL PERIOD 1981 TO 2010
CLIMATE RECORD PERIOD 1948 TO 2014


WEATHER ITEM   OBSERVED TIME   NORMAL DEPARTURE LAST
                VALUE   (LST)  VALUE  FROM      YEAR
                                      NORMAL
......................................................
TEMPERATURE (F)
 YESTERDAY
  MAXIMUM         70    147 PM  74     -4
  MINIMUM         50    136 AM  48      2
  AVERAGE         60            61     -1

PRECIPITATION (IN)
  YESTERDAY        0.39          0.10   0.29     0.00
  MONTH TO DATE    0.61          1.81  -1.20     1.48
  SINCE SEP 1     15.12          9.67   5.45     7.88
  SINCE JAN 1     55.50         45.04  10.46    60.66

DEGREE DAYS
 HEATING
  YESTERDAY        5             6     -1
  MONTH TO DATE  201            85    116
  SINCE SEP 1    218           117    101
  SINCE JUL 1    218           117    101

 COOLING
  YESTERDAY        0             1     -1
  MONTH TO DATE    9            50    -41
  SINCE SEP 1    630           655    -25
  SINCE JAN 1   2692          2593     99
......................................................


WIND (MPH)
  RESULTANT WIND SPEED   5   RESULTANT WIND DIRECTION   E (70)
  HIGHEST WIND SPEED    12   HIGHEST WIND DIRECTION    NE (50)
  HIGHEST GUST SPEED    17   HIGHEST GUST DIRECTION    SE (120)
  AVERAGE WIND SPEED     6.1



WEATHER CONDITIONS
 THE FOLLOWING WEATHER WAS RECORDED YESTERDAY.
  NO SIGNIFICANT WEATHER WAS OBSERVED.


RELATIVE HUMIDITY (PERCENT)
 HIGHEST    93
 LOWEST     73

..........................................................




SUNRISE AND SUNSET
NOVEMBER 23 2014......SUNRISE   703 AM EST   SUNSET   534 PM EST
NOVEMBER 24 2014......SUNRISE   704 AM EST   SUNSET   534 PM EST


-  INDICATES NEGATIVE NUMBERS.
R  INDICATES RECORD WAS SET OR TIED.
MM INDICATES DATA IS MISSING.
T  INDICATES TRACE AMOUNT.




$$
