000
CDUS42 KTAE 260632
CLICTY


CLIMATE REPORT
NATIONAL WEATHER SERVICE TALLAHASSEE FL
231 AM EDT MON JUN 26 2017


...................................

...THE CROSS CITY  CLIMATE SUMMARY FOR JUNE 25 2017...

CLIMATE NORMAL PERIOD 1981 TO 2010
CLIMATE RECORD PERIOD 1948 TO 2017


WEATHER ITEM   OBSERVED TIME   NORMAL DEPARTURE LAST
                VALUE   (LST)  VALUE  FROM      YEAR
                                      NORMAL
......................................................
TEMPERATURE (F)
 YESTERDAY
  MAXIMUM         91    300 PM  91      0       98
  MINIMUM         73   1100 PM  70      3       71
  AVERAGE         82            81      1

PRECIPITATION (IN)
  YESTERDAY        0.00          0.20  -0.20    MM
  MONTH TO DATE   13.29          4.18   9.11     3.96
  SINCE JUN 1     13.29          4.18   9.11     3.96
  SINCE JAN 1     23.45         21.35   2.10    20.71

DEGREE DAYS
 HEATING
  YESTERDAY        0             0      0
  MONTH TO DATE    0             0      0
  SINCE JUN 1      0             0      0
  SINCE JUL 1    758          1306   -548

 COOLING
  YESTERDAY       17            16      1
  MONTH TO DATE  358           368    -10
  SINCE JUN 1    358           368    -10
  SINCE JAN 1    959           847    112
......................................................


WIND (MPH)
  RESULTANT WIND SPEED   5   RESULTANT WIND DIRECTION   W (260)
  HIGHEST WIND SPEED    14   HIGHEST WIND DIRECTION     W (280)
  HIGHEST GUST SPEED    16   HIGHEST GUST DIRECTION    SW (220)
  AVERAGE WIND SPEED     5.2



WEATHER CONDITIONS
 THE FOLLOWING WEATHER WAS RECORDED YESTERDAY.
  NO SIGNIFICANT WEATHER WAS OBSERVED.


RELATIVE HUMIDITY (PERCENT)
 HIGHEST   100
 LOWEST     56

..........................................................




SUNRISE AND SUNSET
JUNE 26 2017..........SUNRISE   634 AM EDT   SUNSET   836 PM EDT
JUNE 27 2017..........SUNRISE   635 AM EDT   SUNSET   837 PM EDT


-  INDICATES NEGATIVE NUMBERS.
R  INDICATES RECORD WAS SET OR TIED.
MM INDICATES DATA IS MISSING.
T  INDICATES TRACE AMOUNT.




$$
