000
CDUS42 KTAE 132235
CLICTY


CLIMATE REPORT
NATIONAL WEATHER SERVICE TALLAHASSEE FL
535 PM EST WED DEC 13 2017


...................................

...THE CROSS CITY  CLIMATE SUMMARY FOR DECEMBER 13 2017...
VALID TODAY AS OF 0500 PM LOCAL TIME.

CLIMATE NORMAL PERIOD 1981 TO 2010
CLIMATE RECORD PERIOD 1948 TO 2017


WEATHER ITEM   OBSERVED TIME   NORMAL DEPARTURE LAST
                VALUE   (LST)  VALUE  FROM      YEAR
                                      NORMAL
......................................................
TEMPERATURE (F)
 TODAY
  MAXIMUM         61    315 PM  67     -6       79
  MINIMUM         30    715 AM  43    -13       55
  AVERAGE         46            55     -9

PRECIPITATION (IN)
  TODAY            0.00          0.08  -0.08     0.00
  MONTH TO DATE    3.11          1.18   1.93     3.12
  SINCE DEC 1      3.11          1.18   1.93     3.12
  SINCE JAN 1     58.85         47.02  11.83    62.72

DEGREE DAYS
 HEATING
  TODAY           19
  MONTH TO DATE  129
  SINCE DEC 1    129
  SINCE JUL 1    282

 COOLING
  TODAY            0
  MONTH TO DATE    8
  SINCE DEC 1      8
  SINCE JAN 1   2897
......................................................


WIND (MPH)
  RESULTANT WIND SPEED   4   RESULTANT WIND DIRECTION   W (290)
  HIGHEST WIND SPEED     9   HIGHEST WIND DIRECTION     W (260)
  HIGHEST GUST SPEED    MM   HIGHEST GUST DIRECTION    MM
  AVERAGE WIND SPEED     5.1



WEATHER CONDITIONS
 THE FOLLOWING WEATHER WAS RECORDED TODAY.
  NO SIGNIFICANT WEATHER WAS OBSERVED.


RELATIVE HUMIDITY (PERCENT)
 HIGHEST    96
 LOWEST     19
 AVERAGE    58

..........................................................


THE CROSS CITY  CLIMATE NORMALS FOR TOMORROW
                         NORMAL
 MAXIMUM TEMPERATURE (F)   67
 MINIMUM TEMPERATURE (F)   43



-  INDICATES NEGATIVE NUMBERS.
R  INDICATES RECORD WAS SET OR TIED.
MM INDICATES DATA IS MISSING.
T  INDICATES TRACE AMOUNT.




$$
