000
CDUS42 KTAE 252236
CLICTY


CLIMATE REPORT
NATIONAL WEATHER SERVICE TALLAHASSEE FL
535 PM EST TUE NOV 25 2014


...................................

...THE CROSS CITY (AMOS) CLIMATE SUMMARY FOR NOVEMBER 25 2014...
VALID TODAY AS OF 0500 PM LOCAL TIME.

CLIMATE NORMAL PERIOD 1981 TO 2010
CLIMATE RECORD PERIOD 1948 TO 2014


WEATHER ITEM   OBSERVED TIME   NORMAL DEPARTURE LAST
                VALUE   (LST)  VALUE  FROM      YEAR
                                      NORMAL
......................................................
TEMPERATURE (F)
 TODAY
  MAXIMUM         73    521 AM  73      0
  MINIMUM         64    459 PM  48     16
  AVERAGE         69            60      9

PRECIPITATION (IN)
  TODAY            0.60          0.10   0.50     0.00
  MONTH TO DATE    1.77          2.12  -0.35     1.48
  SINCE SEP 1     16.28          9.98   6.30     7.88
  SINCE JAN 1     56.66         45.35  11.31    60.66

DEGREE DAYS
 HEATING
  TODAY            0
  MONTH TO DATE  201
  SINCE SEP 1    218
  SINCE JUL 1    218

 COOLING
  TODAY            4
  MONTH TO DATE   31
  SINCE SEP 1    652
  SINCE JAN 1   2714
......................................................


WIND (MPH)
  RESULTANT WIND SPEED   3   RESULTANT WIND DIRECTION  NE (50)
  HIGHEST WIND SPEED    17   HIGHEST WIND DIRECTION    NW (310)
  HIGHEST GUST SPEED    22   HIGHEST GUST DIRECTION    NW (320)
  AVERAGE WIND SPEED     6.0



WEATHER CONDITIONS
 THE FOLLOWING WEATHER WAS RECORDED TODAY.
  NO SIGNIFICANT WEATHER WAS OBSERVED.


RELATIVE HUMIDITY (PERCENT)
 HIGHEST   100
 LOWEST     87
 AVERAGE    94

..........................................................


THE CROSS CITY (AMOS) CLIMATE NORMALS FOR TOMORROW
                         NORMAL
 MAXIMUM TEMPERATURE (F)   72
 MINIMUM TEMPERATURE (F)   47



-  INDICATES NEGATIVE NUMBERS.
R  INDICATES RECORD WAS SET OR TIED.
MM INDICATES DATA IS MISSING.
T  INDICATES TRACE AMOUNT.




$$
