000
CDUS42 KTAE 020632
CLICTY


CLIMATE REPORT
NATIONAL WEATHER SERVICE TALLAHASSEE FL
231 AM EDT MON MAY 2 2016


...................................

...THE CROSS CITY  CLIMATE SUMMARY FOR MAY 1 2016...

CLIMATE NORMAL PERIOD 1981 TO 2010
CLIMATE RECORD PERIOD 1948 TO 2016


WEATHER ITEM   OBSERVED TIME   NORMAL DEPARTURE LAST
                VALUE   (LST)  VALUE  FROM      YEAR
                                      NORMAL
......................................................
TEMPERATURE (F)
 YESTERDAY
  MAXIMUM         89    215 PM  84      5       83
  MINIMUM         69   1044 PM  57     12       52
  AVERAGE         79            70      9

PRECIPITATION (IN)
  YESTERDAY        0.00          0.06  -0.06     0.00
  MONTH TO DATE    0.00          0.06  -0.06     0.00
  SINCE MAR 1      7.97          7.23   0.74     3.30
  SINCE JAN 1     14.73         14.54   0.19     9.27

DEGREE DAYS
 HEATING
  YESTERDAY        0             0      0
  MONTH TO DATE    0             0      0
  SINCE MAR 1     76           183   -107
  SINCE JUL 1    807          1303   -496

 COOLING
  YESTERDAY       14             6      8
  MONTH TO DATE   14             6      8
  SINCE MAR 1    320           161    159
  SINCE JAN 1    349           188    161
......................................................


WIND (MPH)
  RESULTANT WIND SPEED   2   RESULTANT WIND DIRECTION   S (170)
  HIGHEST WIND SPEED    14   HIGHEST WIND DIRECTION     S (160)
  HIGHEST GUST SPEED    21   HIGHEST GUST DIRECTION     S (190)
  AVERAGE WIND SPEED     5.3



WEATHER CONDITIONS
 THE FOLLOWING WEATHER WAS RECORDED YESTERDAY.
  NO SIGNIFICANT WEATHER WAS OBSERVED.


RELATIVE HUMIDITY (PERCENT)
 HIGHEST    90
 LOWEST     46

..........................................................




SUNRISE AND SUNSET
MAY  2 2016...........SUNRISE   649 AM EDT   SUNSET   810 PM EDT
MAY  3 2016...........SUNRISE   648 AM EDT   SUNSET   811 PM EDT


-  INDICATES NEGATIVE NUMBERS.
R  INDICATES RECORD WAS SET OR TIED.
MM INDICATES DATA IS MISSING.
T  INDICATES TRACE AMOUNT.




$$
