000
CDUS42 KTAE 180634
CLICTY


CLIMATE REPORT
NATIONAL WEATHER SERVICE TALLAHASSEE FL
233 AM EDT FRI APR 18 2014

...................................

...THE CROSS CITY (AWOS) CLIMATE SUMMARY FOR APRIL 17 2014...

CLIMATE NORMAL PERIOD 1981 TO 2010
CLIMATE RECORD PERIOD 1948 TO 2014


WEATHER ITEM   OBSERVED TIME   NORMAL DEPARTURE LAST
                VALUE   (LST)  VALUE  FROM      YEAR
                                      NORMAL
......................................................
TEMPERATURE (F)
 YESTERDAY
  MAXIMUM         76    211 PM  80     -4
  MINIMUM         52    329 AM  54     -2
  AVERAGE         64            67     -3

PRECIPITATION (IN)
  YESTERDAY        0.01          0.09  -0.08     0.00
  MONTH TO DATE    2.35          2.13   0.22     1.49
  SINCE MAR 1      7.31          6.34   0.97     2.70
  SINCE JAN 1     17.46         13.65   3.81     6.21

DEGREE DAYS
 HEATING
  YESTERDAY        1             1      0
  MONTH TO DATE   18            38    -20
  SINCE MAR 1    183           173     10
  SINCE JUL 1   1178          1293   -115

 COOLING
  YESTERDAY        0             3     -3
  MONTH TO DATE   54            50      4
  SINCE MAR 1     71            97    -26
  SINCE JAN 1    106           124    -18
......................................................


WIND (MPH)
  RESULTANT WIND SPEED   8   RESULTANT WIND DIRECTION  NE (60)
  HIGHEST WIND SPEED    17   HIGHEST WIND DIRECTION     E (70)
  HIGHEST GUST SPEED    25   HIGHEST GUST DIRECTION     E (70)
  AVERAGE WIND SPEED     8.6



WEATHER CONDITIONS
 THE FOLLOWING WEATHER WAS RECORDED YESTERDAY.
  NO SIGNIFICANT WEATHER WAS OBSERVED.


RELATIVE HUMIDITY (PERCENT)
 HIGHEST    93
 LOWEST     60

..........................................................



SUNRISE AND SUNSET
APRIL 18 2014.........SUNRISE   703 AM EDT   SUNSET   801 PM EDT
APRIL 19 2014.........SUNRISE   702 AM EDT   SUNSET   802 PM EDT


-  INDICATES NEGATIVE NUMBERS.
R  INDICATES RECORD WAS SET OR TIED.
MM INDICATES DATA IS MISSING.
T  INDICATES TRACE AMOUNT.

$$
