000
CDUS42 KTAE 190702
CLICTY


CLIMATE REPORT
NATIONAL WEATHER SERVICE TALLAHASSEE FL
154 AM EST FRI DEC 19 2014


...................................

...THE CROSS CITY (AWOS) CLIMATE SUMMARY FOR DECEMBER 18 2014...

CLIMATE NORMAL PERIOD 1981 TO 2010
CLIMATE RECORD PERIOD 1948 TO 2014


WEATHER ITEM   OBSERVED TIME   NORMAL DEPARTURE LAST
                VALUE   (LST)  VALUE  FROM      YEAR
                                      NORMAL
......................................................
TEMPERATURE (F)
 YESTERDAY
  MAXIMUM         68    323 PM  66      2
  MINIMUM         37    254 AM  42     -5
  AVERAGE         53            54     -1

PRECIPITATION (IN)
  YESTERDAY        0.00          0.09  -0.09     0.00
  MONTH TO DATE    0.05          1.59  -1.54     1.63
  SINCE DEC 1      0.05          1.59  -1.54     1.63
  SINCE JAN 1     57.01         47.43   9.58    63.10

DEGREE DAYS
 HEATING
  YESTERDAY       12            12      0
  MONTH TO DATE  156           175    -19
  SINCE DEC 1    156           175    -19
  SINCE JUL 1    441           343     98

 COOLING
  YESTERDAY        0             0      0
  MONTH TO DATE   19            14      5
  SINCE DEC 1     19            14      5
  SINCE JAN 1   2729          2616    113
......................................................


WIND (MPH)
  RESULTANT WIND SPEED   1   RESULTANT WIND DIRECTION   W (260)
  HIGHEST WIND SPEED     9   HIGHEST WIND DIRECTION     W (280)
  HIGHEST GUST SPEED    12   HIGHEST GUST DIRECTION     W (290)
  AVERAGE WIND SPEED     1.7



WEATHER CONDITIONS
 THE FOLLOWING WEATHER WAS RECORDED YESTERDAY.
  NO SIGNIFICANT WEATHER WAS OBSERVED.


RELATIVE HUMIDITY (PERCENT)
 HIGHEST    92
 LOWEST     44

..........................................................




SUNRISE AND SUNSET
DECEMBER 19 2014......SUNRISE   722 AM EST   SUNSET   537 PM EST
DECEMBER 20 2014......SUNRISE   723 AM EST   SUNSET   537 PM EST


-  INDICATES NEGATIVE NUMBERS.
R  INDICATES RECORD WAS SET OR TIED.
MM INDICATES DATA IS MISSING.
T  INDICATES TRACE AMOUNT.




$$
