000
CDUS42 KTAE 210631
CLICTY


CLIMATE REPORT
NATIONAL WEATHER SERVICE TALLAHASSEE FL
231 AM EDT MON AUG 21 2017


...................................

...THE CROSS CITY  CLIMATE SUMMARY FOR AUGUST 20 2017...

CLIMATE NORMAL PERIOD 1981 TO 2010
CLIMATE RECORD PERIOD 1948 TO 2017


WEATHER ITEM   OBSERVED TIME   NORMAL DEPARTURE LAST
                VALUE   (LST)  VALUE  FROM      YEAR
                                      NORMAL
......................................................
TEMPERATURE (F)
 YESTERDAY
  MAXIMUM         96        MM  91      5       91
  MINIMUM         73        MM  72      1       72
  AVERAGE         85            81      4

PRECIPITATION (IN)
  YESTERDAY        0.45          0.25   0.20     0.01
  MONTH TO DATE   10.35          4.60   5.75    13.36
  SINCE JUN 1     34.48         15.35  19.13    25.01
  SINCE JAN 1     44.64         32.52  12.12    41.76

DEGREE DAYS
 HEATING
  YESTERDAY        0             0      0
  MONTH TO DATE    0             0      0
  SINCE JUN 1      0             0      0
  SINCE JUL 1      0             0      0

 COOLING
  YESTERDAY       20            16      4
  MONTH TO DATE  347           330     17
  SINCE JUN 1   1324          1285     39
  SINCE JAN 1   1925          1764    161
......................................................


WIND (MPH)
  RESULTANT WIND SPEED   1   RESULTANT WIND DIRECTION   E (110)
  HIGHEST WIND SPEED    15   HIGHEST WIND DIRECTION     N (10)
  HIGHEST GUST SPEED    24   HIGHEST GUST DIRECTION     N (10)
  AVERAGE WIND SPEED     2.4



WEATHER CONDITIONS
 THE FOLLOWING WEATHER WAS RECORDED YESTERDAY.
  THUNDERSTORM
  RAIN
  FOG


RELATIVE HUMIDITY (PERCENT)
 HIGHEST   100
 LOWEST     51

..........................................................




SUNRISE AND SUNSET
AUGUST 21 2017........SUNRISE   704 AM EDT   SUNSET   807 PM EDT
AUGUST 22 2017........SUNRISE   704 AM EDT   SUNSET   805 PM EDT


-  INDICATES NEGATIVE NUMBERS.
R  INDICATES RECORD WAS SET OR TIED.
MM INDICATES DATA IS MISSING.
T  INDICATES TRACE AMOUNT.




$$
