000
CDUS42 KTAE 060635
CLICTY


CLIMATE REPORT
NATIONAL WEATHER SERVICE TALLAHASSEE FL
135 AM EST SAT FEB 6 2016


...................................

...THE CROSS CITY  CLIMATE SUMMARY FOR FEBRUARY 5 2016...

CLIMATE NORMAL PERIOD 1981 TO 2010
CLIMATE RECORD PERIOD 1948 TO 2016


WEATHER ITEM   OBSERVED TIME   NORMAL DEPARTURE LAST
                VALUE   (LST)  VALUE  FROM      YEAR
                                      NORMAL
......................................................
TEMPERATURE (F)
 YESTERDAY
  MAXIMUM         60    408 PM  69     -9       68
  MINIMUM         38   1059 PM  43     -5       48
  AVERAGE         49            56     -7

PRECIPITATION (IN)
  YESTERDAY        0.00          0.10  -0.10     0.11
  MONTH TO DATE    2.69          0.54   2.15     1.16
  SINCE DEC 1      8.03          7.10   0.93     7.34
  SINCE JAN 1      5.77          4.58   1.19     4.10

DEGREE DAYS
 HEATING
  YESTERDAY       16            10      6
  MONTH TO DATE   19            50    -31
  SINCE DEC 1    449           760   -311
  SINCE JUL 1    487           928   -441

 COOLING
  YESTERDAY        0             1     -1
  MONTH TO DATE   17             5     12
  SINCE DEC 1    187            34    153
  SINCE JAN 1     21            16      5
......................................................


WIND (MPH)
  RESULTANT WIND SPEED   8   RESULTANT WIND DIRECTION   N (10)
  HIGHEST WIND SPEED    18   HIGHEST WIND DIRECTION    NE (30)
  HIGHEST GUST SPEED    25   HIGHEST GUST DIRECTION    NE (30)
  AVERAGE WIND SPEED     9.0



WEATHER CONDITIONS
 THE FOLLOWING WEATHER WAS RECORDED YESTERDAY.
  NO SIGNIFICANT WEATHER WAS OBSERVED.


RELATIVE HUMIDITY (PERCENT)
 HIGHEST    82
 LOWEST     21

..........................................................




SUNRISE AND SUNSET
FEBRUARY  6 2016......SUNRISE   719 AM EST   SUNSET   614 PM EST
FEBRUARY  7 2016......SUNRISE   718 AM EST   SUNSET   615 PM EST


-  INDICATES NEGATIVE NUMBERS.
R  INDICATES RECORD WAS SET OR TIED.
MM INDICATES DATA IS MISSING.
T  INDICATES TRACE AMOUNT.




$$
