000
CDUS42 KTAE 040632
CLICTY


CLIMATE REPORT
NATIONAL WEATHER SERVICE TALLAHASSEE FL
131 AM EST WED MAR 4 2015


...................................

...THE CROSS CITY  CLIMATE SUMMARY FOR MARCH 3 2015...

CLIMATE NORMAL PERIOD 1981 TO 2010
CLIMATE RECORD PERIOD 1948 TO 2015


WEATHER ITEM   OBSERVED TIME   NORMAL DEPARTURE LAST
                VALUE   (LST)  VALUE  FROM      YEAR
                                      NORMAL
......................................................
TEMPERATURE (F)
 YESTERDAY
  MAXIMUM         85    151 PM  74     11       76
  MINIMUM         57    601 AM  46     11       47
  AVERAGE         71            60     11

PRECIPITATION (IN)
  YESTERDAY        0.00          0.13  -0.13     0.00
  MONTH TO DATE    0.17          0.36  -0.19     0.00
  SINCE MAR 1      0.17          0.36  -0.19     0.00
  SINCE JAN 1      6.14          7.67  -1.53    10.15

DEGREE DAYS
 HEATING
  YESTERDAY        0             6     -6
  MONTH TO DATE    0            20    -20
  SINCE MAR 1      0            20    -20
  SINCE JUL 1   1160          1140     20

 COOLING
  YESTERDAY        6             1      5
  MONTH TO DATE   12             3      9
  SINCE MAR 1     12             3      9
  SINCE JAN 1     28            30     -2
......................................................


WIND (MPH)
  RESULTANT WIND SPEED   2   RESULTANT WIND DIRECTION  SW (210)
  HIGHEST WIND SPEED    14   HIGHEST WIND DIRECTION     W (260)
  HIGHEST GUST SPEED    19   HIGHEST GUST DIRECTION    SW (220)
  AVERAGE WIND SPEED     3.3



WEATHER CONDITIONS
 THE FOLLOWING WEATHER WAS RECORDED YESTERDAY.
  NO SIGNIFICANT WEATHER WAS OBSERVED.


RELATIVE HUMIDITY (PERCENT)
 HIGHEST   100
 LOWEST     51

..........................................................




SUNRISE AND SUNSET
MARCH  4 2015.........SUNRISE   655 AM EST   SUNSET   634 PM EST
MARCH  5 2015.........SUNRISE   654 AM EST   SUNSET   634 PM EST


-  INDICATES NEGATIVE NUMBERS.
R  INDICATES RECORD WAS SET OR TIED.
MM INDICATES DATA IS MISSING.
T  INDICATES TRACE AMOUNT.




$$
