356
CDUS42 KTAE 200631
CLICTY


CLIMATE REPORT
NATIONAL WEATHER SERVICE TALLAHASSEE FL
131 AM EST MON FEB 20 2017


...................................

...THE CROSS CITY  CLIMATE SUMMARY FOR FEBRUARY 19 2017...

CLIMATE NORMAL PERIOD 1981 TO 2010
CLIMATE RECORD PERIOD 1948 TO 2017


WEATHER ITEM   OBSERVED TIME   NORMAL DEPARTURE LAST
                VALUE   (LST)  VALUE  FROM      YEAR
                                      NORMAL
......................................................
TEMPERATURE (F)
 YESTERDAY
  MAXIMUM         81    400 PM  71     10       75
  MINIMUM         55    100 AM  44     11       39
  AVERAGE         68            58     10

PRECIPITATION (IN)
  YESTERDAY        0.00          0.13  -0.13     0.00
  MONTH TO DATE    1.00          1.91  -0.91     3.29
  SINCE DEC 1      6.30          8.47  -2.17     8.63
  SINCE JAN 1      2.43          5.95  -3.52     6.37

DEGREE DAYS
 HEATING
  YESTERDAY        0             8     -8
  MONTH TO DATE   93           175    -82
  SINCE DEC 1    466           885   -419
  SINCE JUL 1    591          1053   -462

 COOLING
  YESTERDAY        3             1      2
  MONTH TO DATE    8            13     -5
  SINCE DEC 1     95            42     53
  SINCE JAN 1     42            24     18
......................................................


WIND (MPH)
  RESULTANT WIND SPEED   3   RESULTANT WIND DIRECTION  NW (330)
  HIGHEST WIND SPEED     9   HIGHEST WIND DIRECTION     N (10)
  HIGHEST GUST SPEED    MM   HIGHEST GUST DIRECTION    MM
  AVERAGE WIND SPEED     4.3



WEATHER CONDITIONS
 THE FOLLOWING WEATHER WAS RECORDED YESTERDAY.
  FOG
  FOG W/VISIBILITY <= 1/4 MILE


RELATIVE HUMIDITY (PERCENT)
 HIGHEST   100
 LOWEST     39

..........................................................




SUNRISE AND SUNSET
FEBRUARY 20 2017......SUNRISE   707 AM EST   SUNSET   626 PM EST
FEBRUARY 21 2017......SUNRISE   706 AM EST   SUNSET   626 PM EST


-  INDICATES NEGATIVE NUMBERS.
R  INDICATES RECORD WAS SET OR TIED.
MM INDICATES DATA IS MISSING.
T  INDICATES TRACE AMOUNT.




$$
