000
CDUS42 KCAE 282220
CLICUB


CLIMATE REPORT
NATIONAL WEATHER SERVICE COLUMBIA SC
517 PM EST SAT FEB 28 2015


...................................

...THE HAMILTON - OWENS AIRPORT SC CLIMATE SUMMARY FOR FEBRUARY 28 2015...
VALID TODAY AS OF 0500 PM LOCAL TIME.

CLIMATE NORMAL PERIOD 1981 TO 2010
CLIMATE RECORD PERIOD 9999 TO 9999


WEATHER ITEM   OBSERVED TIME   NORMAL DEPARTURE LAST
                VALUE   (LST)  VALUE  FROM      YEAR
                                      NORMAL
......................................................
TEMPERATURE (F)
 TODAY
  MAXIMUM         52    243 PM  64    -12       58
  MINIMUM         34    817 AM  41     -7       33
  AVERAGE         43            52     -9       46

PRECIPITATION (IN)
  TODAY            0.00          0.14  -0.14     0.00
  MONTH TO DATE    4.51          3.65   0.86     2.62
  SINCE DEC 1     12.09         10.48   1.61    12.17
  SINCE JAN 1      7.91          7.28   0.63     6.38

DEGREE DAYS
 HEATING
  TODAY           22            13      9       19
  MONTH TO DATE  603           436    167      434
  SINCE DEC 1   1651          1558     93     1578
  SINCE JUL 1   2126          1929    197     1992

 COOLING
  TODAY            0             0      0        0
  MONTH TO DATE    0             2     -2        6
  SINCE DEC 1      0             7     -7       20
  SINCE JAN 1      0             3     -3        6
......................................................


WIND (MPH)
  HIGHEST WIND SPEED    12   HIGHEST WIND DIRECTION     E (70)
  HIGHEST GUST SPEED    20   HIGHEST GUST DIRECTION     E (80)
  AVERAGE WIND SPEED     6.6


SKY COVER
  AVERAGE SKY COVER 0.0


WEATHER CONDITIONS
 THE FOLLOWING WEATHER WAS RECORDED TODAY.
  NO SIGNIFICANT WEATHER WAS OBSERVED.


RELATIVE HUMIDITY (PERCENT)
 HIGHEST    75           400 AM
 LOWEST     35           400 PM
 AVERAGE    55

..........................................................


THE HAMILTON - OWENS AIRPORT SC CLIMATE NORMALS FOR TOMORROW
                         NORMAL
 MAXIMUM TEMPERATURE (F)   64
 MINIMUM TEMPERATURE (F)   41


SUNRISE AND SUNSET
FEBRUARY 28 2015......SUNRISE   654 AM EST   SUNSET   619 PM EST
MARCH  1 2015.........SUNRISE   653 AM EST   SUNSET   620 PM EST


-  INDICATES NEGATIVE NUMBERS.
R  INDICATES RECORD WAS SET OR TIED.
MM INDICATES DATA IS MISSING.
T  INDICATES TRACE AMOUNT.




$$
