000
CDUS42 KCAE 220642
CLICUB


CLIMATE REPORT
NATIONAL WEATHER SERVICE COLUMBIA SC
141 AM EST SAT NOV 22 2014


...................................

...THE HAMILTON - OWENS AIRPORT SC CLIMATE SUMMARY FOR NOVEMBER 21 2014...

CLIMATE NORMAL PERIOD 1981 TO 2010
CLIMATE RECORD PERIOD 9999 TO 9999


WEATHER ITEM   OBSERVED TIME   RECORD YEAR NORMAL DEPARTURE LAST
                VALUE   (LST)  VALUE       VALUE  FROM      YEAR
                                                  NORMAL
..................................................................
TEMPERATURE (F)
 YESTERDAY
  MAXIMUM         64    344 PM  MM      MM  66     -2       62
  MINIMUM         34    730 AM  MM      MM  43     -9       50
  AVERAGE         49                        55     -6       56

PRECIPITATION (IN)
  YESTERDAY        0.00         MM      MM   0.11  -0.11     0.00
  MONTH TO DATE    1.17                      2.03  -0.86     1.08
  SINCE SEP 1      9.29                      9.39  -0.10     3.18
  SINCE JAN 1     38.95                     41.24  -2.29    46.07

DEGREE DAYS
 HEATING
  YESTERDAY       16                        11      5        9
  MONTH TO DATE  295                       174    121      196
  SINCE SEP 1    355                       263     92      256
  SINCE JUL 1    355                       263     92      256

 COOLING
  YESTERDAY        0                         0      0        0
  MONTH TO DATE    4                        11     -7       19
  SINCE SEP 1    484                       435     49      495
  SINCE JAN 1   2411                      2253    158     2223
..................................................................


WIND (MPH)
  HIGHEST WIND SPEED    13   HIGHEST WIND DIRECTION    NW (320)
  HIGHEST GUST SPEED    22   HIGHEST GUST DIRECTION     N (340)
  AVERAGE WIND SPEED     1.6


SKY COVER
  AVERAGE SKY COVER 0.0


WEATHER CONDITIONS
 THE FOLLOWING WEATHER WAS RECORDED YESTERDAY.
  FOG
  HAZE


RELATIVE HUMIDITY (PERCENT)
 HIGHEST    92           800 AM
 LOWEST     20           100 PM

..........................................................


THE HAMILTON - OWENS AIRPORT SC CLIMATE NORMALS FOR TODAY
                         NORMAL    RECORD    YEAR
 MAXIMUM TEMPERATURE (F)   66        MM        MM
 MINIMUM TEMPERATURE (F)   43        MM        MM


SUNRISE AND SUNSET
NOVEMBER 22 2014......SUNRISE   703 AM EST   SUNSET   517 PM EST
NOVEMBER 23 2014......SUNRISE   704 AM EST   SUNSET   517 PM EST


-  INDICATES NEGATIVE NUMBERS.
R  INDICATES RECORD WAS SET OR TIED.
MM INDICATES DATA IS MISSING.
T  INDICATES TRACE AMOUNT.




$$
