000
CDUS42 KCAE 010548
CLICUB


CLIMATE REPORT
NATIONAL WEATHER SERVICE COLUMBIA SC
1248 AM EST SUN FEB 1 2015


...................................

...THE HAMILTON - OWENS AIRPORT SC CLIMATE SUMMARY FOR JANUARY 31 2015...

CLIMATE NORMAL PERIOD 1981 TO 2010
CLIMATE RECORD PERIOD 9999 TO 9999


WEATHER ITEM   OBSERVED TIME   NORMAL DEPARTURE LAST
                VALUE   (LST)  VALUE  FROM      YEAR
                                      NORMAL
......................................................
TEMPERATURE (F)
 YESTERDAY
  MAXIMUM         54    522 PM  58     -4       56
  MINIMUM         25    729 AM  37    -12       20
  AVERAGE         40            47     -7       38

PRECIPITATION (IN)
  YESTERDAY        0.00          0.15  -0.15     0.00
  MONTH TO DATE    3.40          3.63  -0.23     3.76
  SINCE DEC 1      7.58          6.83   0.75     9.55
  SINCE JAN 1      3.40          3.63  -0.23     3.76

DEGREE DAYS
 HEATING
  YESTERDAY       25            18      7       27
  MONTH TO DATE  606           595     11      724
  SINCE DEC 1   1048          1121    -73     1144
  SINCE JUL 1   1523          1492     31     1558

 COOLING
  YESTERDAY        0             0      0        0
  MONTH TO DATE    0             1     -1        0
  SINCE DEC 1      0             5     -5       14
  SINCE JAN 1      0             1     -1        0
......................................................


WIND (MPH)
  HIGHEST WIND SPEED     6   HIGHEST WIND DIRECTION     W (290)
  HIGHEST GUST SPEED     8   HIGHEST GUST DIRECTION     W (280)
  AVERAGE WIND SPEED     0.6


SKY COVER
  AVERAGE SKY COVER 0.0


WEATHER CONDITIONS
 THE FOLLOWING WEATHER WAS RECORDED YESTERDAY.
  HAZE


RELATIVE HUMIDITY (PERCENT)
 HIGHEST    81           800 AM
 LOWEST     17           300 PM

..........................................................


THE HAMILTON - OWENS AIRPORT SC CLIMATE NORMALS FOR TODAY
                         NORMAL    RECORD    YEAR
 MAXIMUM TEMPERATURE (F)   58        MM        MM
 MINIMUM TEMPERATURE (F)   37        MM        MM


SUNRISE AND SUNSET
FEBRUARY  1 2015......SUNRISE   721 AM EST   SUNSET   554 PM EST
FEBRUARY  2 2015......SUNRISE   720 AM EST   SUNSET   555 PM EST


-  INDICATES NEGATIVE NUMBERS.
R  INDICATES RECORD WAS SET OR TIED.
MM INDICATES DATA IS MISSING.
T  INDICATES TRACE AMOUNT.




$$
