000
CDUS42 KCAE 200527
CLICUB


CLIMATE REPORT
NATIONAL WEATHER SERVICE COLUMBIA SC
127 AM EDT FRI OCT 20 2017


...................................

...THE HAMILTON - OWENS AIRPORT SC CLIMATE SUMMARY FOR OCTOBER 19 2017...

CLIMATE NORMAL PERIOD 1981 TO 2010
CLIMATE RECORD PERIOD 9999 TO 9999


WEATHER ITEM   OBSERVED TIME   NORMAL DEPARTURE LAST
                VALUE   (LST)  VALUE  FROM      YEAR
                                      NORMAL
......................................................
TEMPERATURE (F)
 YESTERDAY
  MAXIMUM         78    452 PM  75      3       90
  MINIMUM         47    708 AM  53     -6       63
  AVERAGE         63            64     -1       77

PRECIPITATION (IN)
  YESTERDAY        0.00          0.11  -0.11     0.00
  MONTH TO DATE    0.87          2.17  -1.30     4.78
  SINCE SEP 1      4.77          6.21  -1.44    10.34
  SINCE JAN 1     40.97         38.06   2.91    38.07

DEGREE DAYS
 HEATING
  YESTERDAY        2             3     -1        0
  MONTH TO DATE    7            32    -25        5
  SINCE SEP 1      7            35    -28        5
  SINCE JUL 1      7            35    -28        5

 COOLING
  YESTERDAY        0             2     -2       12
  MONTH TO DATE  176            77     99      112
  SINCE SEP 1    551           406    145      554
  SINCE JAN 1   2651          2224    427     2788
......................................................


WIND (MPH)
  HIGHEST WIND SPEED     7   HIGHEST WIND DIRECTION    SE (130)
  HIGHEST GUST SPEED    10   HIGHEST GUST DIRECTION     E (80)
  AVERAGE WIND SPEED     1.4


SKY COVER
  AVERAGE SKY COVER 0.0


WEATHER CONDITIONS
 THE FOLLOWING WEATHER WAS RECORDED YESTERDAY.
  NO SIGNIFICANT WEATHER WAS OBSERVED.


RELATIVE HUMIDITY (PERCENT)
 HIGHEST    93          1100 PM
 LOWEST     33           500 PM

..........................................................


THE HAMILTON - OWENS AIRPORT SC CLIMATE NORMALS FOR TODAY
                         NORMAL    RECORD    YEAR
 MAXIMUM TEMPERATURE (F)   75        MM        MM
 MINIMUM TEMPERATURE (F)   53        MM        MM


SUNRISE AND SUNSET
OCTOBER 20 2017.......SUNRISE   733 AM EDT   SUNSET   644 PM EDT
OCTOBER 21 2017.......SUNRISE   734 AM EDT   SUNSET   642 PM EDT


-  INDICATES NEGATIVE NUMBERS.
R  INDICATES RECORD WAS SET OR TIED.
MM INDICATES DATA IS MISSING.
T  INDICATES TRACE AMOUNT.




$$
