000
CDUS43 KUNR 070831
CLICUT


CLIMATE REPORT
NATIONAL WEATHER SERVICE RAPID CITY SD
231 AM MDT TUE JUL 7 2015


...................................

...THE CUSTER COUNTY AIRPORT SD CLIMATE SUMMARY FOR JULY 6 2015...

CLIMATE NORMAL PERIOD 1981 TO 2010
CLIMATE RECORD PERIOD 9999 TO 9999


WEATHER ITEM   OBSERVED TIME   NORMAL DEPARTURE LAST
                VALUE   (LST)  VALUE  FROM      YEAR
                                      NORMAL
......................................................
TEMPERATURE (F)
 YESTERDAY
  MAXIMUM         61    233 PM  78    -17       82
  MINIMUM         51    356 AM  52     -1       61
  AVERAGE         56            65     -9       72

PRECIPITATION (IN)
  YESTERDAY        0.08          0.07   0.01     0.00
  MONTH TO DATE    0.62          0.44   0.18      T
  SINCE JUN 1      7.12          3.66   3.46     3.39
  SINCE JAN 1     16.43         10.77   5.66    11.11

DEGREE DAYS
 HEATING
  YESTERDAY        9             2      7        0
  MONTH TO DATE   10            16     -6       24
  SINCE JUN 1    112           236   -124      297
  SINCE JUL 1     10            16     -6       24

 COOLING
  YESTERDAY        0             2     -2        7
  MONTH TO DATE   12            12      0       23
  SINCE JUN 1     39            37      2       24
  SINCE JAN 1     39            38      1       28
......................................................


WIND (MPH)
  HIGHEST WIND SPEED    15   HIGHEST WIND DIRECTION    NE (30)
  HIGHEST GUST SPEED    21   HIGHEST GUST DIRECTION    NE (30)
  AVERAGE WIND SPEED     4.8


SKY COVER
  AVERAGE SKY COVER 1.0


WEATHER CONDITIONS
 THE FOLLOWING WEATHER WAS RECORDED YESTERDAY.
  RAIN
  LIGHT RAIN
  FOG
  HAZE


RELATIVE HUMIDITY (PERCENT)
 HIGHEST    89
 LOWEST     72
 AVERAGE    81

..........................................................




SUNRISE AND SUNSET
JULY  7 2015..........SUNRISE   520 AM MDT   SUNSET   838 PM MDT
JULY  8 2015..........SUNRISE   521 AM MDT   SUNSET   838 PM MDT


-  INDICATES NEGATIVE NUMBERS.
R  INDICATES RECORD WAS SET OR TIED.
MM INDICATES DATA IS MISSING.
T  INDICATES TRACE AMOUNT.




$$
