000
CDUS43 KUNR 220833
CLICUT


CLIMATE REPORT
NATIONAL WEATHER SERVICE RAPID CITY SD
233 AM MDT TUE AUG 22 2017


...................................

...THE CUSTER COUNTY AIRPORT SD CLIMATE SUMMARY FOR AUGUST 21 2017...

CLIMATE NORMAL PERIOD 1981 TO 2010
CLIMATE RECORD PERIOD 9999 TO 9999


WEATHER ITEM   OBSERVED TIME   NORMAL DEPARTURE LAST
                VALUE   (LST)  VALUE  FROM      YEAR
                                      NORMAL
......................................................
TEMPERATURE (F)
 YESTERDAY
  MAXIMUM         73    252 PM  77     -4       80
  MINIMUM         46   1159 PM  50     -4       40
  AVERAGE         60            63     -3       60

PRECIPITATION (IN)
  YESTERDAY        0.00          0.07  -0.07     0.00
  MONTH TO DATE    2.07          1.44   0.63     0.99
  SINCE JUN 1      9.65          7.10   2.55     7.52
  SINCE JAN 1     17.53         14.21   3.32    12.10

DEGREE DAYS
 HEATING
  YESTERDAY        5             3      2        5
  MONTH TO DATE   87            51     36       56
  SINCE JUN 1    250           332    -82      155
  SINCE JUL 1     95           112    -17       99

 COOLING
  YESTERDAY        0             2     -2        0
  MONTH TO DATE    6            42    -36       45
  SINCE JUN 1    194           148     46      240
  SINCE JAN 1    194           149     45      240
......................................................


WIND (MPH)
  HIGHEST WIND SPEED    21   HIGHEST WIND DIRECTION     E (80)
  HIGHEST GUST SPEED    26   HIGHEST GUST DIRECTION     E (90)
  AVERAGE WIND SPEED     8.8


SKY COVER
  AVERAGE SKY COVER 0.1


WEATHER CONDITIONS
 THE FOLLOWING WEATHER WAS RECORDED YESTERDAY.
  FOG


RELATIVE HUMIDITY (PERCENT)
 HIGHEST    97
 LOWEST     25
 AVERAGE    61

..........................................................




SUNRISE AND SUNSET
AUGUST 22 2017........SUNRISE   607 AM MDT   SUNSET   747 PM MDT
AUGUST 23 2017........SUNRISE   608 AM MDT   SUNSET   745 PM MDT


-  INDICATES NEGATIVE NUMBERS.
R  INDICATES RECORD WAS SET OR TIED.
MM INDICATES DATA IS MISSING.
T  INDICATES TRACE AMOUNT.




$$
