000
CDUS43 KUNR 260833
CLICUT


CLIMATE REPORT
NATIONAL WEATHER SERVICE RAPID CITY SD
232 AM MDT FRI AUG 26 2016


...................................

...THE CUSTER COUNTY AIRPORT SD CLIMATE SUMMARY FOR AUGUST 25 2016...

CLIMATE NORMAL PERIOD 1981 TO 2010
CLIMATE RECORD PERIOD 9999 TO 9999


WEATHER ITEM   OBSERVED TIME   NORMAL DEPARTURE LAST
                VALUE   (LST)  VALUE  FROM      YEAR
                                      NORMAL
......................................................
TEMPERATURE (F)
 YESTERDAY
  MAXIMUM         59   1129 AM  76    -17       83
  MINIMUM         45   1000 PM  49     -4       48
  AVERAGE         52            62    -10       66

PRECIPITATION (IN)
  YESTERDAY        0.21          0.06   0.15     0.00
  MONTH TO DATE    1.21          1.69  -0.48     2.03
  SINCE JUN 1      7.74          7.35   0.39    10.83
  SINCE JAN 1     12.32         14.46  -2.14    20.14

DEGREE DAYS
 HEATING
  YESTERDAY       13             4      9        0
  MONTH TO DATE   75            65     10       90
  SINCE JUN 1    174           346   -172      248
  SINCE JUL 1    118           126     -8      146

 COOLING
  YESTERDAY        0             1     -1        1
  MONTH TO DATE   54            46      8       66
  SINCE JUN 1    249           152     97      163
  SINCE JAN 1    249           153     96      163
......................................................


WIND (MPH)
  HIGHEST WIND SPEED    14   HIGHEST WIND DIRECTION     E (100)
  HIGHEST GUST SPEED    22   HIGHEST GUST DIRECTION     E (90)
  AVERAGE WIND SPEED     4.5


SKY COVER
  AVERAGE SKY COVER 0.8


WEATHER CONDITIONS
 THE FOLLOWING WEATHER WAS RECORDED YESTERDAY.
  THUNDERSTORM
  HEAVY RAIN
  LIGHT RAIN
  FOG


RELATIVE HUMIDITY (PERCENT)
 HIGHEST    93
 LOWEST     57
 AVERAGE    75

..........................................................




SUNRISE AND SUNSET
AUGUST 26 2016........SUNRISE   612 AM MDT   SUNSET   739 PM MDT
AUGUST 27 2016........SUNRISE   613 AM MDT   SUNSET   738 PM MDT


-  INDICATES NEGATIVE NUMBERS.
R  INDICATES RECORD WAS SET OR TIED.
MM INDICATES DATA IS MISSING.
T  INDICATES TRACE AMOUNT.




$$
