000
CDUS43 KUNR 220833
CLICUT


CLIMATE REPORT
NATIONAL WEATHER SERVICE RAPID CITY SD
233 AM MDT SUN OCT 22 2017


...................................

...THE CUSTER COUNTY AIRPORT SD CLIMATE SUMMARY FOR OCTOBER 21 2017...

CLIMATE NORMAL PERIOD 1981 TO 2010
CLIMATE RECORD PERIOD 9999 TO 9999


WEATHER ITEM   OBSERVED TIME   NORMAL DEPARTURE LAST
                VALUE   (LST)  VALUE  FROM      YEAR
                                      NORMAL
......................................................
TEMPERATURE (F)
 YESTERDAY
  MAXIMUM         48   1249 PM  53     -5       64
  MINIMUM         28   1012 PM  30     -2       34
  AVERAGE         38            41     -3       49

PRECIPITATION (IN)
  YESTERDAY        T             0.04  -0.04     0.00
  MONTH TO DATE    0.72          1.18  -0.46     0.51
  SINCE SEP 1      2.29          2.75  -0.46     2.28
  SINCE JAN 1     19.86         17.67   2.19    15.12

DEGREE DAYS
 HEATING
  YESTERDAY       27            24      3       16
  MONTH TO DATE  425           439    -14      360
  SINCE SEP 1    709           771    -62      614
  SINCE JUL 1    810           925   -115      750

 COOLING
  YESTERDAY        0             0      0        0
  MONTH TO DATE    0             0      0        0
  SINCE SEP 1     27            11     16        7
  SINCE JAN 1    235           177     58      259
......................................................


WIND (MPH)
  HIGHEST WIND SPEED    26   HIGHEST WIND DIRECTION     W (290)
  HIGHEST GUST SPEED    41   HIGHEST GUST DIRECTION     W (280)
  AVERAGE WIND SPEED    10.9


SKY COVER
  AVERAGE SKY COVER 0.2


WEATHER CONDITIONS
 THE FOLLOWING WEATHER WAS RECORDED YESTERDAY.
  LIGHT RAIN


RELATIVE HUMIDITY (PERCENT)
 HIGHEST    70
 LOWEST     25
 AVERAGE    48

..........................................................




SUNRISE AND SUNSET
OCTOBER 22 2017.......SUNRISE   718 AM MDT   SUNSET   559 PM MDT
OCTOBER 23 2017.......SUNRISE   719 AM MDT   SUNSET   558 PM MDT


-  INDICATES NEGATIVE NUMBERS.
R  INDICATES RECORD WAS SET OR TIED.
MM INDICATES DATA IS MISSING.
T  INDICATES TRACE AMOUNT.




$$
