000
CDUS43 KUNR 080831
CLICUT


CLIMATE REPORT
NATIONAL WEATHER SERVICE RAPID CITY SD
131 AM MST THU DEC 8 2016


...................................

...THE CUSTER COUNTY AIRPORT SD CLIMATE SUMMARY FOR DECEMBER 7 2016...

CLIMATE NORMAL PERIOD 1981 TO 2010
CLIMATE RECORD PERIOD 9999 TO 9999


WEATHER ITEM   OBSERVED TIME   NORMAL DEPARTURE LAST
                VALUE   (LST)  VALUE  FROM      YEAR
                                      NORMAL
......................................................
TEMPERATURE (F)
 YESTERDAY
  MAXIMUM         13   1242 PM  34    -21       43
  MINIMUM         -7   1117 PM  14    -21       28
  AVERAGE          3            24    -21       36

PRECIPITATION (IN)
  YESTERDAY        0.00          0.01  -0.01     0.00
  MONTH TO DATE    T             0.08  -0.08     0.01
  SINCE DEC 1      T             0.08  -0.08     0.01
  SINCE JAN 1     15.27         18.65  -3.38    22.90

DEGREE DAYS
 HEATING
  YESTERDAY       62            41     21       29
  MONTH TO DATE  319           284     35      220
  SINCE DEC 1    319           284     35      220
  SINCE JUL 1   1938          2465   -527     2008

 COOLING
  YESTERDAY        0             0      0        0
  MONTH TO DATE    0             0      0        0
  SINCE DEC 1      0             0      0        0
  SINCE JAN 1    259           177     82      231
......................................................


WIND (MPH)
  HIGHEST WIND SPEED    13   HIGHEST WIND DIRECTION     N (340)
  HIGHEST GUST SPEED    19   HIGHEST GUST DIRECTION     N (360)
  AVERAGE WIND SPEED     3.0


SKY COVER
  AVERAGE SKY COVER 0.2


WEATHER CONDITIONS
 THE FOLLOWING WEATHER WAS RECORDED YESTERDAY.
  NO SIGNIFICANT WEATHER WAS OBSERVED.


RELATIVE HUMIDITY (PERCENT)
 HIGHEST    82
 LOWEST     41
 AVERAGE    62

..........................................................




SUNRISE AND SUNSET
DECEMBER  8 2016......SUNRISE   716 AM MST   SUNSET   417 PM MST
DECEMBER  9 2016......SUNRISE   717 AM MST   SUNSET   417 PM MST


-  INDICATES NEGATIVE NUMBERS.
R  INDICATES RECORD WAS SET OR TIED.
MM INDICATES DATA IS MISSING.
T  INDICATES TRACE AMOUNT.




$$
