000
CDUS43 KUNR 290835
CLICUT


CLIMATE REPORT
NATIONAL WEATHER SERVICE RAPID CITY SD
134 AM MST MON DEC 29 2014


...................................

...THE CUSTER COUNTY AIRPORT SD CLIMATE SUMMARY FOR DECEMBER 28 2014...

CLIMATE NORMAL PERIOD 1981 TO 2010
CLIMATE RECORD PERIOD 9999 TO 9999


WEATHER ITEM   OBSERVED TIME   NORMAL DEPARTURE LAST
                VALUE   (LST)  VALUE  FROM      YEAR
                                      NORMAL
......................................................
TEMPERATURE (F)
 YESTERDAY
  MAXIMUM         23   1244 PM  34    -11       49
  MINIMUM          5    319 AM  13     -8       10
  AVERAGE         14            23     -9       30

PRECIPITATION (IN)
  YESTERDAY        0.04          0.01   0.03      T
  MONTH TO DATE    0.11          0.34  -0.23     0.89
  SINCE DEC 1      0.11          0.34  -0.23     0.89
  SINCE JAN 1     20.16         18.91   1.25    22.31

DEGREE DAYS
 HEATING
  YESTERDAY       51            42      9       35
  MONTH TO DATE  963          1165   -202     1240
  SINCE DEC 1    963          1165   -202     1240
  SINCE JUL 1   3051          3346   -295     3352

 COOLING
  YESTERDAY        0             0      0        0
  MONTH TO DATE    0             0      0        0
  SINCE DEC 1      0             0      0        0
  SINCE JAN 1    152           177    -25      187
......................................................


WIND (MPH)
  HIGHEST WIND SPEED    14   HIGHEST WIND DIRECTION     E (100)
  HIGHEST GUST SPEED    17   HIGHEST GUST DIRECTION     E (100)
  AVERAGE WIND SPEED     5.8


SKY COVER
  AVERAGE SKY COVER 0.7


WEATHER CONDITIONS
 THE FOLLOWING WEATHER WAS RECORDED YESTERDAY.
  LIGHT SNOW
  FOG
  HAZE


RELATIVE HUMIDITY (PERCENT)
 HIGHEST    92
 LOWEST     54
 AVERAGE    73

..........................................................




SUNRISE AND SUNSET
DECEMBER 29 2014......SUNRISE   728 AM MST   SUNSET   425 PM MST
DECEMBER 30 2014......SUNRISE   728 AM MST   SUNSET   426 PM MST


-  INDICATES NEGATIVE NUMBERS.
R  INDICATES RECORD WAS SET OR TIED.
MM INDICATES DATA IS MISSING.
T  INDICATES TRACE AMOUNT.




$$
