000
CDUS43 KUNR 300834
CLICUT


CLIMATE REPORT
NATIONAL WEATHER SERVICE RAPID CITY SD
233 AM MDT SAT JUL 30 2016


...................................

...THE CUSTER COUNTY AIRPORT SD CLIMATE SUMMARY FOR JULY 29 2016...

CLIMATE NORMAL PERIOD 1981 TO 2010
CLIMATE RECORD PERIOD 9999 TO 9999


WEATHER ITEM   OBSERVED TIME   NORMAL DEPARTURE LAST
                VALUE   (LST)  VALUE  FROM      YEAR
                                      NORMAL
......................................................
TEMPERATURE (F)
 YESTERDAY
  MAXIMUM         74   1049 AM  80     -6       74
  MINIMUM         48    347 AM  52     -4       42
  AVERAGE         61            66     -5       58

PRECIPITATION (IN)
  YESTERDAY        0.00          0.07  -0.07     0.00
  MONTH TO DATE    3.47          2.29   1.18     2.30
  SINCE JUN 1      6.17          5.51   0.66     8.80
  SINCE JAN 1     10.75         12.62  -1.87    18.11

DEGREE DAYS
 HEATING
  YESTERDAY        4             2      2        7
  MONTH TO DATE   43            62    -19       55
  SINCE JUN 1     99           282   -183      157
  SINCE JUL 1     43            62    -19       55

 COOLING
  YESTERDAY        0             3     -3        0
  MONTH TO DATE  107            77     30       69
  SINCE JUN 1    184           102     82       96
  SINCE JAN 1    184           103     81       96
......................................................


WIND (MPH)
  HIGHEST WIND SPEED    25   HIGHEST WIND DIRECTION    NE (60)
  HIGHEST GUST SPEED    37   HIGHEST GUST DIRECTION     E (70)
  AVERAGE WIND SPEED     5.3


SKY COVER
  AVERAGE SKY COVER 0.4


WEATHER CONDITIONS
 THE FOLLOWING WEATHER WAS RECORDED YESTERDAY.
  THUNDERSTORM
  FOG
  FOG W/VISIBILITY <= 1/4 MILE


RELATIVE HUMIDITY (PERCENT)
 HIGHEST    93
 LOWEST     46
 AVERAGE    70

..........................................................




SUNRISE AND SUNSET
JULY 30 2016..........SUNRISE   542 AM MDT   SUNSET   819 PM MDT
JULY 31 2016..........SUNRISE   543 AM MDT   SUNSET   818 PM MDT


-  INDICATES NEGATIVE NUMBERS.
R  INDICATES RECORD WAS SET OR TIED.
MM INDICATES DATA IS MISSING.
T  INDICATES TRACE AMOUNT.




$$
