532
CDUS43 KUNR 300833
CLICUT


CLIMATE REPORT
NATIONAL WEATHER SERVICE RAPID CITY SD
232 AM MDT SAT APR 30 2016


...................................

...THE CUSTER COUNTY AIRPORT SD CLIMATE SUMMARY FOR APRIL 29 2016...

CLIMATE NORMAL PERIOD 1981 TO 2010
CLIMATE RECORD PERIOD 9999 TO 9999


WEATHER ITEM   OBSERVED TIME   NORMAL DEPARTURE LAST
                VALUE   (LST)  VALUE  FROM      YEAR
                                      NORMAL
......................................................
TEMPERATURE (F)
 YESTERDAY
  MAXIMUM         35   1234 PM  56    -21       66
  MINIMUM         30    544 AM  31     -1       32
  AVERAGE         33            43    -10       49

PRECIPITATION (IN)
  YESTERDAY        T             0.10  -0.10     0.00
  MONTH TO DATE    1.15          2.03  -0.88     1.95
  SINCE MAR 1      2.29          3.04  -0.75     2.28
  SINCE JAN 1      2.90          3.90  -1.00     2.68

DEGREE DAYS
 HEATING
  YESTERDAY       32            22     10       16
  MONTH TO DATE  639           755   -116      698
  SINCE MAR 1   1511          1795   -284     1529
  SINCE JUL 1   6566          7630  -1064     6978

 COOLING
  YESTERDAY        0             0      0        0
  MONTH TO DATE    0             0      0        0
  SINCE MAR 1      0             0      0        0
  SINCE JAN 1      0             0      0        0
......................................................


WIND (MPH)
  HIGHEST WIND SPEED    22   HIGHEST WIND DIRECTION    NE (50)
  HIGHEST GUST SPEED    33   HIGHEST GUST DIRECTION    NE (60)
  AVERAGE WIND SPEED    10.5


SKY COVER
  AVERAGE SKY COVER 1.0


WEATHER CONDITIONS
 THE FOLLOWING WEATHER WAS RECORDED YESTERDAY.
  LIGHT SNOW
  FOG
  FOG W/VISIBILITY <= 1/4 MILE


RELATIVE HUMIDITY (PERCENT)
 HIGHEST    92
 LOWEST     82
 AVERAGE    87

..........................................................




SUNRISE AND SUNSET
APRIL 30 2016.........SUNRISE   547 AM MDT   SUNSET   757 PM MDT
MAY  1 2016...........SUNRISE   546 AM MDT   SUNSET   758 PM MDT


-  INDICATES NEGATIVE NUMBERS.
R  INDICATES RECORD WAS SET OR TIED.
MM INDICATES DATA IS MISSING.
T  INDICATES TRACE AMOUNT.




$$
