000
CDUS43 KUNR 040834
CLICUT


CLIMATE REPORT
NATIONAL WEATHER SERVICE RAPID CITY SD
233 AM MDT TUE AUG 4 2015


...................................

...THE CUSTER COUNTY AIRPORT SD CLIMATE SUMMARY FOR AUGUST 3 2015...

CLIMATE NORMAL PERIOD 1981 TO 2010
CLIMATE RECORD PERIOD 9999 TO 9999


WEATHER ITEM   OBSERVED TIME   NORMAL DEPARTURE LAST
                VALUE   (LST)  VALUE  FROM      YEAR
                                      NORMAL
......................................................
TEMPERATURE (F)
 YESTERDAY
  MAXIMUM         76   1248 PM  79     -3       79
  MINIMUM         52    444 AM  52      0       52
  AVERAGE         64            66     -2       66

PRECIPITATION (IN)
  YESTERDAY        0.00          0.07  -0.07      T
  MONTH TO DATE    0.00          0.19  -0.19      T
  SINCE JUN 1      8.80          5.85   2.95     4.89
  SINCE JAN 1     18.11         12.96   5.15    12.61

DEGREE DAYS
 HEATING
  YESTERDAY        1             2     -1        0
  MONTH TO DATE    1             6     -5        0
  SINCE JUN 1    159           287   -128      352
  SINCE JUL 1     57            67    -10       79

 COOLING
  YESTERDAY        0             2     -2        1
  MONTH TO DATE   13             6      7        6
  SINCE JUN 1    110           112     -2       92
  SINCE JAN 1    110           113     -3       96
......................................................


WIND (MPH)
  HIGHEST WIND SPEED    16   HIGHEST WIND DIRECTION     E (90)
  HIGHEST GUST SPEED    20   HIGHEST GUST DIRECTION     E (80)
  AVERAGE WIND SPEED     8.0


SKY COVER
  AVERAGE SKY COVER 0.0


WEATHER CONDITIONS
 THE FOLLOWING WEATHER WAS RECORDED YESTERDAY.
  NO SIGNIFICANT WEATHER WAS OBSERVED.


RELATIVE HUMIDITY (PERCENT)
 HIGHEST    83
 LOWEST     51
 AVERAGE    67

..........................................................




SUNRISE AND SUNSET
AUGUST  4 2015........SUNRISE   546 AM MDT   SUNSET   814 PM MDT
AUGUST  5 2015........SUNRISE   547 AM MDT   SUNSET   813 PM MDT


-  INDICATES NEGATIVE NUMBERS.
R  INDICATES RECORD WAS SET OR TIED.
MM INDICATES DATA IS MISSING.
T  INDICATES TRACE AMOUNT.




$$
