000
CDUS43 KUNR 270833
CLICUT


CLIMATE REPORT
NATIONAL WEATHER SERVICE RAPID CITY SD
133 AM MST FRI FEB 27 2015


...................................

...THE CUSTER COUNTY AIRPORT SD CLIMATE SUMMARY FOR FEBRUARY 26 2015...

CLIMATE NORMAL PERIOD 1981 TO 2010
CLIMATE RECORD PERIOD 9999 TO 9999


WEATHER ITEM   OBSERVED TIME   NORMAL DEPARTURE LAST
                VALUE   (LST)  VALUE  FROM      YEAR
                                      NORMAL
......................................................
TEMPERATURE (F)
 YESTERDAY
  MAXIMUM         11   1107 AM  38    -27       35
  MINIMUM        -14   1148 PM  17    -31       -4
  AVERAGE         -1            28    -29       16

PRECIPITATION (IN)
  YESTERDAY        0.05          0.02   0.03     0.00
  MONTH TO DATE    0.16          0.49  -0.33     0.72
  SINCE DEC 1      0.55          1.20  -0.65     2.07
  SINCE JAN 1      0.40          0.82  -0.42     1.17

DEGREE DAYS
 HEATING
  YESTERDAY       66            37     29       49
  MONTH TO DATE  974          1026    -52     1256
  SINCE DEC 1   3244          3580   -336     3654
  SINCE JUL 1   5332          5761   -429     5766

 COOLING
  YESTERDAY        0             0      0        0
  MONTH TO DATE    0             0      0        0
  SINCE DEC 1      0             0      0        0
  SINCE JAN 1      0             0      0        0
......................................................


WIND (MPH)
  HIGHEST WIND SPEED    13   HIGHEST WIND DIRECTION     E (80)
  HIGHEST GUST SPEED    15   HIGHEST GUST DIRECTION    NE (50)
  AVERAGE WIND SPEED     3.7


SKY COVER
  AVERAGE SKY COVER 0.4


WEATHER CONDITIONS
 THE FOLLOWING WEATHER WAS RECORDED YESTERDAY.
  SNOW
  LIGHT SNOW
  HAZE


RELATIVE HUMIDITY (PERCENT)
 HIGHEST    83
 LOWEST     35
 AVERAGE    59

..........................................................




SUNRISE AND SUNSET
FEBRUARY 27 2015......SUNRISE   635 AM MST   SUNSET   540 PM MST
FEBRUARY 28 2015......SUNRISE   633 AM MST   SUNSET   542 PM MST


-  INDICATES NEGATIVE NUMBERS.
R  INDICATES RECORD WAS SET OR TIED.
MM INDICATES DATA IS MISSING.
T  INDICATES TRACE AMOUNT.




$$
