000
CDUS43 KUNR 290841
CLICUT


CLIMATE REPORT
NATIONAL WEATHER SERVICE RAPID CITY SD
239 AM MDT FRI MAY 29 2015


...................................

...THE CUSTER COUNTY AIRPORT SD CLIMATE SUMMARY FOR MAY 28 2015...

CLIMATE NORMAL PERIOD 1981 TO 2010
CLIMATE RECORD PERIOD 9999 TO 9999


WEATHER ITEM   OBSERVED TIME   NORMAL DEPARTURE LAST
                VALUE   (LST)  VALUE  FROM      YEAR
                                      NORMAL
......................................................
TEMPERATURE (F)
 YESTERDAY
  MAXIMUM         66   1052 AM  64      2       80
  MINIMUM         46    411 AM  40      6       49
  AVERAGE         56            52      4       65

PRECIPITATION (IN)
  YESTERDAY        0.68          0.10   0.58      T
  MONTH TO DATE    6.50          2.76   3.74     2.59
  SINCE MAR 1      8.81          5.89   2.92     5.86
  SINCE JAN 1      9.21          6.75   2.46     7.19

DEGREE DAYS
 HEATING
  YESTERDAY        9            13     -4        0
  MONTH TO DATE  553           480     73      465
  SINCE MAR 1   2093          2295   -202     2288
  SINCE JUL 1   7542          8130   -588     8146

 COOLING
  YESTERDAY        0             0      0        0
  MONTH TO DATE    0             0      0        0
  SINCE MAR 1      0             0      0        0
  SINCE JAN 1      0             0      0        0
......................................................


WIND (MPH)
  HIGHEST WIND SPEED    16   HIGHEST WIND DIRECTION     E (90)
  HIGHEST GUST SPEED    20   HIGHEST GUST DIRECTION     E (70)
  AVERAGE WIND SPEED     6.3


SKY COVER
  AVERAGE SKY COVER 0.5


WEATHER CONDITIONS
 THE FOLLOWING WEATHER WAS RECORDED YESTERDAY.
  THUNDERSTORM
  HEAVY RAIN
  RAIN
  LIGHT RAIN
  FOG
  FOG W/VISIBILITY <= 1/4 MILE


RELATIVE HUMIDITY (PERCENT)
 HIGHEST    93
 LOWEST     56
 AVERAGE    75

..........................................................




SUNRISE AND SUNSET
MAY 29 2015...........SUNRISE   517 AM MDT   SUNSET   827 PM MDT
MAY 30 2015...........SUNRISE   517 AM MDT   SUNSET   828 PM MDT


-  INDICATES NEGATIVE NUMBERS.
R  INDICATES RECORD WAS SET OR TIED.
MM INDICATES DATA IS MISSING.
T  INDICATES TRACE AMOUNT.




$$
