000
CDUS43 KUNR 270831
CLICUT


CLIMATE REPORT
NATIONAL WEATHER SERVICE RAPID CITY SD
130 AM MST MON FEB 27 2017


...................................

...THE CUSTER COUNTY AIRPORT SD CLIMATE SUMMARY FOR FEBRUARY 26 2017...

CLIMATE NORMAL PERIOD 1981 TO 2010
CLIMATE RECORD PERIOD 9999 TO 9999


WEATHER ITEM   OBSERVED TIME   NORMAL DEPARTURE LAST
                VALUE   (LST)  VALUE  FROM      YEAR
                                      NORMAL
......................................................
TEMPERATURE (F)
 YESTERDAY
  MAXIMUM         26   1203 PM  38    -12       53
  MINIMUM          9    636 AM  17     -8       24
  AVERAGE         18            28    -10       39

PRECIPITATION (IN)
  YESTERDAY        0.00          0.02  -0.02     0.00
  MONTH TO DATE    0.96          0.49   0.47     0.51
  SINCE DEC 1      3.23          1.20   2.03     0.93
  SINCE JAN 1      1.95          0.82   1.13     0.55

DEGREE DAYS
 HEATING
  YESTERDAY       47            37     10       26
  MONTH TO DATE  885          1026   -141      879
  SINCE DEC 1   3667          3580     87     3196
  SINCE JUL 1   5286          5761   -475     4984

 COOLING
  YESTERDAY        0             0      0        0
  MONTH TO DATE    0             0      0        0
  SINCE DEC 1      0             0      0        0
  SINCE JAN 1      0             0      0        0
......................................................


WIND (MPH)
  HIGHEST WIND SPEED    20   HIGHEST WIND DIRECTION     W (270)
  HIGHEST GUST SPEED    23   HIGHEST GUST DIRECTION     W (270)
  AVERAGE WIND SPEED     7.8


SKY COVER
  AVERAGE SKY COVER 0.0


WEATHER CONDITIONS
 THE FOLLOWING WEATHER WAS RECORDED YESTERDAY.
  NO SIGNIFICANT WEATHER WAS OBSERVED.


RELATIVE HUMIDITY (PERCENT)
 HIGHEST    83
 LOWEST     40
 AVERAGE    62

..........................................................




SUNRISE AND SUNSET
FEBRUARY 27 2017......SUNRISE   634 AM MST   SUNSET   541 PM MST
FEBRUARY 28 2017......SUNRISE   632 AM MST   SUNSET   542 PM MST


-  INDICATES NEGATIVE NUMBERS.
R  INDICATES RECORD WAS SET OR TIED.
MM INDICATES DATA IS MISSING.
T  INDICATES TRACE AMOUNT.




$$
