000
CDUS43 KUNR 290832
CLICUT


CLIMATE REPORT
NATIONAL WEATHER SERVICE RAPID CITY SD
231 AM MDT SAT APR 29 2017


...................................

...THE CUSTER COUNTY AIRPORT SD CLIMATE SUMMARY FOR APRIL 28 2017...

CLIMATE NORMAL PERIOD 1981 TO 2010
CLIMATE RECORD PERIOD 9999 TO 9999


WEATHER ITEM   OBSERVED TIME   NORMAL DEPARTURE LAST
                VALUE   (LST)  VALUE  FROM      YEAR
                                      NORMAL
......................................................
TEMPERATURE (F)
 YESTERDAY
  MAXIMUM         33    546 PM  55    -22       36
  MINIMUM         27    925 AM  31     -4       27
  AVERAGE         30            43    -13       32

PRECIPITATION (IN)
  YESTERDAY        0.36          0.09   0.27     0.01
  MONTH TO DATE    3.45          1.93   1.52     1.15
  SINCE MAR 1      4.16          2.94   1.22     2.29
  SINCE JAN 1      6.17          3.80   2.37     2.90

DEGREE DAYS
 HEATING
  YESTERDAY       35            22     13       33
  MONTH TO DATE  682           733    -51      607
  SINCE MAR 1   1526          1773   -247     1479
  SINCE JUL 1   6894          7608   -714     6534

 COOLING
  YESTERDAY        0             0      0        0
  MONTH TO DATE    0             0      0        0
  SINCE MAR 1      0             0      0        0
  SINCE JAN 1      0             0      0        0
......................................................


WIND (MPH)
  HIGHEST WIND SPEED    25   HIGHEST WIND DIRECTION    NE (60)
  HIGHEST GUST SPEED    34   HIGHEST GUST DIRECTION     E (70)
  AVERAGE WIND SPEED    12.7


SKY COVER
  AVERAGE SKY COVER 0.9


WEATHER CONDITIONS
 THE FOLLOWING WEATHER WAS RECORDED YESTERDAY.
  SNOW
  LIGHT SNOW
  FOG


RELATIVE HUMIDITY (PERCENT)
 HIGHEST    92
 LOWEST     61
 AVERAGE    77

..........................................................




SUNRISE AND SUNSET
APRIL 29 2017.........SUNRISE   549 AM MDT   SUNSET   755 PM MDT
APRIL 30 2017.........SUNRISE   548 AM MDT   SUNSET   756 PM MDT


-  INDICATES NEGATIVE NUMBERS.
R  INDICATES RECORD WAS SET OR TIED.
MM INDICATES DATA IS MISSING.
T  INDICATES TRACE AMOUNT.




$$
