000
CDUS41 KILN 230550
CLICVG


CLIMATE REPORT
NATIONAL WEATHER SERVICE WILMINGTON OH
1248 AM EST FRI FEB 23 2018


...................................

...THE CINCINNATI OH CLIMATE SUMMARY FOR FEBRUARY 22 2018...

CLIMATE NORMAL PERIOD 1981 TO 2010
CLIMATE RECORD PERIOD 1869 TO 2018


WEATHER ITEM   OBSERVED TIME   RECORD YEAR NORMAL DEPARTURE LAST
                VALUE   (LST)  VALUE       VALUE  FROM      YEAR
                                                  NORMAL
..................................................................
TEMPERATURE (F)
 YESTERDAY
  MAXIMUM         46    447 PM  71    1922  45      1       66
  MINIMUM         38    627 AM -10    1963  28     10       55
  AVERAGE         42                        36      6       61

PRECIPITATION (IN)
  YESTERDAY        1.13          2.19 1944   0.09   1.04     0.05
  MONTH TO DATE    4.29                      2.21   2.08     1.86
  SINCE DEC 1      8.89                      8.58   0.31     9.96
  SINCE JAN 1      6.50                      5.21   1.29     5.53

SNOWFALL (IN)
  YESTERDAY        0.0           2.0  1993   0.2   -0.2      0.0
  MONTH TO DATE    1.6                       5.4   -3.8      1.6
  SINCE DEC 1     11.6                      16.7   -5.1      8.0
  SINCE JUL 1     11.6                      17.5   -5.9      8.0
  SNOW DEPTH       0

DEGREE DAYS
 HEATING
  YESTERDAY       23                        29     -6        4
  MONTH TO DATE  586                       689   -103      491
  SINCE DEC 1   2708                      2701      7     2308
  SINCE JUL 1   3599                      3661    -62     2990

 COOLING
  YESTERDAY        0                         0      0        0
  MONTH TO DATE    5                         0      5        0
  SINCE DEC 1      5                         0      5        0
  SINCE JAN 1      5                         0      5        0
..................................................................


WIND (MPH)
  RESULTANT WIND SPEED  14   RESULTANT WIND DIRECTION  NE (60)
  HIGHEST WIND SPEED    26   HIGHEST WIND DIRECTION     E (90)
  HIGHEST GUST SPEED    32   HIGHEST GUST DIRECTION     E (90)
  AVERAGE WIND SPEED    13.5


SKY COVER
  POSSIBLE SUNSHINE  MM
  AVERAGE SKY COVER 1.0


WEATHER CONDITIONS
 THE FOLLOWING WEATHER WAS RECORDED YESTERDAY.
  HEAVY RAIN
  RAIN
  LIGHT RAIN
  FOG


RELATIVE HUMIDITY (PERCENT)
 HIGHEST   100          1200 AM
 LOWEST     86           400 PM
 AVERAGE    93

..........................................................


THE CINCINNATI OH CLIMATE NORMALS FOR TODAY
                         NORMAL    RECORD    YEAR
 MAXIMUM TEMPERATURE (F)   45        72      1996
                                             1985
 MINIMUM TEMPERATURE (F)   28        -1      1963


SUNRISE AND SUNSET
FEBRUARY 23 2018......SUNRISE   720 AM EST   SUNSET   625 PM EST
FEBRUARY 24 2018......SUNRISE   718 AM EST   SUNSET   626 PM EST


-  INDICATES NEGATIVE NUMBERS.
R  INDICATES RECORD WAS SET OR TIED.
MM INDICATES DATA IS MISSING.
T  INDICATES TRACE AMOUNT.




$$
