000
CDUS41 KILN 230614
CLICVG


CLIMATE REPORT
NATIONAL WEATHER SERVICE WILMINGTON OH
212 AM EDT THU OCT 23 2014


...................................

...THE CINCINNATI OH CLIMATE SUMMARY FOR OCTOBER 22 2014...

CLIMATE NORMAL PERIOD 1981 TO 2010
CLIMATE RECORD PERIOD 1869 TO 2014


WEATHER ITEM   OBSERVED TIME   RECORD YEAR NORMAL DEPARTURE LAST
                VALUE   (LST)  VALUE       VALUE  FROM      YEAR
                                                  NORMAL
..................................................................
TEMPERATURE (F)
 YESTERDAY
  MAXIMUM         56   1254 PM  87    1947  64     -8       52
  MINIMUM         43    730 AM  23    1987  44     -1       31
                                      1930
  AVERAGE         50                        54     -4       42

PRECIPITATION (IN)
  YESTERDAY        0.00          1.98 2007   0.11  -0.11     0.06
  MONTH TO DATE    3.02                      2.35   0.67     4.44
  SINCE SEP 1      6.22                      4.98   1.24     8.09
  SINCE JAN 1     36.68                     34.77   1.91    41.14

SNOWFALL (IN)
  YESTERDAY        0.0           0.0         0.0    0.0      0.0
  MONTH TO DATE    0.0                       0.2   -0.2      0.0
  SINCE SEP 1      0.0                       0.2   -0.2      0.0
  SINCE JUL 1      0.0                       0.2   -0.2      0.0
  SNOW DEPTH       0

DEGREE DAYS
 HEATING
  YESTERDAY       15                        11      4       23
  MONTH TO DATE  200                       187     13      145
  SINCE SEP 1    251                       245      6      171
  SINCE JUL 1    256                       245     11      175

 COOLING
  YESTERDAY        0                         0      0        0
  MONTH TO DATE   13                        16     -3       30
  SINCE SEP 1    131                       153    -22      174
  SINCE JAN 1   1077                      1121    -44     1150
..................................................................


WIND (MPH)
  RESULTANT WIND SPEED   7   RESULTANT WIND DIRECTION   N (20)
  HIGHEST WIND SPEED    17   HIGHEST WIND DIRECTION     N (350)
  HIGHEST GUST SPEED    21   HIGHEST GUST DIRECTION     N (350)
  AVERAGE WIND SPEED     8.4


SKY COVER
  POSSIBLE SUNSHINE  MM
  AVERAGE SKY COVER 0.8


WEATHER CONDITIONS
 THE FOLLOWING WEATHER WAS RECORDED YESTERDAY.
  NO SIGNIFICANT WEATHER WAS OBSERVED.


RELATIVE HUMIDITY (PERCENT)
 HIGHEST    82           700 AM
 LOWEST     55           100 PM
 AVERAGE    69

..........................................................


THE CINCINNATI OH CLIMATE NORMALS FOR TODAY
                         NORMAL    RECORD    YEAR
 MAXIMUM TEMPERATURE (F)   64        85      1947
 MINIMUM TEMPERATURE (F)   43        25      1997


SUNRISE AND SUNSET
OCTOBER 23 2014.......SUNRISE   756 AM EDT   SUNSET   649 PM EDT
OCTOBER 24 2014.......SUNRISE   757 AM EDT   SUNSET   648 PM EDT


-  INDICATES NEGATIVE NUMBERS.
R  INDICATES RECORD WAS SET OR TIED.
MM INDICATES DATA IS MISSING.
T  INDICATES TRACE AMOUNT.




$$
