000
CDUS41 KILN 060607
CLICVG


CLIMATE REPORT
NATIONAL WEATHER SERVICE WILMINGTON OH
106 AM EST TUE DEC 6 2016


...................................

...THE CINCINNATI OH CLIMATE SUMMARY FOR DECEMBER 5 2016...

CLIMATE NORMAL PERIOD 1981 TO 2010
CLIMATE RECORD PERIOD 1869 TO 2016


WEATHER ITEM   OBSERVED TIME   RECORD YEAR NORMAL DEPARTURE LAST
                VALUE   (LST)  VALUE       VALUE  FROM      YEAR
                                                  NORMAL
..................................................................
TEMPERATURE (F)
 YESTERDAY
  MAXIMUM         44    321 PM  70    2001  45     -1       45
  MINIMUM         36    838 AM   9    1886  29      7       29
  AVERAGE         40                        37      3       37

PRECIPITATION (IN)
  YESTERDAY        0.00          2.76 2011   0.11  -0.11     0.00
  MONTH TO DATE    0.11                      0.55  -0.44     0.43
  SINCE DEC 1      0.11                      0.55  -0.44     0.43
  SINCE JAN 1     40.11                     39.70   0.41    43.22

SNOWFALL (IN)
  YESTERDAY        0.0           6.4  1984   0.1   -0.1      0.0
  MONTH TO DATE    0.0                       0.5   -0.5       T
  SINCE DEC 1      0.0                       0.5   -0.5       T
  SINCE JUL 1      T                         1.3   -1.3       T
  SNOW DEPTH       0

DEGREE DAYS
 HEATING
  YESTERDAY       25                        28     -3       28
  MONTH TO DATE  131                       136     -5      133
  SINCE DEC 1    131                       136     -5      133
  SINCE JUL 1    813                      1096   -283      878

 COOLING
  YESTERDAY        0                         0      0        0
  MONTH TO DATE    0                         0      0        0
  SINCE DEC 1      0                         0      0        0
  SINCE JAN 1   1477                      1121    356     1157
..................................................................


WIND (MPH)
  RESULTANT WIND SPEED   1   RESULTANT WIND DIRECTION   N (360)
  HIGHEST WIND SPEED    20   HIGHEST WIND DIRECTION     W (260)
  HIGHEST GUST SPEED    26   HIGHEST GUST DIRECTION     W (270)
  AVERAGE WIND SPEED     7.3


SKY COVER
  POSSIBLE SUNSHINE  MM
  AVERAGE SKY COVER 1.0


WEATHER CONDITIONS
 THE FOLLOWING WEATHER WAS RECORDED YESTERDAY.
  NO SIGNIFICANT WEATHER WAS OBSERVED.


RELATIVE HUMIDITY (PERCENT)
 HIGHEST    89          1200 AM
 LOWEST     70          1200 PM
 AVERAGE    80

..........................................................


THE CINCINNATI OH CLIMATE NORMALS FOR TODAY
                         NORMAL    RECORD    YEAR
 MAXIMUM TEMPERATURE (F)   44        73      1998
 MINIMUM TEMPERATURE (F)   29        -3      1977


SUNRISE AND SUNSET
DECEMBER  6 2016......SUNRISE   744 AM EST   SUNSET   516 PM EST
DECEMBER  7 2016......SUNRISE   745 AM EST   SUNSET   516 PM EST


-  INDICATES NEGATIVE NUMBERS.
R  INDICATES RECORD WAS SET OR TIED.
MM INDICATES DATA IS MISSING.
T  INDICATES TRACE AMOUNT.




$$
