000
CDUS41 KILN 200553
CLICVG


CLIMATE REPORT
NATIONAL WEATHER SERVICE WILMINGTON OH
147 AM EDT FRI OCT 20 2017


...................................

...THE CINCINNATI OH CLIMATE SUMMARY FOR OCTOBER 19 2017...

CLIMATE NORMAL PERIOD 1981 TO 2010
CLIMATE RECORD PERIOD 1869 TO 2017


WEATHER ITEM   OBSERVED TIME   RECORD YEAR NORMAL DEPARTURE LAST
                VALUE   (LST)  VALUE       VALUE  FROM      YEAR
                                                  NORMAL
..................................................................
TEMPERATURE (F)
 YESTERDAY
  MAXIMUM         73    353 PM  84    1920  65      8       81
  MINIMUM         43    501 AM  22    1992  44     -1       64
  AVERAGE         58                        55      3       73

PRECIPITATION (IN)
  YESTERDAY        0.00          2.11 1905   0.11  -0.11     1.25
  MONTH TO DATE    2.76                      2.03   0.73     1.33
  SINCE SEP 1      5.17                      4.66   0.51     3.82
  SINCE JAN 1     41.96                     34.45   7.51    36.90

SNOWFALL (IN)
  YESTERDAY        0.0           5.0  1989   0.1   -0.1      0.0
  MONTH TO DATE    0.0                       0.2   -0.2      0.0
  SINCE SEP 1      0.0                       0.2   -0.2      0.0
  SINCE JUL 1      0.0                       0.2   -0.2      0.0
  SNOW DEPTH       0

DEGREE DAYS
 HEATING
  YESTERDAY        7                        11     -4        0
  MONTH TO DATE   58                       154    -96       48
  SINCE SEP 1    102                       212   -110       70
  SINCE JUL 1    103                       212   -109       70

 COOLING
  YESTERDAY        0                         0      0        8
  MONTH TO DATE   45                        16     29       56
  SINCE SEP 1    177                       153     24      292
  SINCE JAN 1   1108                      1121    -13     1467
..................................................................


WIND (MPH)
  RESULTANT WIND SPEED   7   RESULTANT WIND DIRECTION  SW (210)
  HIGHEST WIND SPEED    14   HIGHEST WIND DIRECTION    SW (220)
  HIGHEST GUST SPEED    18   HIGHEST GUST DIRECTION    SW (210)
  AVERAGE WIND SPEED     7.1


SKY COVER
  POSSIBLE SUNSHINE  MM
  AVERAGE SKY COVER 0.3


WEATHER CONDITIONS
 THE FOLLOWING WEATHER WAS RECORDED YESTERDAY.
  NO SIGNIFICANT WEATHER WAS OBSERVED.


RELATIVE HUMIDITY (PERCENT)
 HIGHEST    93           200 AM
 LOWEST     46           400 PM
 AVERAGE    70

..........................................................


THE CINCINNATI OH CLIMATE NORMALS FOR TODAY
                         NORMAL    RECORD    YEAR
 MAXIMUM TEMPERATURE (F)   65        86      1953
 MINIMUM TEMPERATURE (F)   44        25      1972


SUNRISE AND SUNSET
OCTOBER 20 2017.......SUNRISE   754 AM EDT   SUNSET   653 PM EDT
OCTOBER 21 2017.......SUNRISE   755 AM EDT   SUNSET   651 PM EDT


-  INDICATES NEGATIVE NUMBERS.
R  INDICATES RECORD WAS SET OR TIED.
MM INDICATES DATA IS MISSING.
T  INDICATES TRACE AMOUNT.




$$
