000
CDUS41 KILN 280620
CLICVG


CLIMATE REPORT
NATIONAL WEATHER SERVICE WILMINGTON OH
119 AM EST TUE FEB 28 2017


...................................

...THE CINCINNATI OH CLIMATE SUMMARY FOR FEBRUARY 27 2017...

CLIMATE NORMAL PERIOD 1981 TO 2010
CLIMATE RECORD PERIOD 1869 TO 2017


WEATHER ITEM   OBSERVED TIME   RECORD YEAR NORMAL DEPARTURE LAST
                VALUE   (LST)  VALUE       VALUE  FROM      YEAR
                                                  NORMAL
..................................................................
TEMPERATURE (F)
 YESTERDAY
  MAXIMUM         50    457 PM  71    1996  47      3       52
  MINIMUM         39    229 AM  -4    1934  29     10       27
  AVERAGE         45                        38      7       40

PRECIPITATION (IN)
  YESTERDAY        0.06          1.90 1910   0.10  -0.04     0.00
  MONTH TO DATE    1.98                      2.71  -0.73     5.03
  SINCE DEC 1     10.08                      9.08   1.00    12.51
  SINCE JAN 1      5.65                      5.71  -0.06     6.42

SNOWFALL (IN)
  YESTERDAY        0.0           3.0  1905   0.1   -0.1      0.0
  MONTH TO DATE    1.6                       6.3   -4.7      8.4
  SINCE DEC 1      8.0                      17.6   -9.6     16.9
  SINCE JUL 1      8.0                      18.4  -10.4     16.9
  SNOW DEPTH       0

DEGREE DAYS
 HEATING
  YESTERDAY       20                        27     -7       25
  MONTH TO DATE  569                       828   -259      797
  SINCE DEC 1   2386                      2840   -454     2436
  SINCE JUL 1   3068                      3800   -732     3181

 COOLING
  YESTERDAY        0                         0      0        0
  MONTH TO DATE    0                         0      0        0
  SINCE DEC 1      0                         0      0        0
  SINCE JAN 1      0                         0      0        0
..................................................................


WIND (MPH)
  RESULTANT WIND SPEED   6   RESULTANT WIND DIRECTION   S (160)
  HIGHEST WIND SPEED    13   HIGHEST WIND DIRECTION     S (160)
  HIGHEST GUST SPEED    20   HIGHEST GUST DIRECTION     S (200)
  AVERAGE WIND SPEED     7.0


SKY COVER
  POSSIBLE SUNSHINE  MM
  AVERAGE SKY COVER 0.8


WEATHER CONDITIONS
 THE FOLLOWING WEATHER WAS RECORDED YESTERDAY.
  LIGHT RAIN
  FOG


RELATIVE HUMIDITY (PERCENT)
 HIGHEST   100           200 PM
 LOWEST     40           400 AM
 AVERAGE    70

..........................................................


THE CINCINNATI OH CLIMATE NORMALS FOR TODAY
                         NORMAL    RECORD    YEAR
 MAXIMUM TEMPERATURE (F)   47        72      1918
 MINIMUM TEMPERATURE (F)   29         1      1934


SUNRISE AND SUNSET
FEBRUARY 28 2017......SUNRISE   712 AM EST   SUNSET   631 PM EST
MARCH  1 2017.........SUNRISE   711 AM EST   SUNSET   632 PM EST


-  INDICATES NEGATIVE NUMBERS.
R  INDICATES RECORD WAS SET OR TIED.
MM INDICATES DATA IS MISSING.
T  INDICATES TRACE AMOUNT.




$$
