000
CDUS41 KILN 280534
CLICVG


CLIMATE REPORT
NATIONAL WEATHER SERVICE WILMINGTON OH
1233 AM EST SAT FEB 28 2015


...................................

...THE CINCINNATI OH CLIMATE SUMMARY FOR FEBRUARY 27 2015...

CLIMATE NORMAL PERIOD 1981 TO 2010
CLIMATE RECORD PERIOD 1869 TO 2015


WEATHER ITEM   OBSERVED TIME   RECORD YEAR NORMAL DEPARTURE LAST
                VALUE   (LST)  VALUE       VALUE  FROM      YEAR
                                                  NORMAL
..................................................................
TEMPERATURE (F)
 YESTERDAY
  MAXIMUM         24    447 PM  71    1996  47    -23       26
  MINIMUM          4    707 AM  -4    1934  29    -25       14
  AVERAGE         14                        38    -24       20

PRECIPITATION (IN)
  YESTERDAY        T             1.90 1910   0.10  -0.10     0.00
  MONTH TO DATE    1.80                      2.71  -0.91     2.74
  SINCE DEC 1      7.75                      9.08  -1.33    10.47
  SINCE JAN 1      4.15                      5.71  -1.56     5.54

SNOWFALL (IN)
  YESTERDAY        T             3.0  1905   0.1   -0.1      0.0
  MONTH TO DATE   18.6                       6.3   12.3     10.4
  SINCE DEC 1     19.9                      17.6    2.3     41.2
  SINCE JUL 1     25.0                      18.4    6.6     43.6
  SNOW DEPTH       4

DEGREE DAYS
 HEATING
  YESTERDAY       51                        27     24       45
  MONTH TO DATE 1127                       828    299      980
  SINCE DEC 1   3044                      2840    204     3167
  SINCE JUL 1   4182                      3800    382     4203

 COOLING
  YESTERDAY        0                         0      0        0
  MONTH TO DATE    0                         0      0        0
  SINCE DEC 1      0                         0      0        0
  SINCE JAN 1      0                         0      0        0
..................................................................


WIND (MPH)
  RESULTANT WIND SPEED   4   RESULTANT WIND DIRECTION   N (340)
  HIGHEST WIND SPEED    13   HIGHEST WIND DIRECTION    NW (330)
  HIGHEST GUST SPEED    15   HIGHEST GUST DIRECTION    NW (320)
  AVERAGE WIND SPEED     4.6


SKY COVER
  POSSIBLE SUNSHINE  MM
  AVERAGE SKY COVER 0.5


WEATHER CONDITIONS
 THE FOLLOWING WEATHER WAS RECORDED YESTERDAY.
  LIGHT SNOW
  HAZE


RELATIVE HUMIDITY (PERCENT)
 HIGHEST    80           700 AM
 LOWEST     39           400 PM
 AVERAGE    60

..........................................................


THE CINCINNATI OH CLIMATE NORMALS FOR TODAY
                         NORMAL    RECORD    YEAR
 MAXIMUM TEMPERATURE (F)   47        72      1918
 MINIMUM TEMPERATURE (F)   29         1      1934


SUNRISE AND SUNSET
FEBRUARY 28 2015......SUNRISE   713 AM EST   SUNSET   630 PM EST
MARCH  1 2015.........SUNRISE   712 AM EST   SUNSET   631 PM EST


-  INDICATES NEGATIVE NUMBERS.
R  INDICATES RECORD WAS SET OR TIED.
MM INDICATES DATA IS MISSING.
T  INDICATES TRACE AMOUNT.




$$
