000
CDUS45 KCYS 220726
CLICYS


CLIMATE REPORT
NATIONAL WEATHER SERVICE CHEYENNE WY
126 AM MDT MON SEP 22 2014


...................................

...THE CHEYENNE WYOMING CLIMATE SUMMARY FOR SEPTEMBER 21 2014...

CLIMATE NORMAL PERIOD 1981 TO 2010
CLIMATE RECORD PERIOD 1871 TO 2014


WEATHER ITEM   OBSERVED TIME   RECORD YEAR NORMAL DEPARTURE LAST
                VALUE   (LST)  VALUE       VALUE  FROM      YEAR
                                                  NORMAL
..................................................................
TEMPERATURE (F)
 YESTERDAY
  MAXIMUM         71    148 PM  84    1936  69      2       77
  MINIMUM         53   1159 PM  20    1983  42     11       45
  AVERAGE         62                        56      6       61

PRECIPITATION (IN)
  YESTERDAY        0.00          2.39 1902   0.05  -0.05     0.00
  MONTH TO DATE    0.37                      1.08  -0.71     6.22
  SINCE JAN 1     14.03                     13.53   0.50    14.65

SNOWFALL (IN)
  YESTERDAY        0.0           1.6  1995   0.1   -0.1      0.0
                                      1971
  MONTH TO DATE    0.7                       0.6    0.1      0.0
  SINCE JUL 1      0.7                       0.6    0.1      0.0
  SNOW DEPTH       0

DEGREE DAYS
 HEATING
  YESTERDAY        3                         9     -6        4
  MONTH TO DATE  130                       121      9       76
  SINCE SEP 1    130                       121      9       76
  SINCE JUL 1    188                       177     11       91

 COOLING
  YESTERDAY        0                         0      0        0
  MONTH TO DATE   25                        21      4       67
  SINCE SEP 1     25                        21      4       67
  SINCE JAN 1    291                       347    -56      520
..................................................................


WIND (MPH)
  HIGHEST WIND SPEED    22   HIGHEST WIND DIRECTION     S (170)
  HIGHEST GUST SPEED    29   HIGHEST GUST DIRECTION     S (180)
  AVERAGE WIND SPEED    11.0


SKY COVER
  AVERAGE SKY COVER 0.4


WEATHER CONDITIONS
 THE FOLLOWING WEATHER WAS RECORDED YESTERDAY.
  NO SIGNIFICANT WEATHER WAS OBSERVED.


RELATIVE HUMIDITY (PERCENT)
 HIGHEST    55          1100 PM
 LOWEST     37          1100 AM
 AVERAGE    46

..........................................................


THE CHEYENNE WYOMING CLIMATE NORMALS FOR TODAY
                         NORMAL    RECORD    YEAR
 MAXIMUM TEMPERATURE (F)   69        86      1958
 MINIMUM TEMPERATURE (F)   42        20      1895


SUNRISE AND SUNSET
SEPTEMBER 22 2014.....SUNRISE   647 AM MDT   SUNSET   656 PM MDT
SEPTEMBER 23 2014.....SUNRISE   648 AM MDT   SUNSET   655 PM MDT


-  INDICATES NEGATIVE NUMBERS.
R  INDICATES RECORD WAS SET OR TIED.
MM INDICATES DATA IS MISSING.
T  INDICATES TRACE AMOUNT.




$$
