000
CDUS45 KCYS 300324
CLICYS


CLIMATE REPORT
NATIONAL WEATHER SERVICE CHEYENNE WY
924 PM MDT TUE JUL 29 2014


...................................

...THE CHEYENNE WYOMING CLIMATE SUMMARY FOR JULY 29 2014...
VALID TODAY AS OF 0900 PM LOCAL TIME.

CLIMATE NORMAL PERIOD 1981 TO 2010
CLIMATE RECORD PERIOD 1871 TO 2014


WEATHER ITEM   OBSERVED TIME   RECORD YEAR NORMAL DEPARTURE LAST
                VALUE   (LST)  VALUE       VALUE  FROM      YEAR
                                                  NORMAL
..................................................................
TEMPERATURE (F)
 TODAY
  MAXIMUM         73    903 AM  95    2006  84    -11       82
                                      2001
                                      1995
  MINIMUM         56    801 PM  43    1971  56      0       56
  AVERAGE         65                        70     -5       69

PRECIPITATION (IN)
  TODAY            0.50          1.10 1905   0.08   0.42      T
  MONTH TO DATE    2.66                      2.04   0.62     1.50
  SINCE JUN 1      4.64                      4.38   0.26     1.65
  SINCE JAN 1     11.60                     10.35   1.25     7.14

SNOWFALL (IN)
  TODAY            0.0          MM      MM   0.0    0.0      0.0
  MONTH TO DATE    0.0                       0.0    0.0      0.0
  SINCE JUL 1      0.0                       0.0    0.0      0.0
  SNOW DEPTH       0

DEGREE DAYS
 HEATING
  TODAY            0                         1     -1        0
  MONTH TO DATE   21                        29     -8        7
  SINCE JUN 1    147                       163    -16       69
  SINCE JUL 1     21                        29     -8        7

 COOLING
  TODAY            0                         6     -6        4
  MONTH TO DATE  158                       153      5      154
  SINCE JUN 1    172                       200    -28      271
  SINCE JAN 1    173                       203    -30      277
..................................................................


WIND (MPH)
  HIGHEST WIND SPEED    21   HIGHEST WIND DIRECTION     S (190)
  HIGHEST GUST SPEED    32   HIGHEST GUST DIRECTION     S (200)
  AVERAGE WIND SPEED     7.0


SKY COVER
  AVERAGE SKY COVER 0.0


WEATHER CONDITIONS
 THE FOLLOWING WEATHER WAS RECORDED TODAY.
  THUNDERSTORM
  HEAVY RAIN
  RAIN
  LIGHT RAIN
  FOG


RELATIVE HUMIDITY (PERCENT)
 HIGHEST     0          1200 AM
 LOWEST      0          1200 AM
 AVERAGE     0

..........................................................


THE CHEYENNE WYOMING CLIMATE NORMALS FOR TOMORROW
                         NORMAL    RECORD    YEAR
 MAXIMUM TEMPERATURE (F)   84        97      2006
 MINIMUM TEMPERATURE (F)   56        41      1971


SUNRISE AND SUNSET
JULY 29 2014..........SUNRISE   552 AM MDT   SUNSET   819 PM MDT
JULY 30 2014..........SUNRISE   553 AM MDT   SUNSET   818 PM MDT


-  INDICATES NEGATIVE NUMBERS.
R  INDICATES RECORD WAS SET OR TIED.
MM INDICATES DATA IS MISSING.
T  INDICATES TRACE AMOUNT.




$$
