000
CDUS45 KCYS 010329
CLICYS


CLIMATE REPORT
NATIONAL WEATHER SERVICE CHEYENNE WY
929 PM MDT TUE MAY 31 2016


...................................

...THE CHEYENNE WYOMING AIRPORT CLIMATE SUMMARY FOR MAY 31 2016...
VALID TODAY AS OF 0900 PM LOCAL TIME.

CLIMATE NORMAL PERIOD 1981 TO 2010
CLIMATE RECORD PERIOD 1871 TO 2016


WEATHER ITEM   OBSERVED TIME   RECORD YEAR NORMAL DEPARTURE
                VALUE   (LST)  VALUE       VALUE  FROM
                                                  NORMAL
...............................................................
TEMPERATURE (F)
 TODAY
  MAXIMUM         61   1213 PM  87    2002  69     -8
  MINIMUM         44    439 AM  30    1917  45     -1
  AVERAGE         53                        57     -4

PRECIPITATION (IN)
  TODAY            0.02          1.05 1901   0.09  -0.07
  MONTH TO DATE    2.04                      2.34  -0.30
  SINCE MAR 1      7.43                      5.17   2.26
  SINCE JAN 1      8.63                      5.97   2.66

SNOWFALL (IN)
  TODAY            0.0           0.3  1922   0.0    0.0
  MONTH TO DATE    1.6                       2.3   -0.7
  SINCE JUL 1     91.7                      60.3   31.4
  SNOW DEPTH       0

DEGREE DAYS
 HEATING
  TODAY           12                                4
  MONTH TO DATE  460                               69
  SINCE MAR 1   1949                               -9
  SINCE JUL 1   6466                             -511

 COOLING
  TODAY            0                                0
  MONTH TO DATE    0                               -3
  SINCE MAR 1      0                               -3
  SINCE JAN 1      0                               -3
...............................................................


WIND (MPH)
  HIGHEST WIND SPEED    17   HIGHEST WIND DIRECTION     N (360)
  HIGHEST GUST SPEED    24   HIGHEST GUST DIRECTION     N (10)
  AVERAGE WIND SPEED     6.6




RELATIVE HUMIDITY (PERCENT)
 HIGHEST    86
 LOWEST     46
 AVERAGE    66

..........................................................


THE CHEYENNE WYOMING AIRPORT CLIMATE NORMALS FOR TOMORROW
                         NORMAL    RECORD    YEAR
 MAXIMUM TEMPERATURE (F)   70        89      2002
 MINIMUM TEMPERATURE (F)   45        27      1951


SUNRISE AND SUNSET
MAY 31 2016...........SUNRISE   529 AM MDT   SUNSET   825 PM MDT
JUNE  1 2016..........SUNRISE   529 AM MDT   SUNSET   826 PM MDT


-  INDICATES NEGATIVE NUMBERS.
R  INDICATES RECORD WAS SET OR TIED.
MM INDICATES DATA IS MISSING.
T  INDICATES TRACE AMOUNT.




$$
