000
CDUS45 KCYS 130731
CLICYS


CLIMATE REPORT
NATIONAL WEATHER SERVICE CHEYENNE WY
130 AM MDT SUN JUL 13 2014


...................................

...THE CHEYENNE WYOMING CLIMATE SUMMARY FOR JULY 12 2014...

CLIMATE NORMAL PERIOD 1981 TO 2010
CLIMATE RECORD PERIOD 1871 TO 2014


WEATHER ITEM   OBSERVED TIME   RECORD YEAR NORMAL DEPARTURE LAST
                VALUE   (LST)  VALUE       VALUE  FROM      YEAR
                                                  NORMAL
..................................................................
TEMPERATURE (F)
 YESTERDAY
  MAXIMUM         79    433 PM  95    1971  84     -5       88
                                      1954
                                      1939
  MINIMUM         57    608 AM  40    1922  55      2       63
                                      1882
  AVERAGE         68                        70     -2       76

PRECIPITATION (IN)
  YESTERDAY        T             2.43 2011   0.06  -0.06     0.03
  MONTH TO DATE    0.20                      0.72  -0.52     0.16
  SINCE JAN 1      9.14                      9.03   0.11     5.80

SNOWFALL (IN)
  YESTERDAY        0.0          MM      MM   0.0    0.0      0.0
  MONTH TO DATE    0.0                       0.0    0.0      0.0
  SINCE JUL 1      0.0                       0.0    0.0      0.0
  SNOW DEPTH       0

DEGREE DAYS
 HEATING
  YESTERDAY        0                         1     -1        0
  MONTH TO DATE   13                        12      1        0
  SINCE JUN 1    139                       146     -7       62
  SINCE JUL 1     13                        12      1        0

 COOLING
  YESTERDAY        3                         5     -2       11
  MONTH TO DATE   66                        54     12       87
  SINCE JUN 1     80                       101    -21      204
  SINCE JAN 1     81                       104    -23      210
..................................................................


WIND (MPH)
  HIGHEST WIND SPEED    18   HIGHEST WIND DIRECTION     N (20)
  HIGHEST GUST SPEED    24   HIGHEST GUST DIRECTION    NE (50)
  AVERAGE WIND SPEED     8.6


SKY COVER
  AVERAGE SKY COVER 0.5


WEATHER CONDITIONS
 THE FOLLOWING WEATHER WAS RECORDED YESTERDAY.
  LIGHT RAIN
  FOG


RELATIVE HUMIDITY (PERCENT)
 HIGHEST   100           500 AM
 LOWEST     38           600 PM
 AVERAGE    69

..........................................................


THE CHEYENNE WYOMING CLIMATE NORMALS FOR TODAY
                         NORMAL    RECORD    YEAR
 MAXIMUM TEMPERATURE (F)   84        97      2003
 MINIMUM TEMPERATURE (F)   56        38      1882


SUNRISE AND SUNSET
JULY 13 2014..........SUNRISE   538 AM MDT   SUNSET   832 PM MDT
JULY 14 2014..........SUNRISE   539 AM MDT   SUNSET   831 PM MDT


-  INDICATES NEGATIVE NUMBERS.
R  INDICATES RECORD WAS SET OR TIED.
MM INDICATES DATA IS MISSING.
T  INDICATES TRACE AMOUNT.




$$
