000
CDUS45 KCYS 210738
CLICYS


CLIMATE REPORT
NATIONAL WEATHER SERVICE CHEYENNE WY
138 AM MDT THU AUG 21 2014


...................................

...THE CHEYENNE WYOMING CLIMATE SUMMARY FOR AUGUST 20 2014...

CLIMATE NORMAL PERIOD 1981 TO 2010
CLIMATE RECORD PERIOD 1871 TO 2014


WEATHER ITEM   OBSERVED TIME   RECORD YEAR NORMAL DEPARTURE LAST
                VALUE   (LST)  VALUE       VALUE  FROM      YEAR
                                                  NORMAL
..................................................................
TEMPERATURE (F)
 YESTERDAY
  MAXIMUM         84    214 PM  94    2013  81      3       94
  MINIMUM         60   1256 AM  37    1939  54      6       60
  AVERAGE         72                        67      5       77

PRECIPITATION (IN)
  YESTERDAY        T             0.93 1982   0.05  -0.05     0.00
  MONTH TO DATE    0.54                      1.40  -0.86     0.88
  SINCE JAN 1     12.72                     11.90   0.82     8.12

SNOWFALL (IN)
  YESTERDAY        0.0          MM      MM   0.0    0.0      0.0
  MONTH TO DATE    0.0                       0.0    0.0      0.0
  SINCE JUL 1      0.0                       0.0    0.0      0.0
  SNOW DEPTH       0

DEGREE DAYS
 HEATING
  YESTERDAY        0                         1     -1        0
  MONTH TO DATE    0                        20    -20        8
  SINCE JUN 1    155                       176    -21       77
  SINCE JUL 1     29                        42    -13       15

 COOLING
  YESTERDAY        7                         3      4       12
  MONTH TO DATE   89                        88      1       83
  SINCE JUN 1    261                       295    -34      360
  SINCE JAN 1    262                       298    -36      366
..................................................................


WIND (MPH)
  HIGHEST WIND SPEED    30   HIGHEST WIND DIRECTION     W (280)
  HIGHEST GUST SPEED    39   HIGHEST GUST DIRECTION     W (270)
  AVERAGE WIND SPEED    12.7


SKY COVER
  AVERAGE SKY COVER 0.4


WEATHER CONDITIONS
 THE FOLLOWING WEATHER WAS RECORDED YESTERDAY.
  LIGHT RAIN


RELATIVE HUMIDITY (PERCENT)
 HIGHEST    72          1200 AM
 LOWEST     24           200 PM
 AVERAGE    48

..........................................................


THE CHEYENNE WYOMING CLIMATE NORMALS FOR TODAY
                         NORMAL    RECORD    YEAR
 MAXIMUM TEMPERATURE (F)   81        95      1960
 MINIMUM TEMPERATURE (F)   54        40      1939


SUNRISE AND SUNSET
AUGUST 21 2014........SUNRISE   615 AM MDT   SUNSET   749 PM MDT
AUGUST 22 2014........SUNRISE   616 AM MDT   SUNSET   748 PM MDT


-  INDICATES NEGATIVE NUMBERS.
R  INDICATES RECORD WAS SET OR TIED.
MM INDICATES DATA IS MISSING.
T  INDICATES TRACE AMOUNT.




$$
