000
CDUS46 KSGX 301417
CLICZZ


CLIMATE REPORT
NATIONAL WEATHER SERVICE SAN DIEGO, CA
716 AM PDT MON MAR 30 2015


...................................

...THE CAMPO ASOS CA CLIMATE SUMMARY FOR MARCH 29 2015...

CLIMATE NORMAL PERIOD 1981 TO 2010
CLIMATE RECORD PERIOD 1948 TO 2015


WEATHER ITEM   OBSERVED TIME   RECORD YEAR NORMAL DEPARTURE LAST
                VALUE   (LST)  VALUE       VALUE  FROM      YEAR
                                                  NORMAL
..................................................................
TEMPERATURE (F)
 YESTERDAY
  MAXIMUM         83    109 PM  84    1971  69     14       80
  MINIMUM         43    240 AM  19    1972  36      7       36
  AVERAGE         63                        52     11       58

PRECIPITATION (IN)
  YESTERDAY        0.00          1.09 1998   0.06  -0.06     0.00
  MONTH TO DATE    1.45                      2.58  -1.13     0.75
  SINCE OCT 1      6.35                     13.01  -6.66     4.32
  SINCE JAN 1      2.48                      8.79  -6.31     2.07

SNOWFALL (IN)
  YESTERDAY        0.0
  MONTH TO DATE    0.0
  SINCE MAR 1      0.0
  SINCE JUL 1      0.0
  SNOW DEPTH       0

DEGREE DAYS
 HEATING
  YESTERDAY        2                        13    -11        7
  MONTH TO DATE  283                       393   -110      338
  SINCE MAR 1    283                       393   -110      338
  SINCE JUL 1   1919                      2444   -525     2208

 COOLING
  YESTERDAY        0                         0      0        0
  MONTH TO DATE    0                         0      0        0
  SINCE MAR 1      0                         0      0        0
  SINCE JAN 1      0                         0      0        0
..................................................................


WIND (MPH)
  RESULTANT WIND SPEED   0   RESULTANT WIND DIRECTION   S (170)
  HIGHEST WIND SPEED    17   HIGHEST WIND DIRECTION    SW (220)
  HIGHEST GUST SPEED    20   HIGHEST GUST DIRECTION    SW (220)
  AVERAGE WIND SPEED     6.5


SKY COVER
  POSSIBLE SUNSHINE  MM
  AVERAGE SKY COVER 0.0



RELATIVE HUMIDITY (PERCENT)
 HIGHEST    66          1200 AM
 LOWEST     12          1200 PM
 AVERAGE    39

..........................................................


THE CAMPO ASOS CA CLIMATE NORMALS FOR TODAY
                         NORMAL    RECORD    YEAR
 MAXIMUM TEMPERATURE (F)   69        83      1969
 MINIMUM TEMPERATURE (F)   36        21      1967


SUNRISE AND SUNSET
MARCH 30 2015.........SUNRISE   637 AM PDT   SUNSET   704 PM PDT
MARCH 31 2015.........SUNRISE   635 AM PDT   SUNSET   705 PM PDT


-  INDICATES NEGATIVE NUMBERS.
R  INDICATES RECORD WAS SET OR TIED.
MM INDICATES DATA IS MISSING.
T  INDICATES TRACE AMOUNT.




$$
