000
CDUS46 KSGX 140016
CLICZZ


CLIMATE REPORT
NATIONAL WEATHER SERVICE SAN DIEGO, CA
415 PM PST SAT FEB 13 2016


...................................

...THE CAMPO ASOS CA CLIMATE SUMMARY FOR FEBRUARY 13 2016...
VALID TODAY AS OF 0400 PM LOCAL TIME.

CLIMATE NORMAL PERIOD 1981 TO 2010
CLIMATE RECORD PERIOD 1948 TO 2016


WEATHER ITEM   OBSERVED TIME   RECORD YEAR NORMAL DEPARTURE LAST
                VALUE   (LST)  VALUE       VALUE  FROM      YEAR
                                                  NORMAL
..................................................................
TEMPERATURE (F)
 TODAY
  MAXIMUM         78    213 PM  85    1971  64     14       72
  MINIMUM         34    643 AM  19    1964  35     -1       43
  AVERAGE         56                        49      7       58

PRECIPITATION (IN)
  TODAY            0.00          1.95 1992   0.12  -0.12     0.00
  MONTH TO DATE    0.20                      1.38  -1.18     0.00
  SINCE OCT 1      6.75                      8.58  -1.83     4.23
  SINCE JAN 1      3.80                      4.36  -0.56     0.36

DEGREE DAYS
 HEATING
  TODAY            9                        16     -7        7
  MONTH TO DATE  165                       208    -43      111
  SINCE DEC 1   1325                      1254     71     1050
  SINCE JUL 1   1741                      1824    -83     1431

 COOLING
  TODAY            0                         0      0        0
  MONTH TO DATE    0                         0      0        0
  SINCE DEC 1      0                         0      0        0
  SINCE JAN 1      0                         0      0        0
..................................................................


WIND (MPH)
  RESULTANT WIND SPEED   2   RESULTANT WIND DIRECTION  NE (40)
  HIGHEST WIND SPEED    18   HIGHEST WIND DIRECTION    SW (210)
  HIGHEST GUST SPEED    22   HIGHEST GUST DIRECTION    SW (210)
  AVERAGE WIND SPEED     7.8


SKY COVER
  POSSIBLE SUNSHINE  MM
  AVERAGE SKY COVER 0.0



RELATIVE HUMIDITY (PERCENT)
 HIGHEST    64           600 AM
 LOWEST     20          1000 AM
 AVERAGE    42

..........................................................


THE CAMPO ASOS CA CLIMATE NORMALS FOR TOMORROW
                         NORMAL    RECORD    YEAR
 MAXIMUM TEMPERATURE (F)   64        86      2014
 MINIMUM TEMPERATURE (F)   35        18      1974


SUNRISE AND SUNSET
FEBRUARY 13 2016......SUNRISE   631 AM PST   SUNSET   529 PM PST
FEBRUARY 14 2016......SUNRISE   630 AM PST   SUNSET   530 PM PST


-  INDICATES NEGATIVE NUMBERS.
R  INDICATES RECORD WAS SET OR TIED.
MM INDICATES DATA IS MISSING.
T  INDICATES TRACE AMOUNT.




$$
