000
CDUS46 KSGX 221524
CLICZZ


CLIMATE REPORT
NATIONAL WEATHER SERVICE SAN DIEGO, CA
724 AM PST SUN JAN 22 2017


...................................

...THE CAMPO ASOS CA CLIMATE SUMMARY FOR JANUARY 21 2017...

CLIMATE NORMAL PERIOD 1981 TO 2010
CLIMATE RECORD PERIOD 1948 TO 2017


WEATHER ITEM   OBSERVED TIME   RECORD YEAR NORMAL DEPARTURE LAST
                VALUE   (LST)  VALUE       VALUE  FROM      YEAR
                                                  NORMAL
..................................................................
TEMPERATURE (F)
 YESTERDAY
  MAXIMUM         49    406 PM  78    1994  63    -14       65
  MINIMUM         38   1128 PM  18    1966  35      3       44
  AVERAGE         44                        49     -5       55

PRECIPITATION (IN)
  YESTERDAY        0.11          2.12 1962   0.10   0.01     0.00
  MONTH TO DATE    3.89                      2.05   1.84     2.93
  SINCE OCT 1      9.12                      6.27   2.85     5.88
  SINCE JAN 1      3.89                      2.05   1.84     2.93

DEGREE DAYS
 HEATING
  YESTERDAY       21                        16      5       10
  MONTH TO DATE  365                       347     18      390
  SINCE DEC 1    830                       883    -53      990
  SINCE JUL 1   1248                      1453   -205     1406

 COOLING
  YESTERDAY        0                         0      0        0
  MONTH TO DATE    0                         0      0        0
  SINCE DEC 1      0                         0      0        0
  SINCE JAN 1      0                         0      0        0
..................................................................


WIND (MPH)
  RESULTANT WIND SPEED  14   RESULTANT WIND DIRECTION   W (260)
  HIGHEST WIND SPEED    33   HIGHEST WIND DIRECTION     W (250)
  HIGHEST GUST SPEED    45   HIGHEST GUST DIRECTION    SW (240)
  AVERAGE WIND SPEED    14.4


SKY COVER
  POSSIBLE SUNSHINE  MM
  AVERAGE SKY COVER 0.0



RELATIVE HUMIDITY (PERCENT)
 HIGHEST   100           800 PM
 LOWEST     71           300 PM
 AVERAGE    86

..........................................................


THE CAMPO ASOS CA CLIMATE NORMALS FOR TODAY
                         NORMAL    RECORD    YEAR
 MAXIMUM TEMPERATURE (F)   63        79      1994
 MINIMUM TEMPERATURE (F)   35        16      1966


SUNRISE AND SUNSET
JANUARY 22 2017.......SUNRISE   646 AM PST   SUNSET   510 PM PST
JANUARY 23 2017.......SUNRISE   645 AM PST   SUNSET   511 PM PST


-  INDICATES NEGATIVE NUMBERS.
R  INDICATES RECORD WAS SET OR TIED.
MM INDICATES DATA IS MISSING.
T  INDICATES TRACE AMOUNT.




$$
