000
CDUS46 KSGX 231150
CLICZZ


CLIMATE REPORT
NATIONAL WEATHER SERVICE SAN DIEGO, CA
450 AM PDT FRI JUN 23 2017


...................................

...THE CAMPO ASOS CA CLIMATE SUMMARY FOR JUNE 22 2017...

CLIMATE NORMAL PERIOD 1981 TO 2010
CLIMATE RECORD PERIOD 1948 TO 2017


WEATHER ITEM   OBSERVED TIME   RECORD YEAR NORMAL DEPARTURE LAST
                VALUE   (LST)  VALUE       VALUE  FROM      YEAR
                                                  NORMAL
..................................................................
TEMPERATURE (F)
 YESTERDAY
  MAXIMUM         94    237 PM 102    1960  89      5       93
  MINIMUM         56    404 AM  36    2009  46     10       55
  AVERAGE         75                        68      7       74

PRECIPITATION (IN)
  YESTERDAY        0.00          0.00 2006   0.00   0.00     0.00
                                      2005
                                      2004
  MONTH TO DATE    0.00                      0.08  -0.08     0.00
  SINCE OCT 1     16.58                     14.34   2.24     9.32
  SINCE JAN 1     11.35                     10.12   1.23     6.37

DEGREE DAYS
 HEATING
  YESTERDAY        0                         1     -1        0
  MONTH TO DATE   37                        47    -10       27
  SINCE JUN 1     37                        47    -10       27
  SINCE JUL 1   2704                      2974   -270     2795

 COOLING
  YESTERDAY       10                         4      6        9
  MONTH TO DATE  105                        55     50      120
  SINCE JUN 1    105                        55     50      120
  SINCE JAN 1    132                        85     47      123
..................................................................


WIND (MPH)
  RESULTANT WIND SPEED   5   RESULTANT WIND DIRECTION  SW (210)
  HIGHEST WIND SPEED    20   HIGHEST WIND DIRECTION    SW (220)
  HIGHEST GUST SPEED    24   HIGHEST GUST DIRECTION     S (200)
  AVERAGE WIND SPEED     8.6


SKY COVER
  POSSIBLE SUNSHINE  MM
  AVERAGE SKY COVER 0.0



RELATIVE HUMIDITY (PERCENT)
 HIGHEST    78          1100 PM
 LOWEST     21           900 AM
 AVERAGE    50

..........................................................


THE CAMPO ASOS CA CLIMATE NORMALS FOR TODAY
                         NORMAL    RECORD    YEAR
 MAXIMUM TEMPERATURE (F)   90       102      1990
 MINIMUM TEMPERATURE (F)   46        31      1979


SUNRISE AND SUNSET
JUNE 23 2017..........SUNRISE   539 AM PDT   SUNSET   757 PM PDT
JUNE 24 2017..........SUNRISE   540 AM PDT   SUNSET   757 PM PDT


-  INDICATES NEGATIVE NUMBERS.
R  INDICATES RECORD WAS SET OR TIED.
MM INDICATES DATA IS MISSING.
T  INDICATES TRACE AMOUNT.




$$
