000
CDUS46 KSGX 280030
CLICZZ


CLIMATE REPORT
NATIONAL WEATHER SERVICE SAN DIEGO, CA
530 PM PDT WED JUL 27 2016


...................................

...THE CAMPO ASOS CA CLIMATE SUMMARY FOR JULY 27 2016...
VALID TODAY AS OF 0500 PM LOCAL TIME.

CLIMATE NORMAL PERIOD 1981 TO 2010
CLIMATE RECORD PERIOD 1948 TO 2016


WEATHER ITEM   OBSERVED TIME   RECORD YEAR NORMAL DEPARTURE LAST
                VALUE   (LST)  VALUE       VALUE  FROM      YEAR
                                                  NORMAL
..................................................................
TEMPERATURE (F)
 TODAY
  MAXIMUM         99    118 PM 111    1995  95      4       86
  MINIMUM         61    420 AM  40    1990  54      7       42
  AVERAGE         80                        74      6       64

PRECIPITATION (IN)
  TODAY            0.00          0.55 1956   0.01  -0.01     0.00
  MONTH TO DATE    0.00                      0.25  -0.25     0.49
  SINCE OCT 1      9.32                     14.62  -5.30    10.09
  SINCE JAN 1      6.37                     10.40  -4.03     6.22

DEGREE DAYS
 HEATING
  TODAY            0                         0      0        1
  MONTH TO DATE    0                         4     -4       10
  SINCE JUN 1     27                        60    -33       60
  SINCE JUL 1      0                         4     -4       10

 COOLING
  TODAY           15                         9      6        0
  MONTH TO DATE  240                       214     26      137
  SINCE JUN 1    461                       306    155      325
  SINCE JAN 1    464                       336    128      342
..................................................................


WIND (MPH)
  RESULTANT WIND SPEED   5   RESULTANT WIND DIRECTION  SW (240)
  HIGHEST WIND SPEED    21   HIGHEST WIND DIRECTION     W (250)
  HIGHEST GUST SPEED    25   HIGHEST GUST DIRECTION     W (250)
  AVERAGE WIND SPEED     8.6


SKY COVER
  POSSIBLE SUNSHINE  MM
  AVERAGE SKY COVER 0.0



RELATIVE HUMIDITY (PERCENT)
 HIGHEST    65           400 AM
 LOWEST     22           100 PM
 AVERAGE    44

..........................................................


THE CAMPO ASOS CA CLIMATE NORMALS FOR TOMORROW
                         NORMAL    RECORD    YEAR
 MAXIMUM TEMPERATURE (F)   95       109      1995
 MINIMUM TEMPERATURE (F)   54        43      1986


SUNRISE AND SUNSET
JULY 27 2016..........SUNRISE   557 AM PDT   SUNSET   747 PM PDT
JULY 28 2016..........SUNRISE   558 AM PDT   SUNSET   747 PM PDT


-  INDICATES NEGATIVE NUMBERS.
R  INDICATES RECORD WAS SET OR TIED.
MM INDICATES DATA IS MISSING.
T  INDICATES TRACE AMOUNT.




$$
