000
CDUS46 KSGX 011429
CLICZZ


CLIMATE REPORT
NATIONAL WEATHER SERVICE SAN DIEGO, CA
729 AM PDT WED JUL 1 2015


...................................

...THE CAMPO ASOS CA CLIMATE SUMMARY FOR JUNE 30 2015...

CLIMATE NORMAL PERIOD 1981 TO 2010
CLIMATE RECORD PERIOD 1948 TO 2015


WEATHER ITEM   OBSERVED TIME   RECORD YEAR NORMAL DEPARTURE LAST
                VALUE   (LST)  VALUE       VALUE  FROM      YEAR
                                                  NORMAL
..................................................................
TEMPERATURE (F)
 YESTERDAY
  MAXIMUM         92   1008 AM 105    2013  92      0       90
  MINIMUM         61    456 AM  36    1989  48     13       51
  AVERAGE         77                        70      7       71

PRECIPITATION (IN)
  YESTERDAY        0.01R         0.00 2006   0.01   0.00     0.00
                                      2005
                                      2004
  MONTH TO DATE    0.27                      0.11   0.16     0.00
  SINCE OCT 1      9.20                     14.37  -5.17     5.01
  SINCE JAN 1      5.33                     10.15  -4.82     2.76

SNOWFALL (IN)
  YESTERDAY        0.0
  MONTH TO DATE    0.0
  SINCE JUN 1      0.0
  SINCE JUL 1      0.0
  SNOW DEPTH       0

DEGREE DAYS
 HEATING
  YESTERDAY        0                         1     -1        0
  MONTH TO DATE   50                        55     -5       28
  SINCE JUN 1     50                        56     -6       28
  SINCE JUL 1   2524                      2983   -459     2659

 COOLING
  YESTERDAY       12                         6      6        6
  MONTH TO DATE  188                        92     96       60
  SINCE JUN 1    188                        92     96       60
  SINCE JAN 1    205                       122     83      112
..................................................................


WIND (MPH)
  RESULTANT WIND SPEED   1   RESULTANT WIND DIRECTION   S (180)
  HIGHEST WIND SPEED    44   HIGHEST WIND DIRECTION     S (160)
  HIGHEST GUST SPEED    53   HIGHEST GUST DIRECTION    SE (130)
  AVERAGE WIND SPEED     4.8


SKY COVER
  POSSIBLE SUNSHINE  MM
  AVERAGE SKY COVER 0.0



RELATIVE HUMIDITY (PERCENT)
 HIGHEST    87           200 PM
 LOWEST     34          1000 AM
 AVERAGE    61

..........................................................


THE CAMPO ASOS CA CLIMATE NORMALS FOR TODAY
                         NORMAL    RECORD    YEAR
 MAXIMUM TEMPERATURE (F)   92       104      1950
 MINIMUM TEMPERATURE (F)   49        36      1975


SUNRISE AND SUNSET
JULY  1 2015..........SUNRISE   542 AM PDT   SUNSET   757 PM PDT
JULY  2 2015..........SUNRISE   542 AM PDT   SUNSET   757 PM PDT


-  INDICATES NEGATIVE NUMBERS.
R  INDICATES RECORD WAS SET OR TIED.
MM INDICATES DATA IS MISSING.
T  INDICATES TRACE AMOUNT.




$$
