000
CDUS46 KSGX 260019
CLICZZ


CLIMATE REPORT
NATIONAL WEATHER SERVICE SAN DIEGO, CA
419 PM PST SUN JAN 25 2015


...................................

...THE CAMPO ASOS CA CLIMATE SUMMARY FOR JANUARY 25 2015...
VALID TODAY AS OF 0400 PM LOCAL TIME.

CLIMATE NORMAL PERIOD 1981 TO 2010
CLIMATE RECORD PERIOD 1948 TO 2015


WEATHER ITEM   OBSERVED TIME   RECORD YEAR NORMAL DEPARTURE LAST
                VALUE   (LST)  VALUE       VALUE  FROM      YEAR
                                                  NORMAL
..................................................................
TEMPERATURE (F)
 TODAY
  MAXIMUM         68   1146 AM  82    1975  63      5       72
  MINIMUM         51    631 AM  19    1963  35     16       38
  AVERAGE         60                        49     11       55

PRECIPITATION (IN)
  TODAY            0.00          2.42 1969   0.09  -0.09     0.00
  MONTH TO DATE    0.22                      2.40  -2.18     0.00
  SINCE OCT 1      4.09                      6.62  -2.53     2.25
  SINCE JAN 1      0.22                      2.40  -2.18     0.00

SNOWFALL (IN)
  TODAY            0.0
  MONTH TO DATE    0.0
  SINCE JAN 1      0.0
  SINCE JUL 1      0.0
  SNOW DEPTH       0

DEGREE DAYS
 HEATING
  TODAY            5                        16    -11       10
  MONTH TO DATE  357                       411    -54      288
  SINCE DEC 1    867                       947    -80      782
  SINCE JUL 1   1248                      1517   -269     1411

 COOLING
  TODAY            0                         0      0        0
  MONTH TO DATE    0                         0      0        0
  SINCE DEC 1      0                         0      0        2
  SINCE JAN 1      0                         0      0        0
..................................................................


WIND (MPH)
  RESULTANT WIND SPEED  23   RESULTANT WIND DIRECTION  NE (50)
  HIGHEST WIND SPEED    41   HIGHEST WIND DIRECTION    NE (50)
  HIGHEST GUST SPEED    52   HIGHEST GUST DIRECTION    NE (40)
  AVERAGE WIND SPEED    23.7


SKY COVER
  POSSIBLE SUNSHINE  MM
  AVERAGE SKY COVER 0.0



RELATIVE HUMIDITY (PERCENT)
 HIGHEST    26           400 AM
 LOWEST     16          1200 PM
 AVERAGE    21

..........................................................


THE CAMPO ASOS CA CLIMATE NORMALS FOR TOMORROW
                         NORMAL    RECORD    YEAR
 MAXIMUM TEMPERATURE (F)   63        81      2012
 MINIMUM TEMPERATURE (F)   35        22      2002


SUNRISE AND SUNSET
JANUARY 25 2015.......SUNRISE   645 AM PST   SUNSET   512 PM PST
JANUARY 26 2015.......SUNRISE   644 AM PST   SUNSET   513 PM PST


-  INDICATES NEGATIVE NUMBERS.
R  INDICATES RECORD WAS SET OR TIED.
MM INDICATES DATA IS MISSING.
T  INDICATES TRACE AMOUNT.




$$
