000
CDUS46 KSGX 251426
CLICZZ


CLIMATE REPORT
NATIONAL WEATHER SERVICE SAN DIEGO, CA
726 AM PDT SAT OCT 25 2014


...................................

...THE CAMPO ASOS CA CLIMATE SUMMARY FOR OCTOBER 24 2014...

CLIMATE NORMAL PERIOD 1981 TO 2010
CLIMATE RECORD PERIOD 1948 TO 2014


WEATHER ITEM   OBSERVED TIME   RECORD YEAR NORMAL DEPARTURE LAST
                VALUE   (LST)  VALUE       VALUE  FROM      YEAR
                                                  NORMAL
..................................................................
TEMPERATURE (F)
 YESTERDAY
  MAXIMUM         88    138 PM  95    1959  77     11       69
  MINIMUM         47    609 AM  26    1961  41      6       40
  AVERAGE         68                        59      9       55

PRECIPITATION (IN)
  YESTERDAY        0.00          0.30 1987   0.03  -0.03     0.00
  MONTH TO DATE    0.00                      0.60  -0.60     0.76
  SINCE JUL 1      2.03                      1.96   0.07     2.70
  SINCE JAN 1      4.79                     12.11  -7.32     7.48

SNOWFALL (IN)
  YESTERDAY        0.0
  MONTH TO DATE    0.0
  SINCE JAN 1      0.0
  SINCE JUL 1      0.0
  SNOW DEPTH       0

DEGREE DAYS
 HEATING
  YESTERDAY        0                         7     -7       10
  MONTH TO DATE   33                       109    -76      170
  SINCE SEP 1     48                       145    -97      211
  SINCE JUL 1     50                       159   -109      213

 COOLING
  YESTERDAY        3                         0      3        0
  MONTH TO DATE   37                        27     10        2
  SINCE SEP 1    267                       188     79      192
  SINCE JAN 1    899                       838     61      909
..................................................................


WIND (MPH)
  RESULTANT WIND SPEED   1   RESULTANT WIND DIRECTION   E (70)
  HIGHEST WIND SPEED    17   HIGHEST WIND DIRECTION    SW (210)
  HIGHEST GUST SPEED    21   HIGHEST GUST DIRECTION    SW (220)
  AVERAGE WIND SPEED     6.8


SKY COVER
  POSSIBLE SUNSHINE  MM
  AVERAGE SKY COVER 0.0



RELATIVE HUMIDITY (PERCENT)
 HIGHEST    52           200 AM
 LOWEST     17          1100 AM
 AVERAGE    35

..........................................................


THE CAMPO ASOS CA CLIMATE NORMALS FOR TODAY
                         NORMAL    RECORD    YEAR
 MAXIMUM TEMPERATURE (F)   77        92      1990
 MINIMUM TEMPERATURE (F)   40        27      1975


SUNRISE AND SUNSET
OCTOBER 25 2014.......SUNRISE   658 AM PDT   SUNSET   602 PM PDT
OCTOBER 26 2014.......SUNRISE   658 AM PDT   SUNSET   601 PM PDT


-  INDICATES NEGATIVE NUMBERS.
R  INDICATES RECORD WAS SET OR TIED.
MM INDICATES DATA IS MISSING.
T  INDICATES TRACE AMOUNT.




$$
