000
CDUS46 KSGX 290017
CLICZZ


CLIMATE REPORT
NATIONAL WEATHER SERVICE SAN DIEGO, CA
416 PM PST SUN DEC 28 2014


...................................

...THE CAMPO ASOS CA CLIMATE SUMMARY FOR DECEMBER 28 2014...
VALID TODAY AS OF 0400 PM LOCAL TIME.

CLIMATE NORMAL PERIOD 1981 TO 2010
CLIMATE RECORD PERIOD 1948 TO 2014


WEATHER ITEM   OBSERVED TIME   RECORD YEAR NORMAL DEPARTURE LAST
                VALUE   (LST)  VALUE       VALUE  FROM      YEAR
                                                  NORMAL
..................................................................
TEMPERATURE (F)
 TODAY
  MAXIMUM         55    202 PM  81    1998  62     -7       68
  MINIMUM         22    551 AM  19    1962  33    -11       31
  AVERAGE         39                        48     -9       50

PRECIPITATION (IN)
  TODAY            0.00          2.21 1983   0.08  -0.08     0.00
  MONTH TO DATE    3.08                      2.00   1.08     0.55
  SINCE JUL 1      5.37                      5.31   0.06     4.19
  SINCE JAN 1      8.13                     15.46  -7.33     8.97

SNOWFALL (IN)
  TODAY            0.0
  MONTH TO DATE    0.0
  SINCE JAN 1      0.0
  SINCE JUL 1      0.0
  SNOW DEPTH       0

DEGREE DAYS
 HEATING
  TODAY           26                        17      9       15
  MONTH TO DATE  420                       488    -68      446
  SINCE DEC 1    420                       488    -68      446
  SINCE JUL 1    801                      1058   -257     1075

 COOLING
  TODAY            0                         0      0        0
  MONTH TO DATE    0                         0      0        2
  SINCE DEC 1      0                         0      0        2
  SINCE JAN 1    900                       841     59      911
..................................................................


WIND (MPH)
  RESULTANT WIND SPEED   1   RESULTANT WIND DIRECTION   W (270)
  HIGHEST WIND SPEED    16   HIGHEST WIND DIRECTION    SW (220)
  HIGHEST GUST SPEED    21   HIGHEST GUST DIRECTION    SW (210)
  AVERAGE WIND SPEED     5.0


SKY COVER
  POSSIBLE SUNSHINE  MM
  AVERAGE SKY COVER 0.0



RELATIVE HUMIDITY (PERCENT)
 HIGHEST    59           500 AM
 LOWEST     19          1200 PM
 AVERAGE    39

..........................................................


THE CAMPO ASOS CA CLIMATE NORMALS FOR TOMORROW
                         NORMAL    RECORD    YEAR
 MAXIMUM TEMPERATURE (F)   62        82      1998
 MINIMUM TEMPERATURE (F)   33        16      1954


SUNRISE AND SUNSET
DECEMBER 28 2014......SUNRISE   647 AM PST   SUNSET   448 PM PST
DECEMBER 29 2014......SUNRISE   647 AM PST   SUNSET   449 PM PST


-  INDICATES NEGATIVE NUMBERS.
R  INDICATES RECORD WAS SET OR TIED.
MM INDICATES DATA IS MISSING.
T  INDICATES TRACE AMOUNT.




$$
