000
CDUS46 KSGX 270123
CLICZZ


CLIMATE REPORT
NATIONAL WEATHER SERVICE SAN DIEGO, CA
522 PM PST SUN FEB 26 2017


...................................

...THE CAMPO ASOS CA CLIMATE SUMMARY FOR FEBRUARY 26 2017...
VALID TODAY AS OF 0500 PM LOCAL TIME.

CLIMATE NORMAL PERIOD 1981 TO 2010
CLIMATE RECORD PERIOD 1948 TO 2017


WEATHER ITEM   OBSERVED TIME   RECORD YEAR NORMAL DEPARTURE LAST
                VALUE   (LST)  VALUE       VALUE  FROM      YEAR
                                                  NORMAL
..................................................................
TEMPERATURE (F)
 TODAY
  MAXIMUM         47    359 PM  85    1986  65    -18       81
  MINIMUM         41    924 AM  21    1977  35      6       32
  AVERAGE         44                        50     -6       57

PRECIPITATION (IN)
  TODAY            0.06          1.29 2011   0.12  -0.06     0.00
  MONTH TO DATE    1.31                      3.00  -1.69     0.20
  SINCE OCT 1     13.20                     10.20   3.00     6.75
  SINCE JAN 1      7.97                      5.98   1.99     3.80

DEGREE DAYS
 HEATING
  TODAY           21                        15      6        8
  MONTH TO DATE  435                       406     29      287
  SINCE DEC 1   1453                      1452      1     1447
  SINCE JUL 1   1871                      2022   -151     1863

 COOLING
  TODAY            0                         0      0        0
  MONTH TO DATE    0                         0      0        0
  SINCE DEC 1      0                         0      0        0
  SINCE JAN 1      0                         0      0        0
..................................................................


WIND (MPH)
  RESULTANT WIND SPEED  11   RESULTANT WIND DIRECTION  SW (230)
  HIGHEST WIND SPEED    21   HIGHEST WIND DIRECTION    SW (240)
  HIGHEST GUST SPEED    27   HIGHEST GUST DIRECTION    SW (230)
  AVERAGE WIND SPEED    10.9


SKY COVER
  POSSIBLE SUNSHINE  MM
  AVERAGE SKY COVER 0.0



RELATIVE HUMIDITY (PERCENT)
 HIGHEST   100           300 AM
 LOWEST     92          1100 AM
 AVERAGE    96

..........................................................


THE CAMPO ASOS CA CLIMATE NORMALS FOR TOMORROW
                         NORMAL    RECORD    YEAR
 MAXIMUM TEMPERATURE (F)   65        85      1986
 MINIMUM TEMPERATURE (F)   35        19      1964


SUNRISE AND SUNSET
FEBRUARY 26 2017......SUNRISE   617 AM PST   SUNSET   541 PM PST
FEBRUARY 27 2017......SUNRISE   615 AM PST   SUNSET   542 PM PST


-  INDICATES NEGATIVE NUMBERS.
R  INDICATES RECORD WAS SET OR TIED.
MM INDICATES DATA IS MISSING.
T  INDICATES TRACE AMOUNT.




$$
