000
CDUS46 KSGX 291135
CLICZZ


CLIMATE REPORT
NATIONAL WEATHER SERVICE SAN DIEGO, CA
435 AM PDT SAT APR 29 2017


...................................

...THE CAMPO ASOS CA CLIMATE SUMMARY FOR APRIL 28 2017...

CLIMATE NORMAL PERIOD 1981 TO 2010
CLIMATE RECORD PERIOD 1948 TO 2017


WEATHER ITEM   OBSERVED TIME   RECORD YEAR NORMAL DEPARTURE LAST
                VALUE   (LST)  VALUE       VALUE  FROM      YEAR
                                                  NORMAL
..................................................................
TEMPERATURE (F)
 YESTERDAY
  MAXIMUM         75    224 PM  92    1992  76     -1       55
  MINIMUM         40    520 AM  29    1969  40      0       43
  AVERAGE         58                        58      0       49

PRECIPITATION (IN)
  YESTERDAY        0.00          0.94 1953   0.02  -0.02     0.00
  MONTH TO DATE    0.00                      0.92  -0.92     1.70
  SINCE OCT 1     15.69                     14.04   1.65     9.17
  SINCE JAN 1     10.46                      9.82   0.64     6.22

DEGREE DAYS
 HEATING
  YESTERDAY        7                         8     -1       16
  MONTH TO DATE  254                       285    -31      264
  SINCE MAR 1    563                       702   -139      650
  SINCE JUL 1   2473                      2753   -280     2534

 COOLING
  YESTERDAY        0                         0      0        0
  MONTH TO DATE    2                         0      2        0
  SINCE MAR 1      2                         0      2        0
  SINCE JAN 1      2                         0      2        0
..................................................................


WIND (MPH)
  RESULTANT WIND SPEED   4   RESULTANT WIND DIRECTION   W (250)
  HIGHEST WIND SPEED    18   HIGHEST WIND DIRECTION    SW (230)
  HIGHEST GUST SPEED    24   HIGHEST GUST DIRECTION    SW (210)
  AVERAGE WIND SPEED     6.7


SKY COVER
  POSSIBLE SUNSHINE  MM
  AVERAGE SKY COVER 0.0



RELATIVE HUMIDITY (PERCENT)
 HIGHEST   100          1200 AM
 LOWEST     35           200 PM
 AVERAGE    68

..........................................................


THE CAMPO ASOS CA CLIMATE NORMALS FOR TODAY
                         NORMAL    RECORD    YEAR
 MAXIMUM TEMPERATURE (F)   76        92      1996
 MINIMUM TEMPERATURE (F)   40        24      1970


SUNRISE AND SUNSET
APRIL 29 2017.........SUNRISE   601 AM PDT   SUNSET   726 PM PDT
APRIL 30 2017.........SUNRISE   600 AM PDT   SUNSET   727 PM PDT


-  INDICATES NEGATIVE NUMBERS.
R  INDICATES RECORD WAS SET OR TIED.
MM INDICATES DATA IS MISSING.
T  INDICATES TRACE AMOUNT.




$$
